[INFO] fetching crate boa_interop 0.20.0...
[INFO] testing boa_interop-0.20.0 against beta-2024-12-08 for beta-1.84.0-4-retry
[INFO] extracting crate boa_interop 0.20.0 into /workspace/builds/worker-6-tc2/source
[INFO] validating manifest of crates.io crate boa_interop 0.20.0 on toolchain beta-2024-12-08
[INFO] running `Command { std: CARGO_HOME="/workspace/cargo-home" RUSTUP_HOME="/workspace/rustup-home" "/workspace/cargo-home/bin/cargo" "+beta-2024-12-08" "metadata" "--manifest-path" "Cargo.toml" "--no-deps", kill_on_drop: false }`
[INFO] started tweaking crates.io crate boa_interop 0.20.0
[INFO] removed 0 missing tests
[INFO] finished tweaking crates.io crate boa_interop 0.20.0
[INFO] tweaked toml for crates.io crate boa_interop 0.20.0 written to /workspace/builds/worker-6-tc2/source/Cargo.toml
[INFO] running `Command { std: CARGO_HOME="/workspace/cargo-home" RUSTUP_HOME="/workspace/rustup-home" "/workspace/cargo-home/bin/cargo" "+beta-2024-12-08" "generate-lockfile" "--manifest-path" "Cargo.toml", kill_on_drop: false }`
[INFO] [stderr]     Updating crates.io index
[INFO] [stderr]      Locking 130 packages to latest compatible versions
[INFO] running `Command { std: CARGO_HOME="/workspace/cargo-home" RUSTUP_HOME="/workspace/rustup-home" "/workspace/cargo-home/bin/cargo" "+beta-2024-12-08" "fetch" "--manifest-path" "Cargo.toml", kill_on_drop: false }`
[INFO] running `Command { std: "docker" "create" "-v" "/var/lib/crater-agent-workspace/builds/worker-6-tc2/target:/opt/rustwide/target:rw,Z" "-v" "/var/lib/crater-agent-workspace/builds/worker-6-tc2/source:/opt/rustwide/workdir:ro,Z" "-v" "/var/lib/crater-agent-workspace/cargo-home:/opt/rustwide/cargo-home:ro,Z" "-v" "/var/lib/crater-agent-workspace/rustup-home:/opt/rustwide/rustup-home:ro,Z" "-e" "SOURCE_DIR=/opt/rustwide/workdir" "-e" "CARGO_TARGET_DIR=/opt/rustwide/target" "-e" "CARGO_HOME=/opt/rustwide/cargo-home" "-e" "RUSTUP_HOME=/opt/rustwide/rustup-home" "-w" "/opt/rustwide/workdir" "-m" "1610612736" "--user" "0:0" "--network" "none" "ghcr.io/rust-lang/crates-build-env/linux@sha256:f3a9d4ad9d972b27faf3965f35b62e55ba32bbce8f20bc8fe909558a86702fde" "/opt/rustwide/cargo-home/bin/cargo" "+beta-2024-12-08" "metadata" "--no-deps" "--format-version=1", kill_on_drop: false }`
[INFO] [stdout] a0376a4243b6e18a06759abd8701c4c5a5ed1a1476d522ea6f7caaaae83a95ed
[INFO] running `Command { std: "docker" "start" "-a" "a0376a4243b6e18a06759abd8701c4c5a5ed1a1476d522ea6f7caaaae83a95ed", kill_on_drop: false }`
[INFO] running `Command { std: "docker" "inspect" "a0376a4243b6e18a06759abd8701c4c5a5ed1a1476d522ea6f7caaaae83a95ed", kill_on_drop: false }`
[INFO] running `Command { std: "docker" "rm" "-f" "a0376a4243b6e18a06759abd8701c4c5a5ed1a1476d522ea6f7caaaae83a95ed", kill_on_drop: false }`
[INFO] [stdout] a0376a4243b6e18a06759abd8701c4c5a5ed1a1476d522ea6f7caaaae83a95ed
[INFO] running `Command { std: "docker" "create" "-v" "/var/lib/crater-agent-workspace/builds/worker-6-tc2/target:/opt/rustwide/target:rw,Z" "-v" "/var/lib/crater-agent-workspace/builds/worker-6-tc2/source:/opt/rustwide/workdir:ro,Z" "-v" "/var/lib/crater-agent-workspace/cargo-home:/opt/rustwide/cargo-home:ro,Z" "-v" "/var/lib/crater-agent-workspace/rustup-home:/opt/rustwide/rustup-home:ro,Z" "-e" "SOURCE_DIR=/opt/rustwide/workdir" "-e" "CARGO_TARGET_DIR=/opt/rustwide/target" "-e" "CARGO_INCREMENTAL=0" "-e" "RUST_BACKTRACE=full" "-e" "RUSTFLAGS=--cap-lints=warn" "-e" "RUSTDOCFLAGS=--cap-lints=warn" "-e" "CARGO_HOME=/opt/rustwide/cargo-home" "-e" "RUSTUP_HOME=/opt/rustwide/rustup-home" "-w" "/opt/rustwide/workdir" "-m" "1610612736" "--user" "0:0" "--network" "none" "ghcr.io/rust-lang/crates-build-env/linux@sha256:f3a9d4ad9d972b27faf3965f35b62e55ba32bbce8f20bc8fe909558a86702fde" "/opt/rustwide/cargo-home/bin/cargo" "+beta-2024-12-08" "build" "--frozen" "--message-format=json", kill_on_drop: false }`
[INFO] [stdout] 5edf84e18a97059762f3a7d92804475271c2173adf5fcd18a51a86461e4777b5
[INFO] running `Command { std: "docker" "start" "-a" "5edf84e18a97059762f3a7d92804475271c2173adf5fcd18a51a86461e4777b5", kill_on_drop: false }`
[INFO] [stderr]    Compiling proc-macro2 v1.0.92
[INFO] [stderr]    Compiling unicode-ident v1.0.14
[INFO] [stderr]    Compiling autocfg v1.4.0
[INFO] [stderr]    Compiling equivalent v1.0.1
[INFO] [stderr]    Compiling stable_deref_trait v1.2.0
[INFO] [stderr]    Compiling cfg-if v1.0.0
[INFO] [stderr]    Compiling libc v0.2.168
[INFO] [stderr]    Compiling allocator-api2 v0.2.21
[INFO] [stderr]    Compiling byteorder v1.5.0
[INFO] [stderr]    Compiling version_check v0.9.5
[INFO] [stderr]    Compiling once_cell v1.20.2
[INFO] [stderr]    Compiling rand_core v0.6.4
[INFO] [stderr]    Compiling siphasher v0.3.11
[INFO] [stderr]    Compiling paste v1.0.15
[INFO] [stderr]    Compiling rand v0.8.5
[INFO] [stderr]    Compiling ahash v0.8.11
[INFO] [stderr]    Compiling phf_shared v0.11.2
[INFO] [stderr]    Compiling litemap v0.7.4
[INFO] [stderr]    Compiling num-traits v0.2.19
[INFO] [stderr]    Compiling writeable v0.5.5
[INFO] [stderr]    Compiling serde v1.0.216
[INFO] [stderr]    Compiling foldhash v0.1.3
[INFO] [stderr]    Compiling hashbrown v0.15.2
[INFO] [stderr]    Compiling rustc-hash v2.1.0
[INFO] [stderr]    Compiling sptr v0.3.2
[INFO] [stderr]    Compiling static_assertions v1.1.0
[INFO] [stderr]    Compiling fast-float2 v0.2.3
[INFO] [stderr]    Compiling quote v1.0.37
[INFO] [stderr]    Compiling phf_generator v0.11.2
[INFO] [stderr]    Compiling thin-vec v0.2.13
[INFO] [stderr]    Compiling boa_string v0.20.0
[INFO] [stderr]    Compiling boa_profiler v0.20.0
[INFO] [stderr]    Compiling toml_datetime v0.6.8
[INFO] [stderr]    Compiling syn v2.0.90
[INFO] [stderr]    Compiling icu_locid_transform_data v1.5.0
[INFO] [stderr]    Compiling winnow v0.6.20
[INFO] [stderr]    Compiling getrandom v0.2.15
[INFO] [stderr]    Compiling indexmap v2.7.0
[INFO] [stderr]    Compiling lock_api v0.4.12
[INFO] [stderr]    Compiling memoffset v0.9.1
[INFO] [stderr]    Compiling icu_properties_data v1.5.0
[INFO] [stderr]    Compiling parking_lot_core v0.9.10
[INFO] [stderr]    Compiling smallvec v1.13.2
[INFO] [stderr]    Compiling crossbeam-utils v0.8.20
[INFO] [stderr]    Compiling memchr v2.7.4
[INFO] [stderr]    Compiling num-integer v0.1.46
[INFO] [stderr]    Compiling bitflags v2.6.0
[INFO] [stderr]    Compiling scopeguard v1.2.0
[INFO] [stderr]    Compiling portable-atomic v1.10.0
[INFO] [stderr]    Compiling itoa v1.0.14
[INFO] [stderr]    Compiling thiserror v2.0.7
[INFO] [stderr]    Compiling serde_json v1.0.133
[INFO] [stderr]    Compiling num-conv v0.1.0
[INFO] [stderr]    Compiling powerfmt v0.2.0
[INFO] [stderr]    Compiling time-core v0.1.2
[INFO] [stderr]    Compiling deranged v0.3.11
[INFO] [stderr]    Compiling time-macros v0.2.19
[INFO] [stderr]    Compiling num_threads v0.1.7
[INFO] [stderr]    Compiling write16 v1.0.0
[INFO] [stderr]    Compiling utf8_iter v1.0.4
[INFO] [stderr]    Compiling icu_normalizer_data v1.5.0
[INFO] [stderr]    Compiling utf16_iter v1.0.5
[INFO] [stderr]    Compiling ryu v1.0.18
[INFO] [stderr]    Compiling either v1.13.0
[INFO] [stderr]    Compiling intrusive-collections v0.9.7
[INFO] [stderr]    Compiling itertools v0.13.0
[INFO] [stderr]    Compiling tap v1.0.1
[INFO] [stderr]    Compiling arrayvec v0.7.6
[INFO] [stderr]    Compiling ryu-js v1.0.1
[INFO] [stderr]    Compiling pollster v0.4.0
[INFO] [stderr]    Compiling toml_edit v0.22.22
[INFO] [stderr]    Compiling time v0.3.37
[INFO] [stderr]    Compiling synstructure v0.13.1
[INFO] [stderr]    Compiling proc-macro-crate v3.2.0
[INFO] [stderr]    Compiling zerofrom-derive v0.1.5
[INFO] [stderr]    Compiling yoke-derive v0.7.5
[INFO] [stderr]    Compiling zerocopy-derive v0.7.35
[INFO] [stderr]    Compiling zerovec-derive v0.10.3
[INFO] [stderr]    Compiling displaydoc v0.2.5
[INFO] [stderr]    Compiling icu_provider_macros v1.5.0
[INFO] [stderr]    Compiling serde_derive v1.0.216
[INFO] [stderr]    Compiling phf_macros v0.11.2
[INFO] [stderr]    Compiling zerocopy v0.7.35
[INFO] [stderr]    Compiling boa_macros v0.20.0
[INFO] [stderr]    Compiling phf v0.11.2
[INFO] [stderr]    Compiling num_enum_derive v0.7.3
[INFO] [stderr]    Compiling thiserror-impl v2.0.7
[INFO] [stderr]    Compiling ppv-lite86 v0.2.20
[INFO] [stderr]    Compiling bytemuck_derive v1.8.0
[INFO] [stderr]    Compiling hashbrown v0.14.5
[INFO] [stderr]    Compiling rand_chacha v0.3.1
[INFO] [stderr]    Compiling regress v0.10.1
[INFO] [stderr]    Compiling dashmap v6.1.0
[INFO] [stderr]    Compiling zerofrom v0.1.5
[INFO] [stderr]    Compiling boa_gc v0.20.0
[INFO] [stderr]    Compiling yoke v0.7.5
[INFO] [stderr]    Compiling num_enum v0.7.3
[INFO] [stderr]    Compiling zerovec v0.10.4
[INFO] [stderr]    Compiling boa_interner v0.20.0
[INFO] [stderr]    Compiling bytemuck v1.20.0
[INFO] [stderr]    Compiling tinystr v0.7.6
[INFO] [stderr]    Compiling icu_collections v1.5.0
[INFO] [stderr]    Compiling icu_locid v1.5.0
[INFO] [stderr]    Compiling icu_provider v1.5.0
[INFO] [stderr]    Compiling icu_locid_transform v1.5.0
[INFO] [stderr]    Compiling icu_properties v1.5.1
[INFO] [stderr]    Compiling num-bigint v0.4.6
[INFO] [stderr]    Compiling boa_ast v0.20.0
[INFO] [stderr]    Compiling icu_normalizer v1.5.0
[INFO] [stderr]    Compiling boa_parser v0.20.0
[INFO] [stderr]    Compiling boa_engine v0.20.0
[INFO] [stderr]    Compiling boa_interop v0.20.0 (/opt/rustwide/workdir)
[INFO] [stderr]     Finished `dev` profile [unoptimized + debuginfo] target(s) in 1m 58s
[INFO] running `Command { std: "docker" "inspect" "5edf84e18a97059762f3a7d92804475271c2173adf5fcd18a51a86461e4777b5", kill_on_drop: false }`
[INFO] running `Command { std: "docker" "rm" "-f" "5edf84e18a97059762f3a7d92804475271c2173adf5fcd18a51a86461e4777b5", kill_on_drop: false }`
[INFO] [stdout] 5edf84e18a97059762f3a7d92804475271c2173adf5fcd18a51a86461e4777b5
[INFO] running `Command { std: "docker" "create" "-v" "/var/lib/crater-agent-workspace/builds/worker-6-tc2/target:/opt/rustwide/target:rw,Z" "-v" "/var/lib/crater-agent-workspace/builds/worker-6-tc2/source:/opt/rustwide/workdir:ro,Z" "-v" "/var/lib/crater-agent-workspace/cargo-home:/opt/rustwide/cargo-home:ro,Z" "-v" "/var/lib/crater-agent-workspace/rustup-home:/opt/rustwide/rustup-home:ro,Z" "-e" "SOURCE_DIR=/opt/rustwide/workdir" "-e" "CARGO_TARGET_DIR=/opt/rustwide/target" "-e" "CARGO_INCREMENTAL=0" "-e" "RUST_BACKTRACE=full" "-e" "RUSTFLAGS=--cap-lints=warn" "-e" "RUSTDOCFLAGS=--cap-lints=warn" "-e" "CARGO_HOME=/opt/rustwide/cargo-home" "-e" "RUSTUP_HOME=/opt/rustwide/rustup-home" "-w" "/opt/rustwide/workdir" "-m" "1610612736" "--user" "0:0" "--network" "none" "ghcr.io/rust-lang/crates-build-env/linux@sha256:f3a9d4ad9d972b27faf3965f35b62e55ba32bbce8f20bc8fe909558a86702fde" "/opt/rustwide/cargo-home/bin/cargo" "+beta-2024-12-08" "test" "--frozen" "--no-run" "--message-format=json", kill_on_drop: false }`
[INFO] [stdout] 8bd1a67200c06814c4489e0a69a41676f0d1fd7e9ef1bba629d9f41ab0511599
[INFO] running `Command { std: "docker" "start" "-a" "8bd1a67200c06814c4489e0a69a41676f0d1fd7e9ef1bba629d9f41ab0511599", kill_on_drop: false }`
[INFO] [stderr]    Compiling boa_interop v0.20.0 (/opt/rustwide/workdir)
[INFO] [stderr]     Finished `test` profile [unoptimized + debuginfo] target(s) in 14.21s
[INFO] running `Command { std: "docker" "inspect" "8bd1a67200c06814c4489e0a69a41676f0d1fd7e9ef1bba629d9f41ab0511599", kill_on_drop: false }`
[INFO] running `Command { std: "docker" "rm" "-f" "8bd1a67200c06814c4489e0a69a41676f0d1fd7e9ef1bba629d9f41ab0511599", kill_on_drop: false }`
[INFO] [stdout] 8bd1a67200c06814c4489e0a69a41676f0d1fd7e9ef1bba629d9f41ab0511599
[INFO] running `Command { std: "docker" "create" "-v" "/var/lib/crater-agent-workspace/builds/worker-6-tc2/target:/opt/rustwide/target:rw,Z" "-v" "/var/lib/crater-agent-workspace/builds/worker-6-tc2/source:/opt/rustwide/workdir:ro,Z" "-v" "/var/lib/crater-agent-workspace/cargo-home:/opt/rustwide/cargo-home:ro,Z" "-v" "/var/lib/crater-agent-workspace/rustup-home:/opt/rustwide/rustup-home:ro,Z" "-e" "SOURCE_DIR=/opt/rustwide/workdir" "-e" "CARGO_TARGET_DIR=/opt/rustwide/target" "-e" "CARGO_INCREMENTAL=0" "-e" "RUST_BACKTRACE=full" "-e" "RUSTFLAGS=--cap-lints=warn" "-e" "RUSTDOCFLAGS=--cap-lints=warn" "-e" "CARGO_HOME=/opt/rustwide/cargo-home" "-e" "RUSTUP_HOME=/opt/rustwide/rustup-home" "-w" "/opt/rustwide/workdir" "-m" "1610612736" "--user" "0:0" "--network" "none" "ghcr.io/rust-lang/crates-build-env/linux@sha256:f3a9d4ad9d972b27faf3965f35b62e55ba32bbce8f20bc8fe909558a86702fde" "/opt/rustwide/cargo-home/bin/cargo" "+beta-2024-12-08" "test" "--frozen", kill_on_drop: false }`
[INFO] [stdout] 32502483175d8c7ed9d6746bfc7ab9279edc93820749d98111a782e8342a5ad1
[INFO] running `Command { std: "docker" "start" "-a" "32502483175d8c7ed9d6746bfc7ab9279edc93820749d98111a782e8342a5ad1", kill_on_drop: false }`
[INFO] [stderr]     Finished `test` profile [unoptimized + debuginfo] target(s) in 0.16s
[INFO] [stdout] 
[INFO] [stderr]      Running unittests src/lib.rs (/opt/rustwide/target/debug/deps/boa_interop-fd8a0cf924f4ab68)
[INFO] [stdout] running 4 tests
[INFO] [stdout] test into_js_module ... ok
[INFO] [stdout] test class ... ok
[INFO] [stdout] test can_throw_exception ... ok
[INFO] [stdout] test macros::js_class_test ... ok
[INFO] [stdout] 
[INFO] [stdout] test result: ok. 4 passed; 0 failed; 0 ignored; 0 measured; 0 filtered out; finished in 0.07s
[INFO] [stdout] 
[INFO] [stderr]      Running tests/embedded.rs (/opt/rustwide/target/debug/deps/embedded-60e358fec9d485c9)
[INFO] [stdout] 
[INFO] [stdout] running 1 test
[INFO] [stdout] test simple ... ok
[INFO] [stdout] 
[INFO] [stdout] test result: ok. 1 passed; 0 failed; 0 ignored; 0 measured; 0 filtered out; finished in 0.02s
[INFO] [stdout] 
[INFO] [stderr]      Running tests/fibonacci.rs (/opt/rustwide/target/debug/deps/fibonacci-f7e29161fce9ff48)
[INFO] [stdout] 
[INFO] [stdout] running 1 test
[INFO] [stdout] test fibonacci_test ... ok
[INFO] [stdout] 
[INFO] [stdout] test result: ok. 1 passed; 0 failed; 0 ignored; 0 measured; 0 filtered out; finished in 0.02s
[INFO] [stdout] 
[INFO] [stderr]      Running tests/gcd_callback.rs (/opt/rustwide/target/debug/deps/gcd_callback-8959b1b6279f5867)
[INFO] [stdout] 
[INFO] [stdout] running 1 test
[INFO] [stdout] test gcd_callback ... ok
[INFO] [stdout] 
[INFO] [stdout] test result: ok. 1 passed; 0 failed; 0 ignored; 0 measured; 0 filtered out; finished in 0.02s
[INFO] [stdout] 
[INFO] [stderr]    Doc-tests boa_interop
[INFO] [stdout] 
[INFO] [stdout] running 12 tests
[INFO] [stdout] test src/macros.rs - macros::js_class (line 16) ... ignored
[INFO] [stdout] test src/macros.rs - macros::js_class (line 23) ... ignored
[INFO] [stdout] test src/macros.rs - macros::js_class (line 38) ... ignored
[INFO] [stdout] test src/macros.rs - macros::js_class (line 46) ... ignored
[INFO] [stdout] test src/macros.rs - macros::js_class (line 52) ... ignored
[INFO] [stdout] test src/macros.rs - macros::js_class (line 64) ... FAILED
[INFO] [stdout] test src/lib.rs - IntoJsFunctionCopied (line 114) ... FAILED
[INFO] [stdout] test src/lib.rs - JsAll (line 259) ... FAILED
[INFO] [stdout] test src/lib.rs - ContextData (line 433) ... ok
[INFO] [stdout] test src/lib.rs - UnsafeIntoJsFunction (line 79) ... ok
[INFO] [stdout] test src/lib.rs - UnsafeIntoJsFunction (line 61) ... ok
[INFO] [stdout] test src/lib.rs - JsRest (line 184) ... ok
[INFO] [stdout] 
[INFO] [stdout] failures:
[INFO] [stdout] 
[INFO] [stdout] ---- src/macros.rs - macros::js_class (line 64) stdout ----
[INFO] [stdout] error: linking with `cc` failed: exit status: 1
[INFO] [stdout]   |
[INFO] [stdout]   = note: LC_ALL="C" PATH="/opt/rustwide/rustup-home/toolchains/beta-2024-12-08-x86_64-unknown-linux-gnu/lib/rustlib/x86_64-unknown-linux-gnu/bin:/opt/rustwide/cargo-home/bin:/usr/local/sbin:/usr/local/bin:/usr/sbin:/usr/bin:/sbin:/bin" VSLANG="1033" "cc" "-m64" "/tmp/rustc1oXQJm/symbols.o" "/tmp/rustdoctestoD3YF9/rust_out.rust_out.9242fac72db2cd11-cgu.0.rcgu.o" "/tmp/rustdoctestoD3YF9/rust_out.2hl2tb9xdtge7mguxzn2q1kvi.rcgu.o" "-Wl,--as-needed" "-Wl,-Bstatic" "/opt/rustwide/target/debug/deps/libboa_interop-6f89f54e4ee0bcd7.rlib" "/opt/rustwide/target/debug/deps/libboa_engine-ba1a1f7575100c51.rlib" "/opt/rustwide/target/debug/deps/libpollster-9b6a6945bf562b5f.rlib" "/opt/rustwide/target/debug/deps/libryu_js-9e969ef15e813e44.rlib" "/opt/rustwide/target/debug/deps/librand-539c2b3a9d37e338.rlib" "/opt/rustwide/target/debug/deps/librand_chacha-f6518d58af535a5d.rlib" "/opt/rustwide/target/debug/deps/libppv_lite86-5badd86ef838c7bd.rlib" "/opt/rustwide/target/debug/deps/librand_core-24762e9e1e96b4fc.rlib" "/opt/rustwide/target/debug/deps/libgetrandom-4ed2622a5aaffb15.rlib" "/opt/rustwide/target/debug/deps/libarrayvec-fe341ede6395a398.rlib" "/opt/rustwide/target/debug/deps/libserde_json-c50ef11ea2b600b5.rlib" "/opt/rustwide/target/debug/deps/libryu-6e02dac7c3b6be75.rlib" "/opt/rustwide/target/debug/deps/libnum_enum-5c6bc4a209e4e3e9.rlib" "/opt/rustwide/target/debug/deps/libthiserror-5ddccb57ea6059c0.rlib" "/opt/rustwide/target/debug/deps/libdashmap-6f06b841b1a624cb.rlib" "/opt/rustwide/target/debug/deps/liblock_api-6967e438d0a7fd52.rlib" "/opt/rustwide/target/debug/deps/libscopeguard-f937485db0060aca.rlib" "/opt/rustwide/target/debug/deps/libhashbrown-b0ae54bdc24f019f.rlib" "/opt/rustwide/target/debug/deps/libahash-7214e056b66bf4c7.rlib" "/opt/rustwide/target/debug/deps/libzerocopy-e06846a2b2d40231.rlib" "/opt/rustwide/target/debug/deps/libbyteorder-1330d4a483bc0841.rlib" "/opt/rustwide/target/debug/deps/libcrossbeam_utils-0d72a2b2b371b2bb.rlib" "/opt/rustwide/target/debug/deps/libparking_lot_core-9bfdf4c2c848bcf0.rlib" "/opt/rustwide/target/debug/deps/libcfg_if-a3e7e701fcd1f47b.rlib" "/opt/rustwide/target/debug/deps/libicu_normalizer-d3aa0c2f5c149952.rlib" "/opt/rustwide/target/debug/deps/libicu_normalizer_data-d3c2725a089a2467.rlib" "/opt/rustwide/target/debug/deps/libwrite16-d15e33f2b3b5e6d8.rlib" "/opt/rustwide/target/debug/deps/libutf8_iter-d5e8daeaacfd8f95.rlib" "/opt/rustwide/target/debug/deps/libutf16_iter-9749a04129eccc81.rlib" "/opt/rustwide/target/debug/deps/libsmallvec-cae3008cdb7d5db1.rlib" "/opt/rustwide/target/debug/deps/libtap-b85dccd7e33b9fac.rlib" "/opt/rustwide/target/debug/deps/libitertools-9be8cf4b820155b0.rlib" "/opt/rustwide/target/debug/deps/libeither-5ea21b6513fb0723.rlib" "/opt/rustwide/target/debug/deps/libtime-2bd450b681163212.rlib" "/opt/rustwide/target/debug/deps/libnum_threads-3ec4c6a90389312d.rlib" "/opt/rustwide/target/debug/deps/liblibc-ab537429a1f68abe.rlib" "/opt/rustwide/target/debug/deps/libitoa-87633a66effadcdd.rlib" "/opt/rustwide/target/debug/deps/libtime_core-f368596cca30f67d.rlib" "/opt/rustwide/target/debug/deps/libnum_conv-a312b8300ce88506.rlib" "/opt/rustwide/target/debug/deps/libderanged-7c3aacebfed7a85e.rlib" "/opt/rustwide/target/debug/deps/libpowerfmt-a584063b8a4e44a4.rlib" "/opt/rustwide/target/debug/deps/libbytemuck-886f1ed4fd261b19.rlib" "/opt/rustwide/target/debug/deps/libintrusive_collections-280a893baca7fc8c.rlib" "/opt/rustwide/target/debug/deps/libmemoffset-5eade6f62c27d531.rlib" "/opt/rustwide/target/debug/deps/libportable_atomic-13646042e10a9455.rlib" "/opt/rustwide/target/debug/deps/libboa_parser-e66fff5d305454d4.rlib" "/opt/rustwide/target/debug/deps/libicu_properties-04013f543ff0d91e.rlib" "/opt/rustwide/target/debug/deps/libicu_properties_data-8db115c81033ba3a.rlib" "/opt/rustwide/target/debug/deps/libicu_locid_transform-d378740675d9d8d5.rlib" "/opt/rustwide/target/debug/deps/libicu_locid_transform_data-b75aeb662448ba61.rlib" "/opt/rustwide/target/debug/deps/libicu_collections-56085fbb0fbe9e3d.rlib" "/opt/rustwide/target/debug/deps/libicu_provider-8928a508ed64f420.rlib" "/opt/rustwide/target/debug/deps/libicu_locid-41716daf3c43df59.rlib" "/opt/rustwide/target/debug/deps/liblitemap-f4f1c45b9b1b6474.rlib" "/opt/rustwide/target/debug/deps/libtinystr-4b001ba495c4c7c3.rlib" "/opt/rustwide/target/debug/deps/libzerovec-c61ae52aa3b8b969.rlib" "/opt/rustwide/target/debug/deps/libwriteable-d425da3f2cf37998.rlib" "/opt/rustwide/target/debug/deps/libyoke-481ee67f83e81139.rlib" "/opt/rustwide/target/debug/deps/libzerofrom-afacd81f61d65d51.rlib" "/opt/rustwide/target/debug/deps/libstable_deref_trait-8e22d1dc883a4bb5.rlib" "/opt/rustwide/target/debug/deps/libregress-ea9afefc50bca182.rlib" "/opt/rustwide/target/debug/deps/libmemchr-d6cb21f6c03ed32f.rlib" "/opt/rustwide/target/debug/deps/libboa_ast-639e1bdebe198eac.rlib" "/opt/rustwide/target/debug/deps/libbitflags-84877d9103c9f4ef.rlib" "/opt/rustwide/target/debug/deps/libnum_bigint-c22b34a9f3b95bc6.rlib" "/opt/rustwide/target/debug/deps/libserde-ba4475d5d020a5ec.rlib" "/opt/rustwide/target/debug/deps/libnum_integer-098bf2232ea5acb0.rlib" "/opt/rustwide/target/debug/deps/libnum_traits-e864dc383707e437.rlib" "/opt/rustwide/target/debug/deps/libboa_interner-2b6f9d9fe0e2301a.rlib" "/opt/rustwide/target/debug/deps/libonce_cell-0a05695a483fa658.rlib" "/opt/rustwide/target/debug/deps/libindexmap-2c6ad3a3c2e31072.rlib" "/opt/rustwide/target/debug/deps/libphf-74ae2aa118581b91.rlib" "/opt/rustwide/target/debug/deps/libphf_shared-8b5079c5e6560fb2.rlib" "/opt/rustwide/target/debug/deps/libsiphasher-8c98df6e4615cbd6.rlib" "/opt/rustwide/target/debug/deps/libboa_gc-42bbbc114aabf5f0.rlib" "/opt/rustwide/target/debug/deps/libthin_vec-cd05e62869db86a5.rlib" "/opt/rustwide/target/debug/deps/libboa_string-472ec9720f7cd9de.rlib" "/opt/rustwide/target/debug/deps/libfast_float2-4ce8f248d71452d9.rlib" "/opt/rustwide/target/debug/deps/libstatic_assertions-0ef270c4de502b0e.rlib" "/opt/rustwide/target/debug/deps/libsptr-52e152b5353c045d.rlib" "/opt/rustwide/target/debug/deps/libboa_profiler-d8b68c4a6710ee38.rlib" "/opt/rustwide/target/debug/deps/librustc_hash-805cc8b3eb259707.rlib" "/opt/rustwide/target/debug/deps/libhashbrown-07047ed0f75e3947.rlib" "/opt/rustwide/target/debug/deps/libfoldhash-c731f100a25fc960.rlib" "/opt/rustwide/target/debug/deps/libequivalent-e4dc2e1acc32de2c.rlib" "/opt/rustwide/target/debug/deps/liballocator_api2-9346df930c30ea4a.rlib" "/opt/rustwide/rustup-home/toolchains/beta-2024-12-08-x86_64-unknown-linux-gnu/lib/rustlib/x86_64-unknown-linux-gnu/lib/libstd-02dc84f49135b6b8.rlib" "/opt/rustwide/rustup-home/toolchains/beta-2024-12-08-x86_64-unknown-linux-gnu/lib/rustlib/x86_64-unknown-linux-gnu/lib/libpanic_unwind-a8f45b397fae3f81.rlib" "/opt/rustwide/rustup-home/toolchains/beta-2024-12-08-x86_64-unknown-linux-gnu/lib/rustlib/x86_64-unknown-linux-gnu/lib/libobject-089607133c180609.rlib" "/opt/rustwide/rustup-home/toolchains/beta-2024-12-08-x86_64-unknown-linux-gnu/lib/rustlib/x86_64-unknown-linux-gnu/lib/libmemchr-fc89f091bcd86cbb.rlib" "/opt/rustwide/rustup-home/toolchains/beta-2024-12-08-x86_64-unknown-linux-gnu/lib/rustlib/x86_64-unknown-linux-gnu/lib/libaddr2line-5a60949f01c7340c.rlib" "/opt/rustwide/rustup-home/toolchains/beta-2024-12-08-x86_64-unknown-linux-gnu/lib/rustlib/x86_64-unknown-linux-gnu/lib/libgimli-d29e6a55ca253c8c.rlib" "/opt/rustwide/rustup-home/toolchains/beta-2024-12-08-x86_64-unknown-linux-gnu/lib/rustlib/x86_64-unknown-linux-gnu/lib/librustc_demangle-273c078d5f65de7a.rlib" "/opt/rustwide/rustup-home/toolchains/beta-2024-12-08-x86_64-unknown-linux-gnu/lib/rustlib/x86_64-unknown-linux-gnu/lib/libstd_detect-413c950ffbdd4454.rlib" "/opt/rustwide/rustup-home/toolchains/beta-2024-12-08-x86_64-unknown-linux-gnu/lib/rustlib/x86_64-unknown-linux-gnu/lib/libhashbrown-1853c0976a1d88a6.rlib" "/opt/rustwide/rustup-home/toolchains/beta-2024-12-08-x86_64-unknown-linux-gnu/lib/rustlib/x86_64-unknown-linux-gnu/lib/librustc_std_workspace_alloc-ccb3384ddacb0f9e.rlib" "/opt/rustwide/rustup-home/toolchains/beta-2024-12-08-x86_64-unknown-linux-gnu/lib/rustlib/x86_64-unknown-linux-gnu/lib/libminiz_oxide-0b901dfb0ca849e0.rlib" "/opt/rustwide/rustup-home/toolchains/beta-2024-12-08-x86_64-unknown-linux-gnu/lib/rustlib/x86_64-unknown-linux-gnu/lib/libadler-eebeb8d7c64543ad.rlib" "/opt/rustwide/rustup-home/toolchains/beta-2024-12-08-x86_64-unknown-linux-gnu/lib/rustlib/x86_64-unknown-linux-gnu/lib/libunwind-4723ef81d6079867.rlib" "/opt/rustwide/rustup-home/toolchains/beta-2024-12-08-x86_64-unknown-linux-gnu/lib/rustlib/x86_64-unknown-linux-gnu/lib/libcfg_if-54442f8b422f5a54.rlib" "/opt/rustwide/rustup-home/toolchains/beta-2024-12-08-x86_64-unknown-linux-gnu/lib/rustlib/x86_64-unknown-linux-gnu/lib/liblibc-e0bbe034b5282553.rlib" "/opt/rustwide/rustup-home/toolchains/beta-2024-12-08-x86_64-unknown-linux-gnu/lib/rustlib/x86_64-unknown-linux-gnu/lib/liballoc-d0febb68c1c37b90.rlib" "/opt/rustwide/rustup-home/toolchains/beta-2024-12-08-x86_64-unknown-linux-gnu/lib/rustlib/x86_64-unknown-linux-gnu/lib/librustc_std_workspace_core-4cf833632aafa84c.rlib" "/opt/rustwide/rustup-home/toolchains/beta-2024-12-08-x86_64-unknown-linux-gnu/lib/rustlib/x86_64-unknown-linux-gnu/lib/libcore-65c2c6d2d6ae570b.rlib" "/opt/rustwide/rustup-home/toolchains/beta-2024-12-08-x86_64-unknown-linux-gnu/lib/rustlib/x86_64-unknown-linux-gnu/lib/libcompiler_builtins-97929cee0dcfe424.rlib" "-Wl,-Bdynamic" "-lgcc_s" "-lutil" "-lrt" "-lpthread" "-lm" "-ldl" "-lc" "-Wl,--eh-frame-hdr" "-Wl,-z,noexecstack" "-L" "/opt/rustwide/rustup-home/toolchains/beta-2024-12-08-x86_64-unknown-linux-gnu/lib/rustlib/x86_64-unknown-linux-gnu/lib" "-o" "/tmp/rustdoctestoD3YF9/rust_out" "-Wl,--gc-sections" "-pie" "-Wl,-z,relro,-z,now" "-nodefaultlibs"
[INFO] [stdout]   = note: collect2: fatal error: ld terminated with signal 9 [Killed]
[INFO] [stdout]           compilation terminated.
[INFO] [stdout]           
[INFO] [stdout] 
[INFO] [stdout] error: aborting due to 1 previous error
[INFO] [stdout] 
[INFO] [stdout] Couldn't compile the test.
[INFO] [stdout] ---- src/lib.rs - IntoJsFunctionCopied (line 114) stdout ----
[INFO] [stdout] error: linking with `cc` failed: exit status: 1
[INFO] [stdout]   |
[INFO] [stdout]   = note: LC_ALL="C" PATH="/opt/rustwide/rustup-home/toolchains/beta-2024-12-08-x86_64-unknown-linux-gnu/lib/rustlib/x86_64-unknown-linux-gnu/bin:/opt/rustwide/cargo-home/bin:/usr/local/sbin:/usr/local/bin:/usr/sbin:/usr/bin:/sbin:/bin" VSLANG="1033" "cc" "-m64" "/tmp/rustcm2vej9/symbols.o" "/tmp/rustdoctestAEd2Ky/rust_out.rust_out.9242fac72db2cd11-cgu.0.rcgu.o" "/tmp/rustdoctestAEd2Ky/rust_out.2hl2tb9xdtge7mguxzn2q1kvi.rcgu.o" "-Wl,--as-needed" "-Wl,-Bstatic" "/opt/rustwide/target/debug/deps/libboa_interop-6f89f54e4ee0bcd7.rlib" "/opt/rustwide/target/debug/deps/libboa_engine-ba1a1f7575100c51.rlib" "/opt/rustwide/target/debug/deps/libpollster-9b6a6945bf562b5f.rlib" "/opt/rustwide/target/debug/deps/libryu_js-9e969ef15e813e44.rlib" "/opt/rustwide/target/debug/deps/librand-539c2b3a9d37e338.rlib" "/opt/rustwide/target/debug/deps/librand_chacha-f6518d58af535a5d.rlib" "/opt/rustwide/target/debug/deps/libppv_lite86-5badd86ef838c7bd.rlib" "/opt/rustwide/target/debug/deps/librand_core-24762e9e1e96b4fc.rlib" "/opt/rustwide/target/debug/deps/libgetrandom-4ed2622a5aaffb15.rlib" "/opt/rustwide/target/debug/deps/libarrayvec-fe341ede6395a398.rlib" "/opt/rustwide/target/debug/deps/libserde_json-c50ef11ea2b600b5.rlib" "/opt/rustwide/target/debug/deps/libryu-6e02dac7c3b6be75.rlib" "/opt/rustwide/target/debug/deps/libnum_enum-5c6bc4a209e4e3e9.rlib" "/opt/rustwide/target/debug/deps/libthiserror-5ddccb57ea6059c0.rlib" "/opt/rustwide/target/debug/deps/libdashmap-6f06b841b1a624cb.rlib" "/opt/rustwide/target/debug/deps/liblock_api-6967e438d0a7fd52.rlib" "/opt/rustwide/target/debug/deps/libscopeguard-f937485db0060aca.rlib" "/opt/rustwide/target/debug/deps/libhashbrown-b0ae54bdc24f019f.rlib" "/opt/rustwide/target/debug/deps/libahash-7214e056b66bf4c7.rlib" "/opt/rustwide/target/debug/deps/libzerocopy-e06846a2b2d40231.rlib" "/opt/rustwide/target/debug/deps/libbyteorder-1330d4a483bc0841.rlib" "/opt/rustwide/target/debug/deps/libcrossbeam_utils-0d72a2b2b371b2bb.rlib" "/opt/rustwide/target/debug/deps/libparking_lot_core-9bfdf4c2c848bcf0.rlib" "/opt/rustwide/target/debug/deps/libcfg_if-a3e7e701fcd1f47b.rlib" "/opt/rustwide/target/debug/deps/libicu_normalizer-d3aa0c2f5c149952.rlib" "/opt/rustwide/target/debug/deps/libicu_normalizer_data-d3c2725a089a2467.rlib" "/opt/rustwide/target/debug/deps/libwrite16-d15e33f2b3b5e6d8.rlib" "/opt/rustwide/target/debug/deps/libutf8_iter-d5e8daeaacfd8f95.rlib" "/opt/rustwide/target/debug/deps/libutf16_iter-9749a04129eccc81.rlib" "/opt/rustwide/target/debug/deps/libsmallvec-cae3008cdb7d5db1.rlib" "/opt/rustwide/target/debug/deps/libtap-b85dccd7e33b9fac.rlib" "/opt/rustwide/target/debug/deps/libitertools-9be8cf4b820155b0.rlib" "/opt/rustwide/target/debug/deps/libeither-5ea21b6513fb0723.rlib" "/opt/rustwide/target/debug/deps/libtime-2bd450b681163212.rlib" "/opt/rustwide/target/debug/deps/libnum_threads-3ec4c6a90389312d.rlib" "/opt/rustwide/target/debug/deps/liblibc-ab537429a1f68abe.rlib" "/opt/rustwide/target/debug/deps/libitoa-87633a66effadcdd.rlib" "/opt/rustwide/target/debug/deps/libtime_core-f368596cca30f67d.rlib" "/opt/rustwide/target/debug/deps/libnum_conv-a312b8300ce88506.rlib" "/opt/rustwide/target/debug/deps/libderanged-7c3aacebfed7a85e.rlib" "/opt/rustwide/target/debug/deps/libpowerfmt-a584063b8a4e44a4.rlib" "/opt/rustwide/target/debug/deps/libbytemuck-886f1ed4fd261b19.rlib" "/opt/rustwide/target/debug/deps/libintrusive_collections-280a893baca7fc8c.rlib" "/opt/rustwide/target/debug/deps/libmemoffset-5eade6f62c27d531.rlib" "/opt/rustwide/target/debug/deps/libportable_atomic-13646042e10a9455.rlib" "/opt/rustwide/target/debug/deps/libboa_parser-e66fff5d305454d4.rlib" "/opt/rustwide/target/debug/deps/libicu_properties-04013f543ff0d91e.rlib" "/opt/rustwide/target/debug/deps/libicu_properties_data-8db115c81033ba3a.rlib" "/opt/rustwide/target/debug/deps/libicu_locid_transform-d378740675d9d8d5.rlib" "/opt/rustwide/target/debug/deps/libicu_locid_transform_data-b75aeb662448ba61.rlib" "/opt/rustwide/target/debug/deps/libicu_collections-56085fbb0fbe9e3d.rlib" "/opt/rustwide/target/debug/deps/libicu_provider-8928a508ed64f420.rlib" "/opt/rustwide/target/debug/deps/libicu_locid-41716daf3c43df59.rlib" "/opt/rustwide/target/debug/deps/liblitemap-f4f1c45b9b1b6474.rlib" "/opt/rustwide/target/debug/deps/libtinystr-4b001ba495c4c7c3.rlib" "/opt/rustwide/target/debug/deps/libzerovec-c61ae52aa3b8b969.rlib" "/opt/rustwide/target/debug/deps/libwriteable-d425da3f2cf37998.rlib" "/opt/rustwide/target/debug/deps/libyoke-481ee67f83e81139.rlib" "/opt/rustwide/target/debug/deps/libzerofrom-afacd81f61d65d51.rlib" "/opt/rustwide/target/debug/deps/libstable_deref_trait-8e22d1dc883a4bb5.rlib" "/opt/rustwide/target/debug/deps/libregress-ea9afefc50bca182.rlib" "/opt/rustwide/target/debug/deps/libmemchr-d6cb21f6c03ed32f.rlib" "/opt/rustwide/target/debug/deps/libboa_ast-639e1bdebe198eac.rlib" "/opt/rustwide/target/debug/deps/libbitflags-84877d9103c9f4ef.rlib" "/opt/rustwide/target/debug/deps/libnum_bigint-c22b34a9f3b95bc6.rlib" "/opt/rustwide/target/debug/deps/libserde-ba4475d5d020a5ec.rlib" "/opt/rustwide/target/debug/deps/libnum_integer-098bf2232ea5acb0.rlib" "/opt/rustwide/target/debug/deps/libnum_traits-e864dc383707e437.rlib" "/opt/rustwide/target/debug/deps/libboa_interner-2b6f9d9fe0e2301a.rlib" "/opt/rustwide/target/debug/deps/libonce_cell-0a05695a483fa658.rlib" "/opt/rustwide/target/debug/deps/libindexmap-2c6ad3a3c2e31072.rlib" "/opt/rustwide/target/debug/deps/libphf-74ae2aa118581b91.rlib" "/opt/rustwide/target/debug/deps/libphf_shared-8b5079c5e6560fb2.rlib" "/opt/rustwide/target/debug/deps/libsiphasher-8c98df6e4615cbd6.rlib" "/opt/rustwide/target/debug/deps/libboa_gc-42bbbc114aabf5f0.rlib" "/opt/rustwide/target/debug/deps/libthin_vec-cd05e62869db86a5.rlib" "/opt/rustwide/target/debug/deps/libboa_string-472ec9720f7cd9de.rlib" "/opt/rustwide/target/debug/deps/libfast_float2-4ce8f248d71452d9.rlib" "/opt/rustwide/target/debug/deps/libstatic_assertions-0ef270c4de502b0e.rlib" "/opt/rustwide/target/debug/deps/libsptr-52e152b5353c045d.rlib" "/opt/rustwide/target/debug/deps/libboa_profiler-d8b68c4a6710ee38.rlib" "/opt/rustwide/target/debug/deps/librustc_hash-805cc8b3eb259707.rlib" "/opt/rustwide/target/debug/deps/libhashbrown-07047ed0f75e3947.rlib" "/opt/rustwide/target/debug/deps/libfoldhash-c731f100a25fc960.rlib" "/opt/rustwide/target/debug/deps/libequivalent-e4dc2e1acc32de2c.rlib" "/opt/rustwide/target/debug/deps/liballocator_api2-9346df930c30ea4a.rlib" "/opt/rustwide/rustup-home/toolchains/beta-2024-12-08-x86_64-unknown-linux-gnu/lib/rustlib/x86_64-unknown-linux-gnu/lib/libstd-02dc84f49135b6b8.rlib" "/opt/rustwide/rustup-home/toolchains/beta-2024-12-08-x86_64-unknown-linux-gnu/lib/rustlib/x86_64-unknown-linux-gnu/lib/libpanic_unwind-a8f45b397fae3f81.rlib" "/opt/rustwide/rustup-home/toolchains/beta-2024-12-08-x86_64-unknown-linux-gnu/lib/rustlib/x86_64-unknown-linux-gnu/lib/libobject-089607133c180609.rlib" "/opt/rustwide/rustup-home/toolchains/beta-2024-12-08-x86_64-unknown-linux-gnu/lib/rustlib/x86_64-unknown-linux-gnu/lib/libmemchr-fc89f091bcd86cbb.rlib" "/opt/rustwide/rustup-home/toolchains/beta-2024-12-08-x86_64-unknown-linux-gnu/lib/rustlib/x86_64-unknown-linux-gnu/lib/libaddr2line-5a60949f01c7340c.rlib" "/opt/rustwide/rustup-home/toolchains/beta-2024-12-08-x86_64-unknown-linux-gnu/lib/rustlib/x86_64-unknown-linux-gnu/lib/libgimli-d29e6a55ca253c8c.rlib" "/opt/rustwide/rustup-home/toolchains/beta-2024-12-08-x86_64-unknown-linux-gnu/lib/rustlib/x86_64-unknown-linux-gnu/lib/librustc_demangle-273c078d5f65de7a.rlib" "/opt/rustwide/rustup-home/toolchains/beta-2024-12-08-x86_64-unknown-linux-gnu/lib/rustlib/x86_64-unknown-linux-gnu/lib/libstd_detect-413c950ffbdd4454.rlib" "/opt/rustwide/rustup-home/toolchains/beta-2024-12-08-x86_64-unknown-linux-gnu/lib/rustlib/x86_64-unknown-linux-gnu/lib/libhashbrown-1853c0976a1d88a6.rlib" "/opt/rustwide/rustup-home/toolchains/beta-2024-12-08-x86_64-unknown-linux-gnu/lib/rustlib/x86_64-unknown-linux-gnu/lib/librustc_std_workspace_alloc-ccb3384ddacb0f9e.rlib" "/opt/rustwide/rustup-home/toolchains/beta-2024-12-08-x86_64-unknown-linux-gnu/lib/rustlib/x86_64-unknown-linux-gnu/lib/libminiz_oxide-0b901dfb0ca849e0.rlib" "/opt/rustwide/rustup-home/toolchains/beta-2024-12-08-x86_64-unknown-linux-gnu/lib/rustlib/x86_64-unknown-linux-gnu/lib/libadler-eebeb8d7c64543ad.rlib" "/opt/rustwide/rustup-home/toolchains/beta-2024-12-08-x86_64-unknown-linux-gnu/lib/rustlib/x86_64-unknown-linux-gnu/lib/libunwind-4723ef81d6079867.rlib" "/opt/rustwide/rustup-home/toolchains/beta-2024-12-08-x86_64-unknown-linux-gnu/lib/rustlib/x86_64-unknown-linux-gnu/lib/libcfg_if-54442f8b422f5a54.rlib" "/opt/rustwide/rustup-home/toolchains/beta-2024-12-08-x86_64-unknown-linux-gnu/lib/rustlib/x86_64-unknown-linux-gnu/lib/liblibc-e0bbe034b5282553.rlib" "/opt/rustwide/rustup-home/toolchains/beta-2024-12-08-x86_64-unknown-linux-gnu/lib/rustlib/x86_64-unknown-linux-gnu/lib/liballoc-d0febb68c1c37b90.rlib" "/opt/rustwide/rustup-home/toolchains/beta-2024-12-08-x86_64-unknown-linux-gnu/lib/rustlib/x86_64-unknown-linux-gnu/lib/librustc_std_workspace_core-4cf833632aafa84c.rlib" "/opt/rustwide/rustup-home/toolchains/beta-2024-12-08-x86_64-unknown-linux-gnu/lib/rustlib/x86_64-unknown-linux-gnu/lib/libcore-65c2c6d2d6ae570b.rlib" "/opt/rustwide/rustup-home/toolchains/beta-2024-12-08-x86_64-unknown-linux-gnu/lib/rustlib/x86_64-unknown-linux-gnu/lib/libcompiler_builtins-97929cee0dcfe424.rlib" "-Wl,-Bdynamic" "-lgcc_s" "-lutil" "-lrt" "-lpthread" "-lm" "-ldl" "-lc" "-Wl,--eh-frame-hdr" "-Wl,-z,noexecstack" "-L" "/opt/rustwide/rustup-home/toolchains/beta-2024-12-08-x86_64-unknown-linux-gnu/lib/rustlib/x86_64-unknown-linux-gnu/lib" "-o" "/tmp/rustdoctestAEd2Ky/rust_out" "-Wl,--gc-sections" "-pie" "-Wl,-z,relro,-z,now" "-nodefaultlibs"
[INFO] [stdout]   = note: collect2: fatal error: ld terminated with signal 9 [Killed]
[INFO] [stdout]           compilation terminated.
[INFO] [stdout]           
[INFO] [stdout] 
[INFO] [stdout] error: aborting due to 1 previous error
[INFO] [stdout] 
[INFO] [stdout] Couldn't compile the test.
[INFO] [stdout] ---- src/lib.rs - JsAll (line 259) stdout ----
[INFO] [stdout] error: linking with `cc` failed: exit status: 1
[INFO] [stdout]   |
[INFO] [stdout]   = note: LC_ALL="C" PATH="/opt/rustwide/rustup-home/toolchains/beta-2024-12-08-x86_64-unknown-linux-gnu/lib/rustlib/x86_64-unknown-linux-gnu/bin:/opt/rustwide/cargo-home/bin:/usr/local/sbin:/usr/local/bin:/usr/sbin:/usr/bin:/sbin:/bin" VSLANG="1033" "cc" "-m64" "/tmp/rustcYLAjvY/symbols.o" "/tmp/rustdoctestDEqw5L/rust_out.rust_out.9242fac72db2cd11-cgu.0.rcgu.o" "/tmp/rustdoctestDEqw5L/rust_out.2hl2tb9xdtge7mguxzn2q1kvi.rcgu.o" "-Wl,--as-needed" "-Wl,-Bstatic" "/opt/rustwide/target/debug/deps/libboa_interop-6f89f54e4ee0bcd7.rlib" "/opt/rustwide/target/debug/deps/libboa_engine-ba1a1f7575100c51.rlib" "/opt/rustwide/target/debug/deps/libpollster-9b6a6945bf562b5f.rlib" "/opt/rustwide/target/debug/deps/libryu_js-9e969ef15e813e44.rlib" "/opt/rustwide/target/debug/deps/librand-539c2b3a9d37e338.rlib" "/opt/rustwide/target/debug/deps/librand_chacha-f6518d58af535a5d.rlib" "/opt/rustwide/target/debug/deps/libppv_lite86-5badd86ef838c7bd.rlib" "/opt/rustwide/target/debug/deps/librand_core-24762e9e1e96b4fc.rlib" "/opt/rustwide/target/debug/deps/libgetrandom-4ed2622a5aaffb15.rlib" "/opt/rustwide/target/debug/deps/libarrayvec-fe341ede6395a398.rlib" "/opt/rustwide/target/debug/deps/libserde_json-c50ef11ea2b600b5.rlib" "/opt/rustwide/target/debug/deps/libryu-6e02dac7c3b6be75.rlib" "/opt/rustwide/target/debug/deps/libnum_enum-5c6bc4a209e4e3e9.rlib" "/opt/rustwide/target/debug/deps/libthiserror-5ddccb57ea6059c0.rlib" "/opt/rustwide/target/debug/deps/libdashmap-6f06b841b1a624cb.rlib" "/opt/rustwide/target/debug/deps/liblock_api-6967e438d0a7fd52.rlib" "/opt/rustwide/target/debug/deps/libscopeguard-f937485db0060aca.rlib" "/opt/rustwide/target/debug/deps/libhashbrown-b0ae54bdc24f019f.rlib" "/opt/rustwide/target/debug/deps/libahash-7214e056b66bf4c7.rlib" "/opt/rustwide/target/debug/deps/libzerocopy-e06846a2b2d40231.rlib" "/opt/rustwide/target/debug/deps/libbyteorder-1330d4a483bc0841.rlib" "/opt/rustwide/target/debug/deps/libcrossbeam_utils-0d72a2b2b371b2bb.rlib" "/opt/rustwide/target/debug/deps/libparking_lot_core-9bfdf4c2c848bcf0.rlib" "/opt/rustwide/target/debug/deps/libcfg_if-a3e7e701fcd1f47b.rlib" "/opt/rustwide/target/debug/deps/libicu_normalizer-d3aa0c2f5c149952.rlib" "/opt/rustwide/target/debug/deps/libicu_normalizer_data-d3c2725a089a2467.rlib" "/opt/rustwide/target/debug/deps/libwrite16-d15e33f2b3b5e6d8.rlib" "/opt/rustwide/target/debug/deps/libutf8_iter-d5e8daeaacfd8f95.rlib" "/opt/rustwide/target/debug/deps/libutf16_iter-9749a04129eccc81.rlib" "/opt/rustwide/target/debug/deps/libsmallvec-cae3008cdb7d5db1.rlib" "/opt/rustwide/target/debug/deps/libtap-b85dccd7e33b9fac.rlib" "/opt/rustwide/target/debug/deps/libitertools-9be8cf4b820155b0.rlib" "/opt/rustwide/target/debug/deps/libeither-5ea21b6513fb0723.rlib" "/opt/rustwide/target/debug/deps/libtime-2bd450b681163212.rlib" "/opt/rustwide/target/debug/deps/libnum_threads-3ec4c6a90389312d.rlib" "/opt/rustwide/target/debug/deps/liblibc-ab537429a1f68abe.rlib" "/opt/rustwide/target/debug/deps/libitoa-87633a66effadcdd.rlib" "/opt/rustwide/target/debug/deps/libtime_core-f368596cca30f67d.rlib" "/opt/rustwide/target/debug/deps/libnum_conv-a312b8300ce88506.rlib" "/opt/rustwide/target/debug/deps/libderanged-7c3aacebfed7a85e.rlib" "/opt/rustwide/target/debug/deps/libpowerfmt-a584063b8a4e44a4.rlib" "/opt/rustwide/target/debug/deps/libbytemuck-886f1ed4fd261b19.rlib" "/opt/rustwide/target/debug/deps/libintrusive_collections-280a893baca7fc8c.rlib" "/opt/rustwide/target/debug/deps/libmemoffset-5eade6f62c27d531.rlib" "/opt/rustwide/target/debug/deps/libportable_atomic-13646042e10a9455.rlib" "/opt/rustwide/target/debug/deps/libboa_parser-e66fff5d305454d4.rlib" "/opt/rustwide/target/debug/deps/libicu_properties-04013f543ff0d91e.rlib" "/opt/rustwide/target/debug/deps/libicu_properties_data-8db115c81033ba3a.rlib" "/opt/rustwide/target/debug/deps/libicu_locid_transform-d378740675d9d8d5.rlib" "/opt/rustwide/target/debug/deps/libicu_locid_transform_data-b75aeb662448ba61.rlib" "/opt/rustwide/target/debug/deps/libicu_collections-56085fbb0fbe9e3d.rlib" "/opt/rustwide/target/debug/deps/libicu_provider-8928a508ed64f420.rlib" "/opt/rustwide/target/debug/deps/libicu_locid-41716daf3c43df59.rlib" "/opt/rustwide/target/debug/deps/liblitemap-f4f1c45b9b1b6474.rlib" "/opt/rustwide/target/debug/deps/libtinystr-4b001ba495c4c7c3.rlib" "/opt/rustwide/target/debug/deps/libzerovec-c61ae52aa3b8b969.rlib" "/opt/rustwide/target/debug/deps/libwriteable-d425da3f2cf37998.rlib" "/opt/rustwide/target/debug/deps/libyoke-481ee67f83e81139.rlib" "/opt/rustwide/target/debug/deps/libzerofrom-afacd81f61d65d51.rlib" "/opt/rustwide/target/debug/deps/libstable_deref_trait-8e22d1dc883a4bb5.rlib" "/opt/rustwide/target/debug/deps/libregress-ea9afefc50bca182.rlib" "/opt/rustwide/target/debug/deps/libmemchr-d6cb21f6c03ed32f.rlib" "/opt/rustwide/target/debug/deps/libboa_ast-639e1bdebe198eac.rlib" "/opt/rustwide/target/debug/deps/libbitflags-84877d9103c9f4ef.rlib" "/opt/rustwide/target/debug/deps/libnum_bigint-c22b34a9f3b95bc6.rlib" "/opt/rustwide/target/debug/deps/libserde-ba4475d5d020a5ec.rlib" "/opt/rustwide/target/debug/deps/libnum_integer-098bf2232ea5acb0.rlib" "/opt/rustwide/target/debug/deps/libnum_traits-e864dc383707e437.rlib" "/opt/rustwide/target/debug/deps/libboa_interner-2b6f9d9fe0e2301a.rlib" "/opt/rustwide/target/debug/deps/libonce_cell-0a05695a483fa658.rlib" "/opt/rustwide/target/debug/deps/libindexmap-2c6ad3a3c2e31072.rlib" "/opt/rustwide/target/debug/deps/libphf-74ae2aa118581b91.rlib" "/opt/rustwide/target/debug/deps/libphf_shared-8b5079c5e6560fb2.rlib" "/opt/rustwide/target/debug/deps/libsiphasher-8c98df6e4615cbd6.rlib" "/opt/rustwide/target/debug/deps/libboa_gc-42bbbc114aabf5f0.rlib" "/opt/rustwide/target/debug/deps/libthin_vec-cd05e62869db86a5.rlib" "/opt/rustwide/target/debug/deps/libboa_string-472ec9720f7cd9de.rlib" "/opt/rustwide/target/debug/deps/libfast_float2-4ce8f248d71452d9.rlib" "/opt/rustwide/target/debug/deps/libstatic_assertions-0ef270c4de502b0e.rlib" "/opt/rustwide/target/debug/deps/libsptr-52e152b5353c045d.rlib" "/opt/rustwide/target/debug/deps/libboa_profiler-d8b68c4a6710ee38.rlib" "/opt/rustwide/target/debug/deps/librustc_hash-805cc8b3eb259707.rlib" "/opt/rustwide/target/debug/deps/libhashbrown-07047ed0f75e3947.rlib" "/opt/rustwide/target/debug/deps/libfoldhash-c731f100a25fc960.rlib" "/opt/rustwide/target/debug/deps/libequivalent-e4dc2e1acc32de2c.rlib" "/opt/rustwide/target/debug/deps/liballocator_api2-9346df930c30ea4a.rlib" "/opt/rustwide/rustup-home/toolchains/beta-2024-12-08-x86_64-unknown-linux-gnu/lib/rustlib/x86_64-unknown-linux-gnu/lib/libstd-02dc84f49135b6b8.rlib" "/opt/rustwide/rustup-home/toolchains/beta-2024-12-08-x86_64-unknown-linux-gnu/lib/rustlib/x86_64-unknown-linux-gnu/lib/libpanic_unwind-a8f45b397fae3f81.rlib" "/opt/rustwide/rustup-home/toolchains/beta-2024-12-08-x86_64-unknown-linux-gnu/lib/rustlib/x86_64-unknown-linux-gnu/lib/libobject-089607133c180609.rlib" "/opt/rustwide/rustup-home/toolchains/beta-2024-12-08-x86_64-unknown-linux-gnu/lib/rustlib/x86_64-unknown-linux-gnu/lib/libmemchr-fc89f091bcd86cbb.rlib" "/opt/rustwide/rustup-home/toolchains/beta-2024-12-08-x86_64-unknown-linux-gnu/lib/rustlib/x86_64-unknown-linux-gnu/lib/libaddr2line-5a60949f01c7340c.rlib" "/opt/rustwide/rustup-home/toolchains/beta-2024-12-08-x86_64-unknown-linux-gnu/lib/rustlib/x86_64-unknown-linux-gnu/lib/libgimli-d29e6a55ca253c8c.rlib" "/opt/rustwide/rustup-home/toolchains/beta-2024-12-08-x86_64-unknown-linux-gnu/lib/rustlib/x86_64-unknown-linux-gnu/lib/librustc_demangle-273c078d5f65de7a.rlib" "/opt/rustwide/rustup-home/toolchains/beta-2024-12-08-x86_64-unknown-linux-gnu/lib/rustlib/x86_64-unknown-linux-gnu/lib/libstd_detect-413c950ffbdd4454.rlib" "/opt/rustwide/rustup-home/toolchains/beta-2024-12-08-x86_64-unknown-linux-gnu/lib/rustlib/x86_64-unknown-linux-gnu/lib/libhashbrown-1853c0976a1d88a6.rlib" "/opt/rustwide/rustup-home/toolchains/beta-2024-12-08-x86_64-unknown-linux-gnu/lib/rustlib/x86_64-unknown-linux-gnu/lib/librustc_std_workspace_alloc-ccb3384ddacb0f9e.rlib" "/opt/rustwide/rustup-home/toolchains/beta-2024-12-08-x86_64-unknown-linux-gnu/lib/rustlib/x86_64-unknown-linux-gnu/lib/libminiz_oxide-0b901dfb0ca849e0.rlib" "/opt/rustwide/rustup-home/toolchains/beta-2024-12-08-x86_64-unknown-linux-gnu/lib/rustlib/x86_64-unknown-linux-gnu/lib/libadler-eebeb8d7c64543ad.rlib" "/opt/rustwide/rustup-home/toolchains/beta-2024-12-08-x86_64-unknown-linux-gnu/lib/rustlib/x86_64-unknown-linux-gnu/lib/libunwind-4723ef81d6079867.rlib" "/opt/rustwide/rustup-home/toolchains/beta-2024-12-08-x86_64-unknown-linux-gnu/lib/rustlib/x86_64-unknown-linux-gnu/lib/libcfg_if-54442f8b422f5a54.rlib" "/opt/rustwide/rustup-home/toolchains/beta-2024-12-08-x86_64-unknown-linux-gnu/lib/rustlib/x86_64-unknown-linux-gnu/lib/liblibc-e0bbe034b5282553.rlib" "/opt/rustwide/rustup-home/toolchains/beta-2024-12-08-x86_64-unknown-linux-gnu/lib/rustlib/x86_64-unknown-linux-gnu/lib/liballoc-d0febb68c1c37b90.rlib" "/opt/rustwide/rustup-home/toolchains/beta-2024-12-08-x86_64-unknown-linux-gnu/lib/rustlib/x86_64-unknown-linux-gnu/lib/librustc_std_workspace_core-4cf833632aafa84c.rlib" "/opt/rustwide/rustup-home/toolchains/beta-2024-12-08-x86_64-unknown-linux-gnu/lib/rustlib/x86_64-unknown-linux-gnu/lib/libcore-65c2c6d2d6ae570b.rlib" "/opt/rustwide/rustup-home/toolchains/beta-2024-12-08-x86_64-unknown-linux-gnu/lib/rustlib/x86_64-unknown-linux-gnu/lib/libcompiler_builtins-97929cee0dcfe424.rlib" "-Wl,-Bdynamic" "-lgcc_s" "-lutil" "-lrt" "-lpthread" "-lm" "-ldl" "-lc" "-Wl,--eh-frame-hdr" "-Wl,-z,noexecstack" "-L" "/opt/rustwide/rustup-home/toolchains/beta-2024-12-08-x86_64-unknown-linux-gnu/lib/rustlib/x86_64-unknown-linux-gnu/lib" "-o" "/tmp/rustdoctestDEqw5L/rust_out" "-Wl,--gc-sections" "-pie" "-Wl,-z,relro,-z,now" "-nodefaultlibs"
[INFO] [stdout]   = note: collect2: fatal error: ld terminated with signal 9 [Killed]
[INFO] [stdout]           compilation terminated.
[INFO] [stdout]           
[INFO] [stdout] 
[INFO] [stdout] error: aborting due to 1 previous error
[INFO] [stdout] 
[INFO] [stdout] Couldn't compile the test.
[INFO] [stdout] 
[INFO] [stdout] failures:
[INFO] [stdout]     src/lib.rs - IntoJsFunctionCopied (line 114)
[INFO] [stdout]     src/lib.rs - JsAll (line 259)
[INFO] [stdout]     src/macros.rs - macros::js_class (line 64)
[INFO] [stdout] 
[INFO] [stdout] test result: FAILED. 4 passed; 3 failed; 5 ignored; 0 measured; 0 filtered out; finished in 18.22s
[INFO] [stdout] 
[INFO] [stderr] error: doctest failed, to rerun pass `--doc`
[INFO] running `Command { std: "docker" "inspect" "32502483175d8c7ed9d6746bfc7ab9279edc93820749d98111a782e8342a5ad1", kill_on_drop: false }`
[INFO] running `Command { std: "docker" "rm" "-f" "32502483175d8c7ed9d6746bfc7ab9279edc93820749d98111a782e8342a5ad1", kill_on_drop: false }`
[INFO] [stdout] 32502483175d8c7ed9d6746bfc7ab9279edc93820749d98111a782e8342a5ad1
