[INFO] fetching crate bnf_rules_macro 0.1.4...
[INFO] testing bnf_rules_macro-0.1.4 against beta-2024-12-08 for beta-1.84.0-4-retry
[INFO] extracting crate bnf_rules_macro 0.1.4 into /workspace/builds/worker-5-tc2/source
[INFO] validating manifest of crates.io crate bnf_rules_macro 0.1.4 on toolchain beta-2024-12-08
[INFO] running `Command { std: CARGO_HOME="/workspace/cargo-home" RUSTUP_HOME="/workspace/rustup-home" "/workspace/cargo-home/bin/cargo" "+beta-2024-12-08" "metadata" "--manifest-path" "Cargo.toml" "--no-deps", kill_on_drop: false }`
[INFO] started tweaking crates.io crate bnf_rules_macro 0.1.4
[INFO] finished tweaking crates.io crate bnf_rules_macro 0.1.4
[INFO] tweaked toml for crates.io crate bnf_rules_macro 0.1.4 written to /workspace/builds/worker-5-tc2/source/Cargo.toml
[INFO] running `Command { std: CARGO_HOME="/workspace/cargo-home" RUSTUP_HOME="/workspace/rustup-home" "/workspace/cargo-home/bin/cargo" "+beta-2024-12-08" "generate-lockfile" "--manifest-path" "Cargo.toml", kill_on_drop: false }`
[INFO] [stderr]     Updating crates.io index
[INFO] [stderr]      Locking 13 packages to latest compatible versions
[INFO] [stderr]       Adding syn v1.0.109 (available: v2.0.90)
[INFO] running `Command { std: CARGO_HOME="/workspace/cargo-home" RUSTUP_HOME="/workspace/rustup-home" "/workspace/cargo-home/bin/cargo" "+beta-2024-12-08" "fetch" "--manifest-path" "Cargo.toml", kill_on_drop: false }`
[INFO] running `Command { std: "docker" "create" "-v" "/var/lib/crater-agent-workspace/builds/worker-5-tc2/target:/opt/rustwide/target:rw,Z" "-v" "/var/lib/crater-agent-workspace/builds/worker-5-tc2/source:/opt/rustwide/workdir:ro,Z" "-v" "/var/lib/crater-agent-workspace/cargo-home:/opt/rustwide/cargo-home:ro,Z" "-v" "/var/lib/crater-agent-workspace/rustup-home:/opt/rustwide/rustup-home:ro,Z" "-e" "SOURCE_DIR=/opt/rustwide/workdir" "-e" "CARGO_TARGET_DIR=/opt/rustwide/target" "-e" "CARGO_HOME=/opt/rustwide/cargo-home" "-e" "RUSTUP_HOME=/opt/rustwide/rustup-home" "-w" "/opt/rustwide/workdir" "-m" "1610612736" "--user" "0:0" "--network" "none" "ghcr.io/rust-lang/crates-build-env/linux@sha256:f3a9d4ad9d972b27faf3965f35b62e55ba32bbce8f20bc8fe909558a86702fde" "/opt/rustwide/cargo-home/bin/cargo" "+beta-2024-12-08" "metadata" "--no-deps" "--format-version=1", kill_on_drop: false }`
[INFO] [stdout] 66652946acf2dfe14ca2eb68ec45a17ec732b352479a19c4290439a07c6356fd
[INFO] running `Command { std: "docker" "start" "-a" "66652946acf2dfe14ca2eb68ec45a17ec732b352479a19c4290439a07c6356fd", kill_on_drop: false }`
[INFO] running `Command { std: "docker" "inspect" "66652946acf2dfe14ca2eb68ec45a17ec732b352479a19c4290439a07c6356fd", kill_on_drop: false }`
[INFO] running `Command { std: "docker" "rm" "-f" "66652946acf2dfe14ca2eb68ec45a17ec732b352479a19c4290439a07c6356fd", kill_on_drop: false }`
[INFO] [stdout] 66652946acf2dfe14ca2eb68ec45a17ec732b352479a19c4290439a07c6356fd
[INFO] running `Command { std: "docker" "create" "-v" "/var/lib/crater-agent-workspace/builds/worker-5-tc2/target:/opt/rustwide/target:rw,Z" "-v" "/var/lib/crater-agent-workspace/builds/worker-5-tc2/source:/opt/rustwide/workdir:ro,Z" "-v" "/var/lib/crater-agent-workspace/cargo-home:/opt/rustwide/cargo-home:ro,Z" "-v" "/var/lib/crater-agent-workspace/rustup-home:/opt/rustwide/rustup-home:ro,Z" "-e" "SOURCE_DIR=/opt/rustwide/workdir" "-e" "CARGO_TARGET_DIR=/opt/rustwide/target" "-e" "CARGO_INCREMENTAL=0" "-e" "RUST_BACKTRACE=full" "-e" "RUSTFLAGS=--cap-lints=warn" "-e" "RUSTDOCFLAGS=--cap-lints=warn" "-e" "CARGO_HOME=/opt/rustwide/cargo-home" "-e" "RUSTUP_HOME=/opt/rustwide/rustup-home" "-w" "/opt/rustwide/workdir" "-m" "1610612736" "--user" "0:0" "--network" "none" "ghcr.io/rust-lang/crates-build-env/linux@sha256:f3a9d4ad9d972b27faf3965f35b62e55ba32bbce8f20bc8fe909558a86702fde" "/opt/rustwide/cargo-home/bin/cargo" "+beta-2024-12-08" "build" "--frozen" "--message-format=json", kill_on_drop: false }`
[INFO] [stdout] 3611240bf6660be5039868d24fc157f7ce3e51d2450803a1e6943e8cf9b259ee
[INFO] running `Command { std: "docker" "start" "-a" "3611240bf6660be5039868d24fc157f7ce3e51d2450803a1e6943e8cf9b259ee", kill_on_drop: false }`
[INFO] [stderr]    Compiling proc-macro2 v1.0.92
[INFO] [stderr]    Compiling unicode-ident v1.0.14
[INFO] [stderr]    Compiling memchr v2.7.4
[INFO] [stderr]    Compiling syn v1.0.109
[INFO] [stderr]    Compiling regex-syntax v0.8.5
[INFO] [stderr]    Compiling either v1.13.0
[INFO] [stderr]    Compiling aho-corasick v1.1.3
[INFO] [stderr]    Compiling quote v1.0.37
[INFO] [stderr]    Compiling litrs v0.4.1
[INFO] [stderr]    Compiling regex-automata v0.4.9
[INFO] [stderr]    Compiling derivative v2.2.0
[INFO] [stderr]    Compiling regex v1.11.1
[INFO] [stderr]    Compiling bnf_rules_parser v0.1.4
[INFO] [stderr]    Compiling bnf_rules_macro v0.1.4 (/opt/rustwide/workdir)
[INFO] [stderr]     Finished `dev` profile [unoptimized + debuginfo] target(s) in 18.12s
[INFO] running `Command { std: "docker" "inspect" "3611240bf6660be5039868d24fc157f7ce3e51d2450803a1e6943e8cf9b259ee", kill_on_drop: false }`
[INFO] running `Command { std: "docker" "rm" "-f" "3611240bf6660be5039868d24fc157f7ce3e51d2450803a1e6943e8cf9b259ee", kill_on_drop: false }`
[INFO] [stdout] 3611240bf6660be5039868d24fc157f7ce3e51d2450803a1e6943e8cf9b259ee
[INFO] running `Command { std: "docker" "create" "-v" "/var/lib/crater-agent-workspace/builds/worker-5-tc2/target:/opt/rustwide/target:rw,Z" "-v" "/var/lib/crater-agent-workspace/builds/worker-5-tc2/source:/opt/rustwide/workdir:ro,Z" "-v" "/var/lib/crater-agent-workspace/cargo-home:/opt/rustwide/cargo-home:ro,Z" "-v" "/var/lib/crater-agent-workspace/rustup-home:/opt/rustwide/rustup-home:ro,Z" "-e" "SOURCE_DIR=/opt/rustwide/workdir" "-e" "CARGO_TARGET_DIR=/opt/rustwide/target" "-e" "CARGO_INCREMENTAL=0" "-e" "RUST_BACKTRACE=full" "-e" "RUSTFLAGS=--cap-lints=warn" "-e" "RUSTDOCFLAGS=--cap-lints=warn" "-e" "CARGO_HOME=/opt/rustwide/cargo-home" "-e" "RUSTUP_HOME=/opt/rustwide/rustup-home" "-w" "/opt/rustwide/workdir" "-m" "1610612736" "--user" "0:0" "--network" "none" "ghcr.io/rust-lang/crates-build-env/linux@sha256:f3a9d4ad9d972b27faf3965f35b62e55ba32bbce8f20bc8fe909558a86702fde" "/opt/rustwide/cargo-home/bin/cargo" "+beta-2024-12-08" "test" "--frozen" "--no-run" "--message-format=json", kill_on_drop: false }`
[INFO] [stdout] 67ed40b88898bf1a03fa1bbe47eddcc454ddbf6b3e83211f09798a34f96631ca
[INFO] running `Command { std: "docker" "start" "-a" "67ed40b88898bf1a03fa1bbe47eddcc454ddbf6b3e83211f09798a34f96631ca", kill_on_drop: false }`
[INFO] [stderr]    Compiling bnf_rules_macro v0.1.4 (/opt/rustwide/workdir)
[INFO] [stderr]     Finished `test` profile [unoptimized + debuginfo] target(s) in 0.85s
[INFO] running `Command { std: "docker" "inspect" "67ed40b88898bf1a03fa1bbe47eddcc454ddbf6b3e83211f09798a34f96631ca", kill_on_drop: false }`
[INFO] running `Command { std: "docker" "rm" "-f" "67ed40b88898bf1a03fa1bbe47eddcc454ddbf6b3e83211f09798a34f96631ca", kill_on_drop: false }`
[INFO] [stdout] 67ed40b88898bf1a03fa1bbe47eddcc454ddbf6b3e83211f09798a34f96631ca
[INFO] running `Command { std: "docker" "create" "-v" "/var/lib/crater-agent-workspace/builds/worker-5-tc2/target:/opt/rustwide/target:rw,Z" "-v" "/var/lib/crater-agent-workspace/builds/worker-5-tc2/source:/opt/rustwide/workdir:ro,Z" "-v" "/var/lib/crater-agent-workspace/cargo-home:/opt/rustwide/cargo-home:ro,Z" "-v" "/var/lib/crater-agent-workspace/rustup-home:/opt/rustwide/rustup-home:ro,Z" "-e" "SOURCE_DIR=/opt/rustwide/workdir" "-e" "CARGO_TARGET_DIR=/opt/rustwide/target" "-e" "CARGO_INCREMENTAL=0" "-e" "RUST_BACKTRACE=full" "-e" "RUSTFLAGS=--cap-lints=warn" "-e" "RUSTDOCFLAGS=--cap-lints=warn" "-e" "CARGO_HOME=/opt/rustwide/cargo-home" "-e" "RUSTUP_HOME=/opt/rustwide/rustup-home" "-w" "/opt/rustwide/workdir" "-m" "1610612736" "--user" "0:0" "--network" "none" "ghcr.io/rust-lang/crates-build-env/linux@sha256:f3a9d4ad9d972b27faf3965f35b62e55ba32bbce8f20bc8fe909558a86702fde" "/opt/rustwide/cargo-home/bin/cargo" "+beta-2024-12-08" "test" "--frozen", kill_on_drop: false }`
[INFO] [stdout] 6828a14eb56b8a53808a6bd6944206ea8809bd9b9d83084d1c9d1d22e4822023
[INFO] running `Command { std: "docker" "start" "-a" "6828a14eb56b8a53808a6bd6944206ea8809bd9b9d83084d1c9d1d22e4822023", kill_on_drop: false }`
[INFO] [stderr]     Finished `test` profile [unoptimized + debuginfo] target(s) in 0.03s
[INFO] [stderr]      Running unittests src/lib.rs (/opt/rustwide/target/debug/deps/bnf_rules_macro-18095f7132d942ee)
[INFO] [stdout] 
[INFO] [stdout] running 0 tests
[INFO] [stdout] 
[INFO] [stdout] test result: ok. 0 passed; 0 failed; 0 ignored; 0 measured; 0 filtered out; finished in 0.00s
[INFO] [stdout] 
[INFO] [stderr]    Doc-tests bnf_rules_macro
[INFO] [stdout] 
[INFO] [stdout] running 1 test
[INFO] [stdout] test src/lib.rs - bnf_rules (line 10) ... FAILED
[INFO] [stdout] 
[INFO] [stdout] failures:
[INFO] [stdout] 
[INFO] [stdout] ---- src/lib.rs - bnf_rules (line 10) stdout ----
[INFO] [stdout] error[E0433]: failed to resolve: use of undeclared crate or module `bnf_rules`
[INFO] [stdout]  --> src/lib.rs:12:5
[INFO] [stdout]   |
[INFO] [stdout] 5 | use bnf_rules::bnf_rules_macro::bnf_rules;
[INFO] [stdout]   |     ^^^^^^^^^ use of undeclared crate or module `bnf_rules`
[INFO] [stdout] 
[INFO] [stdout] error[E0412]: cannot find type `ASTNode` in this scope
[INFO] [stdout]   --> src/lib.rs:47:26
[INFO] [stdout]    |
[INFO] [stdout] 40 |     let ast_node: Result<ASTNode, ParseError> = parse_source("(100 + 200) + -100");
[INFO] [stdout]    |                          ^^^^^^^ not found in this scope
[INFO] [stdout]    |
[INFO] [stdout] help: consider importing this enum
[INFO] [stdout]    |
[INFO] [stdout] 2  + use bnf_rules_parser::parser::ASTNode;
[INFO] [stdout]    |
[INFO] [stdout] 
[INFO] [stdout] error[E0412]: cannot find type `ParseError` in this scope
[INFO] [stdout]   --> src/lib.rs:47:35
[INFO] [stdout]    |
[INFO] [stdout] 40 |     let ast_node: Result<ASTNode, ParseError> = parse_source("(100 + 200) + -100");
[INFO] [stdout]    |                                   ^^^^^^^^^^ not found in this scope
[INFO] [stdout]    |
[INFO] [stdout] help: consider importing one of these items
[INFO] [stdout]    |
[INFO] [stdout] 2  + use std::string::ParseError;
[INFO] [stdout]    |
[INFO] [stdout] 2  + use bnf_rules_parser::parser::ParseError;
[INFO] [stdout]    |
[INFO] [stdout] 
[INFO] [stdout] error[E0425]: cannot find function `parse_source` in this scope
[INFO] [stdout]   --> src/lib.rs:47:49
[INFO] [stdout]    |
[INFO] [stdout] 40 |     let ast_node: Result<ASTNode, ParseError> = parse_source("(100 + 200) + -100");
[INFO] [stdout]    |                                                 ^^^^^^^^^^^^ not found in this scope
[INFO] [stdout] 
[INFO] [stdout] error: aborting due to 4 previous errors
[INFO] [stdout] 
[INFO] [stdout] Some errors have detailed explanations: E0412, E0425, E0433.
[INFO] [stdout] For more information about an error, try `rustc --explain E0412`.
[INFO] [stdout] Couldn't compile the test.
[INFO] [stdout] 
[INFO] [stdout] failures:
[INFO] [stdout]     src/lib.rs - bnf_rules (line 10)
[INFO] [stdout] 
[INFO] [stdout] test result: FAILED. 0 passed; 1 failed; 0 ignored; 0 measured; 0 filtered out; finished in 0.17s
[INFO] [stdout] 
[INFO] [stderr] error: doctest failed, to rerun pass `--doc`
[INFO] running `Command { std: "docker" "inspect" "6828a14eb56b8a53808a6bd6944206ea8809bd9b9d83084d1c9d1d22e4822023", kill_on_drop: false }`
[INFO] running `Command { std: "docker" "rm" "-f" "6828a14eb56b8a53808a6bd6944206ea8809bd9b9d83084d1c9d1d22e4822023", kill_on_drop: false }`
[INFO] [stdout] 6828a14eb56b8a53808a6bd6944206ea8809bd9b9d83084d1c9d1d22e4822023
