[INFO] fetching crate bmp180-driver 0.1.1...
[INFO] testing bmp180-driver-0.1.1 against 1.83.0 for beta-1.84.0-4-retry
[INFO] extracting crate bmp180-driver 0.1.1 into /workspace/builds/worker-2-tc1/source
[INFO] validating manifest of crates.io crate bmp180-driver 0.1.1 on toolchain 1.83.0
[INFO] running `Command { std: CARGO_HOME="/workspace/cargo-home" RUSTUP_HOME="/workspace/rustup-home" "/workspace/cargo-home/bin/cargo" "+1.83.0" "metadata" "--manifest-path" "Cargo.toml" "--no-deps", kill_on_drop: false }`
[INFO] started tweaking crates.io crate bmp180-driver 0.1.1
[INFO] finished tweaking crates.io crate bmp180-driver 0.1.1
[INFO] tweaked toml for crates.io crate bmp180-driver 0.1.1 written to /workspace/builds/worker-2-tc1/source/Cargo.toml
[INFO] running `Command { std: CARGO_HOME="/workspace/cargo-home" RUSTUP_HOME="/workspace/rustup-home" "/workspace/cargo-home/bin/cargo" "+1.83.0" "generate-lockfile" "--manifest-path" "Cargo.toml", kill_on_drop: false }`
[INFO] [stderr]     Updating crates.io index
[INFO] [stderr]      Locking 1 package to latest compatible version
[INFO] running `Command { std: CARGO_HOME="/workspace/cargo-home" RUSTUP_HOME="/workspace/rustup-home" "/workspace/cargo-home/bin/cargo" "+1.83.0" "fetch" "--manifest-path" "Cargo.toml", kill_on_drop: false }`
[INFO] running `Command { std: "docker" "create" "-v" "/var/lib/crater-agent-workspace/builds/worker-2-tc1/target:/opt/rustwide/target:rw,Z" "-v" "/var/lib/crater-agent-workspace/builds/worker-2-tc1/source:/opt/rustwide/workdir:ro,Z" "-v" "/var/lib/crater-agent-workspace/cargo-home:/opt/rustwide/cargo-home:ro,Z" "-v" "/var/lib/crater-agent-workspace/rustup-home:/opt/rustwide/rustup-home:ro,Z" "-e" "SOURCE_DIR=/opt/rustwide/workdir" "-e" "CARGO_TARGET_DIR=/opt/rustwide/target" "-e" "CARGO_HOME=/opt/rustwide/cargo-home" "-e" "RUSTUP_HOME=/opt/rustwide/rustup-home" "-w" "/opt/rustwide/workdir" "-m" "1610612736" "--user" "0:0" "--network" "none" "ghcr.io/rust-lang/crates-build-env/linux@sha256:f3a9d4ad9d972b27faf3965f35b62e55ba32bbce8f20bc8fe909558a86702fde" "/opt/rustwide/cargo-home/bin/cargo" "+1.83.0" "metadata" "--no-deps" "--format-version=1", kill_on_drop: false }`
[INFO] [stdout] 47912e194fd94b6ea00817e9429432baf8c123f3062d1638b3f09d4feaead41f
[INFO] running `Command { std: "docker" "start" "-a" "47912e194fd94b6ea00817e9429432baf8c123f3062d1638b3f09d4feaead41f", kill_on_drop: false }`
[INFO] running `Command { std: "docker" "inspect" "47912e194fd94b6ea00817e9429432baf8c123f3062d1638b3f09d4feaead41f", kill_on_drop: false }`
[INFO] running `Command { std: "docker" "rm" "-f" "47912e194fd94b6ea00817e9429432baf8c123f3062d1638b3f09d4feaead41f", kill_on_drop: false }`
[INFO] [stdout] 47912e194fd94b6ea00817e9429432baf8c123f3062d1638b3f09d4feaead41f
[INFO] running `Command { std: "docker" "create" "-v" "/var/lib/crater-agent-workspace/builds/worker-2-tc1/target:/opt/rustwide/target:rw,Z" "-v" "/var/lib/crater-agent-workspace/builds/worker-2-tc1/source:/opt/rustwide/workdir:ro,Z" "-v" "/var/lib/crater-agent-workspace/cargo-home:/opt/rustwide/cargo-home:ro,Z" "-v" "/var/lib/crater-agent-workspace/rustup-home:/opt/rustwide/rustup-home:ro,Z" "-e" "SOURCE_DIR=/opt/rustwide/workdir" "-e" "CARGO_TARGET_DIR=/opt/rustwide/target" "-e" "CARGO_INCREMENTAL=0" "-e" "RUST_BACKTRACE=full" "-e" "RUSTFLAGS=--cap-lints=warn" "-e" "RUSTDOCFLAGS=--cap-lints=warn" "-e" "CARGO_HOME=/opt/rustwide/cargo-home" "-e" "RUSTUP_HOME=/opt/rustwide/rustup-home" "-w" "/opt/rustwide/workdir" "-m" "1610612736" "--user" "0:0" "--network" "none" "ghcr.io/rust-lang/crates-build-env/linux@sha256:f3a9d4ad9d972b27faf3965f35b62e55ba32bbce8f20bc8fe909558a86702fde" "/opt/rustwide/cargo-home/bin/cargo" "+1.83.0" "build" "--frozen" "--message-format=json", kill_on_drop: false }`
[INFO] [stdout] 4d2f0400471f48a17bdde95222c81fa0b91487a221bd2a64f13332de93aca9de
[INFO] running `Command { std: "docker" "start" "-a" "4d2f0400471f48a17bdde95222c81fa0b91487a221bd2a64f13332de93aca9de", kill_on_drop: false }`
[INFO] [stderr]    Compiling embedded-hal v1.0.0
[INFO] [stderr]    Compiling bmp180-driver v0.1.1 (/opt/rustwide/workdir)
[INFO] [stderr]     Finished `dev` profile [unoptimized + debuginfo] target(s) in 0.37s
[INFO] running `Command { std: "docker" "inspect" "4d2f0400471f48a17bdde95222c81fa0b91487a221bd2a64f13332de93aca9de", kill_on_drop: false }`
[INFO] running `Command { std: "docker" "rm" "-f" "4d2f0400471f48a17bdde95222c81fa0b91487a221bd2a64f13332de93aca9de", kill_on_drop: false }`
[INFO] [stdout] 4d2f0400471f48a17bdde95222c81fa0b91487a221bd2a64f13332de93aca9de
[INFO] running `Command { std: "docker" "create" "-v" "/var/lib/crater-agent-workspace/builds/worker-2-tc1/target:/opt/rustwide/target:rw,Z" "-v" "/var/lib/crater-agent-workspace/builds/worker-2-tc1/source:/opt/rustwide/workdir:ro,Z" "-v" "/var/lib/crater-agent-workspace/cargo-home:/opt/rustwide/cargo-home:ro,Z" "-v" "/var/lib/crater-agent-workspace/rustup-home:/opt/rustwide/rustup-home:ro,Z" "-e" "SOURCE_DIR=/opt/rustwide/workdir" "-e" "CARGO_TARGET_DIR=/opt/rustwide/target" "-e" "CARGO_INCREMENTAL=0" "-e" "RUST_BACKTRACE=full" "-e" "RUSTFLAGS=--cap-lints=warn" "-e" "RUSTDOCFLAGS=--cap-lints=warn" "-e" "CARGO_HOME=/opt/rustwide/cargo-home" "-e" "RUSTUP_HOME=/opt/rustwide/rustup-home" "-w" "/opt/rustwide/workdir" "-m" "1610612736" "--user" "0:0" "--network" "none" "ghcr.io/rust-lang/crates-build-env/linux@sha256:f3a9d4ad9d972b27faf3965f35b62e55ba32bbce8f20bc8fe909558a86702fde" "/opt/rustwide/cargo-home/bin/cargo" "+1.83.0" "test" "--frozen" "--no-run" "--message-format=json", kill_on_drop: false }`
[INFO] [stdout] 5bae5b2857eaa7fcc1485fbc626cac61e045507779ad4cdec868f9cbf4059cea
[INFO] running `Command { std: "docker" "start" "-a" "5bae5b2857eaa7fcc1485fbc626cac61e045507779ad4cdec868f9cbf4059cea", kill_on_drop: false }`
[INFO] [stderr]    Compiling bmp180-driver v0.1.1 (/opt/rustwide/workdir)
[INFO] [stderr]     Finished `test` profile [unoptimized + debuginfo] target(s) in 0.56s
[INFO] running `Command { std: "docker" "inspect" "5bae5b2857eaa7fcc1485fbc626cac61e045507779ad4cdec868f9cbf4059cea", kill_on_drop: false }`
[INFO] running `Command { std: "docker" "rm" "-f" "5bae5b2857eaa7fcc1485fbc626cac61e045507779ad4cdec868f9cbf4059cea", kill_on_drop: false }`
[INFO] [stdout] 5bae5b2857eaa7fcc1485fbc626cac61e045507779ad4cdec868f9cbf4059cea
[INFO] running `Command { std: "docker" "create" "-v" "/var/lib/crater-agent-workspace/builds/worker-2-tc1/target:/opt/rustwide/target:rw,Z" "-v" "/var/lib/crater-agent-workspace/builds/worker-2-tc1/source:/opt/rustwide/workdir:ro,Z" "-v" "/var/lib/crater-agent-workspace/cargo-home:/opt/rustwide/cargo-home:ro,Z" "-v" "/var/lib/crater-agent-workspace/rustup-home:/opt/rustwide/rustup-home:ro,Z" "-e" "SOURCE_DIR=/opt/rustwide/workdir" "-e" "CARGO_TARGET_DIR=/opt/rustwide/target" "-e" "CARGO_INCREMENTAL=0" "-e" "RUST_BACKTRACE=full" "-e" "RUSTFLAGS=--cap-lints=warn" "-e" "RUSTDOCFLAGS=--cap-lints=warn" "-e" "CARGO_HOME=/opt/rustwide/cargo-home" "-e" "RUSTUP_HOME=/opt/rustwide/rustup-home" "-w" "/opt/rustwide/workdir" "-m" "1610612736" "--user" "0:0" "--network" "none" "ghcr.io/rust-lang/crates-build-env/linux@sha256:f3a9d4ad9d972b27faf3965f35b62e55ba32bbce8f20bc8fe909558a86702fde" "/opt/rustwide/cargo-home/bin/cargo" "+1.83.0" "test" "--frozen", kill_on_drop: false }`
[INFO] [stdout] 037d11bebb6fb77622ec35b7a8d6680994a41db0a88307841d9293f1c3389959
[INFO] running `Command { std: "docker" "start" "-a" "037d11bebb6fb77622ec35b7a8d6680994a41db0a88307841d9293f1c3389959", kill_on_drop: false }`
[INFO] [stderr]     Finished `test` profile [unoptimized + debuginfo] target(s) in 0.02s
[INFO] [stderr]      Running unittests src/lib.rs (/opt/rustwide/target/debug/deps/bmp180_driver-e2b84be8f6798baa)
[INFO] [stdout] 
[INFO] [stdout] running 0 tests
[INFO] [stdout] 
[INFO] [stdout] test result: ok. 0 passed; 0 failed; 0 ignored; 0 measured; 0 filtered out; finished in 0.00s
[INFO] [stdout] 
[INFO] [stderr]    Doc-tests bmp180_driver
[INFO] [stdout] 
[INFO] [stdout] running 1 test
[INFO] [stdout] test src/../README.md - (line 15) ... FAILED
[INFO] [stdout] 
[INFO] [stdout] failures:
[INFO] [stdout] 
[INFO] [stdout] ---- src/../README.md - (line 15) stdout ----
[INFO] [stdout] error[E0433]: failed to resolve: use of undeclared crate or module `esp_idf_svc`
[INFO] [stdout]  --> src/../README.md:20:5
[INFO] [stdout]   |
[INFO] [stdout] 7 | use esp_idf_svc::hal::delay::FreeRtos;
[INFO] [stdout]   |     ^^^^^^^^^^^ use of undeclared crate or module `esp_idf_svc`
[INFO] [stdout] 
[INFO] [stdout] error[E0433]: failed to resolve: use of undeclared crate or module `esp_idf_svc`
[INFO] [stdout]  --> src/../README.md:21:5
[INFO] [stdout]   |
[INFO] [stdout] 8 | use esp_idf_svc::hal::i2c::config::Config;
[INFO] [stdout]   |     ^^^^^^^^^^^ use of undeclared crate or module `esp_idf_svc`
[INFO] [stdout] 
[INFO] [stdout] error[E0433]: failed to resolve: use of undeclared crate or module `esp_idf_svc`
[INFO] [stdout]  --> src/../README.md:22:5
[INFO] [stdout]   |
[INFO] [stdout] 9 | use esp_idf_svc::hal::i2c::I2cDriver;
[INFO] [stdout]   |     ^^^^^^^^^^^ use of undeclared crate or module `esp_idf_svc`
[INFO] [stdout] 
[INFO] [stdout] error[E0433]: failed to resolve: use of undeclared crate or module `esp_idf_svc`
[INFO] [stdout]   --> src/../README.md:23:5
[INFO] [stdout]    |
[INFO] [stdout] 10 | use esp_idf_svc::hal::prelude::Peripherals;
[INFO] [stdout]    |     ^^^^^^^^^^^ use of undeclared crate or module `esp_idf_svc`
[INFO] [stdout] 
[INFO] [stdout] error: aborting due to 4 previous errors
[INFO] [stdout] 
[INFO] [stdout] For more information about this error, try `rustc --explain E0433`.
[INFO] [stdout] Couldn't compile the test.
[INFO] [stdout] 
[INFO] [stdout] failures:
[INFO] [stdout]     src/../README.md - (line 15)
[INFO] [stdout] 
[INFO] [stdout] test result: FAILED. 0 passed; 1 failed; 0 ignored; 0 measured; 0 filtered out; finished in 0.05s
[INFO] [stdout] 
[INFO] [stderr] error: doctest failed, to rerun pass `--doc`
[INFO] running `Command { std: "docker" "inspect" "037d11bebb6fb77622ec35b7a8d6680994a41db0a88307841d9293f1c3389959", kill_on_drop: false }`
[INFO] running `Command { std: "docker" "rm" "-f" "037d11bebb6fb77622ec35b7a8d6680994a41db0a88307841d9293f1c3389959", kill_on_drop: false }`
[INFO] [stdout] 037d11bebb6fb77622ec35b7a8d6680994a41db0a88307841d9293f1c3389959
