[INFO] fetching crate bmp-monochrome 1.1.0...
[INFO] testing bmp-monochrome-1.1.0 against 1.83.0 for beta-1.84.0-4-retry
[INFO] extracting crate bmp-monochrome 1.1.0 into /workspace/builds/worker-2-tc1/source
[INFO] validating manifest of crates.io crate bmp-monochrome 1.1.0 on toolchain 1.83.0
[INFO] running `Command { std: CARGO_HOME="/workspace/cargo-home" RUSTUP_HOME="/workspace/rustup-home" "/workspace/cargo-home/bin/cargo" "+1.83.0" "metadata" "--manifest-path" "Cargo.toml" "--no-deps", kill_on_drop: false }`
[INFO] started tweaking crates.io crate bmp-monochrome 1.1.0
[INFO] finished tweaking crates.io crate bmp-monochrome 1.1.0
[INFO] tweaked toml for crates.io crate bmp-monochrome 1.1.0 written to /workspace/builds/worker-2-tc1/source/Cargo.toml
[INFO] crate crates.io crate bmp-monochrome 1.1.0 already has a lockfile, it will not be regenerated
[INFO] running `Command { std: CARGO_HOME="/workspace/cargo-home" RUSTUP_HOME="/workspace/rustup-home" "/workspace/cargo-home/bin/cargo" "+1.83.0" "fetch" "--manifest-path" "Cargo.toml", kill_on_drop: false }`
[INFO] [stderr]  Downloading crates ...
[INFO] [stderr]   Downloaded derive_arbitrary v0.4.7
[INFO] running `Command { std: "docker" "create" "-v" "/var/lib/crater-agent-workspace/builds/worker-2-tc1/target:/opt/rustwide/target:rw,Z" "-v" "/var/lib/crater-agent-workspace/builds/worker-2-tc1/source:/opt/rustwide/workdir:ro,Z" "-v" "/var/lib/crater-agent-workspace/cargo-home:/opt/rustwide/cargo-home:ro,Z" "-v" "/var/lib/crater-agent-workspace/rustup-home:/opt/rustwide/rustup-home:ro,Z" "-e" "SOURCE_DIR=/opt/rustwide/workdir" "-e" "CARGO_TARGET_DIR=/opt/rustwide/target" "-e" "CARGO_HOME=/opt/rustwide/cargo-home" "-e" "RUSTUP_HOME=/opt/rustwide/rustup-home" "-w" "/opt/rustwide/workdir" "-m" "1610612736" "--user" "0:0" "--network" "none" "ghcr.io/rust-lang/crates-build-env/linux@sha256:f3a9d4ad9d972b27faf3965f35b62e55ba32bbce8f20bc8fe909558a86702fde" "/opt/rustwide/cargo-home/bin/cargo" "+1.83.0" "metadata" "--no-deps" "--format-version=1", kill_on_drop: false }`
[INFO] [stdout] 6d8683503244008473f9f62c1219c77f5d80f8a13849b161dfc2c9ebca9a00f9
[INFO] running `Command { std: "docker" "start" "-a" "6d8683503244008473f9f62c1219c77f5d80f8a13849b161dfc2c9ebca9a00f9", kill_on_drop: false }`
[INFO] running `Command { std: "docker" "inspect" "6d8683503244008473f9f62c1219c77f5d80f8a13849b161dfc2c9ebca9a00f9", kill_on_drop: false }`
[INFO] running `Command { std: "docker" "rm" "-f" "6d8683503244008473f9f62c1219c77f5d80f8a13849b161dfc2c9ebca9a00f9", kill_on_drop: false }`
[INFO] [stdout] 6d8683503244008473f9f62c1219c77f5d80f8a13849b161dfc2c9ebca9a00f9
[INFO] running `Command { std: "docker" "create" "-v" "/var/lib/crater-agent-workspace/builds/worker-2-tc1/target:/opt/rustwide/target:rw,Z" "-v" "/var/lib/crater-agent-workspace/builds/worker-2-tc1/source:/opt/rustwide/workdir:ro,Z" "-v" "/var/lib/crater-agent-workspace/cargo-home:/opt/rustwide/cargo-home:ro,Z" "-v" "/var/lib/crater-agent-workspace/rustup-home:/opt/rustwide/rustup-home:ro,Z" "-e" "SOURCE_DIR=/opt/rustwide/workdir" "-e" "CARGO_TARGET_DIR=/opt/rustwide/target" "-e" "CARGO_INCREMENTAL=0" "-e" "RUST_BACKTRACE=full" "-e" "RUSTFLAGS=--cap-lints=warn" "-e" "RUSTDOCFLAGS=--cap-lints=warn" "-e" "CARGO_HOME=/opt/rustwide/cargo-home" "-e" "RUSTUP_HOME=/opt/rustwide/rustup-home" "-w" "/opt/rustwide/workdir" "-m" "1610612736" "--user" "0:0" "--network" "none" "ghcr.io/rust-lang/crates-build-env/linux@sha256:f3a9d4ad9d972b27faf3965f35b62e55ba32bbce8f20bc8fe909558a86702fde" "/opt/rustwide/cargo-home/bin/cargo" "+1.83.0" "build" "--frozen" "--message-format=json", kill_on_drop: false }`
[INFO] [stdout] c03b0e9f24cb9b055d3423e3d16984649ae537e3b41e2e2ab30bd18613bc8260
[INFO] running `Command { std: "docker" "start" "-a" "c03b0e9f24cb9b055d3423e3d16984649ae537e3b41e2e2ab30bd18613bc8260", kill_on_drop: false }`
[INFO] [stderr]    Compiling bmp-monochrome v1.1.0 (/opt/rustwide/workdir)
[INFO] [stdout] warning: elided lifetime has a name
[INFO] [stdout]   --> src/bit.rs:12:49
[INFO] [stdout]    |
[INFO] [stdout] 10 | impl<'a> BitStreamReader<'a> {
[INFO] [stdout]    |      -- lifetime `'a` declared here
[INFO] [stdout] 11 |     /// Create a new BitStreamReader that reads bitwise from a given reader
[INFO] [stdout] 12 |     pub fn new(reader: &'a mut dyn io::Read) -> BitStreamReader {
[INFO] [stdout]    |                                                 ^^^^^^^^^^^^^^^ this elided lifetime gets resolved as `'a`
[INFO] [stdout]    |
[INFO] [stdout]    = note: `#[warn(elided_named_lifetimes)]` on by default
[INFO] [stdout] 
[INFO] [stdout] 
[INFO] [stdout] warning: elided lifetime has a name
[INFO] [stdout]   --> src/bit.rs:53:50
[INFO] [stdout]    |
[INFO] [stdout] 51 | impl<'a> BitStreamWriter<'a> {
[INFO] [stdout]    |      -- lifetime `'a` declared here
[INFO] [stdout] 52 |     /// Create a new BitStreamWriter that writes bitwise to a given writer
[INFO] [stdout] 53 |     pub fn new(writer: &'a mut dyn io::Write) -> BitStreamWriter {
[INFO] [stdout]    |                                                  ^^^^^^^^^^^^^^^ this elided lifetime gets resolved as `'a`
[INFO] [stdout] 
[INFO] [stdout] 
[INFO] [stderr]     Finished `dev` profile [unoptimized + debuginfo] target(s) in 0.66s
[INFO] running `Command { std: "docker" "inspect" "c03b0e9f24cb9b055d3423e3d16984649ae537e3b41e2e2ab30bd18613bc8260", kill_on_drop: false }`
[INFO] running `Command { std: "docker" "rm" "-f" "c03b0e9f24cb9b055d3423e3d16984649ae537e3b41e2e2ab30bd18613bc8260", kill_on_drop: false }`
[INFO] [stdout] c03b0e9f24cb9b055d3423e3d16984649ae537e3b41e2e2ab30bd18613bc8260
[INFO] running `Command { std: "docker" "create" "-v" "/var/lib/crater-agent-workspace/builds/worker-2-tc1/target:/opt/rustwide/target:rw,Z" "-v" "/var/lib/crater-agent-workspace/builds/worker-2-tc1/source:/opt/rustwide/workdir:ro,Z" "-v" "/var/lib/crater-agent-workspace/cargo-home:/opt/rustwide/cargo-home:ro,Z" "-v" "/var/lib/crater-agent-workspace/rustup-home:/opt/rustwide/rustup-home:ro,Z" "-e" "SOURCE_DIR=/opt/rustwide/workdir" "-e" "CARGO_TARGET_DIR=/opt/rustwide/target" "-e" "CARGO_INCREMENTAL=0" "-e" "RUST_BACKTRACE=full" "-e" "RUSTFLAGS=--cap-lints=warn" "-e" "RUSTDOCFLAGS=--cap-lints=warn" "-e" "CARGO_HOME=/opt/rustwide/cargo-home" "-e" "RUSTUP_HOME=/opt/rustwide/rustup-home" "-w" "/opt/rustwide/workdir" "-m" "1610612736" "--user" "0:0" "--network" "none" "ghcr.io/rust-lang/crates-build-env/linux@sha256:f3a9d4ad9d972b27faf3965f35b62e55ba32bbce8f20bc8fe909558a86702fde" "/opt/rustwide/cargo-home/bin/cargo" "+1.83.0" "test" "--frozen" "--no-run" "--message-format=json", kill_on_drop: false }`
[INFO] [stdout] 9f9fc2e41f8a27cda881d844ece0a801a7b8e4c11303b45275b39e51925e283c
[INFO] running `Command { std: "docker" "start" "-a" "9f9fc2e41f8a27cda881d844ece0a801a7b8e4c11303b45275b39e51925e283c", kill_on_drop: false }`
[INFO] [stderr]    Compiling libc v0.2.144
[INFO] [stderr]    Compiling getrandom v0.1.16
[INFO] [stderr]    Compiling cfg-if v1.0.0
[INFO] [stderr]    Compiling ppv-lite86 v0.2.17
[INFO] [stderr]    Compiling base64 v0.13.1
[INFO] [stdout] warning: elided lifetime has a name
[INFO] [stdout]   --> src/bit.rs:12:49
[INFO] [stdout]    |
[INFO] [stdout] 10 | impl<'a> BitStreamReader<'a> {
[INFO] [stdout]    |      -- lifetime `'a` declared here
[INFO] [stdout] 11 |     /// Create a new BitStreamReader that reads bitwise from a given reader
[INFO] [stdout] 12 |     pub fn new(reader: &'a mut dyn io::Read) -> BitStreamReader {
[INFO] [stdout]    |                                                 ^^^^^^^^^^^^^^^ this elided lifetime gets resolved as `'a`
[INFO] [stdout]    |
[INFO] [stdout]    = note: `#[warn(elided_named_lifetimes)]` on by default
[INFO] [stdout] 
[INFO] [stdout] 
[INFO] [stdout] warning: elided lifetime has a name
[INFO] [stdout]   --> src/bit.rs:53:50
[INFO] [stdout]    |
[INFO] [stdout] 51 | impl<'a> BitStreamWriter<'a> {
[INFO] [stdout]    |      -- lifetime `'a` declared here
[INFO] [stdout] 52 |     /// Create a new BitStreamWriter that writes bitwise to a given writer
[INFO] [stdout] 53 |     pub fn new(writer: &'a mut dyn io::Write) -> BitStreamWriter {
[INFO] [stdout]    |                                                  ^^^^^^^^^^^^^^^ this elided lifetime gets resolved as `'a`
[INFO] [stdout] 
[INFO] [stdout] 
[INFO] [stderr]    Compiling rand_core v0.5.1
[INFO] [stderr]    Compiling rand_chacha v0.2.2
[INFO] [stderr]    Compiling rand v0.7.3
[INFO] [stderr]    Compiling bmp-monochrome v1.1.0 (/opt/rustwide/workdir)
[INFO] [stdout] warning: elided lifetime has a name
[INFO] [stdout]   --> src/bit.rs:12:49
[INFO] [stdout]    |
[INFO] [stdout] 10 | impl<'a> BitStreamReader<'a> {
[INFO] [stdout]    |      -- lifetime `'a` declared here
[INFO] [stdout] 11 |     /// Create a new BitStreamReader that reads bitwise from a given reader
[INFO] [stdout] 12 |     pub fn new(reader: &'a mut dyn io::Read) -> BitStreamReader {
[INFO] [stdout]    |                                                 ^^^^^^^^^^^^^^^ this elided lifetime gets resolved as `'a`
[INFO] [stdout]    |
[INFO] [stdout]    = note: `#[warn(elided_named_lifetimes)]` on by default
[INFO] [stdout] 
[INFO] [stdout] 
[INFO] [stdout] warning: elided lifetime has a name
[INFO] [stdout]   --> src/bit.rs:53:50
[INFO] [stdout]    |
[INFO] [stdout] 51 | impl<'a> BitStreamWriter<'a> {
[INFO] [stdout]    |      -- lifetime `'a` declared here
[INFO] [stdout] 52 |     /// Create a new BitStreamWriter that writes bitwise to a given writer
[INFO] [stdout] 53 |     pub fn new(writer: &'a mut dyn io::Write) -> BitStreamWriter {
[INFO] [stdout]    |                                                  ^^^^^^^^^^^^^^^ this elided lifetime gets resolved as `'a`
[INFO] [stdout] 
[INFO] [stdout] 
[INFO] [stderr]     Finished `test` profile [unoptimized + debuginfo] target(s) in 3.96s
[INFO] running `Command { std: "docker" "inspect" "9f9fc2e41f8a27cda881d844ece0a801a7b8e4c11303b45275b39e51925e283c", kill_on_drop: false }`
[INFO] running `Command { std: "docker" "rm" "-f" "9f9fc2e41f8a27cda881d844ece0a801a7b8e4c11303b45275b39e51925e283c", kill_on_drop: false }`
[INFO] [stdout] 9f9fc2e41f8a27cda881d844ece0a801a7b8e4c11303b45275b39e51925e283c
[INFO] running `Command { std: "docker" "create" "-v" "/var/lib/crater-agent-workspace/builds/worker-2-tc1/target:/opt/rustwide/target:rw,Z" "-v" "/var/lib/crater-agent-workspace/builds/worker-2-tc1/source:/opt/rustwide/workdir:ro,Z" "-v" "/var/lib/crater-agent-workspace/cargo-home:/opt/rustwide/cargo-home:ro,Z" "-v" "/var/lib/crater-agent-workspace/rustup-home:/opt/rustwide/rustup-home:ro,Z" "-e" "SOURCE_DIR=/opt/rustwide/workdir" "-e" "CARGO_TARGET_DIR=/opt/rustwide/target" "-e" "CARGO_INCREMENTAL=0" "-e" "RUST_BACKTRACE=full" "-e" "RUSTFLAGS=--cap-lints=warn" "-e" "RUSTDOCFLAGS=--cap-lints=warn" "-e" "CARGO_HOME=/opt/rustwide/cargo-home" "-e" "RUSTUP_HOME=/opt/rustwide/rustup-home" "-w" "/opt/rustwide/workdir" "-m" "1610612736" "--user" "0:0" "--network" "none" "ghcr.io/rust-lang/crates-build-env/linux@sha256:f3a9d4ad9d972b27faf3965f35b62e55ba32bbce8f20bc8fe909558a86702fde" "/opt/rustwide/cargo-home/bin/cargo" "+1.83.0" "test" "--frozen", kill_on_drop: false }`
[INFO] [stdout] 8a37ef91eb09047d715a55620f837b68371f2e368bf1d222cc666a52ae30300f
[INFO] running `Command { std: "docker" "start" "-a" "8a37ef91eb09047d715a55620f837b68371f2e368bf1d222cc666a52ae30300f", kill_on_drop: false }`
[INFO] [stderr] warning: elided lifetime has a name
[INFO] [stderr]   --> src/bit.rs:12:49
[INFO] [stderr]    |
[INFO] [stderr] 10 | impl<'a> BitStreamReader<'a> {
[INFO] [stderr]    |      -- lifetime `'a` declared here
[INFO] [stderr] 11 |     /// Create a new BitStreamReader that reads bitwise from a given reader
[INFO] [stderr] 12 |     pub fn new(reader: &'a mut dyn io::Read) -> BitStreamReader {
[INFO] [stderr]    |                                                 ^^^^^^^^^^^^^^^ this elided lifetime gets resolved as `'a`
[INFO] [stderr]    |
[INFO] [stderr]    = note: `#[warn(elided_named_lifetimes)]` on by default
[INFO] [stderr] 
[INFO] [stderr] warning: elided lifetime has a name
[INFO] [stderr]   --> src/bit.rs:53:50
[INFO] [stderr]    |
[INFO] [stderr] 51 | impl<'a> BitStreamWriter<'a> {
[INFO] [stderr]    |      -- lifetime `'a` declared here
[INFO] [stderr] 52 |     /// Create a new BitStreamWriter that writes bitwise to a given writer
[INFO] [stderr] 53 |     pub fn new(writer: &'a mut dyn io::Write) -> BitStreamWriter {
[INFO] [stderr]    |                                                  ^^^^^^^^^^^^^^^ this elided lifetime gets resolved as `'a`
[INFO] [stderr] 
[INFO] [stderr] warning: `bmp-monochrome` (lib) generated 2 warnings
[INFO] [stderr] warning: `bmp-monochrome` (lib test) generated 2 warnings (2 duplicates)
[INFO] [stderr]     Finished `test` profile [unoptimized + debuginfo] target(s) in 0.03s
[INFO] [stderr]      Running unittests src/lib.rs (/opt/rustwide/target/debug/deps/bmp_monochrome-aa7c81c038206d45)
[INFO] [stdout] 
[INFO] [stdout] running 20 tests
[INFO] [stdout] test decode::test::test_header ... ok
[INFO] [stdout] test decode::test::test_read ... ok
[INFO] [stdout] test encode::test::test_width8 ... ok
[INFO] [stdout] test test::test_bmp ... ok
[INFO] [stdout] test test::test_data_matrix ... ok
[INFO] [stdout] test test::test_bytes_per_row ... ok
[INFO] [stdout] test test::test_div ... ok
[INFO] [stdout] test test::test_get ... ok
[INFO] [stdout] test test::test_add_white_border ... ok
[INFO] [stdout] test test::test_inverse ... ok
[INFO] [stdout] test test::test_div_with_greater_possible ... ok
[INFO] [stdout] test test::test_monochrome_image ... ok
[INFO] [stdout] test test::test_mul ... ok
[INFO] [stdout] test test::test_mul_div ... ok
[INFO] [stdout] test test::test_normalize ... ok
[INFO] [stdout] test test::test_remove_white_border ... ok
[INFO] [stdout] test test::test_padding ... ok
[INFO] [stdout] test test::test_rt ... ok
[INFO] [stdout] test test::test_bmp_with_bg_is_zero ... ok
[INFO] [stdout] test test::test_rect ... FAILED
[INFO] [stdout] 
[INFO] [stdout] failures:
[INFO] [stdout] 
[INFO] [stdout] ---- test::test_rect stdout ----
[INFO] [stdout] thread 'test::test_rect' panicked at src/lib.rs:428:54:
[INFO] [stdout] called `Result::unwrap()` on an `Err` value: Os { code: 30, kind: ReadOnlyFilesystem, message: "Read-only file system" }
[INFO] [stdout] stack backtrace:
[INFO] [stdout]    0:     0x642ff45e185a - std::backtrace_rs::backtrace::libunwind::trace::h5a5b8284f2d0c266
[INFO] [stdout]                                at /rustc/90b35a6239c3d8bdabc530a6a0816f7ff89a0aaf/library/std/src/../../backtrace/src/backtrace/libunwind.rs:116:5
[INFO] [stdout]    1:     0x642ff45e185a - std::backtrace_rs::backtrace::trace_unsynchronized::h76d4f1c9b0b875e3
[INFO] [stdout]                                at /rustc/90b35a6239c3d8bdabc530a6a0816f7ff89a0aaf/library/std/src/../../backtrace/src/backtrace/mod.rs:66:5
[INFO] [stdout]    2:     0x642ff45e185a - std::sys::backtrace::_print_fmt::hc4546b8364a537c6
[INFO] [stdout]                                at /rustc/90b35a6239c3d8bdabc530a6a0816f7ff89a0aaf/library/std/src/sys/backtrace.rs:66:9
[INFO] [stdout]    3:     0x642ff45e185a - <std::sys::backtrace::BacktraceLock::print::DisplayBacktrace as core::fmt::Display>::fmt::h5b6bd5631a6d1f6b
[INFO] [stdout]                                at /rustc/90b35a6239c3d8bdabc530a6a0816f7ff89a0aaf/library/std/src/sys/backtrace.rs:39:26
[INFO] [stdout]    4:     0x642ff4606cd3 - core::fmt::rt::Argument::fmt::h270f6602a2b96f62
[INFO] [stdout]                                at /rustc/90b35a6239c3d8bdabc530a6a0816f7ff89a0aaf/library/core/src/fmt/rt.rs:177:76
[INFO] [stdout]    5:     0x642ff4606cd3 - core::fmt::write::h7550c97b06c86515
[INFO] [stdout]                                at /rustc/90b35a6239c3d8bdabc530a6a0816f7ff89a0aaf/library/core/src/fmt/mod.rs:1186:21
[INFO] [stdout]    6:     0x642ff45dea23 - std::io::Write::write_fmt::h509ff860e5956e5e
[INFO] [stdout]                                at /rustc/90b35a6239c3d8bdabc530a6a0816f7ff89a0aaf/library/std/src/io/mod.rs:1839:15
[INFO] [stdout]    7:     0x642ff45e16a2 - std::sys::backtrace::BacktraceLock::print::h2395ccd2c84ba3aa
[INFO] [stdout]                                at /rustc/90b35a6239c3d8bdabc530a6a0816f7ff89a0aaf/library/std/src/sys/backtrace.rs:42:9
[INFO] [stdout]    8:     0x642ff45e2cba - std::panicking::default_hook::{{closure}}::he19d4c7230e07961
[INFO] [stdout]                                at /rustc/90b35a6239c3d8bdabc530a6a0816f7ff89a0aaf/library/std/src/panicking.rs:268:22
[INFO] [stdout]    9:     0x642ff45e2ac4 - std::panicking::default_hook::hf614597d3c67bbdb
[INFO] [stdout]                                at /rustc/90b35a6239c3d8bdabc530a6a0816f7ff89a0aaf/library/std/src/panicking.rs:292:9
[INFO] [stdout]   10:     0x642ff4576469 - <alloc::boxed::Box<F,A> as core::ops::function::Fn<Args>>::call::h39b51ce4599c23d1
[INFO] [stdout]                                at /rustc/90b35a6239c3d8bdabc530a6a0816f7ff89a0aaf/library/alloc/src/boxed.rs:2468:9
[INFO] [stdout]   11:     0x642ff4576469 - test::test_main::{{closure}}::he977ae839a582784
[INFO] [stdout]                                at /rustc/90b35a6239c3d8bdabc530a6a0816f7ff89a0aaf/library/test/src/lib.rs:133:21
[INFO] [stdout]   12:     0x642ff45e3358 - <alloc::boxed::Box<F,A> as core::ops::function::Fn<Args>>::call::h9455091b6b06f9fb
[INFO] [stdout]                                at /rustc/90b35a6239c3d8bdabc530a6a0816f7ff89a0aaf/library/alloc/src/boxed.rs:2468:9
[INFO] [stdout]   13:     0x642ff45e3358 - std::panicking::rust_panic_with_hook::h8942133a8b252070
[INFO] [stdout]                                at /rustc/90b35a6239c3d8bdabc530a6a0816f7ff89a0aaf/library/std/src/panicking.rs:809:13
[INFO] [stdout]   14:     0x642ff45e311a - std::panicking::begin_panic_handler::{{closure}}::hb5f5963570096b29
[INFO] [stdout]                                at /rustc/90b35a6239c3d8bdabc530a6a0816f7ff89a0aaf/library/std/src/panicking.rs:674:13
[INFO] [stdout]   15:     0x642ff45e1d39 - std::sys::backtrace::__rust_end_short_backtrace::h6208cedc1922feda
[INFO] [stdout]                                at /rustc/90b35a6239c3d8bdabc530a6a0816f7ff89a0aaf/library/std/src/sys/backtrace.rs:170:18
[INFO] [stdout]   16:     0x642ff45e2dac - rust_begin_unwind
[INFO] [stdout]                                at /rustc/90b35a6239c3d8bdabc530a6a0816f7ff89a0aaf/library/std/src/panicking.rs:665:5
[INFO] [stdout]   17:     0x642ff4515fe0 - core::panicking::panic_fmt::h0c3082644d1bf418
[INFO] [stdout]                                at /rustc/90b35a6239c3d8bdabc530a6a0816f7ff89a0aaf/library/core/src/panicking.rs:74:14
[INFO] [stdout]   18:     0x642ff4516426 - core::result::unwrap_failed::hd20b4aa073bda1e2
[INFO] [stdout]                                at /rustc/90b35a6239c3d8bdabc530a6a0816f7ff89a0aaf/library/core/src/result.rs:1700:5
[INFO] [stdout]   19:     0x642ff451c97a - core::result::Result<T,E>::unwrap::h4ed1350eecc44e62
[INFO] [stdout]                                at /rustc/90b35a6239c3d8bdabc530a6a0816f7ff89a0aaf/library/core/src/result.rs:1104:23
[INFO] [stdout]   20:     0x642ff451c97a - bmp_monochrome::test::test_rect::hf280fc90b7bb5c00
[INFO] [stdout]                                at /opt/rustwide/workdir/src/lib.rs:428:20
[INFO] [stdout]   21:     0x642ff451c5f7 - bmp_monochrome::test::test_rect::{{closure}}::h38b9bc745749757e
[INFO] [stdout]                                at /opt/rustwide/workdir/src/lib.rs:421:19
[INFO] [stdout]   22:     0x642ff452fb16 - core::ops::function::FnOnce::call_once::hc4392b804d499687
[INFO] [stdout]                                at /rustc/90b35a6239c3d8bdabc530a6a0816f7ff89a0aaf/library/core/src/ops/function.rs:250:5
[INFO] [stdout]   23:     0x642ff457ae2b - core::ops::function::FnOnce::call_once::h109cf8051a59b34e
[INFO] [stdout]                                at /rustc/90b35a6239c3d8bdabc530a6a0816f7ff89a0aaf/library/core/src/ops/function.rs:250:5
[INFO] [stdout]   24:     0x642ff457ae2b - test::__rust_begin_short_backtrace::hf4fff89d377446ba
[INFO] [stdout]                                at /rustc/90b35a6239c3d8bdabc530a6a0816f7ff89a0aaf/library/test/src/lib.rs:621:18
[INFO] [stdout]   25:     0x642ff457a667 - test::run_test_in_process::{{closure}}::h0e39181dd7ee5a43
[INFO] [stdout]                                at /rustc/90b35a6239c3d8bdabc530a6a0816f7ff89a0aaf/library/test/src/lib.rs:644:60
[INFO] [stdout]   26:     0x642ff457a667 - <core::panic::unwind_safe::AssertUnwindSafe<F> as core::ops::function::FnOnce<()>>::call_once::hc5a66a30f0bdfd1f
[INFO] [stdout]                                at /rustc/90b35a6239c3d8bdabc530a6a0816f7ff89a0aaf/library/core/src/panic/unwind_safe.rs:272:9
[INFO] [stdout]   27:     0x642ff457a667 - std::panicking::try::do_call::h873b7cf639554a5e
[INFO] [stdout]                                at /rustc/90b35a6239c3d8bdabc530a6a0816f7ff89a0aaf/library/std/src/panicking.rs:557:40
[INFO] [stdout]   28:     0x642ff457a667 - std::panicking::try::hdb19862fad9c8bd1
[INFO] [stdout]                                at /rustc/90b35a6239c3d8bdabc530a6a0816f7ff89a0aaf/library/std/src/panicking.rs:520:19
[INFO] [stdout]   29:     0x642ff457a667 - std::panic::catch_unwind::h281fe732d236d260
[INFO] [stdout]                                at /rustc/90b35a6239c3d8bdabc530a6a0816f7ff89a0aaf/library/std/src/panic.rs:358:14
[INFO] [stdout]   30:     0x642ff457a667 - test::run_test_in_process::h949b6df8457ed338
[INFO] [stdout]                                at /rustc/90b35a6239c3d8bdabc530a6a0816f7ff89a0aaf/library/test/src/lib.rs:644:27
[INFO] [stdout]   31:     0x642ff457a667 - test::run_test::{{closure}}::h52c556a6d4740e10
[INFO] [stdout]                                at /rustc/90b35a6239c3d8bdabc530a6a0816f7ff89a0aaf/library/test/src/lib.rs:565:43
[INFO] [stdout]   32:     0x642ff453f944 - test::run_test::{{closure}}::h4237f6381c45ccb9
[INFO] [stdout]                                at /rustc/90b35a6239c3d8bdabc530a6a0816f7ff89a0aaf/library/test/src/lib.rs:595:41
[INFO] [stdout]   33:     0x642ff453f944 - std::sys::backtrace::__rust_begin_short_backtrace::h505c97a579eca628
[INFO] [stdout]                                at /rustc/90b35a6239c3d8bdabc530a6a0816f7ff89a0aaf/library/std/src/sys/backtrace.rs:154:18
[INFO] [stdout]   34:     0x642ff454300e - std::thread::Builder::spawn_unchecked_::{{closure}}::{{closure}}::h9e86b2e2bc107ea3
[INFO] [stdout]                                at /rustc/90b35a6239c3d8bdabc530a6a0816f7ff89a0aaf/library/std/src/thread/mod.rs:538:17
[INFO] [stdout]   35:     0x642ff454300e - <core::panic::unwind_safe::AssertUnwindSafe<F> as core::ops::function::FnOnce<()>>::call_once::h8b06ddb275ff4a25
[INFO] [stdout]                                at /rustc/90b35a6239c3d8bdabc530a6a0816f7ff89a0aaf/library/core/src/panic/unwind_safe.rs:272:9
[INFO] [stdout]   36:     0x642ff454300e - std::panicking::try::do_call::hb26ecd7cd9a9355d
[INFO] [stdout]                                at /rustc/90b35a6239c3d8bdabc530a6a0816f7ff89a0aaf/library/std/src/panicking.rs:557:40
[INFO] [stdout]   37:     0x642ff454300e - std::panicking::try::h8ddeca9d705f9069
[INFO] [stdout]                                at /rustc/90b35a6239c3d8bdabc530a6a0816f7ff89a0aaf/library/std/src/panicking.rs:520:19
[INFO] [stdout]   38:     0x642ff454300e - std::panic::catch_unwind::h49e1c33078844c46
[INFO] [stdout]                                at /rustc/90b35a6239c3d8bdabc530a6a0816f7ff89a0aaf/library/std/src/panic.rs:358:14
[INFO] [stdout]   39:     0x642ff454300e - std::thread::Builder::spawn_unchecked_::{{closure}}::h6073db6ff56ad35d
[INFO] [stdout]                                at /rustc/90b35a6239c3d8bdabc530a6a0816f7ff89a0aaf/library/std/src/thread/mod.rs:537:30
[INFO] [stdout]   40:     0x642ff454300e - core::ops::function::FnOnce::call_once{{vtable.shim}}::h2c5a5f3779c774f1
[INFO] [stdout]                                at /rustc/90b35a6239c3d8bdabc530a6a0816f7ff89a0aaf/library/core/src/ops/function.rs:250:5
[INFO] [stdout]   41:     0x642ff45e70bb - <alloc::boxed::Box<F,A> as core::ops::function::FnOnce<Args>>::call_once::hf75717d9f28faebf
[INFO] [stdout]                                at /rustc/90b35a6239c3d8bdabc530a6a0816f7ff89a0aaf/library/alloc/src/boxed.rs:2454:9
[INFO] [stdout]   42:     0x642ff45e70bb - <alloc::boxed::Box<F,A> as core::ops::function::FnOnce<Args>>::call_once::h7bd883a5f3c5f3c1
[INFO] [stdout]                                at /rustc/90b35a6239c3d8bdabc530a6a0816f7ff89a0aaf/library/alloc/src/boxed.rs:2454:9
[INFO] [stdout]   43:     0x642ff45e70bb - std::sys::pal::unix::thread::Thread::new::thread_start::hcc78f3943333fa94
[INFO] [stdout]                                at /rustc/90b35a6239c3d8bdabc530a6a0816f7ff89a0aaf/library/std/src/sys/pal/unix/thread.rs:105:17
[INFO] [stdout]   44:     0x72d331feeac3 - <unknown>
[INFO] [stdout]   45:     0x72d33207fa04 - clone
[INFO] [stdout]   46:                0x0 - <unknown>
[INFO] [stdout] 
[INFO] [stdout] 
[INFO] [stdout] failures:
[INFO] [stdout]     test::test_rect
[INFO] [stdout] 
[INFO] [stdout] test result: FAILED. 19 passed; 1 failed; 0 ignored; 0 measured; 0 filtered out; finished in 0.07s
[INFO] [stdout] 
[INFO] [stderr] error: test failed, to rerun pass `--lib`
[INFO] running `Command { std: "docker" "inspect" "8a37ef91eb09047d715a55620f837b68371f2e368bf1d222cc666a52ae30300f", kill_on_drop: false }`
[INFO] running `Command { std: "docker" "rm" "-f" "8a37ef91eb09047d715a55620f837b68371f2e368bf1d222cc666a52ae30300f", kill_on_drop: false }`
[INFO] [stdout] 8a37ef91eb09047d715a55620f837b68371f2e368bf1d222cc666a52ae30300f
