[INFO] fetching crate bmbp_lib_ui 0.1.6...
[INFO] testing bmbp_lib_ui-0.1.6 against beta-2024-12-08 for beta-1.84.0-4-retry
[INFO] extracting crate bmbp_lib_ui 0.1.6 into /workspace/builds/worker-7-tc2/source
[INFO] validating manifest of crates.io crate bmbp_lib_ui 0.1.6 on toolchain beta-2024-12-08
[INFO] running `Command { std: CARGO_HOME="/workspace/cargo-home" RUSTUP_HOME="/workspace/rustup-home" "/workspace/cargo-home/bin/cargo" "+beta-2024-12-08" "metadata" "--manifest-path" "Cargo.toml" "--no-deps", kill_on_drop: false }`
[INFO] started tweaking crates.io crate bmbp_lib_ui 0.1.6
[INFO] finished tweaking crates.io crate bmbp_lib_ui 0.1.6
[INFO] tweaked toml for crates.io crate bmbp_lib_ui 0.1.6 written to /workspace/builds/worker-7-tc2/source/Cargo.toml
[INFO] running `Command { std: CARGO_HOME="/workspace/cargo-home" RUSTUP_HOME="/workspace/rustup-home" "/workspace/cargo-home/bin/cargo" "+beta-2024-12-08" "generate-lockfile" "--manifest-path" "Cargo.toml", kill_on_drop: false }`
[INFO] [stderr]     Updating crates.io index
[INFO] [stderr]      Locking 247 packages to latest compatible versions
[INFO] [stderr]       Adding salvo v0.71.1 (available: v0.74.3)
[INFO] running `Command { std: CARGO_HOME="/workspace/cargo-home" RUSTUP_HOME="/workspace/rustup-home" "/workspace/cargo-home/bin/cargo" "+beta-2024-12-08" "fetch" "--manifest-path" "Cargo.toml", kill_on_drop: false }`
[INFO] running `Command { std: "docker" "create" "-v" "/var/lib/crater-agent-workspace/builds/worker-7-tc2/target:/opt/rustwide/target:rw,Z" "-v" "/var/lib/crater-agent-workspace/builds/worker-7-tc2/source:/opt/rustwide/workdir:ro,Z" "-v" "/var/lib/crater-agent-workspace/cargo-home:/opt/rustwide/cargo-home:ro,Z" "-v" "/var/lib/crater-agent-workspace/rustup-home:/opt/rustwide/rustup-home:ro,Z" "-e" "SOURCE_DIR=/opt/rustwide/workdir" "-e" "CARGO_TARGET_DIR=/opt/rustwide/target" "-e" "CARGO_HOME=/opt/rustwide/cargo-home" "-e" "RUSTUP_HOME=/opt/rustwide/rustup-home" "-w" "/opt/rustwide/workdir" "-m" "1610612736" "--user" "0:0" "--network" "none" "ghcr.io/rust-lang/crates-build-env/linux@sha256:f3a9d4ad9d972b27faf3965f35b62e55ba32bbce8f20bc8fe909558a86702fde" "/opt/rustwide/cargo-home/bin/cargo" "+beta-2024-12-08" "metadata" "--no-deps" "--format-version=1", kill_on_drop: false }`
[INFO] [stdout] 8c5cf44e6ef8a6051698053d67284b5279af3d569f3ae37c842dca16020d8eff
[INFO] running `Command { std: "docker" "start" "-a" "8c5cf44e6ef8a6051698053d67284b5279af3d569f3ae37c842dca16020d8eff", kill_on_drop: false }`
[INFO] running `Command { std: "docker" "inspect" "8c5cf44e6ef8a6051698053d67284b5279af3d569f3ae37c842dca16020d8eff", kill_on_drop: false }`
[INFO] running `Command { std: "docker" "rm" "-f" "8c5cf44e6ef8a6051698053d67284b5279af3d569f3ae37c842dca16020d8eff", kill_on_drop: false }`
[INFO] [stdout] 8c5cf44e6ef8a6051698053d67284b5279af3d569f3ae37c842dca16020d8eff
[INFO] running `Command { std: "docker" "create" "-v" "/var/lib/crater-agent-workspace/builds/worker-7-tc2/target:/opt/rustwide/target:rw,Z" "-v" "/var/lib/crater-agent-workspace/builds/worker-7-tc2/source:/opt/rustwide/workdir:ro,Z" "-v" "/var/lib/crater-agent-workspace/cargo-home:/opt/rustwide/cargo-home:ro,Z" "-v" "/var/lib/crater-agent-workspace/rustup-home:/opt/rustwide/rustup-home:ro,Z" "-e" "SOURCE_DIR=/opt/rustwide/workdir" "-e" "CARGO_TARGET_DIR=/opt/rustwide/target" "-e" "CARGO_INCREMENTAL=0" "-e" "RUST_BACKTRACE=full" "-e" "RUSTFLAGS=--cap-lints=warn" "-e" "RUSTDOCFLAGS=--cap-lints=warn" "-e" "CARGO_HOME=/opt/rustwide/cargo-home" "-e" "RUSTUP_HOME=/opt/rustwide/rustup-home" "-w" "/opt/rustwide/workdir" "-m" "1610612736" "--user" "0:0" "--network" "none" "ghcr.io/rust-lang/crates-build-env/linux@sha256:f3a9d4ad9d972b27faf3965f35b62e55ba32bbce8f20bc8fe909558a86702fde" "/opt/rustwide/cargo-home/bin/cargo" "+beta-2024-12-08" "build" "--frozen" "--message-format=json", kill_on_drop: false }`
[INFO] [stdout] 6d5833462138bb92424c807774e77abeda01f5a0821ab4bdc739ccfdff0b2042
[INFO] running `Command { std: "docker" "start" "-a" "6d5833462138bb92424c807774e77abeda01f5a0821ab4bdc739ccfdff0b2042", kill_on_drop: false }`
[INFO] [stderr]    Compiling proc-macro2 v1.0.92
[INFO] [stderr]    Compiling unicode-ident v1.0.14
[INFO] [stderr]    Compiling libc v0.2.168
[INFO] [stderr]    Compiling version_check v0.9.5
[INFO] [stderr]    Compiling cfg-if v1.0.0
[INFO] [stderr]    Compiling typenum v1.17.0
[INFO] [stderr]    Compiling autocfg v1.4.0
[INFO] [stderr]    Compiling cpufeatures v0.2.16
[INFO] [stderr]    Compiling itoa v1.0.14
[INFO] [stderr]    Compiling subtle v2.6.1
[INFO] [stderr]    Compiling bytes v1.9.0
[INFO] [stderr]    Compiling pin-project-lite v0.2.15
[INFO] [stderr]    Compiling memchr v2.7.4
[INFO] [stderr]    Compiling fnv v1.0.7
[INFO] [stderr]    Compiling futures-core v0.3.31
[INFO] [stderr]    Compiling generic-array v0.14.7
[INFO] [stderr]    Compiling serde v1.0.216
[INFO] [stderr]    Compiling slab v0.4.9
[INFO] [stderr]    Compiling equivalent v1.0.1
[INFO] [stderr]    Compiling hashbrown v0.15.2
[INFO] [stderr]    Compiling http v1.2.0
[INFO] [stderr]    Compiling quote v1.0.37
[INFO] [stderr]    Compiling indexmap v2.7.0
[INFO] [stderr]    Compiling syn v2.0.90
[INFO] [stderr]    Compiling once_cell v1.20.2
[INFO] [stderr]    Compiling pin-utils v0.1.0
[INFO] [stderr]    Compiling regex-syntax v0.8.5
[INFO] [stderr]    Compiling httparse v1.9.5
[INFO] [stderr]    Compiling futures-task v0.3.31
[INFO] [stderr]    Compiling futures-io v0.3.31
[INFO] [stderr]    Compiling byteorder v1.5.0
[INFO] [stderr]    Compiling futures-util v0.3.31
[INFO] [stderr]    Compiling tracing-core v0.1.33
[INFO] [stderr]    Compiling same-file v1.0.6
[INFO] [stderr]    Compiling block-buffer v0.10.4
[INFO] [stderr]    Compiling inout v0.1.3
[INFO] [stderr]    Compiling crypto-common v0.1.6
[INFO] [stderr]    Compiling futures-sink v0.3.31
[INFO] [stderr]    Compiling opaque-debug v0.3.1
[INFO] [stderr]    Compiling smallvec v1.13.2
[INFO] [stderr]    Compiling digest v0.10.7
[INFO] [stderr]    Compiling http-body v1.0.1
[INFO] [stderr]    Compiling walkdir v2.5.0
[INFO] [stderr]    Compiling getrandom v0.2.15
[INFO] [stderr]    Compiling socket2 v0.5.8
[INFO] [stderr]    Compiling rand_core v0.6.4
[INFO] [stderr]    Compiling mio v1.0.3
[INFO] [stderr]    Compiling aho-corasick v1.1.3
[INFO] [stderr]    Compiling cipher v0.4.4
[INFO] [stderr]    Compiling universal-hash v0.5.1
[INFO] [stderr]    Compiling polyval v0.6.2
[INFO] [stderr]    Compiling sha2 v0.10.8
[INFO] [stderr]    Compiling lock_api v0.4.12
[INFO] [stderr]    Compiling mime v0.3.17
[INFO] [stderr]    Compiling httpdate v1.0.3
[INFO] [stderr]    Compiling thiserror v1.0.69
[INFO] [stderr]    Compiling atomic-waker v1.1.2
[INFO] [stderr]    Compiling winnow v0.6.20
[INFO] [stderr]    Compiling parking_lot_core v0.9.10
[INFO] [stderr]    Compiling unicase v2.8.0
[INFO] [stderr]    Compiling powerfmt v0.2.0
[INFO] [stderr]    Compiling bitflags v2.6.0
[INFO] [stderr]    Compiling try-lock v0.2.5
[INFO] [stderr]    Compiling num-conv v0.1.0
[INFO] [stderr]    Compiling toml_datetime v0.6.8
[INFO] [stderr]    Compiling time-core v0.1.2
[INFO] [stderr]    Compiling rustix v0.38.42
[INFO] [stderr]    Compiling cfg_aliases v0.2.1
[INFO] [stderr]    Compiling time-macros v0.2.19
[INFO] [stderr]    Compiling nix v0.29.0
[INFO] [stderr]    Compiling regex-automata v0.4.9
[INFO] [stderr]    Compiling want v0.3.1
[INFO] [stderr]    Compiling mime-infer v3.0.0
[INFO] [stderr]    Compiling ghash v0.5.1
[INFO] [stderr]    Compiling aes v0.8.4
[INFO] [stderr]    Compiling ctr v0.9.2
[INFO] [stderr]    Compiling aead v0.5.2
[INFO] [stderr]    Compiling cookie v0.18.1
[INFO] [stderr]    Compiling toml_edit v0.22.22
[INFO] [stderr]    Compiling multer v3.1.0
[INFO] [stderr]    Compiling futures-channel v0.3.31
[INFO] [stderr]    Compiling scopeguard v1.2.0
[INFO] [stderr]    Compiling serde_json v1.0.133
[INFO] [stderr]    Compiling percent-encoding v2.3.1
[INFO] [stderr]    Compiling linux-raw-sys v0.4.14
[INFO] [stderr]    Compiling proc-macro-crate v3.2.0
[INFO] [stderr]    Compiling regex v1.11.1
[INFO] [stderr]    Compiling rust-embed-utils v8.5.0
[INFO] [stderr]    Compiling aes-gcm v0.10.3
[INFO] [stderr]    Compiling salvo-serde-util v0.71.1
[INFO] [stderr]    Compiling hmac v0.12.1
[INFO] [stderr]    Compiling sha1 v0.10.6
[INFO] [stderr]    Compiling headers-core v0.3.0
[INFO] [stderr]    Compiling encoding_rs v0.8.35
[INFO] [stderr]    Compiling serde_derive v1.0.216
[INFO] [stderr]    Compiling tokio-macros v2.4.0
[INFO] [stderr]    Compiling zerocopy-derive v0.7.35
[INFO] [stderr]    Compiling tokio v1.42.0
[INFO] [stderr]    Compiling tracing-attributes v0.1.28
[INFO] [stderr]    Compiling thiserror-impl v1.0.69
[INFO] [stderr]    Compiling enumflags2_derive v0.7.10
[INFO] [stderr]    Compiling zerocopy v0.7.35
[INFO] [stderr]    Compiling pin-project-internal v1.1.7
[INFO] [stderr]    Compiling xml-rs v0.8.24
[INFO] [stderr]    Compiling ppv-lite86 v0.2.20
[INFO] [stderr]    Compiling tracing v0.1.41
[INFO] [stderr]    Compiling base64 v0.22.1
[INFO] [stderr]    Compiling spin v0.9.8
[INFO] [stderr]    Compiling rand_chacha v0.3.1
[INFO] [stderr]    Compiling ryu v1.0.18
[INFO] [stderr]    Compiling fastrand v2.3.0
[INFO] [stderr]    Compiling rand v0.8.5
[INFO] [stderr]    Compiling log v0.4.22
[INFO] [stderr]    Compiling base64 v0.21.7
[INFO] [stderr]    Compiling tempfile v3.14.0
[INFO] [stderr]    Compiling pin-project v1.1.7
[INFO] [stderr]    Compiling enumflags2 v0.7.10
[INFO] [stderr]    Compiling headers v0.4.0
[INFO] [stderr]    Compiling salvo_macros v0.71.1
[INFO] [stderr]    Compiling rust-embed-impl v8.5.0
[INFO] [stderr]    Compiling async-trait v0.1.83
[INFO] [stderr]    Compiling tokio-util v0.7.13
[INFO] [stderr]    Compiling parking_lot v0.12.3
[INFO] [stderr]    Compiling h2 v0.4.7
[INFO] [stderr]    Compiling form_urlencoded v1.2.1
[INFO] [stderr]    Compiling http-body-util v0.1.2
[INFO] [stderr]    Compiling sync_wrapper v1.0.2
[INFO] [stderr]    Compiling rust-embed v8.5.0
[INFO] [stderr]    Compiling hex v0.4.3
[INFO] [stderr]    Compiling path-slash v0.2.1
[INFO] [stderr]    Compiling deranged v0.3.11
[INFO] [stderr]    Compiling serde-xml-rs v0.6.0
[INFO] [stderr]    Compiling multimap v0.10.0
[INFO] [stderr]    Compiling time v0.3.37
[INFO] [stderr]    Compiling hyper v1.5.1
[INFO] [stderr]    Compiling hyper-util v0.1.10
[INFO] [stderr]    Compiling salvo_core v0.71.1
[INFO] [stderr]    Compiling salvo-serve-static v0.71.1
[INFO] [stderr]    Compiling salvo v0.71.1
[INFO] [stderr]    Compiling bmbp_lib_ui v0.1.6 (/opt/rustwide/workdir)
[INFO] [stderr]     Finished `dev` profile [unoptimized + debuginfo] target(s) in 2m 05s
[INFO] running `Command { std: "docker" "inspect" "6d5833462138bb92424c807774e77abeda01f5a0821ab4bdc739ccfdff0b2042", kill_on_drop: false }`
[INFO] running `Command { std: "docker" "rm" "-f" "6d5833462138bb92424c807774e77abeda01f5a0821ab4bdc739ccfdff0b2042", kill_on_drop: false }`
[INFO] [stdout] 6d5833462138bb92424c807774e77abeda01f5a0821ab4bdc739ccfdff0b2042
[INFO] running `Command { std: "docker" "create" "-v" "/var/lib/crater-agent-workspace/builds/worker-7-tc2/target:/opt/rustwide/target:rw,Z" "-v" "/var/lib/crater-agent-workspace/builds/worker-7-tc2/source:/opt/rustwide/workdir:ro,Z" "-v" "/var/lib/crater-agent-workspace/cargo-home:/opt/rustwide/cargo-home:ro,Z" "-v" "/var/lib/crater-agent-workspace/rustup-home:/opt/rustwide/rustup-home:ro,Z" "-e" "SOURCE_DIR=/opt/rustwide/workdir" "-e" "CARGO_TARGET_DIR=/opt/rustwide/target" "-e" "CARGO_INCREMENTAL=0" "-e" "RUST_BACKTRACE=full" "-e" "RUSTFLAGS=--cap-lints=warn" "-e" "RUSTDOCFLAGS=--cap-lints=warn" "-e" "CARGO_HOME=/opt/rustwide/cargo-home" "-e" "RUSTUP_HOME=/opt/rustwide/rustup-home" "-w" "/opt/rustwide/workdir" "-m" "1610612736" "--user" "0:0" "--network" "none" "ghcr.io/rust-lang/crates-build-env/linux@sha256:f3a9d4ad9d972b27faf3965f35b62e55ba32bbce8f20bc8fe909558a86702fde" "/opt/rustwide/cargo-home/bin/cargo" "+beta-2024-12-08" "test" "--frozen" "--no-run" "--message-format=json", kill_on_drop: false }`
[INFO] [stdout] f69382a89eaf3d65299810fbd0f02dce98d6fa11b06c20011b27265db3a7dedc
[INFO] running `Command { std: "docker" "start" "-a" "f69382a89eaf3d65299810fbd0f02dce98d6fa11b06c20011b27265db3a7dedc", kill_on_drop: false }`
[INFO] [stderr]    Compiling bmbp_lib_ui v0.1.6 (/opt/rustwide/workdir)
[INFO] [stderr]     Finished `test` profile [unoptimized + debuginfo] target(s) in 1.24s
[INFO] running `Command { std: "docker" "inspect" "f69382a89eaf3d65299810fbd0f02dce98d6fa11b06c20011b27265db3a7dedc", kill_on_drop: false }`
[INFO] running `Command { std: "docker" "rm" "-f" "f69382a89eaf3d65299810fbd0f02dce98d6fa11b06c20011b27265db3a7dedc", kill_on_drop: false }`
[INFO] [stdout] f69382a89eaf3d65299810fbd0f02dce98d6fa11b06c20011b27265db3a7dedc
[INFO] running `Command { std: "docker" "create" "-v" "/var/lib/crater-agent-workspace/builds/worker-7-tc2/target:/opt/rustwide/target:rw,Z" "-v" "/var/lib/crater-agent-workspace/builds/worker-7-tc2/source:/opt/rustwide/workdir:ro,Z" "-v" "/var/lib/crater-agent-workspace/cargo-home:/opt/rustwide/cargo-home:ro,Z" "-v" "/var/lib/crater-agent-workspace/rustup-home:/opt/rustwide/rustup-home:ro,Z" "-e" "SOURCE_DIR=/opt/rustwide/workdir" "-e" "CARGO_TARGET_DIR=/opt/rustwide/target" "-e" "CARGO_INCREMENTAL=0" "-e" "RUST_BACKTRACE=full" "-e" "RUSTFLAGS=--cap-lints=warn" "-e" "RUSTDOCFLAGS=--cap-lints=warn" "-e" "CARGO_HOME=/opt/rustwide/cargo-home" "-e" "RUSTUP_HOME=/opt/rustwide/rustup-home" "-w" "/opt/rustwide/workdir" "-m" "1610612736" "--user" "0:0" "--network" "none" "ghcr.io/rust-lang/crates-build-env/linux@sha256:f3a9d4ad9d972b27faf3965f35b62e55ba32bbce8f20bc8fe909558a86702fde" "/opt/rustwide/cargo-home/bin/cargo" "+beta-2024-12-08" "test" "--frozen", kill_on_drop: false }`
[INFO] [stdout] 5923d8d6dc31cdd3614fb26787a63e888bc31dc5b4f8951ffd021523a594c72e
[INFO] running `Command { std: "docker" "start" "-a" "5923d8d6dc31cdd3614fb26787a63e888bc31dc5b4f8951ffd021523a594c72e", kill_on_drop: false }`
[INFO] [stderr]     Finished `test` profile [unoptimized + debuginfo] target(s) in 0.32s
[INFO] [stderr]      Running unittests src/lib.rs (/opt/rustwide/target/debug/deps/bmbp_lib_ui-6cf327c61ab1c21a)
[INFO] [stdout] 
[INFO] [stdout] running 0 tests
[INFO] [stdout] 
[INFO] [stdout] test result: ok. 0 passed; 0 failed; 0 ignored; 0 measured; 0 filtered out; finished in 0.00s
[INFO] [stdout] 
[INFO] [stderr]    Doc-tests bmbp_lib_ui
[INFO] [stdout] 
[INFO] [stdout] running 5 tests
[INFO] [stdout] test src/router.rs - router::build_bmbp_ui_lib_router (line 56) ... FAILED
[INFO] [stdout] test src/router.rs - router::build_bmbp_ui_lib_router (line 24) ... FAILED
[INFO] [stdout] test src/router.rs - router::build_bmbp_ui_lib_router (line 34) ... FAILED
[INFO] [stdout] test src/router.rs - router::build_bmbp_ui_lib_router (line 18) ... FAILED
[INFO] [stdout] test src/router.rs - router::build_bmbp_ui_lib_router (line 11) ... FAILED
[INFO] [stdout] 
[INFO] [stdout] failures:
[INFO] [stdout] 
[INFO] [stdout] ---- src/router.rs - router::build_bmbp_ui_lib_router (line 56) stdout ----
[INFO] [stdout] error: expected one of `(`, `::`, `=`, `[`, `]`, or `{`, found `:`
[INFO] [stdout]  --> src/router.rs:60:8
[INFO] [stdout]   |
[INFO] [stdout] 7 | #[tokio:main]
[INFO] [stdout]   |        ^ expected one of `(`, `::`, `=`, `[`, `]`, or `{`
[INFO] [stdout]   |
[INFO] [stdout] help: maybe write a path separator here
[INFO] [stdout]   |
[INFO] [stdout] 7 | #[tokio::main]
[INFO] [stdout]   |        ~~
[INFO] [stdout] 
[INFO] [stdout] error: aborting due to 1 previous error
[INFO] [stdout] 
[INFO] [stdout] Couldn't compile the test.
[INFO] [stdout] ---- src/router.rs - router::build_bmbp_ui_lib_router (line 24) stdout ----
[INFO] [stdout] error: expected `;`, found `bmbp`
[INFO] [stdout]  --> src/router.rs:25:41
[INFO] [stdout]   |
[INFO] [stdout] 3 | bmbp/ui/lib/bootstrap5/css/bootstrap.css
[INFO] [stdout]   |                                         ^ help: add `;` here
[INFO] [stdout] 4 | bmbp/ui/lib/bootstrap5/css/bootstrap.min.css
[INFO] [stdout]   | ---- unexpected token
[INFO] [stdout] 
[INFO] [stdout] error: expected `;`, found `bmbp`
[INFO] [stdout]  --> src/router.rs:26:45
[INFO] [stdout]   |
[INFO] [stdout] 4 | bmbp/ui/lib/bootstrap5/css/bootstrap.min.css
[INFO] [stdout]   |                                             ^ help: add `;` here
[INFO] [stdout] 5 | bmbp/ui/lib/bootstrap5/js/bootstrap.js
[INFO] [stdout]   | ---- unexpected token
[INFO] [stdout] 
[INFO] [stdout] error: expected `;`, found `bmbp`
[INFO] [stdout]  --> src/router.rs:27:39
[INFO] [stdout]   |
[INFO] [stdout] 5 | bmbp/ui/lib/bootstrap5/js/bootstrap.js
[INFO] [stdout]   |                                       ^ help: add `;` here
[INFO] [stdout] 6 | bmbp/ui/lib/bootstrap5/js/bootstrap.min.js
[INFO] [stdout]   | ---- unexpected token
[INFO] [stdout] 
[INFO] [stdout] error: expected `;`, found `bmbp`
[INFO] [stdout]  --> src/router.rs:28:43
[INFO] [stdout]   |
[INFO] [stdout] 6 | bmbp/ui/lib/bootstrap5/js/bootstrap.min.js
[INFO] [stdout]   |                                           ^ help: add `;` here
[INFO] [stdout] 7 | bmbp/ui/lib/bootstrap5/js/popper.min.js
[INFO] [stdout]   | ---- unexpected token
[INFO] [stdout] 
[INFO] [stdout] error[E0425]: cannot find value `bmbp` in this scope
[INFO] [stdout]  --> src/router.rs:29:1
[INFO] [stdout]   |
[INFO] [stdout] 7 | bmbp/ui/lib/bootstrap5/js/popper.min.js
[INFO] [stdout]   | ^^^^ not found in this scope
[INFO] [stdout] 
[INFO] [stdout] error[E0425]: cannot find value `ui` in this scope
[INFO] [stdout]  --> src/router.rs:29:6
[INFO] [stdout]   |
[INFO] [stdout] 7 | bmbp/ui/lib/bootstrap5/js/popper.min.js
[INFO] [stdout]   |      ^^ not found in this scope
[INFO] [stdout] 
[INFO] [stdout] error[E0425]: cannot find value `lib` in this scope
[INFO] [stdout]  --> src/router.rs:29:9
[INFO] [stdout]   |
[INFO] [stdout] 7 | bmbp/ui/lib/bootstrap5/js/popper.min.js
[INFO] [stdout]   |         ^^^ not found in this scope
[INFO] [stdout] 
[INFO] [stdout] error[E0425]: cannot find value `bootstrap5` in this scope
[INFO] [stdout]  --> src/router.rs:29:13
[INFO] [stdout]   |
[INFO] [stdout] 7 | bmbp/ui/lib/bootstrap5/js/popper.min.js
[INFO] [stdout]   |             ^^^^^^^^^^ not found in this scope
[INFO] [stdout] 
[INFO] [stdout] error[E0425]: cannot find value `js` in this scope
[INFO] [stdout]  --> src/router.rs:29:24
[INFO] [stdout]   |
[INFO] [stdout] 7 | bmbp/ui/lib/bootstrap5/js/popper.min.js
[INFO] [stdout]   |                        ^^ not found in this scope
[INFO] [stdout] 
[INFO] [stdout] error[E0425]: cannot find value `popper` in this scope
[INFO] [stdout]  --> src/router.rs:29:27
[INFO] [stdout]   |
[INFO] [stdout] 7 | bmbp/ui/lib/bootstrap5/js/popper.min.js
[INFO] [stdout]   |                           ^^^^^^ not found in this scope
[INFO] [stdout] 
[INFO] [stdout] error: aborting due to 10 previous errors
[INFO] [stdout] 
[INFO] [stdout] For more information about this error, try `rustc --explain E0425`.
[INFO] [stdout] Couldn't compile the test.
[INFO] [stdout] ---- src/router.rs - router::build_bmbp_ui_lib_router (line 34) stdout ----
[INFO] [stdout] error: expected `;`, found `bmbp`
[INFO] [stdout]  --> src/router.rs:35:46
[INFO] [stdout]   |
[INFO] [stdout] 3 | bmbp/ui/lib/react/react-dom.production.min.js
[INFO] [stdout]   |                                              ^ help: add `;` here
[INFO] [stdout] 4 | bmbp/ui/lib/react/react-dom.profiling.min.js
[INFO] [stdout]   | ---- unexpected token
[INFO] [stdout] 
[INFO] [stdout] error: expected `;`, found `bmbp`
[INFO] [stdout]  --> src/router.rs:36:45
[INFO] [stdout]   |
[INFO] [stdout] 4 | bmbp/ui/lib/react/react-dom.profiling.min.js
[INFO] [stdout]   |                                             ^ help: add `;` here
[INFO] [stdout] 5 | bmbp/ui/lib/react/react.production.min.js
[INFO] [stdout]   | ---- unexpected token
[INFO] [stdout] 
[INFO] [stdout] error: expected `;`, found `bmbp`
[INFO] [stdout]  --> src/router.rs:37:42
[INFO] [stdout]   |
[INFO] [stdout] 5 | bmbp/ui/lib/react/react.production.min.js
[INFO] [stdout]   |                                          ^ help: add `;` here
[INFO] [stdout] 6 | bmbp/ui/lib/axios.min.js
[INFO] [stdout]   | ---- unexpected token
[INFO] [stdout] 
[INFO] [stdout] error[E0425]: cannot find value `bmbp` in this scope
[INFO] [stdout]  --> src/router.rs:38:1
[INFO] [stdout]   |
[INFO] [stdout] 6 | bmbp/ui/lib/axios.min.js
[INFO] [stdout]   | ^^^^ not found in this scope
[INFO] [stdout] 
[INFO] [stdout] error[E0425]: cannot find value `ui` in this scope
[INFO] [stdout]  --> src/router.rs:38:6
[INFO] [stdout]   |
[INFO] [stdout] 6 | bmbp/ui/lib/axios.min.js
[INFO] [stdout]   |      ^^ not found in this scope
[INFO] [stdout] 
[INFO] [stdout] error[E0425]: cannot find value `lib` in this scope
[INFO] [stdout]  --> src/router.rs:38:9
[INFO] [stdout]   |
[INFO] [stdout] 6 | bmbp/ui/lib/axios.min.js
[INFO] [stdout]   |         ^^^ not found in this scope
[INFO] [stdout] 
[INFO] [stdout] error[E0425]: cannot find value `axios` in this scope
[INFO] [stdout]  --> src/router.rs:38:13
[INFO] [stdout]   |
[INFO] [stdout] 6 | bmbp/ui/lib/axios.min.js
[INFO] [stdout]   |             ^^^^^ not found in this scope
[INFO] [stdout] 
[INFO] [stdout] error: aborting due to 7 previous errors
[INFO] [stdout] 
[INFO] [stdout] For more information about this error, try `rustc --explain E0425`.
[INFO] [stdout] Couldn't compile the test.
[INFO] [stdout] ---- src/router.rs - router::build_bmbp_ui_lib_router (line 18) stdout ----
[INFO] [stdout] error[E0425]: cannot find value `bmbp` in this scope
[INFO] [stdout]  --> src/router.rs:19:1
[INFO] [stdout]   |
[INFO] [stdout] 3 | bmbp/ui/lib/bmbp/bmbp.css
[INFO] [stdout]   | ^^^^ not found in this scope
[INFO] [stdout] 
[INFO] [stdout] error[E0425]: cannot find value `ui` in this scope
[INFO] [stdout]  --> src/router.rs:19:6
[INFO] [stdout]   |
[INFO] [stdout] 3 | bmbp/ui/lib/bmbp/bmbp.css
[INFO] [stdout]   |      ^^ not found in this scope
[INFO] [stdout] 
[INFO] [stdout] error[E0425]: cannot find value `lib` in this scope
[INFO] [stdout]  --> src/router.rs:19:9
[INFO] [stdout]   |
[INFO] [stdout] 3 | bmbp/ui/lib/bmbp/bmbp.css
[INFO] [stdout]   |         ^^^ not found in this scope
[INFO] [stdout] 
[INFO] [stdout] error[E0425]: cannot find value `bmbp` in this scope
[INFO] [stdout]  --> src/router.rs:19:13
[INFO] [stdout]   |
[INFO] [stdout] 3 | bmbp/ui/lib/bmbp/bmbp.css
[INFO] [stdout]   |             ^^^^ not found in this scope
[INFO] [stdout] 
[INFO] [stdout] error[E0425]: cannot find value `bmbp` in this scope
[INFO] [stdout]  --> src/router.rs:19:18
[INFO] [stdout]   |
[INFO] [stdout] 3 | bmbp/ui/lib/bmbp/bmbp.css
[INFO] [stdout]   |                  ^^^^ not found in this scope
[INFO] [stdout] 
[INFO] [stdout] error: aborting due to 5 previous errors
[INFO] [stdout] 
[INFO] [stdout] For more information about this error, try `rustc --explain E0425`.
[INFO] [stdout] Couldn't compile the test.
[INFO] [stdout] ---- src/router.rs - router::build_bmbp_ui_lib_router (line 11) stdout ----
[INFO] [stdout] error: expected `;`, found `bmbp`
[INFO] [stdout]  --> src/router.rs:12:34
[INFO] [stdout]   |
[INFO] [stdout] 3 | bmbp/ui/lib/arco/arco-icon.min.js
[INFO] [stdout]   |                                  ^ help: add `;` here
[INFO] [stdout] 4 | bmbp/ui/lib/arco/arco.min.css
[INFO] [stdout]   | ---- unexpected token
[INFO] [stdout] 
[INFO] [stdout] error: expected `;`, found `bmbp`
[INFO] [stdout]  --> src/router.rs:13:30
[INFO] [stdout]   |
[INFO] [stdout] 4 | bmbp/ui/lib/arco/arco.min.css
[INFO] [stdout]   |                              ^ help: add `;` here
[INFO] [stdout] 5 | bmbp/ui/lib/arco/arco.min.js
[INFO] [stdout]   | ---- unexpected token
[INFO] [stdout] 
[INFO] [stdout] error[E0425]: cannot find value `bmbp` in this scope
[INFO] [stdout]  --> src/router.rs:14:1
[INFO] [stdout]   |
[INFO] [stdout] 5 | bmbp/ui/lib/arco/arco.min.js
[INFO] [stdout]   | ^^^^ not found in this scope
[INFO] [stdout] 
[INFO] [stdout] error[E0425]: cannot find value `ui` in this scope
[INFO] [stdout]  --> src/router.rs:14:6
[INFO] [stdout]   |
[INFO] [stdout] 5 | bmbp/ui/lib/arco/arco.min.js
[INFO] [stdout]   |      ^^ not found in this scope
[INFO] [stdout] 
[INFO] [stdout] error[E0425]: cannot find value `lib` in this scope
[INFO] [stdout]  --> src/router.rs:14:9
[INFO] [stdout]   |
[INFO] [stdout] 5 | bmbp/ui/lib/arco/arco.min.js
[INFO] [stdout]   |         ^^^ not found in this scope
[INFO] [stdout] 
[INFO] [stdout] error[E0425]: cannot find value `arco` in this scope
[INFO] [stdout]  --> src/router.rs:14:13
[INFO] [stdout]   |
[INFO] [stdout] 5 | bmbp/ui/lib/arco/arco.min.js
[INFO] [stdout]   |             ^^^^ not found in this scope
[INFO] [stdout] 
[INFO] [stdout] error[E0425]: cannot find value `arco` in this scope
[INFO] [stdout]  --> src/router.rs:14:18
[INFO] [stdout]   |
[INFO] [stdout] 5 | bmbp/ui/lib/arco/arco.min.js
[INFO] [stdout]   |                  ^^^^ not found in this scope
[INFO] [stdout] 
[INFO] [stdout] error: aborting due to 7 previous errors
[INFO] [stdout] 
[INFO] [stdout] For more information about this error, try `rustc --explain E0425`.
[INFO] [stdout] Couldn't compile the test.
[INFO] [stdout] 
[INFO] [stdout] failures:
[INFO] [stdout]     src/router.rs - router::build_bmbp_ui_lib_router (line 11)
[INFO] [stdout]     src/router.rs - router::build_bmbp_ui_lib_router (line 18)
[INFO] [stdout]     src/router.rs - router::build_bmbp_ui_lib_router (line 24)
[INFO] [stdout]     src/router.rs - router::build_bmbp_ui_lib_router (line 34)
[INFO] [stdout]     src/router.rs - router::build_bmbp_ui_lib_router (line 56)
[INFO] [stdout] 
[INFO] [stdout] test result: FAILED. 0 passed; 5 failed; 0 ignored; 0 measured; 0 filtered out; finished in 0.48s
[INFO] [stdout] 
[INFO] [stderr] error: doctest failed, to rerun pass `--doc`
[INFO] running `Command { std: "docker" "inspect" "5923d8d6dc31cdd3614fb26787a63e888bc31dc5b4f8951ffd021523a594c72e", kill_on_drop: false }`
[INFO] running `Command { std: "docker" "rm" "-f" "5923d8d6dc31cdd3614fb26787a63e888bc31dc5b4f8951ffd021523a594c72e", kill_on_drop: false }`
[INFO] [stdout] 5923d8d6dc31cdd3614fb26787a63e888bc31dc5b4f8951ffd021523a594c72e
