[INFO] fetching crate bmbp_ctx_vars 0.1.1...
[INFO] testing bmbp_ctx_vars-0.1.1 against beta-2024-12-08 for beta-1.84.0-4-retry
[INFO] extracting crate bmbp_ctx_vars 0.1.1 into /workspace/builds/worker-3-tc2/source
[INFO] validating manifest of crates.io crate bmbp_ctx_vars 0.1.1 on toolchain beta-2024-12-08
[INFO] running `Command { std: CARGO_HOME="/workspace/cargo-home" RUSTUP_HOME="/workspace/rustup-home" "/workspace/cargo-home/bin/cargo" "+beta-2024-12-08" "metadata" "--manifest-path" "Cargo.toml" "--no-deps", kill_on_drop: false }`
[INFO] started tweaking crates.io crate bmbp_ctx_vars 0.1.1
[INFO] finished tweaking crates.io crate bmbp_ctx_vars 0.1.1
[INFO] tweaked toml for crates.io crate bmbp_ctx_vars 0.1.1 written to /workspace/builds/worker-3-tc2/source/Cargo.toml
[INFO] running `Command { std: CARGO_HOME="/workspace/cargo-home" RUSTUP_HOME="/workspace/rustup-home" "/workspace/cargo-home/bin/cargo" "+beta-2024-12-08" "generate-lockfile" "--manifest-path" "Cargo.toml", kill_on_drop: false }`
[INFO] running `Command { std: CARGO_HOME="/workspace/cargo-home" RUSTUP_HOME="/workspace/rustup-home" "/workspace/cargo-home/bin/cargo" "+beta-2024-12-08" "fetch" "--manifest-path" "Cargo.toml", kill_on_drop: false }`
[INFO] running `Command { std: "docker" "create" "-v" "/var/lib/crater-agent-workspace/builds/worker-3-tc2/target:/opt/rustwide/target:rw,Z" "-v" "/var/lib/crater-agent-workspace/builds/worker-3-tc2/source:/opt/rustwide/workdir:ro,Z" "-v" "/var/lib/crater-agent-workspace/cargo-home:/opt/rustwide/cargo-home:ro,Z" "-v" "/var/lib/crater-agent-workspace/rustup-home:/opt/rustwide/rustup-home:ro,Z" "-e" "SOURCE_DIR=/opt/rustwide/workdir" "-e" "CARGO_TARGET_DIR=/opt/rustwide/target" "-e" "CARGO_HOME=/opt/rustwide/cargo-home" "-e" "RUSTUP_HOME=/opt/rustwide/rustup-home" "-w" "/opt/rustwide/workdir" "-m" "1610612736" "--user" "0:0" "--network" "none" "ghcr.io/rust-lang/crates-build-env/linux@sha256:f3a9d4ad9d972b27faf3965f35b62e55ba32bbce8f20bc8fe909558a86702fde" "/opt/rustwide/cargo-home/bin/cargo" "+beta-2024-12-08" "metadata" "--no-deps" "--format-version=1", kill_on_drop: false }`
[INFO] [stdout] 69b7020f7c4404b6d7a9220518257f94f1cab96791e23f96020cf8269655e375
[INFO] running `Command { std: "docker" "start" "-a" "69b7020f7c4404b6d7a9220518257f94f1cab96791e23f96020cf8269655e375", kill_on_drop: false }`
[INFO] running `Command { std: "docker" "inspect" "69b7020f7c4404b6d7a9220518257f94f1cab96791e23f96020cf8269655e375", kill_on_drop: false }`
[INFO] running `Command { std: "docker" "rm" "-f" "69b7020f7c4404b6d7a9220518257f94f1cab96791e23f96020cf8269655e375", kill_on_drop: false }`
[INFO] [stdout] 69b7020f7c4404b6d7a9220518257f94f1cab96791e23f96020cf8269655e375
[INFO] running `Command { std: "docker" "create" "-v" "/var/lib/crater-agent-workspace/builds/worker-3-tc2/target:/opt/rustwide/target:rw,Z" "-v" "/var/lib/crater-agent-workspace/builds/worker-3-tc2/source:/opt/rustwide/workdir:ro,Z" "-v" "/var/lib/crater-agent-workspace/cargo-home:/opt/rustwide/cargo-home:ro,Z" "-v" "/var/lib/crater-agent-workspace/rustup-home:/opt/rustwide/rustup-home:ro,Z" "-e" "SOURCE_DIR=/opt/rustwide/workdir" "-e" "CARGO_TARGET_DIR=/opt/rustwide/target" "-e" "CARGO_INCREMENTAL=0" "-e" "RUST_BACKTRACE=full" "-e" "RUSTFLAGS=--cap-lints=warn" "-e" "RUSTDOCFLAGS=--cap-lints=warn" "-e" "CARGO_HOME=/opt/rustwide/cargo-home" "-e" "RUSTUP_HOME=/opt/rustwide/rustup-home" "-w" "/opt/rustwide/workdir" "-m" "1610612736" "--user" "0:0" "--network" "none" "ghcr.io/rust-lang/crates-build-env/linux@sha256:f3a9d4ad9d972b27faf3965f35b62e55ba32bbce8f20bc8fe909558a86702fde" "/opt/rustwide/cargo-home/bin/cargo" "+beta-2024-12-08" "build" "--frozen" "--message-format=json", kill_on_drop: false }`
[INFO] [stdout] 32ee5954a781a053c2128528681470d8d3a269c8abd2d82857a8e54d5a1622b7
[INFO] running `Command { std: "docker" "start" "-a" "32ee5954a781a053c2128528681470d8d3a269c8abd2d82857a8e54d5a1622b7", kill_on_drop: false }`
[INFO] [stderr]    Compiling bmbp_ctx_vars v0.1.1 (/opt/rustwide/workdir)
[INFO] [stderr]     Finished `dev` profile [unoptimized + debuginfo] target(s) in 0.42s
[INFO] running `Command { std: "docker" "inspect" "32ee5954a781a053c2128528681470d8d3a269c8abd2d82857a8e54d5a1622b7", kill_on_drop: false }`
[INFO] running `Command { std: "docker" "rm" "-f" "32ee5954a781a053c2128528681470d8d3a269c8abd2d82857a8e54d5a1622b7", kill_on_drop: false }`
[INFO] [stdout] 32ee5954a781a053c2128528681470d8d3a269c8abd2d82857a8e54d5a1622b7
[INFO] running `Command { std: "docker" "create" "-v" "/var/lib/crater-agent-workspace/builds/worker-3-tc2/target:/opt/rustwide/target:rw,Z" "-v" "/var/lib/crater-agent-workspace/builds/worker-3-tc2/source:/opt/rustwide/workdir:ro,Z" "-v" "/var/lib/crater-agent-workspace/cargo-home:/opt/rustwide/cargo-home:ro,Z" "-v" "/var/lib/crater-agent-workspace/rustup-home:/opt/rustwide/rustup-home:ro,Z" "-e" "SOURCE_DIR=/opt/rustwide/workdir" "-e" "CARGO_TARGET_DIR=/opt/rustwide/target" "-e" "CARGO_INCREMENTAL=0" "-e" "RUST_BACKTRACE=full" "-e" "RUSTFLAGS=--cap-lints=warn" "-e" "RUSTDOCFLAGS=--cap-lints=warn" "-e" "CARGO_HOME=/opt/rustwide/cargo-home" "-e" "RUSTUP_HOME=/opt/rustwide/rustup-home" "-w" "/opt/rustwide/workdir" "-m" "1610612736" "--user" "0:0" "--network" "none" "ghcr.io/rust-lang/crates-build-env/linux@sha256:f3a9d4ad9d972b27faf3965f35b62e55ba32bbce8f20bc8fe909558a86702fde" "/opt/rustwide/cargo-home/bin/cargo" "+beta-2024-12-08" "test" "--frozen" "--no-run" "--message-format=json", kill_on_drop: false }`
[INFO] [stdout] a4eacdb4e85179bf69daad699dbf8e7b2a4f29ccc27261f81d862dc2e51ff8ab
[INFO] running `Command { std: "docker" "start" "-a" "a4eacdb4e85179bf69daad699dbf8e7b2a4f29ccc27261f81d862dc2e51ff8ab", kill_on_drop: false }`
[INFO] [stderr]    Compiling bmbp_ctx_vars v0.1.1 (/opt/rustwide/workdir)
[INFO] [stderr]     Finished `test` profile [unoptimized + debuginfo] target(s) in 0.54s
[INFO] running `Command { std: "docker" "inspect" "a4eacdb4e85179bf69daad699dbf8e7b2a4f29ccc27261f81d862dc2e51ff8ab", kill_on_drop: false }`
[INFO] running `Command { std: "docker" "rm" "-f" "a4eacdb4e85179bf69daad699dbf8e7b2a4f29ccc27261f81d862dc2e51ff8ab", kill_on_drop: false }`
[INFO] [stdout] a4eacdb4e85179bf69daad699dbf8e7b2a4f29ccc27261f81d862dc2e51ff8ab
[INFO] running `Command { std: "docker" "create" "-v" "/var/lib/crater-agent-workspace/builds/worker-3-tc2/target:/opt/rustwide/target:rw,Z" "-v" "/var/lib/crater-agent-workspace/builds/worker-3-tc2/source:/opt/rustwide/workdir:ro,Z" "-v" "/var/lib/crater-agent-workspace/cargo-home:/opt/rustwide/cargo-home:ro,Z" "-v" "/var/lib/crater-agent-workspace/rustup-home:/opt/rustwide/rustup-home:ro,Z" "-e" "SOURCE_DIR=/opt/rustwide/workdir" "-e" "CARGO_TARGET_DIR=/opt/rustwide/target" "-e" "CARGO_INCREMENTAL=0" "-e" "RUST_BACKTRACE=full" "-e" "RUSTFLAGS=--cap-lints=warn" "-e" "RUSTDOCFLAGS=--cap-lints=warn" "-e" "CARGO_HOME=/opt/rustwide/cargo-home" "-e" "RUSTUP_HOME=/opt/rustwide/rustup-home" "-w" "/opt/rustwide/workdir" "-m" "1610612736" "--user" "0:0" "--network" "none" "ghcr.io/rust-lang/crates-build-env/linux@sha256:f3a9d4ad9d972b27faf3965f35b62e55ba32bbce8f20bc8fe909558a86702fde" "/opt/rustwide/cargo-home/bin/cargo" "+beta-2024-12-08" "test" "--frozen", kill_on_drop: false }`
[INFO] [stdout] 824e6d4af42ffd2dec40671189d46b0ac175779b583ed30873d090c01b5b4c85
[INFO] running `Command { std: "docker" "start" "-a" "824e6d4af42ffd2dec40671189d46b0ac175779b583ed30873d090c01b5b4c85", kill_on_drop: false }`
[INFO] [stderr]     Finished `test` profile [unoptimized + debuginfo] target(s) in 0.02s
[INFO] [stderr]      Running unittests src/lib.rs (/opt/rustwide/target/debug/deps/bmbp_ctx_vars-2a2d33a48efaa6f1)
[INFO] [stdout] 
[INFO] [stdout] running 1 test
[INFO] [stderr]    Doc-tests bmbp_ctx_vars
[INFO] [stdout] test tests::test_vars_mut ... ok
[INFO] [stdout] 
[INFO] [stdout] test result: ok. 1 passed; 0 failed; 0 ignored; 0 measured; 0 filtered out; finished in 0.01s
[INFO] [stdout] 
[INFO] [stdout] 
[INFO] [stdout] running 1 test
[INFO] [stderr] error: doctest failed, to rerun pass `--doc`
[INFO] [stdout] test src/lib.rs - BMBP_CONTEXT_VARS (line 61) ... FAILED
[INFO] [stdout] 
[INFO] [stdout] failures:
[INFO] [stdout] 
[INFO] [stdout] ---- src/lib.rs - BMBP_CONTEXT_VARS (line 61) stdout ----
[INFO] [stdout] error[E0425]: cannot find value `BMBP_CONTEXT_VARS` in this scope
[INFO] [stdout]  --> src/lib.rs:62:4
[INFO] [stdout]   |
[INFO] [stdout] 3 | (&*BMBP_CONTEXT_VARS).set_value("A".to_string(), "B".to_string());
[INFO] [stdout]   |    ^^^^^^^^^^^^^^^^^ not found in this scope
[INFO] [stdout]   |
[INFO] [stdout] help: consider importing this static
[INFO] [stdout]   |
[INFO] [stdout] 2 + use bmbp_ctx_vars::BMBP_CONTEXT_VARS;
[INFO] [stdout]   |
[INFO] [stdout] 
[INFO] [stdout] error[E0425]: cannot find value `BMBP_CONTEXT_VARS` in this scope
[INFO] [stdout]  --> src/lib.rs:64:6
[INFO] [stdout]   |
[INFO] [stdout] 5 |    &*BMBP_CONTEXT_VARS.get_value("A".to_string()),
[INFO] [stdout]   |      ^^^^^^^^^^^^^^^^^ not found in this scope
[INFO] [stdout]   |
[INFO] [stdout] help: consider importing this static
[INFO] [stdout]   |
[INFO] [stdout] 2 + use bmbp_ctx_vars::BMBP_CONTEXT_VARS;
[INFO] [stdout]   |
[INFO] [stdout] 
[INFO] [stdout] error[E0425]: cannot find value `BMBP_CONTEXT_VARS` in this scope
[INFO] [stdout]  --> src/lib.rs:68:6
[INFO] [stdout]   |
[INFO] [stdout] 9 |    &*BMBP_CONTEXT_VARS.get_value("D".to_string()),
[INFO] [stdout]   |      ^^^^^^^^^^^^^^^^^ not found in this scope
[INFO] [stdout]   |
[INFO] [stdout] help: consider importing this static
[INFO] [stdout]   |
[INFO] [stdout] 2 + use bmbp_ctx_vars::BMBP_CONTEXT_VARS;
[INFO] [stdout]   |
[INFO] [stdout] 
[INFO] [stdout] error: aborting due to 3 previous errors
[INFO] [stdout] 
[INFO] [stdout] For more information about this error, try `rustc --explain E0425`.
[INFO] [stdout] Couldn't compile the test.
[INFO] [stdout] 
[INFO] [stdout] failures:
[INFO] [stdout]     src/lib.rs - BMBP_CONTEXT_VARS (line 61)
[INFO] [stdout] 
[INFO] [stdout] test result: FAILED. 0 passed; 1 failed; 0 ignored; 0 measured; 0 filtered out; finished in 0.13s
[INFO] [stdout] 
[INFO] running `Command { std: "docker" "inspect" "824e6d4af42ffd2dec40671189d46b0ac175779b583ed30873d090c01b5b4c85", kill_on_drop: false }`
[INFO] running `Command { std: "docker" "rm" "-f" "824e6d4af42ffd2dec40671189d46b0ac175779b583ed30873d090c01b5b4c85", kill_on_drop: false }`
[INFO] [stdout] 824e6d4af42ffd2dec40671189d46b0ac175779b583ed30873d090c01b5b4c85
