[INFO] fetching crate blu 0.2.1...
[INFO] testing blu-0.2.1 against beta-2024-12-08 for beta-1.84.0-4-retry
[INFO] extracting crate blu 0.2.1 into /workspace/builds/worker-2-tc2/source
[INFO] validating manifest of crates.io crate blu 0.2.1 on toolchain beta-2024-12-08
[INFO] running `Command { std: CARGO_HOME="/workspace/cargo-home" RUSTUP_HOME="/workspace/rustup-home" "/workspace/cargo-home/bin/cargo" "+beta-2024-12-08" "metadata" "--manifest-path" "Cargo.toml" "--no-deps", kill_on_drop: false }`
[INFO] started tweaking crates.io crate blu 0.2.1
[INFO] finished tweaking crates.io crate blu 0.2.1
[INFO] tweaked toml for crates.io crate blu 0.2.1 written to /workspace/builds/worker-2-tc2/source/Cargo.toml
[INFO] crate crates.io crate blu 0.2.1 already has a lockfile, it will not be regenerated
[INFO] running `Command { std: CARGO_HOME="/workspace/cargo-home" RUSTUP_HOME="/workspace/rustup-home" "/workspace/cargo-home/bin/cargo" "+beta-2024-12-08" "fetch" "--manifest-path" "Cargo.toml", kill_on_drop: false }`
[INFO] running `Command { std: "docker" "create" "-v" "/var/lib/crater-agent-workspace/builds/worker-2-tc2/target:/opt/rustwide/target:rw,Z" "-v" "/var/lib/crater-agent-workspace/builds/worker-2-tc2/source:/opt/rustwide/workdir:ro,Z" "-v" "/var/lib/crater-agent-workspace/cargo-home:/opt/rustwide/cargo-home:ro,Z" "-v" "/var/lib/crater-agent-workspace/rustup-home:/opt/rustwide/rustup-home:ro,Z" "-e" "SOURCE_DIR=/opt/rustwide/workdir" "-e" "CARGO_TARGET_DIR=/opt/rustwide/target" "-e" "CARGO_HOME=/opt/rustwide/cargo-home" "-e" "RUSTUP_HOME=/opt/rustwide/rustup-home" "-w" "/opt/rustwide/workdir" "-m" "1610612736" "--user" "0:0" "--network" "none" "ghcr.io/rust-lang/crates-build-env/linux@sha256:f3a9d4ad9d972b27faf3965f35b62e55ba32bbce8f20bc8fe909558a86702fde" "/opt/rustwide/cargo-home/bin/cargo" "+beta-2024-12-08" "metadata" "--no-deps" "--format-version=1", kill_on_drop: false }`
[INFO] [stdout] f65e4e20eeba1f2f7b33e6285a11b058165675375e00834b2499efea7751c8e7
[INFO] running `Command { std: "docker" "start" "-a" "f65e4e20eeba1f2f7b33e6285a11b058165675375e00834b2499efea7751c8e7", kill_on_drop: false }`
[INFO] running `Command { std: "docker" "inspect" "f65e4e20eeba1f2f7b33e6285a11b058165675375e00834b2499efea7751c8e7", kill_on_drop: false }`
[INFO] running `Command { std: "docker" "rm" "-f" "f65e4e20eeba1f2f7b33e6285a11b058165675375e00834b2499efea7751c8e7", kill_on_drop: false }`
[INFO] [stdout] f65e4e20eeba1f2f7b33e6285a11b058165675375e00834b2499efea7751c8e7
[INFO] running `Command { std: "docker" "create" "-v" "/var/lib/crater-agent-workspace/builds/worker-2-tc2/target:/opt/rustwide/target:rw,Z" "-v" "/var/lib/crater-agent-workspace/builds/worker-2-tc2/source:/opt/rustwide/workdir:ro,Z" "-v" "/var/lib/crater-agent-workspace/cargo-home:/opt/rustwide/cargo-home:ro,Z" "-v" "/var/lib/crater-agent-workspace/rustup-home:/opt/rustwide/rustup-home:ro,Z" "-e" "SOURCE_DIR=/opt/rustwide/workdir" "-e" "CARGO_TARGET_DIR=/opt/rustwide/target" "-e" "CARGO_INCREMENTAL=0" "-e" "RUST_BACKTRACE=full" "-e" "RUSTFLAGS=--cap-lints=warn" "-e" "RUSTDOCFLAGS=--cap-lints=warn" "-e" "CARGO_HOME=/opt/rustwide/cargo-home" "-e" "RUSTUP_HOME=/opt/rustwide/rustup-home" "-w" "/opt/rustwide/workdir" "-m" "1610612736" "--user" "0:0" "--network" "none" "ghcr.io/rust-lang/crates-build-env/linux@sha256:f3a9d4ad9d972b27faf3965f35b62e55ba32bbce8f20bc8fe909558a86702fde" "/opt/rustwide/cargo-home/bin/cargo" "+beta-2024-12-08" "build" "--frozen" "--message-format=json", kill_on_drop: false }`
[INFO] [stdout] 27ce1dad5c51858c0f690040116f9a4f1987b9fd5690588ed055f9a21afd16bf
[INFO] running `Command { std: "docker" "start" "-a" "27ce1dad5c51858c0f690040116f9a4f1987b9fd5690588ed055f9a21afd16bf", kill_on_drop: false }`
[INFO] [stderr]    Compiling blu v0.2.1 (/opt/rustwide/workdir)
[INFO] [stderr]     Finished `dev` profile [unoptimized + debuginfo] target(s) in 1.03s
[INFO] running `Command { std: "docker" "inspect" "27ce1dad5c51858c0f690040116f9a4f1987b9fd5690588ed055f9a21afd16bf", kill_on_drop: false }`
[INFO] running `Command { std: "docker" "rm" "-f" "27ce1dad5c51858c0f690040116f9a4f1987b9fd5690588ed055f9a21afd16bf", kill_on_drop: false }`
[INFO] [stdout] 27ce1dad5c51858c0f690040116f9a4f1987b9fd5690588ed055f9a21afd16bf
[INFO] running `Command { std: "docker" "create" "-v" "/var/lib/crater-agent-workspace/builds/worker-2-tc2/target:/opt/rustwide/target:rw,Z" "-v" "/var/lib/crater-agent-workspace/builds/worker-2-tc2/source:/opt/rustwide/workdir:ro,Z" "-v" "/var/lib/crater-agent-workspace/cargo-home:/opt/rustwide/cargo-home:ro,Z" "-v" "/var/lib/crater-agent-workspace/rustup-home:/opt/rustwide/rustup-home:ro,Z" "-e" "SOURCE_DIR=/opt/rustwide/workdir" "-e" "CARGO_TARGET_DIR=/opt/rustwide/target" "-e" "CARGO_INCREMENTAL=0" "-e" "RUST_BACKTRACE=full" "-e" "RUSTFLAGS=--cap-lints=warn" "-e" "RUSTDOCFLAGS=--cap-lints=warn" "-e" "CARGO_HOME=/opt/rustwide/cargo-home" "-e" "RUSTUP_HOME=/opt/rustwide/rustup-home" "-w" "/opt/rustwide/workdir" "-m" "1610612736" "--user" "0:0" "--network" "none" "ghcr.io/rust-lang/crates-build-env/linux@sha256:f3a9d4ad9d972b27faf3965f35b62e55ba32bbce8f20bc8fe909558a86702fde" "/opt/rustwide/cargo-home/bin/cargo" "+beta-2024-12-08" "test" "--frozen" "--no-run" "--message-format=json", kill_on_drop: false }`
[INFO] [stdout] 2fe2ccab66af874596b3ac1ebfa3f3cd24d9e5b8d6d07d49064c7f3d7741fbf2
[INFO] running `Command { std: "docker" "start" "-a" "2fe2ccab66af874596b3ac1ebfa3f3cd24d9e5b8d6d07d49064c7f3d7741fbf2", kill_on_drop: false }`
[INFO] [stderr]    Compiling blu v0.2.1 (/opt/rustwide/workdir)
[INFO] [stderr]     Finished `test` profile [unoptimized + debuginfo] target(s) in 1.06s
[INFO] running `Command { std: "docker" "inspect" "2fe2ccab66af874596b3ac1ebfa3f3cd24d9e5b8d6d07d49064c7f3d7741fbf2", kill_on_drop: false }`
[INFO] running `Command { std: "docker" "rm" "-f" "2fe2ccab66af874596b3ac1ebfa3f3cd24d9e5b8d6d07d49064c7f3d7741fbf2", kill_on_drop: false }`
[INFO] [stdout] 2fe2ccab66af874596b3ac1ebfa3f3cd24d9e5b8d6d07d49064c7f3d7741fbf2
[INFO] running `Command { std: "docker" "create" "-v" "/var/lib/crater-agent-workspace/builds/worker-2-tc2/target:/opt/rustwide/target:rw,Z" "-v" "/var/lib/crater-agent-workspace/builds/worker-2-tc2/source:/opt/rustwide/workdir:ro,Z" "-v" "/var/lib/crater-agent-workspace/cargo-home:/opt/rustwide/cargo-home:ro,Z" "-v" "/var/lib/crater-agent-workspace/rustup-home:/opt/rustwide/rustup-home:ro,Z" "-e" "SOURCE_DIR=/opt/rustwide/workdir" "-e" "CARGO_TARGET_DIR=/opt/rustwide/target" "-e" "CARGO_INCREMENTAL=0" "-e" "RUST_BACKTRACE=full" "-e" "RUSTFLAGS=--cap-lints=warn" "-e" "RUSTDOCFLAGS=--cap-lints=warn" "-e" "CARGO_HOME=/opt/rustwide/cargo-home" "-e" "RUSTUP_HOME=/opt/rustwide/rustup-home" "-w" "/opt/rustwide/workdir" "-m" "1610612736" "--user" "0:0" "--network" "none" "ghcr.io/rust-lang/crates-build-env/linux@sha256:f3a9d4ad9d972b27faf3965f35b62e55ba32bbce8f20bc8fe909558a86702fde" "/opt/rustwide/cargo-home/bin/cargo" "+beta-2024-12-08" "test" "--frozen", kill_on_drop: false }`
[INFO] [stdout] 4dc69f0b9d72a350e91a148f64ad3251132b0381d7e505b7964ac374278c7b1a
[INFO] running `Command { std: "docker" "start" "-a" "4dc69f0b9d72a350e91a148f64ad3251132b0381d7e505b7964ac374278c7b1a", kill_on_drop: false }`
[INFO] [stderr]     Finished `test` profile [unoptimized + debuginfo] target(s) in 0.02s
[INFO] [stderr]      Running unittests src/lib.rs (/opt/rustwide/target/debug/deps/blu-8e102d28515c15f8)
[INFO] [stdout] 
[INFO] [stdout] running 0 tests
[INFO] [stdout] 
[INFO] [stdout] test result: ok. 0 passed; 0 failed; 0 ignored; 0 measured; 0 filtered out; finished in 0.00s
[INFO] [stdout] 
[INFO] [stderr]    Doc-tests blu
[INFO] [stdout] 
[INFO] [stdout] running 21 tests
[INFO] [stdout] test src/blu.rs - blu::BLU::factorize (line 74) ... FAILED
[INFO] [stdout] test src/blu.rs - blu::BLU::solve_for_update (line 224) ... FAILED
[INFO] [stdout] test src/blu.rs - blu::BLU::solve_sparse (line 183) ... FAILED
[INFO] [stdout] test src/blu.rs - blu::BLU::solve_for_update (line 230) ... FAILED
[INFO] [stdout] test src/blu.rs - blu::BLU::solve_dense (line 172) ... FAILED
[INFO] [stdout] test src/blu.rs - blu::BLU::get_factors (line 129) ... FAILED
[INFO] [stdout] test src/blu.rs - blu::BLU::get_factors (line 121) ... FAILED
[INFO] [stdout] test src/blu.rs - blu::BLU::new (line 25) ... FAILED
[INFO] [stdout] test src/blu.rs - blu::BLU::new (line 54) ... FAILED
[INFO] [stdout] test src/blu.rs - blu::BLU::new (line 36) ... FAILED
[INFO] [stdout] test src/blu.rs - blu::BLU::solve_for_update (line 242) ... FAILED
[INFO] [stdout] test src/blu.rs - blu::BLU::get_factors (line 117) ... FAILED
[INFO] [stdout] test src/blu.rs - blu::BLU::solve_dense (line 160) ... FAILED
[INFO] [stdout] test src/blu.rs - blu::BLU::solve_dense (line 164) ... FAILED
[INFO] [stdout] test src/blu.rs - blu::BLU::factorize (line 78) ... FAILED
[INFO] [stdout] test src/blu.rs - blu::BLU::factorize (line 90) ... FAILED
[INFO] [stdout] test src/blu.rs - blu::BLU::solve_sparse (line 197) ... FAILED
[INFO] [stdout] test src/blu.rs - blu::BLU::solve_sparse (line 189) ... FAILED
[INFO] [stdout] test src/blu.rs - blu::BLU::update (line 306) ... FAILED
[INFO] [stdout] test src/blu.rs - blu::BLU::update (line 290) ... FAILED
[INFO] [stdout] test src/blu.rs - blu::BLU::update (line 294) ... FAILED
[INFO] [stdout] 
[INFO] [stdout] failures:
[INFO] [stdout] 
[INFO] [stdout] ---- src/blu.rs - blu::BLU::factorize (line 74) stdout ----
[INFO] [stdout] error: expected one of `!`, `.`, `::`, `;`, `?`, `{`, `}`, or an operator, found `factorize`
[INFO] [stdout]  --> src/blu.rs:75:6
[INFO] [stdout]   |
[INFO] [stdout] 3 | Call factorize() on a BLU object.
[INFO] [stdout]   |      ^^^^^^^^^ expected one of 8 possible tokens
[INFO] [stdout] 
[INFO] [stdout] error: aborting due to 1 previous error
[INFO] [stdout] 
[INFO] [stdout] Couldn't compile the test.
[INFO] [stdout] ---- src/blu.rs - blu::BLU::solve_for_update (line 224) stdout ----
[INFO] [stdout] error: expected one of `!`, `.`, `::`, `;`, `?`, `{`, `}`, or an operator, found `solve_for_update`
[INFO] [stdout]  --> src/blu.rs:225:6
[INFO] [stdout]   |
[INFO] [stdout] 3 | Call solve_for_update() on a BLU object. On success, if the
[INFO] [stdout]   |      ^^^^^^^^^^^^^^^^ expected one of 8 possible tokens
[INFO] [stdout] 
[INFO] [stdout] error: aborting due to 1 previous error
[INFO] [stdout] 
[INFO] [stdout] Couldn't compile the test.
[INFO] [stdout] ---- src/blu.rs - blu::BLU::solve_sparse (line 183) stdout ----
[INFO] [stdout] error: expected one of `!`, `.`, `::`, `;`, `?`, `{`, `}`, or an operator, found `solve_sparse`
[INFO] [stdout]  --> src/blu.rs:184:6
[INFO] [stdout]   |
[INFO] [stdout] 3 | Call solve_sparse() on a BLU object. On success, the solution
[INFO] [stdout]   |      ^^^^^^^^^^^^ expected one of 8 possible tokens
[INFO] [stdout] 
[INFO] [stdout] error: aborting due to 1 previous error
[INFO] [stdout] 
[INFO] [stdout] Couldn't compile the test.
[INFO] [stdout] ---- src/blu.rs - blu::BLU::solve_for_update (line 230) stdout ----
[INFO] [stdout] error: expected `;`, found `obj`
[INFO] [stdout]  --> src/blu.rs:231:25
[INFO] [stdout]   |
[INFO] [stdout] 3 | BLU_ERROR_INVALID_OBJECT
[INFO] [stdout]   |                         ^ help: add `;` here
[INFO] [stdout] 4 |
[INFO] [stdout] 5 |     obj is NULL or initialized to a null object.
[INFO] [stdout]   |     --- unexpected token
[INFO] [stdout] 
[INFO] [stdout] error: expected one of `!`, `.`, `::`, `;`, `?`, `{`, `}`, or an operator, found `is`
[INFO] [stdout]  --> src/blu.rs:233:9
[INFO] [stdout]   |
[INFO] [stdout] 5 |     obj is NULL or initialized to a null object.
[INFO] [stdout]   |         ^^ expected one of 8 possible tokens
[INFO] [stdout] 
[INFO] [stdout] error: aborting due to 2 previous errors
[INFO] [stdout] 
[INFO] [stdout] Couldn't compile the test.
[INFO] [stdout] ---- src/blu.rs - blu::BLU::solve_dense (line 172) stdout ----
[INFO] [stdout] error: expected `where`, `{`, `(`, or `;` after struct name, found `*`
[INFO] [stdout]  --> src/blu.rs:173:12
[INFO] [stdout]   |
[INFO] [stdout] 3 | struct BLU *obj
[INFO] [stdout]   |            ^ expected `where`, `{`, `(`, or `;` after struct name
[INFO] [stdout] 
[INFO] [stdout] error: aborting due to 1 previous error
[INFO] [stdout] 
[INFO] [stdout] Couldn't compile the test.
[INFO] [stdout] ---- src/blu.rs - blu::BLU::get_factors (line 129) stdout ----
[INFO] [stdout] error: expected `where`, `{`, `(`, or `;` after struct name, found `*`
[INFO] [stdout]  --> src/blu.rs:130:12
[INFO] [stdout]   |
[INFO] [stdout] 3 | struct BLU *obj
[INFO] [stdout]   |            ^ expected `where`, `{`, `(`, or `;` after struct name
[INFO] [stdout] 
[INFO] [stdout] error: aborting due to 1 previous error
[INFO] [stdout] 
[INFO] [stdout] Couldn't compile the test.
[INFO] [stdout] ---- src/blu.rs - blu::BLU::get_factors (line 121) stdout ----
[INFO] [stdout] error: expected `;`, found `obj`
[INFO] [stdout]  --> src/blu.rs:122:25
[INFO] [stdout]   |
[INFO] [stdout] 3 | BLU_ERROR_INVALID_OBJECT
[INFO] [stdout]   |                         ^ help: add `;` here
[INFO] [stdout] 4 |
[INFO] [stdout] 5 |     obj is NULL or initialized to a null object.
[INFO] [stdout]   |     --- unexpected token
[INFO] [stdout] 
[INFO] [stdout] error: expected one of `!`, `.`, `::`, `;`, `?`, `{`, `}`, or an operator, found `is`
[INFO] [stdout]  --> src/blu.rs:124:9
[INFO] [stdout]   |
[INFO] [stdout] 5 |     obj is NULL or initialized to a null object.
[INFO] [stdout]   |         ^^ expected one of 8 possible tokens
[INFO] [stdout] 
[INFO] [stdout] error: aborting due to 2 previous errors
[INFO] [stdout] 
[INFO] [stdout] Couldn't compile the test.
[INFO] [stdout] ---- src/blu.rs - blu::BLU::new (line 25) stdout ----
[INFO] [stdout] error: expected one of `!`, `.`, `::`, `;`, `?`, `{`, `}`, or an operator, found `a`
[INFO] [stdout]  --> src/blu.rs:27:12
[INFO] [stdout]   |
[INFO] [stdout] 5 | Initialize a BLU object. When m is positive, then *obj is initialized to
[INFO] [stdout]   |            ^ expected one of 8 possible tokens
[INFO] [stdout] 
[INFO] [stdout] error: aborting due to 1 previous error
[INFO] [stdout] 
[INFO] [stdout] Couldn't compile the test.
[INFO] [stdout] ---- src/blu.rs - blu::BLU::new (line 54) stdout ----
[INFO] [stdout] error: expected `where`, `{`, `(`, or `;` after struct name, found `*`
[INFO] [stdout]  --> src/blu.rs:55:12
[INFO] [stdout]   |
[INFO] [stdout] 3 | struct BLU *obj
[INFO] [stdout]   |            ^ expected `where`, `{`, `(`, or `;` after struct name
[INFO] [stdout] 
[INFO] [stdout] error: aborting due to 1 previous error
[INFO] [stdout] 
[INFO] [stdout] Couldn't compile the test.
[INFO] [stdout] ---- src/blu.rs - blu::BLU::new (line 36) stdout ----
[INFO] [stdout] error: expected one of `!`, `.`, `::`, `;`, `?`, `{`, `}`, or an operator, found `successfully`
[INFO] [stdout]  --> src/blu.rs:39:10
[INFO] [stdout]   |
[INFO] [stdout] 5 |     *obj successfully initialized.
[INFO] [stdout]   |          ^^^^^^^^^^^^ expected one of 8 possible tokens
[INFO] [stdout] 
[INFO] [stdout] error: aborting due to 1 previous error
[INFO] [stdout] 
[INFO] [stdout] Couldn't compile the test.
[INFO] [stdout] ---- src/blu.rs - blu::BLU::solve_for_update (line 242) stdout ----
[INFO] [stdout] error: expected `where`, `{`, `(`, or `;` after struct name, found `*`
[INFO] [stdout]  --> src/blu.rs:243:12
[INFO] [stdout]   |
[INFO] [stdout] 3 | struct BLU *obj
[INFO] [stdout]   |            ^ expected `where`, `{`, `(`, or `;` after struct name
[INFO] [stdout] 
[INFO] [stdout] error: aborting due to 1 previous error
[INFO] [stdout] 
[INFO] [stdout] Couldn't compile the test.
[INFO] [stdout] ---- src/blu.rs - blu::BLU::get_factors (line 117) stdout ----
[INFO] [stdout] error: expected one of `!`, `.`, `::`, `;`, `?`, `{`, `}`, or an operator, found `get_factors`
[INFO] [stdout]  --> src/blu.rs:118:6
[INFO] [stdout]   |
[INFO] [stdout] 3 | Call get_factors() on a BLU object.
[INFO] [stdout]   |      ^^^^^^^^^^^ expected one of 8 possible tokens
[INFO] [stdout] 
[INFO] [stdout] error: aborting due to 1 previous error
[INFO] [stdout] 
[INFO] [stdout] Couldn't compile the test.
[INFO] [stdout] ---- src/blu.rs - blu::BLU::solve_dense (line 160) stdout ----
[INFO] [stdout] error: expected one of `!`, `.`, `::`, `;`, `?`, `{`, `}`, or an operator, found `solve_dense`
[INFO] [stdout]  --> src/blu.rs:161:6
[INFO] [stdout]   |
[INFO] [stdout] 3 | Call solve_dense() on a BLU object.
[INFO] [stdout]   |      ^^^^^^^^^^^ expected one of 8 possible tokens
[INFO] [stdout] 
[INFO] [stdout] error: aborting due to 1 previous error
[INFO] [stdout] 
[INFO] [stdout] Couldn't compile the test.
[INFO] [stdout] ---- src/blu.rs - blu::BLU::solve_dense (line 164) stdout ----
[INFO] [stdout] error: expected `;`, found `obj`
[INFO] [stdout]  --> src/blu.rs:165:25
[INFO] [stdout]   |
[INFO] [stdout] 3 | BLU_ERROR_INVALID_OBJECT
[INFO] [stdout]   |                         ^ help: add `;` here
[INFO] [stdout] 4 |
[INFO] [stdout] 5 |     obj is NULL or initialized to a null object.
[INFO] [stdout]   |     --- unexpected token
[INFO] [stdout] 
[INFO] [stdout] error: expected one of `!`, `.`, `::`, `;`, `?`, `{`, `}`, or an operator, found `is`
[INFO] [stdout]  --> src/blu.rs:167:9
[INFO] [stdout]   |
[INFO] [stdout] 5 |     obj is NULL or initialized to a null object.
[INFO] [stdout]   |         ^^ expected one of 8 possible tokens
[INFO] [stdout] 
[INFO] [stdout] error: aborting due to 2 previous errors
[INFO] [stdout] 
[INFO] [stdout] Couldn't compile the test.
[INFO] [stdout] ---- src/blu.rs - blu::BLU::factorize (line 78) stdout ----
[INFO] [stdout] error: expected `;`, found `obj`
[INFO] [stdout]  --> src/blu.rs:79:25
[INFO] [stdout]   |
[INFO] [stdout] 3 | BLU_ERROR_INVALID_OBJECT
[INFO] [stdout]   |                         ^ help: add `;` here
[INFO] [stdout] 4 |
[INFO] [stdout] 5 |     obj is NULL or initialized to a null object.
[INFO] [stdout]   |     --- unexpected token
[INFO] [stdout] 
[INFO] [stdout] error: expected one of `!`, `.`, `::`, `;`, `?`, `{`, `}`, or an operator, found `is`
[INFO] [stdout]  --> src/blu.rs:81:9
[INFO] [stdout]   |
[INFO] [stdout] 5 |     obj is NULL or initialized to a null object.
[INFO] [stdout]   |         ^^ expected one of 8 possible tokens
[INFO] [stdout] 
[INFO] [stdout] error: aborting due to 2 previous errors
[INFO] [stdout] 
[INFO] [stdout] Couldn't compile the test.
[INFO] [stdout] ---- src/blu.rs - blu::BLU::factorize (line 90) stdout ----
[INFO] [stdout] error: expected `where`, `{`, `(`, or `;` after struct name, found `*`
[INFO] [stdout]  --> src/blu.rs:91:12
[INFO] [stdout]   |
[INFO] [stdout] 3 | struct BLU *obj
[INFO] [stdout]   |            ^ expected `where`, `{`, `(`, or `;` after struct name
[INFO] [stdout] 
[INFO] [stdout] error: aborting due to 1 previous error
[INFO] [stdout] 
[INFO] [stdout] Couldn't compile the test.
[INFO] [stdout] ---- src/blu.rs - blu::BLU::solve_sparse (line 197) stdout ----
[INFO] [stdout] error: expected `where`, `{`, `(`, or `;` after struct name, found `*`
[INFO] [stdout]  --> src/blu.rs:198:12
[INFO] [stdout]   |
[INFO] [stdout] 3 | struct BLU *obj
[INFO] [stdout]   |            ^ expected `where`, `{`, `(`, or `;` after struct name
[INFO] [stdout] 
[INFO] [stdout] error: aborting due to 1 previous error
[INFO] [stdout] 
[INFO] [stdout] Couldn't compile the test.
[INFO] [stdout] ---- src/blu.rs - blu::BLU::solve_sparse (line 189) stdout ----
[INFO] [stdout] error: expected `;`, found `obj`
[INFO] [stdout]  --> src/blu.rs:190:25
[INFO] [stdout]   |
[INFO] [stdout] 3 | BLU_ERROR_INVALID_OBJECT
[INFO] [stdout]   |                         ^ help: add `;` here
[INFO] [stdout] 4 |
[INFO] [stdout] 5 |     obj is NULL or initialized to a null object.
[INFO] [stdout]   |     --- unexpected token
[INFO] [stdout] 
[INFO] [stdout] error: expected one of `!`, `.`, `::`, `;`, `?`, `{`, `}`, or an operator, found `is`
[INFO] [stdout]  --> src/blu.rs:192:9
[INFO] [stdout]   |
[INFO] [stdout] 5 |     obj is NULL or initialized to a null object.
[INFO] [stdout]   |         ^^ expected one of 8 possible tokens
[INFO] [stdout] 
[INFO] [stdout] error: aborting due to 2 previous errors
[INFO] [stdout] 
[INFO] [stdout] Couldn't compile the test.
[INFO] [stdout] ---- src/blu.rs - blu::BLU::update (line 306) stdout ----
[INFO] [stdout] error: expected `where`, `{`, `(`, or `;` after struct name, found `*`
[INFO] [stdout]  --> src/blu.rs:307:12
[INFO] [stdout]   |
[INFO] [stdout] 3 | struct BLU *obj
[INFO] [stdout]   |            ^ expected `where`, `{`, `(`, or `;` after struct name
[INFO] [stdout] 
[INFO] [stdout] error: aborting due to 1 previous error
[INFO] [stdout] 
[INFO] [stdout] Couldn't compile the test.
[INFO] [stdout] ---- src/blu.rs - blu::BLU::update (line 290) stdout ----
[INFO] [stdout] error: expected one of `!`, `.`, `::`, `;`, `?`, `{`, `}`, or an operator, found `update`
[INFO] [stdout]  --> src/blu.rs:291:6
[INFO] [stdout]   |
[INFO] [stdout] 3 | Call update() on a BLU object.
[INFO] [stdout]   |      ^^^^^^ expected one of 8 possible tokens
[INFO] [stdout] 
[INFO] [stdout] error: aborting due to 1 previous error
[INFO] [stdout] 
[INFO] [stdout] Couldn't compile the test.
[INFO] [stdout] ---- src/blu.rs - blu::BLU::update (line 294) stdout ----
[INFO] [stdout] error: expected `;`, found `obj`
[INFO] [stdout]  --> src/blu.rs:295:25
[INFO] [stdout]   |
[INFO] [stdout] 3 | BLU_ERROR_INVALID_OBJECT
[INFO] [stdout]   |                         ^ help: add `;` here
[INFO] [stdout] 4 |
[INFO] [stdout] 5 |     obj is NULL or initialized to a null object.
[INFO] [stdout]   |     --- unexpected token
[INFO] [stdout] 
[INFO] [stdout] error: expected one of `!`, `.`, `::`, `;`, `?`, `{`, `}`, or an operator, found `is`
[INFO] [stdout]  --> src/blu.rs:297:9
[INFO] [stdout]   |
[INFO] [stdout] 5 |     obj is NULL or initialized to a null object.
[INFO] [stdout]   |         ^^ expected one of 8 possible tokens
[INFO] [stdout] 
[INFO] [stdout] error: aborting due to 2 previous errors
[INFO] [stdout] 
[INFO] [stdout] Couldn't compile the test.
[INFO] [stdout] 
[INFO] [stdout] failures:
[INFO] [stdout]     src/blu.rs - blu::BLU::factorize (line 74)
[INFO] [stdout]     src/blu.rs - blu::BLU::factorize (line 78)
[INFO] [stdout]     src/blu.rs - blu::BLU::factorize (line 90)
[INFO] [stdout]     src/blu.rs - blu::BLU::get_factors (line 117)
[INFO] [stdout]     src/blu.rs - blu::BLU::get_factors (line 121)
[INFO] [stdout]     src/blu.rs - blu::BLU::get_factors (line 129)
[INFO] [stdout]     src/blu.rs - blu::BLU::new (line 25)
[INFO] [stdout]     src/blu.rs - blu::BLU::new (line 36)
[INFO] [stdout]     src/blu.rs - blu::BLU::new (line 54)
[INFO] [stdout]     src/blu.rs - blu::BLU::solve_dense (line 160)
[INFO] [stdout]     src/blu.rs - blu::BLU::solve_dense (line 164)
[INFO] [stdout]     src/blu.rs - blu::BLU::solve_dense (line 172)
[INFO] [stdout]     src/blu.rs - blu::BLU::solve_for_update (line 224)
[INFO] [stdout]     src/blu.rs - blu::BLU::solve_for_update (line 230)
[INFO] [stdout]     src/blu.rs - blu::BLU::solve_for_update (line 242)
[INFO] [stdout]     src/blu.rs - blu::BLU::solve_sparse (line 183)
[INFO] [stdout]     src/blu.rs - blu::BLU::solve_sparse (line 189)
[INFO] [stdout]     src/blu.rs - blu::BLU::solve_sparse (line 197)
[INFO] [stdout]     src/blu.rs - blu::BLU::update (line 290)
[INFO] [stdout]     src/blu.rs - blu::BLU::update (line 294)
[INFO] [stdout]     src/blu.rs - blu::BLU::update (line 306)
[INFO] [stdout] 
[INFO] [stdout] test result: FAILED. 0 passed; 21 failed; 0 ignored; 0 measured; 0 filtered out; finished in 0.38s
[INFO] [stdout] 
[INFO] [stderr] error: doctest failed, to rerun pass `--doc`
[INFO] running `Command { std: "docker" "inspect" "4dc69f0b9d72a350e91a148f64ad3251132b0381d7e505b7964ac374278c7b1a", kill_on_drop: false }`
[INFO] running `Command { std: "docker" "rm" "-f" "4dc69f0b9d72a350e91a148f64ad3251132b0381d7e505b7964ac374278c7b1a", kill_on_drop: false }`
[INFO] [stdout] 4dc69f0b9d72a350e91a148f64ad3251132b0381d7e505b7964ac374278c7b1a
