[INFO] fetching crate blockhash 1.0.0...
[INFO] testing blockhash-1.0.0 against beta-2024-12-08 for beta-1.84.0-4-retry
[INFO] extracting crate blockhash 1.0.0 into /workspace/builds/worker-1-tc2/source
[INFO] validating manifest of crates.io crate blockhash 1.0.0 on toolchain beta-2024-12-08
[INFO] running `Command { std: CARGO_HOME="/workspace/cargo-home" RUSTUP_HOME="/workspace/rustup-home" "/workspace/cargo-home/bin/cargo" "+beta-2024-12-08" "metadata" "--manifest-path" "Cargo.toml" "--no-deps", kill_on_drop: false }`
[INFO] started tweaking crates.io crate blockhash 1.0.0
[INFO] finished tweaking crates.io crate blockhash 1.0.0
[INFO] tweaked toml for crates.io crate blockhash 1.0.0 written to /workspace/builds/worker-1-tc2/source/Cargo.toml
[INFO] running `Command { std: CARGO_HOME="/workspace/cargo-home" RUSTUP_HOME="/workspace/rustup-home" "/workspace/cargo-home/bin/cargo" "+beta-2024-12-08" "generate-lockfile" "--manifest-path" "Cargo.toml", kill_on_drop: false }`
[INFO] [stderr]     Updating crates.io index
[INFO] [stderr]      Locking 112 packages to latest compatible versions
[INFO] running `Command { std: CARGO_HOME="/workspace/cargo-home" RUSTUP_HOME="/workspace/rustup-home" "/workspace/cargo-home/bin/cargo" "+beta-2024-12-08" "fetch" "--manifest-path" "Cargo.toml", kill_on_drop: false }`
[INFO] running `Command { std: "docker" "create" "-v" "/var/lib/crater-agent-workspace/builds/worker-1-tc2/target:/opt/rustwide/target:rw,Z" "-v" "/var/lib/crater-agent-workspace/builds/worker-1-tc2/source:/opt/rustwide/workdir:ro,Z" "-v" "/var/lib/crater-agent-workspace/cargo-home:/opt/rustwide/cargo-home:ro,Z" "-v" "/var/lib/crater-agent-workspace/rustup-home:/opt/rustwide/rustup-home:ro,Z" "-e" "SOURCE_DIR=/opt/rustwide/workdir" "-e" "CARGO_TARGET_DIR=/opt/rustwide/target" "-e" "CARGO_HOME=/opt/rustwide/cargo-home" "-e" "RUSTUP_HOME=/opt/rustwide/rustup-home" "-w" "/opt/rustwide/workdir" "-m" "1610612736" "--user" "0:0" "--network" "none" "ghcr.io/rust-lang/crates-build-env/linux@sha256:f3a9d4ad9d972b27faf3965f35b62e55ba32bbce8f20bc8fe909558a86702fde" "/opt/rustwide/cargo-home/bin/cargo" "+beta-2024-12-08" "metadata" "--no-deps" "--format-version=1", kill_on_drop: false }`
[INFO] [stdout] 07c9b348738deeff595e149d661d24f8953dd5ba33c773234a6c641303c66069
[INFO] running `Command { std: "docker" "start" "-a" "07c9b348738deeff595e149d661d24f8953dd5ba33c773234a6c641303c66069", kill_on_drop: false }`
[INFO] running `Command { std: "docker" "inspect" "07c9b348738deeff595e149d661d24f8953dd5ba33c773234a6c641303c66069", kill_on_drop: false }`
[INFO] running `Command { std: "docker" "rm" "-f" "07c9b348738deeff595e149d661d24f8953dd5ba33c773234a6c641303c66069", kill_on_drop: false }`
[INFO] [stdout] 07c9b348738deeff595e149d661d24f8953dd5ba33c773234a6c641303c66069
[INFO] running `Command { std: "docker" "create" "-v" "/var/lib/crater-agent-workspace/builds/worker-1-tc2/target:/opt/rustwide/target:rw,Z" "-v" "/var/lib/crater-agent-workspace/builds/worker-1-tc2/source:/opt/rustwide/workdir:ro,Z" "-v" "/var/lib/crater-agent-workspace/cargo-home:/opt/rustwide/cargo-home:ro,Z" "-v" "/var/lib/crater-agent-workspace/rustup-home:/opt/rustwide/rustup-home:ro,Z" "-e" "SOURCE_DIR=/opt/rustwide/workdir" "-e" "CARGO_TARGET_DIR=/opt/rustwide/target" "-e" "CARGO_INCREMENTAL=0" "-e" "RUST_BACKTRACE=full" "-e" "RUSTFLAGS=--cap-lints=warn" "-e" "RUSTDOCFLAGS=--cap-lints=warn" "-e" "CARGO_HOME=/opt/rustwide/cargo-home" "-e" "RUSTUP_HOME=/opt/rustwide/rustup-home" "-w" "/opt/rustwide/workdir" "-m" "1610612736" "--user" "0:0" "--network" "none" "ghcr.io/rust-lang/crates-build-env/linux@sha256:f3a9d4ad9d972b27faf3965f35b62e55ba32bbce8f20bc8fe909558a86702fde" "/opt/rustwide/cargo-home/bin/cargo" "+beta-2024-12-08" "build" "--frozen" "--message-format=json", kill_on_drop: false }`
[INFO] [stdout] 5787e0368a13c1591963f06e6bf1336bbc821c221f58dbf159668feaa2d6d256
[INFO] running `Command { std: "docker" "start" "-a" "5787e0368a13c1591963f06e6bf1336bbc821c221f58dbf159668feaa2d6d256", kill_on_drop: false }`
[INFO] [stderr]    Compiling proc-macro2 v1.0.92
[INFO] [stderr]    Compiling unicode-ident v1.0.14
[INFO] [stderr]    Compiling crossbeam-utils v0.8.20
[INFO] [stderr]    Compiling autocfg v1.4.0
[INFO] [stderr]    Compiling cfg-if v1.0.0
[INFO] [stderr]    Compiling simd-adler32 v0.3.7
[INFO] [stderr]    Compiling rayon-core v1.12.1
[INFO] [stderr]    Compiling either v1.13.0
[INFO] [stderr]    Compiling adler2 v2.0.0
[INFO] [stderr]    Compiling anyhow v1.0.94
[INFO] [stderr]    Compiling paste v1.0.15
[INFO] [stderr]    Compiling memchr v2.7.4
[INFO] [stderr]    Compiling thiserror v1.0.69
[INFO] [stderr]    Compiling aligned-vec v0.5.0
[INFO] [stderr]    Compiling arrayvec v0.7.6
[INFO] [stderr]    Compiling built v0.7.5
[INFO] [stderr]    Compiling minimal-lexical v0.2.1
[INFO] [stderr]    Compiling libc v0.2.168
[INFO] [stderr]    Compiling crc32fast v1.4.2
[INFO] [stderr]    Compiling log v0.4.22
[INFO] [stderr]    Compiling miniz_oxide v0.8.0
[INFO] [stderr]    Compiling imgref v1.11.0
[INFO] [stderr]    Compiling bitstream-io v2.6.0
[INFO] [stderr]    Compiling itertools v0.12.1
[INFO] [stderr]    Compiling rav1e v0.7.1
[INFO] [stderr]    Compiling quick-error v2.0.1
[INFO] [stderr]    Compiling once_cell v1.20.2
[INFO] [stderr]    Compiling weezl v0.1.8
[INFO] [stderr]    Compiling noop_proc_macro v0.3.0
[INFO] [stderr]    Compiling new_debug_unreachable v1.0.6
[INFO] [stderr]    Compiling nom v7.1.3
[INFO] [stderr]    Compiling avif-serialize v0.8.2
[INFO] [stderr]    Compiling loop9 v0.1.5
[INFO] [stderr]    Compiling zune-inflate v0.2.54
[INFO] [stderr]    Compiling fdeflate v0.3.7
[INFO] [stderr]    Compiling num-traits v0.2.19
[INFO] [stderr]    Compiling crossbeam-epoch v0.9.18
[INFO] [stderr]    Compiling flate2 v1.0.35
[INFO] [stderr]    Compiling quote v1.0.37
[INFO] [stderr]    Compiling crossbeam-deque v0.8.5
[INFO] [stderr]    Compiling half v2.4.1
[INFO] [stderr]    Compiling jpeg-decoder v0.3.1
[INFO] [stderr]    Compiling bit_field v0.10.2
[INFO] [stderr]    Compiling syn v2.0.90
[INFO] [stderr]    Compiling bytemuck v1.20.0
[INFO] [stderr]    Compiling smallvec v1.13.2
[INFO] [stderr]    Compiling rgb v0.8.50
[INFO] [stderr]    Compiling bitflags v1.3.2
[INFO] [stderr]    Compiling zune-core v0.4.12
[INFO] [stderr]    Compiling lebe v0.5.2
[INFO] [stderr]    Compiling simd_helpers v0.1.0
[INFO] [stderr]    Compiling byteorder-lite v0.1.0
[INFO] [stderr]    Compiling color_quant v1.1.0
[INFO] [stderr]    Compiling qoi v0.4.1
[INFO] [stderr]    Compiling png v0.17.15
[INFO] [stderr]    Compiling zune-jpeg v0.4.14
[INFO] [stderr]    Compiling image-webp v0.2.0
[INFO] [stderr]    Compiling tiff v0.9.1
[INFO] [stderr]    Compiling gif v0.13.1
[INFO] [stderr]    Compiling rayon v1.10.0
[INFO] [stderr]    Compiling exr v1.73.0
[INFO] [stderr]    Compiling num-integer v0.1.46
[INFO] [stderr]    Compiling v_frame v0.3.8
[INFO] [stderr]    Compiling num-bigint v0.4.6
[INFO] [stderr]    Compiling num-rational v0.4.2
[INFO] [stderr]    Compiling av1-grain v0.2.3
[INFO] [stderr]    Compiling maybe-rayon v0.1.1
[INFO] [stderr]    Compiling profiling-procmacros v1.0.16
[INFO] [stderr]    Compiling thiserror-impl v1.0.69
[INFO] [stderr]    Compiling num-derive v0.4.2
[INFO] [stderr]    Compiling arg_enum_proc_macro v0.3.4
[INFO] [stderr]    Compiling profiling v1.0.16
[INFO] [stderr]    Compiling ravif v0.11.11
[INFO] [stderr]    Compiling image v0.25.5
[INFO] [stderr]    Compiling blockhash v1.0.0 (/opt/rustwide/workdir)
[INFO] [stderr]     Finished `dev` profile [unoptimized + debuginfo] target(s) in 35.49s
[INFO] running `Command { std: "docker" "inspect" "5787e0368a13c1591963f06e6bf1336bbc821c221f58dbf159668feaa2d6d256", kill_on_drop: false }`
[INFO] running `Command { std: "docker" "rm" "-f" "5787e0368a13c1591963f06e6bf1336bbc821c221f58dbf159668feaa2d6d256", kill_on_drop: false }`
[INFO] [stdout] 5787e0368a13c1591963f06e6bf1336bbc821c221f58dbf159668feaa2d6d256
[INFO] running `Command { std: "docker" "create" "-v" "/var/lib/crater-agent-workspace/builds/worker-1-tc2/target:/opt/rustwide/target:rw,Z" "-v" "/var/lib/crater-agent-workspace/builds/worker-1-tc2/source:/opt/rustwide/workdir:ro,Z" "-v" "/var/lib/crater-agent-workspace/cargo-home:/opt/rustwide/cargo-home:ro,Z" "-v" "/var/lib/crater-agent-workspace/rustup-home:/opt/rustwide/rustup-home:ro,Z" "-e" "SOURCE_DIR=/opt/rustwide/workdir" "-e" "CARGO_TARGET_DIR=/opt/rustwide/target" "-e" "CARGO_INCREMENTAL=0" "-e" "RUST_BACKTRACE=full" "-e" "RUSTFLAGS=--cap-lints=warn" "-e" "RUSTDOCFLAGS=--cap-lints=warn" "-e" "CARGO_HOME=/opt/rustwide/cargo-home" "-e" "RUSTUP_HOME=/opt/rustwide/rustup-home" "-w" "/opt/rustwide/workdir" "-m" "1610612736" "--user" "0:0" "--network" "none" "ghcr.io/rust-lang/crates-build-env/linux@sha256:f3a9d4ad9d972b27faf3965f35b62e55ba32bbce8f20bc8fe909558a86702fde" "/opt/rustwide/cargo-home/bin/cargo" "+beta-2024-12-08" "test" "--frozen" "--no-run" "--message-format=json", kill_on_drop: false }`
[INFO] [stdout] a1b606b703737bfbe13369103cde4a051b68fe6a49d17fa336b7d39fca5372f5
[INFO] running `Command { std: "docker" "start" "-a" "a1b606b703737bfbe13369103cde4a051b68fe6a49d17fa336b7d39fca5372f5", kill_on_drop: false }`
[INFO] [stderr]    Compiling blockhash v1.0.0 (/opt/rustwide/workdir)
[INFO] [stderr]     Finished `test` profile [unoptimized + debuginfo] target(s) in 5.08s
[INFO] running `Command { std: "docker" "inspect" "a1b606b703737bfbe13369103cde4a051b68fe6a49d17fa336b7d39fca5372f5", kill_on_drop: false }`
[INFO] running `Command { std: "docker" "rm" "-f" "a1b606b703737bfbe13369103cde4a051b68fe6a49d17fa336b7d39fca5372f5", kill_on_drop: false }`
[INFO] [stdout] a1b606b703737bfbe13369103cde4a051b68fe6a49d17fa336b7d39fca5372f5
[INFO] running `Command { std: "docker" "create" "-v" "/var/lib/crater-agent-workspace/builds/worker-1-tc2/target:/opt/rustwide/target:rw,Z" "-v" "/var/lib/crater-agent-workspace/builds/worker-1-tc2/source:/opt/rustwide/workdir:ro,Z" "-v" "/var/lib/crater-agent-workspace/cargo-home:/opt/rustwide/cargo-home:ro,Z" "-v" "/var/lib/crater-agent-workspace/rustup-home:/opt/rustwide/rustup-home:ro,Z" "-e" "SOURCE_DIR=/opt/rustwide/workdir" "-e" "CARGO_TARGET_DIR=/opt/rustwide/target" "-e" "CARGO_INCREMENTAL=0" "-e" "RUST_BACKTRACE=full" "-e" "RUSTFLAGS=--cap-lints=warn" "-e" "RUSTDOCFLAGS=--cap-lints=warn" "-e" "CARGO_HOME=/opt/rustwide/cargo-home" "-e" "RUSTUP_HOME=/opt/rustwide/rustup-home" "-w" "/opt/rustwide/workdir" "-m" "1610612736" "--user" "0:0" "--network" "none" "ghcr.io/rust-lang/crates-build-env/linux@sha256:f3a9d4ad9d972b27faf3965f35b62e55ba32bbce8f20bc8fe909558a86702fde" "/opt/rustwide/cargo-home/bin/cargo" "+beta-2024-12-08" "test" "--frozen", kill_on_drop: false }`
[INFO] [stdout] a90c136b524595e0417fe2073debcc241a57bdb6c63c2e02b746a5c383365514
[INFO] running `Command { std: "docker" "start" "-a" "a90c136b524595e0417fe2073debcc241a57bdb6c63c2e02b746a5c383365514", kill_on_drop: false }`
[INFO] [stderr]     Finished `test` profile [unoptimized + debuginfo] target(s) in 0.10s
[INFO] [stderr]      Running unittests src/lib.rs (/opt/rustwide/target/debug/deps/blockhash-f7542bedd90afcd8)
[INFO] [stdout] 
[INFO] [stdout] running 15 tests
[INFO] [stdout] test tests::example_16x16_rgb ... ok
[INFO] [stdout] test tests::example_26x17_rgb ... ok
[INFO] [stdout] test tests::example_4x1_rgb ... ok
[INFO] [stdout] test tests::example_3x20_rgb ... ok
[INFO] [stdout] test tests::example_1x1_rgb ... ok
[INFO] [stdout] test tests::example_35x2_rgb ... ok
[INFO] [stdout] test tests::example_4x4_rgb ... ok
[INFO] [stdout] test tests::example_5x2_rgb ... ok
[INFO] [stdout] test tests::example_5x5_rgb ... ok
[INFO] [stdout] test tests::example_241x159_ya ... ok
[INFO] [stdout] test tests::example_256x256_rgb ... ok
[INFO] [stdout] test tests::example_256x256_rgb16 ... ok
[INFO] [stdout] test tests::example_450x300_rgb ... ok
[INFO] [stdout] test tests::example_512x512_y ... ok
[INFO] [stdout] test tests::example_512x512_rgb ... ok
[INFO] [stdout] 
[INFO] [stdout] test result: ok. 15 passed; 0 failed; 0 ignored; 0 measured; 0 filtered out; finished in 0.39s
[INFO] [stdout] 
[INFO] [stderr]    Doc-tests blockhash
[INFO] [stdout] 
[INFO] [stdout] running 9 tests
[INFO] [stdout] test src/lib.rs - Blockhash64::distance (line 227) ... ok
[INFO] [stdout] test src/lib.rs - Blockhash16::distance (line 136) ... ok
[INFO] [stdout] test src/lib.rs - Blockhash256::distance (line 407) ... ok
[INFO] [stdout] test src/lib.rs - Blockhash144::distance (line 322) ... ok
[INFO] [stdout] test src/lib.rs - (line 10) ... FAILED
[INFO] [stdout] test src/lib.rs - blockhash256 (line 377) ... ok
[INFO] [stdout] test src/lib.rs - blockhash16 (line 109) ... ok
[INFO] [stdout] test src/lib.rs - blockhash144 (line 295) ... ok
[INFO] [stdout] test src/lib.rs - blockhash64 (line 200) ... ok
[INFO] [stdout] 
[INFO] [stdout] failures:
[INFO] [stdout] 
[INFO] [stdout] ---- src/lib.rs - (line 10) stdout ----
[INFO] [stdout] error: linking with `cc` failed: exit status: 1
[INFO] [stdout]   |
[INFO] [stdout]   = note: LC_ALL="C" PATH="/opt/rustwide/rustup-home/toolchains/beta-2024-12-08-x86_64-unknown-linux-gnu/lib/rustlib/x86_64-unknown-linux-gnu/bin:/opt/rustwide/cargo-home/bin:/usr/local/sbin:/usr/local/bin:/usr/sbin:/usr/bin:/sbin:/bin" VSLANG="1033" "cc" "-m64" "/tmp/rustcb2DD79/symbols.o" "/tmp/rustdoctesttPm97P/rust_out.rust_out.9242fac72db2cd11-cgu.0.rcgu.o" "/tmp/rustdoctesttPm97P/rust_out.2hl2tb9xdtge7mguxzn2q1kvi.rcgu.o" "-Wl,--as-needed" "-Wl,-Bstatic" "/opt/rustwide/target/debug/deps/libblockhash-f3fc27d8f50524ad.rlib" "/opt/rustwide/target/debug/deps/libimage-cb82aa9d3d5a5028.rlib" "/opt/rustwide/target/debug/deps/libimage_webp-97ad91811cb30fbf.rlib" "/opt/rustwide/target/debug/deps/libqoi-c43e02d58c7335ac.rlib" "/opt/rustwide/target/debug/deps/libpng-52d913a8ee028611.rlib" "/opt/rustwide/target/debug/deps/libbitflags-85e13ed1e0c6d910.rlib" "/opt/rustwide/target/debug/deps/libfdeflate-d0fda1e877d62fc0.rlib" "/opt/rustwide/target/debug/deps/libexr-3bdfad36867bbe5b.rlib" "/opt/rustwide/target/debug/deps/libzune_inflate-9a239074e85f25ab.rlib" "/opt/rustwide/target/debug/deps/libbit_field-da5cec2dbcd4d097.rlib" "/opt/rustwide/target/debug/deps/liblebe-19c2b1c381eaf7ca.rlib" "/opt/rustwide/target/debug/deps/libhalf-e8fa5947517d82bf.rlib" "/opt/rustwide/target/debug/deps/libsmallvec-cae3008cdb7d5db1.rlib" "/opt/rustwide/target/debug/deps/libzune_jpeg-45a66f7ac7a78db7.rlib" "/opt/rustwide/target/debug/deps/libzune_core-fb3013102e7a7afb.rlib" "/opt/rustwide/target/debug/deps/libgif-b14d00dcaab9ae01.rlib" "/opt/rustwide/target/debug/deps/libcolor_quant-da6050448bfc3046.rlib" "/opt/rustwide/target/debug/deps/libbyteorder_lite-a6646c9ac090b157.rlib" "/opt/rustwide/target/debug/deps/libravif-07e58b102784a3dc.rlib" "/opt/rustwide/target/debug/deps/libloop9-4d58825a954fee7a.rlib" "/opt/rustwide/target/debug/deps/libavif_serialize-33aff65444242906.rlib" "/opt/rustwide/target/debug/deps/libquick_error-b33ad11c27fc8285.rlib" "/opt/rustwide/target/debug/deps/librgb-9eaa9c4f2d7f3d7c.rlib" "/opt/rustwide/target/debug/deps/librav1e-b1e32301f3b437f1.rlib" "/opt/rustwide/target/debug/deps/libprofiling-d1bc01204d2b6a57.rlib" "/opt/rustwide/target/debug/deps/libav1_grain-905aedcff9853187.rlib" "/opt/rustwide/target/debug/deps/libnom-585f228d15538c77.rlib" "/opt/rustwide/target/debug/deps/libmemchr-d6cb21f6c03ed32f.rlib" "/opt/rustwide/target/debug/deps/libnum_rational-791e07b2565baedc.rlib" "/opt/rustwide/target/debug/deps/libnum_bigint-5acc3e39e359297a.rlib" "/opt/rustwide/target/debug/deps/libnum_integer-710f05265104a6b1.rlib" "/opt/rustwide/target/debug/deps/libanyhow-b6ac5cb3191c5e3f.rlib" "/opt/rustwide/target/debug/deps/libdebug_unreachable-aaccdf2e54977958.rlib" "/opt/rustwide/target/debug/deps/libmaybe_rayon-8d1d2da340fd3d39.rlib" "/opt/rustwide/target/debug/deps/librayon-3c9b21f51d44c67e.rlib" "/opt/rustwide/target/debug/deps/librayon_core-a86b3e2a6874aea0.rlib" "/opt/rustwide/target/debug/deps/libcrossbeam_deque-bd6df934c95fd429.rlib" "/opt/rustwide/target/debug/deps/libcrossbeam_epoch-94621803ecea6178.rlib" "/opt/rustwide/target/debug/deps/libcrossbeam_utils-0d72a2b2b371b2bb.rlib" "/opt/rustwide/target/debug/deps/libv_frame-f5cbd7bb1be02693.rlib" "/opt/rustwide/target/debug/deps/libaligned_vec-2a5f48632596903c.rlib" "/opt/rustwide/target/debug/deps/libarrayvec-fe341ede6395a398.rlib" "/opt/rustwide/target/debug/deps/libthiserror-8e37cab7bafc343c.rlib" "/opt/rustwide/target/debug/deps/libbitstream_io-17bb13386617e0b9.rlib" "/opt/rustwide/target/debug/deps/libitertools-a4d9787cca7942b1.rlib" "/opt/rustwide/target/debug/deps/libeither-715c6002fba7ac68.rlib" "/opt/rustwide/target/debug/deps/liblog-35c349e0e34201c2.rlib" "/opt/rustwide/target/debug/deps/libimgref-1eec90843f4bb59e.rlib" "/opt/rustwide/target/debug/deps/libbytemuck-600ef020b30fea75.rlib" "/opt/rustwide/target/debug/deps/libnum_traits-e864dc383707e437.rlib" "/opt/rustwide/target/debug/deps/libtiff-11d2714a835d3382.rlib" "/opt/rustwide/target/debug/deps/libflate2-ff62c8ac64a5c88b.rlib" "/opt/rustwide/target/debug/deps/libminiz_oxide-cb6241db09d1d66d.rlib" "/opt/rustwide/target/debug/deps/libsimd_adler32-4a3f6ae7a867fb6e.rlib" "/opt/rustwide/target/debug/deps/libcrc32fast-3e4e944995101d8a.rlib" "/opt/rustwide/target/debug/deps/libcfg_if-a3e7e701fcd1f47b.rlib" "/opt/rustwide/target/debug/deps/libweezl-d50931236dbebc2d.rlib" "/opt/rustwide/target/debug/deps/libjpeg_decoder-8b4f78e05ad8016b.rlib" "/opt/rustwide/rustup-home/toolchains/beta-2024-12-08-x86_64-unknown-linux-gnu/lib/rustlib/x86_64-unknown-linux-gnu/lib/libstd-02dc84f49135b6b8.rlib" "/opt/rustwide/rustup-home/toolchains/beta-2024-12-08-x86_64-unknown-linux-gnu/lib/rustlib/x86_64-unknown-linux-gnu/lib/libpanic_unwind-a8f45b397fae3f81.rlib" "/opt/rustwide/rustup-home/toolchains/beta-2024-12-08-x86_64-unknown-linux-gnu/lib/rustlib/x86_64-unknown-linux-gnu/lib/libobject-089607133c180609.rlib" "/opt/rustwide/rustup-home/toolchains/beta-2024-12-08-x86_64-unknown-linux-gnu/lib/rustlib/x86_64-unknown-linux-gnu/lib/libmemchr-fc89f091bcd86cbb.rlib" "/opt/rustwide/rustup-home/toolchains/beta-2024-12-08-x86_64-unknown-linux-gnu/lib/rustlib/x86_64-unknown-linux-gnu/lib/libaddr2line-5a60949f01c7340c.rlib" "/opt/rustwide/rustup-home/toolchains/beta-2024-12-08-x86_64-unknown-linux-gnu/lib/rustlib/x86_64-unknown-linux-gnu/lib/libgimli-d29e6a55ca253c8c.rlib" "/opt/rustwide/rustup-home/toolchains/beta-2024-12-08-x86_64-unknown-linux-gnu/lib/rustlib/x86_64-unknown-linux-gnu/lib/librustc_demangle-273c078d5f65de7a.rlib" "/opt/rustwide/rustup-home/toolchains/beta-2024-12-08-x86_64-unknown-linux-gnu/lib/rustlib/x86_64-unknown-linux-gnu/lib/libstd_detect-413c950ffbdd4454.rlib" "/opt/rustwide/rustup-home/toolchains/beta-2024-12-08-x86_64-unknown-linux-gnu/lib/rustlib/x86_64-unknown-linux-gnu/lib/libhashbrown-1853c0976a1d88a6.rlib" "/opt/rustwide/rustup-home/toolchains/beta-2024-12-08-x86_64-unknown-linux-gnu/lib/rustlib/x86_64-unknown-linux-gnu/lib/librustc_std_workspace_alloc-ccb3384ddacb0f9e.rlib" "/opt/rustwide/rustup-home/toolchains/beta-2024-12-08-x86_64-unknown-linux-gnu/lib/rustlib/x86_64-unknown-linux-gnu/lib/libminiz_oxide-0b901dfb0ca849e0.rlib" "/opt/rustwide/rustup-home/toolchains/beta-2024-12-08-x86_64-unknown-linux-gnu/lib/rustlib/x86_64-unknown-linux-gnu/lib/libadler-eebeb8d7c64543ad.rlib" "/opt/rustwide/rustup-home/toolchains/beta-2024-12-08-x86_64-unknown-linux-gnu/lib/rustlib/x86_64-unknown-linux-gnu/lib/libunwind-4723ef81d6079867.rlib" "/opt/rustwide/rustup-home/toolchains/beta-2024-12-08-x86_64-unknown-linux-gnu/lib/rustlib/x86_64-unknown-linux-gnu/lib/libcfg_if-54442f8b422f5a54.rlib" "/opt/rustwide/rustup-home/toolchains/beta-2024-12-08-x86_64-unknown-linux-gnu/lib/rustlib/x86_64-unknown-linux-gnu/lib/liblibc-e0bbe034b5282553.rlib" "/opt/rustwide/rustup-home/toolchains/beta-2024-12-08-x86_64-unknown-linux-gnu/lib/rustlib/x86_64-unknown-linux-gnu/lib/liballoc-d0febb68c1c37b90.rlib" "/opt/rustwide/rustup-home/toolchains/beta-2024-12-08-x86_64-unknown-linux-gnu/lib/rustlib/x86_64-unknown-linux-gnu/lib/librustc_std_workspace_core-4cf833632aafa84c.rlib" "/opt/rustwide/rustup-home/toolchains/beta-2024-12-08-x86_64-unknown-linux-gnu/lib/rustlib/x86_64-unknown-linux-gnu/lib/libcore-65c2c6d2d6ae570b.rlib" "/opt/rustwide/rustup-home/toolchains/beta-2024-12-08-x86_64-unknown-linux-gnu/lib/rustlib/x86_64-unknown-linux-gnu/lib/libcompiler_builtins-97929cee0dcfe424.rlib" "-Wl,-Bdynamic" "-lgcc_s" "-lutil" "-lrt" "-lpthread" "-lm" "-ldl" "-lc" "-Wl,--eh-frame-hdr" "-Wl,-z,noexecstack" "-L" "/opt/rustwide/rustup-home/toolchains/beta-2024-12-08-x86_64-unknown-linux-gnu/lib/rustlib/x86_64-unknown-linux-gnu/lib" "-o" "/tmp/rustdoctesttPm97P/rust_out" "-Wl,--gc-sections" "-pie" "-Wl,-z,relro,-z,now" "-nodefaultlibs"
[INFO] [stdout]   = note: collect2: fatal error: ld terminated with signal 9 [Killed]
[INFO] [stdout]           compilation terminated.
[INFO] [stdout]           
[INFO] [stdout] 
[INFO] [stdout] error: aborting due to 1 previous error
[INFO] [stdout] 
[INFO] [stdout] Couldn't compile the test.
[INFO] [stdout] 
[INFO] [stdout] failures:
[INFO] [stdout]     src/lib.rs - (line 10)
[INFO] [stdout] 
[INFO] [stdout] test result: FAILED. 8 passed; 1 failed; 0 ignored; 0 measured; 0 filtered out; finished in 10.23s
[INFO] [stdout] 
[INFO] [stderr] error: doctest failed, to rerun pass `--doc`
[INFO] running `Command { std: "docker" "inspect" "a90c136b524595e0417fe2073debcc241a57bdb6c63c2e02b746a5c383365514", kill_on_drop: false }`
[INFO] running `Command { std: "docker" "rm" "-f" "a90c136b524595e0417fe2073debcc241a57bdb6c63c2e02b746a5c383365514", kill_on_drop: false }`
[INFO] [stdout] a90c136b524595e0417fe2073debcc241a57bdb6c63c2e02b746a5c383365514
