[INFO] fetching crate blizzard-id 0.1.0...
[INFO] testing blizzard-id-0.1.0 against 1.83.0 for beta-1.84.0-4-retry
[INFO] extracting crate blizzard-id 0.1.0 into /workspace/builds/worker-2-tc1/source
[INFO] validating manifest of crates.io crate blizzard-id 0.1.0 on toolchain 1.83.0
[INFO] running `Command { std: CARGO_HOME="/workspace/cargo-home" RUSTUP_HOME="/workspace/rustup-home" "/workspace/cargo-home/bin/cargo" "+1.83.0" "metadata" "--manifest-path" "Cargo.toml" "--no-deps", kill_on_drop: false }`
[INFO] started tweaking crates.io crate blizzard-id 0.1.0
[INFO] finished tweaking crates.io crate blizzard-id 0.1.0
[INFO] tweaked toml for crates.io crate blizzard-id 0.1.0 written to /workspace/builds/worker-2-tc1/source/Cargo.toml
[INFO] running `Command { std: CARGO_HOME="/workspace/cargo-home" RUSTUP_HOME="/workspace/rustup-home" "/workspace/cargo-home/bin/cargo" "+1.83.0" "generate-lockfile" "--manifest-path" "Cargo.toml", kill_on_drop: false }`
[INFO] [stderr]     Updating crates.io index
[INFO] [stderr]      Locking 15 packages to latest compatible versions
[INFO] running `Command { std: CARGO_HOME="/workspace/cargo-home" RUSTUP_HOME="/workspace/rustup-home" "/workspace/cargo-home/bin/cargo" "+1.83.0" "fetch" "--manifest-path" "Cargo.toml", kill_on_drop: false }`
[INFO] running `Command { std: "docker" "create" "-v" "/var/lib/crater-agent-workspace/builds/worker-2-tc1/target:/opt/rustwide/target:rw,Z" "-v" "/var/lib/crater-agent-workspace/builds/worker-2-tc1/source:/opt/rustwide/workdir:ro,Z" "-v" "/var/lib/crater-agent-workspace/cargo-home:/opt/rustwide/cargo-home:ro,Z" "-v" "/var/lib/crater-agent-workspace/rustup-home:/opt/rustwide/rustup-home:ro,Z" "-e" "SOURCE_DIR=/opt/rustwide/workdir" "-e" "CARGO_TARGET_DIR=/opt/rustwide/target" "-e" "CARGO_HOME=/opt/rustwide/cargo-home" "-e" "RUSTUP_HOME=/opt/rustwide/rustup-home" "-w" "/opt/rustwide/workdir" "-m" "1610612736" "--user" "0:0" "--network" "none" "ghcr.io/rust-lang/crates-build-env/linux@sha256:f3a9d4ad9d972b27faf3965f35b62e55ba32bbce8f20bc8fe909558a86702fde" "/opt/rustwide/cargo-home/bin/cargo" "+1.83.0" "metadata" "--no-deps" "--format-version=1", kill_on_drop: false }`
[INFO] [stdout] 46872659bbdcaf4f1e94aa36e9605bcb666e892fa133dc238b33e27f30f24fa7
[INFO] running `Command { std: "docker" "start" "-a" "46872659bbdcaf4f1e94aa36e9605bcb666e892fa133dc238b33e27f30f24fa7", kill_on_drop: false }`
[INFO] running `Command { std: "docker" "inspect" "46872659bbdcaf4f1e94aa36e9605bcb666e892fa133dc238b33e27f30f24fa7", kill_on_drop: false }`
[INFO] running `Command { std: "docker" "rm" "-f" "46872659bbdcaf4f1e94aa36e9605bcb666e892fa133dc238b33e27f30f24fa7", kill_on_drop: false }`
[INFO] [stdout] 46872659bbdcaf4f1e94aa36e9605bcb666e892fa133dc238b33e27f30f24fa7
[INFO] running `Command { std: "docker" "create" "-v" "/var/lib/crater-agent-workspace/builds/worker-2-tc1/target:/opt/rustwide/target:rw,Z" "-v" "/var/lib/crater-agent-workspace/builds/worker-2-tc1/source:/opt/rustwide/workdir:ro,Z" "-v" "/var/lib/crater-agent-workspace/cargo-home:/opt/rustwide/cargo-home:ro,Z" "-v" "/var/lib/crater-agent-workspace/rustup-home:/opt/rustwide/rustup-home:ro,Z" "-e" "SOURCE_DIR=/opt/rustwide/workdir" "-e" "CARGO_TARGET_DIR=/opt/rustwide/target" "-e" "CARGO_INCREMENTAL=0" "-e" "RUST_BACKTRACE=full" "-e" "RUSTFLAGS=--cap-lints=warn" "-e" "RUSTDOCFLAGS=--cap-lints=warn" "-e" "CARGO_HOME=/opt/rustwide/cargo-home" "-e" "RUSTUP_HOME=/opt/rustwide/rustup-home" "-w" "/opt/rustwide/workdir" "-m" "1610612736" "--user" "0:0" "--network" "none" "ghcr.io/rust-lang/crates-build-env/linux@sha256:f3a9d4ad9d972b27faf3965f35b62e55ba32bbce8f20bc8fe909558a86702fde" "/opt/rustwide/cargo-home/bin/cargo" "+1.83.0" "build" "--frozen" "--message-format=json", kill_on_drop: false }`
[INFO] [stdout] ffbef8cb4fb375ea337ad20ce4be497b3256b46e423330d56bf333c2a3852ccd
[INFO] running `Command { std: "docker" "start" "-a" "ffbef8cb4fb375ea337ad20ce4be497b3256b46e423330d56bf333c2a3852ccd", kill_on_drop: false }`
[INFO] [stderr]    Compiling proc-macro2 v1.0.92
[INFO] [stderr]    Compiling unicode-ident v1.0.14
[INFO] [stderr]    Compiling libc v0.2.168
[INFO] [stderr]    Compiling cfg-if v1.0.0
[INFO] [stderr]    Compiling byteorder v1.5.0
[INFO] [stderr]    Compiling quote v1.0.37
[INFO] [stderr]    Compiling syn v2.0.90
[INFO] [stderr]    Compiling getrandom v0.2.15
[INFO] [stderr]    Compiling rand_core v0.6.4
[INFO] [stderr]    Compiling zerocopy-derive v0.7.35
[INFO] [stderr]    Compiling zerocopy v0.7.35
[INFO] [stderr]    Compiling ppv-lite86 v0.2.20
[INFO] [stderr]    Compiling rand_chacha v0.3.1
[INFO] [stderr]    Compiling rand v0.8.5
[INFO] [stderr]    Compiling blizzard-id v0.1.0 (/opt/rustwide/workdir)
[INFO] [stderr]     Finished `dev` profile [unoptimized + debuginfo] target(s) in 8.27s
[INFO] running `Command { std: "docker" "inspect" "ffbef8cb4fb375ea337ad20ce4be497b3256b46e423330d56bf333c2a3852ccd", kill_on_drop: false }`
[INFO] running `Command { std: "docker" "rm" "-f" "ffbef8cb4fb375ea337ad20ce4be497b3256b46e423330d56bf333c2a3852ccd", kill_on_drop: false }`
[INFO] [stdout] ffbef8cb4fb375ea337ad20ce4be497b3256b46e423330d56bf333c2a3852ccd
[INFO] running `Command { std: "docker" "create" "-v" "/var/lib/crater-agent-workspace/builds/worker-2-tc1/target:/opt/rustwide/target:rw,Z" "-v" "/var/lib/crater-agent-workspace/builds/worker-2-tc1/source:/opt/rustwide/workdir:ro,Z" "-v" "/var/lib/crater-agent-workspace/cargo-home:/opt/rustwide/cargo-home:ro,Z" "-v" "/var/lib/crater-agent-workspace/rustup-home:/opt/rustwide/rustup-home:ro,Z" "-e" "SOURCE_DIR=/opt/rustwide/workdir" "-e" "CARGO_TARGET_DIR=/opt/rustwide/target" "-e" "CARGO_INCREMENTAL=0" "-e" "RUST_BACKTRACE=full" "-e" "RUSTFLAGS=--cap-lints=warn" "-e" "RUSTDOCFLAGS=--cap-lints=warn" "-e" "CARGO_HOME=/opt/rustwide/cargo-home" "-e" "RUSTUP_HOME=/opt/rustwide/rustup-home" "-w" "/opt/rustwide/workdir" "-m" "1610612736" "--user" "0:0" "--network" "none" "ghcr.io/rust-lang/crates-build-env/linux@sha256:f3a9d4ad9d972b27faf3965f35b62e55ba32bbce8f20bc8fe909558a86702fde" "/opt/rustwide/cargo-home/bin/cargo" "+1.83.0" "test" "--frozen" "--no-run" "--message-format=json", kill_on_drop: false }`
[INFO] [stdout] 05141b10ae49e8cda6e3957626e7bc069ee507f5a774e4103df477c95d750a2a
[INFO] running `Command { std: "docker" "start" "-a" "05141b10ae49e8cda6e3957626e7bc069ee507f5a774e4103df477c95d750a2a", kill_on_drop: false }`
[INFO] [stderr]    Compiling blizzard-id v0.1.0 (/opt/rustwide/workdir)
[INFO] [stdout] warning: comparison is useless due to type limits
[INFO] [stdout]   --> src/lib.rs:14:17
[INFO] [stdout]    |
[INFO] [stdout] 14 |         assert!(id >= 0);
[INFO] [stdout]    |                 ^^^^^^^
[INFO] [stdout]    |
[INFO] [stdout]    = note: `#[warn(unused_comparisons)]` on by default
[INFO] [stdout] 
[INFO] [stdout] 
[INFO] [stderr]     Finished `test` profile [unoptimized + debuginfo] target(s) in 0.50s
[INFO] running `Command { std: "docker" "inspect" "05141b10ae49e8cda6e3957626e7bc069ee507f5a774e4103df477c95d750a2a", kill_on_drop: false }`
[INFO] running `Command { std: "docker" "rm" "-f" "05141b10ae49e8cda6e3957626e7bc069ee507f5a774e4103df477c95d750a2a", kill_on_drop: false }`
[INFO] [stdout] 05141b10ae49e8cda6e3957626e7bc069ee507f5a774e4103df477c95d750a2a
[INFO] running `Command { std: "docker" "create" "-v" "/var/lib/crater-agent-workspace/builds/worker-2-tc1/target:/opt/rustwide/target:rw,Z" "-v" "/var/lib/crater-agent-workspace/builds/worker-2-tc1/source:/opt/rustwide/workdir:ro,Z" "-v" "/var/lib/crater-agent-workspace/cargo-home:/opt/rustwide/cargo-home:ro,Z" "-v" "/var/lib/crater-agent-workspace/rustup-home:/opt/rustwide/rustup-home:ro,Z" "-e" "SOURCE_DIR=/opt/rustwide/workdir" "-e" "CARGO_TARGET_DIR=/opt/rustwide/target" "-e" "CARGO_INCREMENTAL=0" "-e" "RUST_BACKTRACE=full" "-e" "RUSTFLAGS=--cap-lints=warn" "-e" "RUSTDOCFLAGS=--cap-lints=warn" "-e" "CARGO_HOME=/opt/rustwide/cargo-home" "-e" "RUSTUP_HOME=/opt/rustwide/rustup-home" "-w" "/opt/rustwide/workdir" "-m" "1610612736" "--user" "0:0" "--network" "none" "ghcr.io/rust-lang/crates-build-env/linux@sha256:f3a9d4ad9d972b27faf3965f35b62e55ba32bbce8f20bc8fe909558a86702fde" "/opt/rustwide/cargo-home/bin/cargo" "+1.83.0" "test" "--frozen", kill_on_drop: false }`
[INFO] [stdout] a8bea0cb1179ec40c5d4149a8619af3153728753c2b63a9992f830732b385de9
[INFO] running `Command { std: "docker" "start" "-a" "a8bea0cb1179ec40c5d4149a8619af3153728753c2b63a9992f830732b385de9", kill_on_drop: false }`
[INFO] [stderr] warning: comparison is useless due to type limits
[INFO] [stderr]   --> src/lib.rs:14:17
[INFO] [stderr]    |
[INFO] [stderr] 14 |         assert!(id >= 0);
[INFO] [stderr]    |                 ^^^^^^^
[INFO] [stderr]    |
[INFO] [stderr]    = note: `#[warn(unused_comparisons)]` on by default
[INFO] [stderr] 
[INFO] [stderr] warning: `blizzard-id` (lib test) generated 1 warning
[INFO] [stderr]     Finished `test` profile [unoptimized + debuginfo] target(s) in 0.04s
[INFO] [stderr]      Running unittests src/lib.rs (/opt/rustwide/target/debug/deps/blizzard_id-f40c48b0f3ddc4e7)
[INFO] [stdout] 
[INFO] [stdout] running 1 test
[INFO] [stdout] test tests::test ... ok
[INFO] [stdout] 
[INFO] [stdout] test result: ok. 1 passed; 0 failed; 0 ignored; 0 measured; 0 filtered out; finished in 0.00s
[INFO] [stdout] 
[INFO] [stderr]    Doc-tests blizzard_id
[INFO] [stdout] 
[INFO] [stdout] running 2 tests
[INFO] [stdout] test src/lib.rs - Uid::new_numerical (line 34) ... FAILED
[INFO] [stdout] test src/lib.rs - Uid (line 23) ... FAILED
[INFO] [stdout] 
[INFO] [stdout] failures:
[INFO] [stdout] 
[INFO] [stdout] ---- src/lib.rs - Uid::new_numerical (line 34) stdout ----
[INFO] [stdout] error[E0433]: failed to resolve: use of undeclared crate or module `uid`
[INFO] [stdout]  --> src/lib.rs:35:10
[INFO] [stdout]   |
[INFO] [stdout] 3 | let id = uid::Uid::new_numerical(2);
[INFO] [stdout]   |          ^^^ use of undeclared crate or module `uid`
[INFO] [stdout]   |
[INFO] [stdout] help: consider importing this struct
[INFO] [stdout]   |
[INFO] [stdout] 2 + use blizzard_id::Uid;
[INFO] [stdout]   |
[INFO] [stdout] help: if you import `Uid`, refer to it directly
[INFO] [stdout]   |
[INFO] [stdout] 3 - let id = uid::Uid::new_numerical(2);
[INFO] [stdout] 3 + let id = Uid::new_numerical(2);
[INFO] [stdout]   |
[INFO] [stdout] 
[INFO] [stdout] error: aborting due to 1 previous error
[INFO] [stdout] 
[INFO] [stdout] For more information about this error, try `rustc --explain E0433`.
[INFO] [stdout] Couldn't compile the test.
[INFO] [stdout] ---- src/lib.rs - Uid (line 23) stdout ----
[INFO] [stdout] error[E0433]: failed to resolve: use of undeclared crate or module `uid`
[INFO] [stdout]  --> src/lib.rs:24:10
[INFO] [stdout]   |
[INFO] [stdout] 3 | let id = uid::Uid::new_numerical(1);
[INFO] [stdout]   |          ^^^ use of undeclared crate or module `uid`
[INFO] [stdout]   |
[INFO] [stdout] help: consider importing this struct
[INFO] [stdout]   |
[INFO] [stdout] 2 + use blizzard_id::Uid;
[INFO] [stdout]   |
[INFO] [stdout] help: if you import `Uid`, refer to it directly
[INFO] [stdout]   |
[INFO] [stdout] 3 - let id = uid::Uid::new_numerical(1);
[INFO] [stdout] 3 + let id = Uid::new_numerical(1);
[INFO] [stdout]   |
[INFO] [stdout] 
[INFO] [stdout] error: aborting due to 1 previous error
[INFO] [stdout] 
[INFO] [stdout] For more information about this error, try `rustc --explain E0433`.
[INFO] [stdout] Couldn't compile the test.
[INFO] [stdout] 
[INFO] [stdout] failures:
[INFO] [stdout]     src/lib.rs - Uid (line 23)
[INFO] [stdout]     src/lib.rs - Uid::new_numerical (line 34)
[INFO] [stdout] 
[INFO] [stdout] test result: FAILED. 0 passed; 2 failed; 0 ignored; 0 measured; 0 filtered out; finished in 0.10s
[INFO] [stdout] 
[INFO] [stderr] error: doctest failed, to rerun pass `--doc`
[INFO] running `Command { std: "docker" "inspect" "a8bea0cb1179ec40c5d4149a8619af3153728753c2b63a9992f830732b385de9", kill_on_drop: false }`
[INFO] running `Command { std: "docker" "rm" "-f" "a8bea0cb1179ec40c5d4149a8619af3153728753c2b63a9992f830732b385de9", kill_on_drop: false }`
[INFO] [stdout] a8bea0cb1179ec40c5d4149a8619af3153728753c2b63a9992f830732b385de9
