[INFO] fetching crate blart 0.3.0...
[INFO] testing blart-0.3.0 against beta-2024-12-08 for beta-1.84.0-4-retry
[INFO] extracting crate blart 0.3.0 into /workspace/builds/worker-2-tc2/source
[INFO] validating manifest of crates.io crate blart 0.3.0 on toolchain beta-2024-12-08
[INFO] running `Command { std: CARGO_HOME="/workspace/cargo-home" RUSTUP_HOME="/workspace/rustup-home" "/workspace/cargo-home/bin/cargo" "+beta-2024-12-08" "metadata" "--manifest-path" "Cargo.toml" "--no-deps", kill_on_drop: false }`
[INFO] removed /workspace/builds/worker-2-tc2/source/.cargo/config.toml
[INFO] started tweaking crates.io crate blart 0.3.0
[INFO] removed 0 missing examples
[INFO] removed 0 missing tests
[INFO] finished tweaking crates.io crate blart 0.3.0
[INFO] tweaked toml for crates.io crate blart 0.3.0 written to /workspace/builds/worker-2-tc2/source/Cargo.toml
[INFO] crate crates.io crate blart 0.3.0 already has a lockfile, it will not be regenerated
[INFO] running `Command { std: CARGO_HOME="/workspace/cargo-home" RUSTUP_HOME="/workspace/rustup-home" "/workspace/cargo-home/bin/cargo" "+beta-2024-12-08" "fetch" "--manifest-path" "Cargo.toml", kill_on_drop: false }`
[INFO] running `Command { std: "docker" "create" "-v" "/var/lib/crater-agent-workspace/builds/worker-2-tc2/target:/opt/rustwide/target:rw,Z" "-v" "/var/lib/crater-agent-workspace/builds/worker-2-tc2/source:/opt/rustwide/workdir:ro,Z" "-v" "/var/lib/crater-agent-workspace/cargo-home:/opt/rustwide/cargo-home:ro,Z" "-v" "/var/lib/crater-agent-workspace/rustup-home:/opt/rustwide/rustup-home:ro,Z" "-e" "SOURCE_DIR=/opt/rustwide/workdir" "-e" "CARGO_TARGET_DIR=/opt/rustwide/target" "-e" "CARGO_HOME=/opt/rustwide/cargo-home" "-e" "RUSTUP_HOME=/opt/rustwide/rustup-home" "-w" "/opt/rustwide/workdir" "-m" "1610612736" "--user" "0:0" "--network" "none" "ghcr.io/rust-lang/crates-build-env/linux@sha256:f3a9d4ad9d972b27faf3965f35b62e55ba32bbce8f20bc8fe909558a86702fde" "/opt/rustwide/cargo-home/bin/cargo" "+beta-2024-12-08" "metadata" "--no-deps" "--format-version=1", kill_on_drop: false }`
[INFO] [stdout] 9ecc59502cf5d45a40aa2f874612eee7276a52a11319aa3808529daa890e0e46
[INFO] running `Command { std: "docker" "start" "-a" "9ecc59502cf5d45a40aa2f874612eee7276a52a11319aa3808529daa890e0e46", kill_on_drop: false }`
[INFO] running `Command { std: "docker" "inspect" "9ecc59502cf5d45a40aa2f874612eee7276a52a11319aa3808529daa890e0e46", kill_on_drop: false }`
[INFO] running `Command { std: "docker" "rm" "-f" "9ecc59502cf5d45a40aa2f874612eee7276a52a11319aa3808529daa890e0e46", kill_on_drop: false }`
[INFO] [stdout] 9ecc59502cf5d45a40aa2f874612eee7276a52a11319aa3808529daa890e0e46
[INFO] running `Command { std: "docker" "create" "-v" "/var/lib/crater-agent-workspace/builds/worker-2-tc2/target:/opt/rustwide/target:rw,Z" "-v" "/var/lib/crater-agent-workspace/builds/worker-2-tc2/source:/opt/rustwide/workdir:ro,Z" "-v" "/var/lib/crater-agent-workspace/cargo-home:/opt/rustwide/cargo-home:ro,Z" "-v" "/var/lib/crater-agent-workspace/rustup-home:/opt/rustwide/rustup-home:ro,Z" "-e" "SOURCE_DIR=/opt/rustwide/workdir" "-e" "CARGO_TARGET_DIR=/opt/rustwide/target" "-e" "CARGO_INCREMENTAL=0" "-e" "RUST_BACKTRACE=full" "-e" "RUSTFLAGS=--cap-lints=warn" "-e" "RUSTDOCFLAGS=--cap-lints=warn" "-e" "CARGO_HOME=/opt/rustwide/cargo-home" "-e" "RUSTUP_HOME=/opt/rustwide/rustup-home" "-w" "/opt/rustwide/workdir" "-m" "1610612736" "--user" "0:0" "--network" "none" "ghcr.io/rust-lang/crates-build-env/linux@sha256:f3a9d4ad9d972b27faf3965f35b62e55ba32bbce8f20bc8fe909558a86702fde" "/opt/rustwide/cargo-home/bin/cargo" "+beta-2024-12-08" "build" "--frozen" "--message-format=json", kill_on_drop: false }`
[INFO] [stdout] 1978596d1cda7d9f1cdda14ce61f7ca9f1dc9ac7c61bc3dd02763d9e9dddce01
[INFO] running `Command { std: "docker" "start" "-a" "1978596d1cda7d9f1cdda14ce61f7ca9f1dc9ac7c61bc3dd02763d9e9dddce01", kill_on_drop: false }`
[INFO] [stderr]    Compiling paste v1.0.15
[INFO] [stderr]    Compiling sptr v0.3.2
[INFO] [stderr]    Compiling bytemuck v1.16.3
[INFO] [stderr]    Compiling blart v0.3.0 (/opt/rustwide/workdir)
[INFO] [stdout] warning: unused import: `sptr::Strict`
[INFO] [stdout]   --> src/tagged_pointer.rs:14:5
[INFO] [stdout]    |
[INFO] [stdout] 14 | use sptr::Strict;
[INFO] [stdout]    |     ^^^^^^^^^^^^
[INFO] [stdout]    |
[INFO] [stdout]    = note: `#[warn(unused_imports)]` on by default
[INFO] [stdout] 
[INFO] [stdout] 
[INFO] [stderr]     Finished `dev` profile [unoptimized + debuginfo] target(s) in 3.26s
[INFO] running `Command { std: "docker" "inspect" "1978596d1cda7d9f1cdda14ce61f7ca9f1dc9ac7c61bc3dd02763d9e9dddce01", kill_on_drop: false }`
[INFO] running `Command { std: "docker" "rm" "-f" "1978596d1cda7d9f1cdda14ce61f7ca9f1dc9ac7c61bc3dd02763d9e9dddce01", kill_on_drop: false }`
[INFO] [stdout] 1978596d1cda7d9f1cdda14ce61f7ca9f1dc9ac7c61bc3dd02763d9e9dddce01
[INFO] running `Command { std: "docker" "create" "-v" "/var/lib/crater-agent-workspace/builds/worker-2-tc2/target:/opt/rustwide/target:rw,Z" "-v" "/var/lib/crater-agent-workspace/builds/worker-2-tc2/source:/opt/rustwide/workdir:ro,Z" "-v" "/var/lib/crater-agent-workspace/cargo-home:/opt/rustwide/cargo-home:ro,Z" "-v" "/var/lib/crater-agent-workspace/rustup-home:/opt/rustwide/rustup-home:ro,Z" "-e" "SOURCE_DIR=/opt/rustwide/workdir" "-e" "CARGO_TARGET_DIR=/opt/rustwide/target" "-e" "CARGO_INCREMENTAL=0" "-e" "RUST_BACKTRACE=full" "-e" "RUSTFLAGS=--cap-lints=warn" "-e" "RUSTDOCFLAGS=--cap-lints=warn" "-e" "CARGO_HOME=/opt/rustwide/cargo-home" "-e" "RUSTUP_HOME=/opt/rustwide/rustup-home" "-w" "/opt/rustwide/workdir" "-m" "1610612736" "--user" "0:0" "--network" "none" "ghcr.io/rust-lang/crates-build-env/linux@sha256:f3a9d4ad9d972b27faf3965f35b62e55ba32bbce8f20bc8fe909558a86702fde" "/opt/rustwide/cargo-home/bin/cargo" "+beta-2024-12-08" "test" "--frozen" "--no-run" "--message-format=json", kill_on_drop: false }`
[INFO] [stdout] 1dd2a1fb1f20c88a7cad172cfe68546ab3d15350188d37d6dd1d5da203e65704
[INFO] running `Command { std: "docker" "start" "-a" "1dd2a1fb1f20c88a7cad172cfe68546ab3d15350188d37d6dd1d5da203e65704", kill_on_drop: false }`
[INFO] [stderr]    Compiling proc-macro2 v1.0.86
[INFO] [stderr]    Compiling unicode-ident v1.0.12
[INFO] [stderr]    Compiling libc v0.2.155
[INFO] [stderr]    Compiling serde v1.0.207
[INFO] [stderr]    Compiling autocfg v1.3.0
[INFO] [stderr]    Compiling serde_json v1.0.124
[INFO] [stderr]    Compiling crossbeam-utils v0.8.20
[INFO] [stderr]    Compiling itoa v1.0.11
[INFO] [stderr]    Compiling byteorder v1.5.0
[INFO] [stderr]    Compiling parking_lot_core v0.9.10
[INFO] [stderr]    Compiling rayon-core v1.12.1
[INFO] [stderr]    Compiling cc v1.1.10
[INFO] [stderr]    Compiling either v1.13.0
[INFO] [stderr]    Compiling half v2.4.1
[INFO] [stderr]    Compiling regex-syntax v0.8.4
[INFO] [stderr]    Compiling plotters-backend v0.3.6
[INFO] [stderr]    Compiling ciborium-io v0.2.2
[INFO] [stderr]    Compiling adler v1.0.2
[INFO] [stderr]    Compiling anstyle v1.0.8
[INFO] [stderr]    Compiling iai-callgrind-runner v0.13.4
[INFO] [stderr]    Compiling clap_lex v0.7.2
[INFO] [stderr]    Compiling gimli v0.29.0
[INFO] [stderr]    Compiling smallvec v1.13.2
[INFO] [stderr]    Compiling miniz_oxide v0.7.4
[INFO] [stderr]    Compiling itertools v0.10.5
[INFO] [stderr]    Compiling object v0.36.3
[INFO] [stderr]    Compiling iai-callgrind v0.13.4
[INFO] [stderr]    Compiling lock_api v0.4.12
[INFO] [stderr]    Compiling num-traits v0.2.19
[INFO] [stderr]    Compiling plotters-svg v0.3.6
[INFO] [stderr]    Compiling regex-automata v0.4.7
[INFO] [stderr]    Compiling clap_builder v4.5.15
[INFO] [stderr]    Compiling ciborium-ll v0.2.2
[INFO] [stderr]    Compiling same-file v1.0.6
[INFO] [stderr]    Compiling cast v0.3.0
[INFO] [stderr]    Compiling walkdir v2.5.0
[INFO] [stderr]    Compiling once_cell v1.19.0
[INFO] [stderr]    Compiling thousands v0.2.0
[INFO] [stderr]    Compiling quote v1.0.36
[INFO] [stderr]    Compiling crossbeam-epoch v0.9.18
[INFO] [stderr]    Compiling syn v2.0.74
[INFO] [stderr]    Compiling getrandom v0.2.15
[INFO] [stderr]    Compiling is-terminal v0.4.12
[INFO] [stderr]    Compiling oorandom v11.1.4
[INFO] [stderr]    Compiling mintex v0.1.3
[INFO] [stderr]    Compiling proc-macro-error-attr2 v2.0.0
[INFO] [stderr]    Compiling crossbeam-deque v0.8.5
[INFO] [stderr]    Compiling anes v0.1.6
[INFO] [stdout] warning: unused import: `sptr::Strict`
[INFO] [stdout]   --> src/tagged_pointer.rs:14:5
[INFO] [stdout]    |
[INFO] [stdout] 14 | use sptr::Strict;
[INFO] [stdout]    |     ^^^^^^^^^^^^
[INFO] [stdout]    |
[INFO] [stdout]    = note: `#[warn(unused_imports)]` on by default
[INFO] [stdout] 
[INFO] [stdout] 
[INFO] [stderr]    Compiling rand_core v0.6.4
[INFO] [stderr]    Compiling parking_lot v0.12.3
[INFO] [stderr]    Compiling criterion-plot v0.5.0
[INFO] [stderr]    Compiling backtrace v0.3.73
[INFO] [stderr]    Compiling plotters v0.3.6
[INFO] [stderr]    Compiling rayon v1.10.0
[INFO] [stderr]    Compiling regex v1.10.6
[INFO] [stderr]    Compiling addr2line v0.22.0
[INFO] [stderr]    Compiling clap v4.5.15
[INFO] [stderr]    Compiling proc-macro-error2 v2.0.1
[INFO] [stderr]    Compiling serde_derive v1.0.207
[INFO] [stderr]    Compiling zerocopy-derive v0.7.35
[INFO] [stderr]    Compiling derive_more v0.99.18
[INFO] [stderr]    Compiling zerocopy v0.7.35
[INFO] [stderr]    Compiling ppv-lite86 v0.2.20
[INFO] [stderr]    Compiling rand_chacha v0.3.1
[INFO] [stderr]    Compiling rand v0.8.5
[INFO] [stderr]    Compiling zipf v7.0.1
[INFO] [stderr]    Compiling ciborium v0.2.2
[INFO] [stderr]    Compiling argh_shared v0.1.12
[INFO] [stderr]    Compiling bincode v1.3.3
[INFO] [stderr]    Compiling argh_derive v0.1.12
[INFO] [stderr]    Compiling tinytemplate v1.2.1
[INFO] [stderr]    Compiling dhat v0.3.3
[INFO] [stderr]    Compiling criterion v0.5.1
[INFO] [stderr]    Compiling iai-callgrind-macros v0.4.1
[INFO] [stderr]    Compiling argh v0.1.12
[INFO] [stderr]    Compiling blart v0.3.0 (/opt/rustwide/workdir)
[INFO] [stdout] warning: unused import: `sptr::Strict`
[INFO] [stdout]   --> src/tagged_pointer.rs:14:5
[INFO] [stdout]    |
[INFO] [stdout] 14 | use sptr::Strict;
[INFO] [stdout]    |     ^^^^^^^^^^^^
[INFO] [stdout]    |
[INFO] [stdout]    = note: `#[warn(unused_imports)]` on by default
[INFO] [stdout] 
[INFO] [stdout] 
[INFO] [stdout] warning: unused import: `sptr::Strict`
[INFO] [stdout]     --> src/nodes/representation.rs:1239:9
[INFO] [stdout]      |
[INFO] [stdout] 1239 |     use sptr::Strict;
[INFO] [stdout]      |         ^^^^^^^^^^^^
[INFO] [stdout] 
[INFO] [stdout] 
[INFO] [stderr]     Finished `test` profile [unoptimized + debuginfo] target(s) in 38.55s
[INFO] running `Command { std: "docker" "inspect" "1dd2a1fb1f20c88a7cad172cfe68546ab3d15350188d37d6dd1d5da203e65704", kill_on_drop: false }`
[INFO] running `Command { std: "docker" "rm" "-f" "1dd2a1fb1f20c88a7cad172cfe68546ab3d15350188d37d6dd1d5da203e65704", kill_on_drop: false }`
[INFO] [stdout] 1dd2a1fb1f20c88a7cad172cfe68546ab3d15350188d37d6dd1d5da203e65704
[INFO] running `Command { std: "docker" "create" "-v" "/var/lib/crater-agent-workspace/builds/worker-2-tc2/target:/opt/rustwide/target:rw,Z" "-v" "/var/lib/crater-agent-workspace/builds/worker-2-tc2/source:/opt/rustwide/workdir:ro,Z" "-v" "/var/lib/crater-agent-workspace/cargo-home:/opt/rustwide/cargo-home:ro,Z" "-v" "/var/lib/crater-agent-workspace/rustup-home:/opt/rustwide/rustup-home:ro,Z" "-e" "SOURCE_DIR=/opt/rustwide/workdir" "-e" "CARGO_TARGET_DIR=/opt/rustwide/target" "-e" "CARGO_INCREMENTAL=0" "-e" "RUST_BACKTRACE=full" "-e" "RUSTFLAGS=--cap-lints=warn" "-e" "RUSTDOCFLAGS=--cap-lints=warn" "-e" "CARGO_HOME=/opt/rustwide/cargo-home" "-e" "RUSTUP_HOME=/opt/rustwide/rustup-home" "-w" "/opt/rustwide/workdir" "-m" "1610612736" "--user" "0:0" "--network" "none" "ghcr.io/rust-lang/crates-build-env/linux@sha256:f3a9d4ad9d972b27faf3965f35b62e55ba32bbce8f20bc8fe909558a86702fde" "/opt/rustwide/cargo-home/bin/cargo" "+beta-2024-12-08" "test" "--frozen", kill_on_drop: false }`
[INFO] [stdout] f2b1771613752d17c49024f138ba7d03232f687afe478e033f24c5395b1605c8
[INFO] running `Command { std: "docker" "start" "-a" "f2b1771613752d17c49024f138ba7d03232f687afe478e033f24c5395b1605c8", kill_on_drop: false }`
[INFO] [stderr] warning: unused import: `sptr::Strict`
[INFO] [stderr]   --> src/tagged_pointer.rs:14:5
[INFO] [stderr]    |
[INFO] [stderr] 14 | use sptr::Strict;
[INFO] [stderr]    |     ^^^^^^^^^^^^
[INFO] [stderr]    |
[INFO] [stderr]    = note: `#[warn(unused_imports)]` on by default
[INFO] [stderr] 
[INFO] [stderr] warning: `blart` (lib) generated 1 warning
[INFO] [stderr] warning: unused import: `sptr::Strict`
[INFO] [stderr]     --> src/nodes/representation.rs:1239:9
[INFO] [stderr]      |
[INFO] [stderr] 1239 |     use sptr::Strict;
[INFO] [stderr]      |         ^^^^^^^^^^^^
[INFO] [stderr] 
[INFO] [stderr] warning: `blart` (lib test) generated 2 warnings (1 duplicate)
[INFO] [stderr]     Finished `test` profile [unoptimized + debuginfo] target(s) in 0.12s
[INFO] [stderr]      Running unittests src/lib.rs (/opt/rustwide/target/debug/deps/blart-61bb919867fd2c07)
[INFO] [stdout] 
[INFO] [stdout] running 196 tests
[INFO] [stdout] test bytes::mapped::tests::test_ordered_nonzero_ui64 ... ok
[INFO] [stdout] test bytes::mapped::tests::test_ordered_ui64 ... ok
[INFO] [stdout] test bytes::mapped::tests::test_ordered_nonzero_ui16 ... ok
[INFO] [stdout] test bytes::mapped::tests::test_ordered_ui128 ... ok
[INFO] [stdout] test bytes::mapped::tests::test_ordered_ip_types ... ok
[INFO] [stdout] test bytes::mapped::tests::copy_tuple_as_bytes ... ok
[INFO] [stdout] test bytes::mapped::tests::test_ordered_ui64_array ... ok
[INFO] [stdout] test bytes::mapped::tests::concat_array_of_signed_integers_ord ... ok
[INFO] [stdout] test bytes::mapped::tests::concat_tuple_ord_matches_tuple_ord ... ok
[INFO] [stdout] test bytes::mapped::tests::test_ordered_ui16 ... ok
[INFO] [stdout] test bytes::mapped::tests::test_ordered_ui16_array ... ok
[INFO] [stdout] test bytes::mapped::tests::test_ordered_nonzero_ui8 ... ok
[INFO] [stdout] test bytes::mapped::tests::test_ordered_ui32_array ... ok
[INFO] [stdout] test bytes::mapped::tests::test_ordered_ui32 ... ok
[INFO] [stdout] test bytes::mapped::tests::test_ordered_ui8 ... ok
[INFO] [stdout] test bytes::mapped::tests::test_ordered_nonzero_uisize ... ok
[INFO] [stdout] test bytes::mapped::tests::test_ordered_nonzero_ui32 ... ok
[INFO] [stdout] test bytes::mapped::tests::test_ordered_nonzero_ui128 ... ok
[INFO] [stdout] test bytes::mapped::tests::test_ordered_ui128_array ... ok
[INFO] [stdout] test bytes::mapped::tests::test_ordered_ui8_array ... ok
[INFO] [stdout] test bytes::mapped::tests::test_ordered_uisize_array ... ok
[INFO] [stdout] test bytes::tests::various_numeric_types_as_bytes ... ok
[INFO] [stdout] test bytes::tests::various_string_types_as_bytes ... ok
[INFO] [stdout] test collections::map::entry::tests::iterators_are_send_sync ... ok
[INFO] [stdout] test collections::map::entry::tests::key ... ok
[INFO] [stdout] test collections::map::entry::tests::or ... ok
[INFO] [stdout] test collections::map::entry_ref::tests::insert_entry ... ok
[INFO] [stdout] test collections::map::entry_ref::tests::iterators_are_send_sync ... ok
[INFO] [stdout] test collections::map::iterators::into_iter::tests::empty_tree_empty_iterator ... ok
[INFO] [stdout] test collections::map::entry::tests::remove_entry ... ok
[INFO] [stdout] test collections::map::entry_ref::tests::or ... ok
[INFO] [stdout] test bytes::mapped::tests::test_ordered_uisize ... ok
[INFO] [stdout] test bytes::tests::various_wrapper_types_as_bytes ... ok
[INFO] [stdout] test collections::map::iterators::into_iter::tests::into_keys_will_deallocate_unconsumed_iter_values ... ok
[INFO] [stdout] test collections::map::iterators::into_iter::tests::into_values_will_deallocate_unconsumed_iter_values ... ok
[INFO] [stdout] test collections::map::iterators::into_iter::tests::iterators_are_send_sync ... ok
[INFO] [stdout] test collections::map::iterators::iterator::tests::iterators_are_send_sync ... ok
[INFO] [stdout] test collections::map::entry_ref::tests::remove_entry ... ok
[INFO] [stdout] test collections::map::entry_ref::tests::key ... ok
[INFO] [stdout] test collections::map::iterators::iterator::tests::small_tree_iterator_front_and_back ... ok
[INFO] [stdout] test collections::map::iterators::prefix::tests::empty_prefix_returns_all_entries ... ok
[INFO] [stdout] test collections::map::iterators::prefix::tests::empty_tree_returns_no_entries ... ok
[INFO] [stdout] test collections::map::iterators::iterator::tests::large_fixed_length_key_iterator_front_back ... ok
[INFO] [stdout] test collections::map::entry::tests::and_modify ... ok
[INFO] [stdout] test collections::map::iterators::into_iter::tests::into_iter_will_deallocate_unconsumed_iter_values ... ok
[INFO] [stdout] test collections::map::entry::tests::insert_entry ... ok
[INFO] [stdout] test collections::map::iterators::prefix::tests::iterators_are_send_sync ... ok
[INFO] [stdout] test collections::map::iterators::fuzzy::tests::fuzzy ... ok
[INFO] [stdout] test collections::map::iterators::prefix::tests::non_existent_prefix_returns_no_entries ... ok
[INFO] [stdout] test collections::map::iterators::prefix::tests::prefix ... ok
[INFO] [stdout] test collections::map::iterators::range::tests::empty_tree_empty_iterator ... ok
[INFO] [stdout] test collections::map::entry_ref::tests::and_modify ... ok
[INFO] [stdout] test collections::map::iterators::range::tests::excluded_excluded_empty_range_should_be_empty ... ok
[INFO] [stdout] test collections::map::iterators::range::tests::range_prefix_mismatch_or_insufficient_bytes_lower_bounds ... ok
[INFO] [stdout] test collections::map::iterators::range::tests::range_prefix_mismatch_or_insufficient_bytes_upper_bounds ... ok
[INFO] [stdout] test collections::map::iterators::range::tests::included_included_range_on_middle ... ok
[INFO] [stdout] test collections::map::iterators::range::tests::iterators_are_send_sync ... ok
[INFO] [stdout] test collections::map::iterators::range::tests::lookup_on_tree_with_implicit_prefix_bytes ... ok
[INFO] [stdout] test collections::map::iterators::range::tests::range_iteration_normal_tree ... ok
[INFO] [stdout] test collections::map::iterators::range::tests::range_iteration_on_key_prefix ... ok
[INFO] [stdout] test collections::map::iterators::range::tests::range_mut_mutate_some_keys ... ok
[INFO] [stdout] test collections::map::iterators::prefix::tests::singleton_tree_wrong_key_returns_no_entries ... ok
[INFO] [stdout] test collections::map::tests::tree_hash_equals ... ok
[INFO] [stdout] test collections::map::tests::tree_into_iterator_removes_values_before_drop ... ok
[INFO] [stdout] test collections::map::tests::tree_map_create_empty ... ok
[INFO] [stdout] test collections::map::iterators::fuzzy::tests::iterators_are_send_sync ... ok
[INFO] [stdout] test collections::map::tests::mutating_operations_modify_len ... ok
[INFO] [stdout] test collections::map::tests::tree_map_get_non_existent_entry_different_keys_types ... ok
[INFO] [stdout] test collections::map::tests::map_is_send_sync ... ok
[INFO] [stdout] test nodes::operations::clone::tests::clone_empty_tree ... ok
[INFO] [stdout] test collections::map::tests::tree_map_iterators ... ok
[INFO] [stdout] test nodes::operations::clone::tests::clone_singleton_tree ... ok
[INFO] [stdout] test nodes::operations::delete::tests::delete_maximum_entire_small_tree ... ok
[INFO] [stdout] test nodes::operations::delete::tests::delete_minimum_entire_small_tree ... ok
[INFO] [stdout] test nodes::operations::clone::tests::clone_tree_with_prefixes ... ok
[INFO] [stdout] test nodes::operations::delete::tests::delete_maximum_singleton_tree ... ok
[INFO] [stdout] test nodes::operations::delete::tests::delete_minimum_singleton_tree ... ok
[INFO] [stdout] test nodes::operations::delete::tests::delete_one_entry_n16_remains ... ok
[INFO] [stdout] test nodes::operations::delete::tests::delete_singleton_tree_leaf ... ok
[INFO] [stdout] test nodes::operations::delete::tests::delete_on_tree_with_implicit_prefix_bytes ... ok
[INFO] [stdout] test nodes::operations::insert::tests::insert_fails_existing_key_prefixed ... ok
[INFO] [stdout] test nodes::operations::delete::tests::delete_one_entry_n48_shrinks ... ok
[INFO] [stdout] test nodes::operations::insert::tests::insert_fails_new_key_prefix_of_existing_entry ... ok
[INFO] [stdout] test nodes::operations::insert::tests::insert_existing_key_overwrite ... ok
[INFO] [stdout] test collections::map::tests::regression_29a4f553e0689f886010df5a425384b757d612ed ... ok
[INFO] [stdout] test collections::map::tests::tree_check_eq_with_reflexive ... ok
[INFO] [stdout] test collections::map::tests::tree_map_insert_get_modify_remove_len ... ok
[INFO] [stdout] test nodes::operations::delete::tests::delete_entire_small_tree ... ok
[INFO] [stdout] test nodes::operations::delete::tests::delete_one_entry_n256_shrinks ... ok
[INFO] [stdout] test nodes::operations::insert::tests::insert_key_with_long_prefix_then_split ... ok
[INFO] [stdout] test nodes::operations::insert::tests::insert_prefix_key_errors ... ok
[INFO] [stdout] test nodes::operations::insert::tests::insert_split_prefix_at_implicit_byte ... ok
[INFO] [stdout] test nodes::operations::insert::tests::insert_to_small_trees ... ok
[INFO] [stdout] test nodes::operations::lookup::tests::lookup_on_leaf ... ok
[INFO] [stdout] test nodes::operations::lookup::tests::lookup_on_n256_n4_layer_tree ... ok
[INFO] [stdout] test nodes::operations::lookup::tests::lookup_on_n48_n4_layer_tree ... ok
[INFO] [stdout] test nodes::operations::lookup::tests::lookup_on_n16_n4_layer_tree ... ok
[INFO] [stdout] test nodes::operations::lookup::tests::lookup_on_n4_n4_layer_tree ... ok
[INFO] [stdout] test nodes::operations::lookup::tests::lookup_on_node16 ... ok
[INFO] [stdout] test nodes::operations::lookup::tests::lookup_on_full_node4 ... ok
[INFO] [stdout] test nodes::operations::lookup::tests::lookup_on_node256 ... ok
[INFO] [stdout] test nodes::operations::lookup::tests::lookup_on_node48 ... ok
[INFO] [stdout] test nodes::operations::lookup::tests::lookup_on_non_copy_leaf ... ok
[INFO] [stdout] test collections::map::tests::tree_check_compare_with_reflexive ... ok
[INFO] [stdout] test nodes::operations::lookup::tests::lookup_on_tree_with_implicit_prefix_bytes ... ok
[INFO] [stdout] test nodes::operations::minmax::tests::leaf_tree_min_max_same ... ok
[INFO] [stdout] test nodes::operations::minmax::tests::skewed_tree_min_max ... ok
[INFO] [stdout] test nodes::representation::header::tests::header_delete_prefix ... ok
[INFO] [stdout] test nodes::operations::minmax::tests::large_tree_same_length_keys_min_max ... ok
[INFO] [stdout] test nodes::representation::inner_node_256::tests::iterate ... ok
[INFO] [stdout] test nodes::representation::inner_node_256::tests::iterate_rev ... ok
[INFO] [stdout] test nodes::representation::inner_node_256::tests::lookup ... ok
[INFO] [stdout] test nodes::representation::inner_node_256::tests::range_iterate ... ok
[INFO] [stdout] test nodes::operations::insert::tests::insert_prefix_key_with_existing_prefix_errors ... ok
[INFO] [stdout] test nodes::representation::inner_node_256::tests::remove_child ... ok
[INFO] [stdout] test nodes::representation::inner_node_256::tests::shrink ... ok
[INFO] [stdout] test nodes::operations::lookup::tests::lookup_on_empty_nodes ... ok
[INFO] [stdout] test nodes::representation::inner_node_48::tests::grow ... ok
[INFO] [stdout] test nodes::representation::inner_node_48::tests::iterate ... ok
[INFO] [stdout] test nodes::representation::inner_node_48::tests::iterate_rev ... ok
[INFO] [stdout] test nodes::representation::inner_node_48::tests::lookup ... ok
[INFO] [stdout] test collections::map::tests::clone_tree_skewed ... ok
[INFO] [stdout] test nodes::representation::inner_node_256::tests::range_iterate_boundary_conditions ... ok
[INFO] [stdout] test nodes::representation::inner_node_256::tests::write_child ... ok
[INFO] [stdout] test nodes::representation::inner_node_48::tests::range_iterate_boundary_conditions ... ok
[INFO] [stdout] test nodes::representation::inner_node_48::tests::range_iterate ... ok
[INFO] [stdout] test nodes::representation::inner_node_48::tests::shrink ... ok
[INFO] [stdout] test nodes::representation::inner_node_48::tests::remove_child ... ok
[INFO] [stdout] test nodes::representation::inner_node_48::tests::write_child ... ok
[INFO] [stdout] test nodes::operations::insert::tests::insert_into_left_skewed_tree_deallocate ... ok
[INFO] [stdout] test nodes::representation::inner_node_compressed::tests::node16_grow ... ok
[INFO] [stdout] test nodes::operations::clone::tests::clone_small_trees ... ok
[INFO] [stdout] test nodes::representation::inner_node_compressed::tests::node16_iterate ... ok
[INFO] [stdout] test nodes::representation::inner_node_compressed::tests::node16_iterate_rev ... ok
[INFO] [stdout] test nodes::representation::inner_node_compressed::tests::node16_lookup ... ok
[INFO] [stdout] test nodes::representation::inner_node_compressed::tests::node16_range_edge_cases ... ok
[INFO] [stdout] test nodes::representation::inner_node_compressed::tests::node16_range_iterate ... ok
[INFO] [stdout] test nodes::representation::inner_node_compressed::tests::node16_range_iterate_boundary_conditions ... ok
[INFO] [stdout] test collections::map::iterators::range::tests::excluded_excluded_start_greater_than_end_should_panic - should panic ... ok
[INFO] [stdout] test collections::map::iterators::range::tests::included_included_start_greater_than_end_should_panic - should panic ... ok
[INFO] [stdout] test nodes::representation::header::tests::header_ltrim_prefix_too_many_bytes_panic - should panic ... ok
[INFO] [stdout] test nodes::representation::inner_node_256::tests::grow - should panic ... ok
[INFO] [stdout] test collections::map::iterators::range::tests::equal_excluded_bounds_should_panic - should panic ... ok
[INFO] [stdout] test nodes::representation::inner_node_256::tests::range_iterate_start_greater_than_end - should panic ... ok
[INFO] [stdout] test nodes::representation::inner_node_compressed::tests::node16_remove_child ... ok
[INFO] [stdout] test nodes::representation::inner_node_compressed::tests::node16_shrink ... ok
[INFO] [stdout] test nodes::representation::inner_node_compressed::tests::node16_write_child ... ok
[INFO] [stdout] test nodes::representation::inner_node_compressed::tests::node4_grow ... ok
[INFO] [stdout] test nodes::representation::inner_node_compressed::tests::node4_iterate ... ok
[INFO] [stdout] test nodes::representation::inner_node_compressed::tests::node4_iterate_rev ... ok
[INFO] [stdout] test nodes::representation::inner_node_compressed::tests::node4_lookup ... ok
[INFO] [stdout] test nodes::representation::inner_node_compressed::tests::node4_range_iterate ... ok
[INFO] [stdout] test nodes::representation::inner_node_compressed::tests::node4_range_iterate_boundary_conditions ... ok
[INFO] [stdout] test nodes::representation::inner_node_compressed::tests::node4_remove_child ... ok
[INFO] [stdout] test nodes::representation::inner_node_256::tests::shrink_too_many_children_panic - should panic ... ok
[INFO] [stdout] test nodes::representation::inner_node_256::tests::range_iterate_out_of_bounds_panic_both_excluded - should panic ... ok
[INFO] [stdout] test nodes::representation::inner_node_compressed::tests::node4_write_child ... ok
[INFO] [stdout] test nodes::representation::inner_node_compressed::tests::node4_shrink - should panic ... ok
[INFO] [stdout] test nodes::representation::inner_node_48::tests::shrink_too_many_children_panic - should panic ... ok
[INFO] [stdout] test nodes::representation::inner_node_48::tests::range_iterate_start_greater_than_end - should panic ... ok
[INFO] [stdout] test nodes::representation::tests::node_alignment ... ok
[INFO] [stdout] test nodes::representation::inner_node_48::tests::write_child_full_panic - should panic ... ok
[INFO] [stdout] test nodes::representation::tests::node_sizes ... ok
[INFO] [stdout] test nodes::visitor::pretty_printer::tests::simple_tree_output_to_dot ... ok
[INFO] [stdout] test nodes::visitor::tree_stats::tests::full_tree_stats_fixed_length_tree ... ok
[INFO] [stdout] test nodes::representation::tests::opaque_node_ptr_is_correct ... ok
[INFO] [stdout] test nodes::visitor::tree_stats::tests::mostly_empty_tree_stats_fixed_length_tree ... ok
[INFO] [stdout] test nodes::representation::tests::leaf_node_alignment ... ok
[INFO] [stdout] test nodes::visitor::well_formed::tests::check_tree_with_loop ... ok
[INFO] [stdout] test nodes::representation::inner_node_compressed::tests::node16_grow_panic - should panic ... ok
[INFO] [stdout] test nodes::visitor::well_formed::tests::check_tree_with_mismatched_key_prefix ... ok
[INFO] [stdout] test tagged_pointer::tests::cast_and_back ... ok
[INFO] [stdout] test tagged_pointer::tests::create_pointer_set_and_retrieve_data ... ok
[INFO] [stdout] test tagged_pointer::tests::cast_checks_alignment ... ok
[INFO] [stdout] test nodes::visitor::well_formed::tests::check_well_formed_tree ... ok
[INFO] [stdout] test tagged_pointer::tests::create_pointer_with_data_and_retrieve_data ... ok
[INFO] [stdout] test nodes::visitor::well_formed::tests::check_well_formed_tree_long_prefix ... ok
[INFO] [stdout] test nodes::representation::inner_node_compressed::tests::node16_range_iterate_out_of_bounds_panic_both_excluded - should panic ... ok
[INFO] [stdout] test nodes::representation::inner_node_compressed::tests::node16_range_iterate_start_greater_than_end - should panic ... ok
[INFO] [stdout] test nodes::representation::inner_node_compressed::tests::node16_shrink_too_many_children_panic - should panic ... ok
[INFO] [stdout] test tagged_pointer::tests::set_data_different_alignments ... ok
[INFO] [stdout] test nodes::representation::inner_node_compressed::tests::node16_write_child_full_panic - should panic ... ok
[INFO] [stdout] test tagged_pointer::tests::successful_tag ... ok
[INFO] [stdout] test nodes::visitor::well_formed::tests::check_tree_with_wrong_child_count ... ok
[INFO] [stdout] test nodes::representation::inner_node_compressed::tests::node4_range_iterate_out_of_bounds_panic_both_excluded - should panic ... ok
[INFO] [stdout] test tagged_pointer::tests::test_alignment_bits_and_mask_values ... ok
[INFO] [stdout] test nodes::representation::inner_node_compressed::tests::node4_range_iterate_start_greater_than_end - should panic ... ok
[INFO] [stdout] test nodes::representation::inner_node_compressed::tests::node4_write_child_full_panic - should panic ... ok
[INFO] [stdout] test nodes::representation::inner_node_48::tests::range_iterate_out_of_bounds_panic_both_excluded - should panic ... ok
[INFO] [stdout] test tagged_pointer::tests::set_data_beyond_capacity_u32 - should panic ... ok
[INFO] [stdout] test tagged_pointer::tests::set_data_beyond_capacity_u16 - should panic ... ok
[INFO] [stdout] test tagged_pointer::tests::set_data_beyond_capacity_u64 - should panic ... ok
[INFO] [stdout] test tagged_pointer::tests::set_data_beyond_capacity_u8 - should panic ... ok
[INFO] [stdout] test collections::map::tests::clone_tree_fixed_length ... ok
[INFO] [stdout] test collections::map::tests::clone_tree_with_prefix ... ok
[INFO] [stdout] test tests_common::tests::key_generator_returns_expected_number_of_entries ... ok
[INFO] [stdout] 
[INFO] [stdout] test result: ok. 196 passed; 0 failed; 0 ignored; 0 measured; 0 filtered out; finished in 0.36s
[INFO] [stdout] 
[INFO] [stderr]      Running tests/memory_usage_fixed_length_dense.rs (/opt/rustwide/target/debug/deps/memory_usage_fixed_length_dense-8752a86c3812ba4f)
[INFO] [stdout] 
[INFO] [stdout] running 1 test
[INFO] [stdout] test test_memory_usage ... FAILED
[INFO] [stdout] 
[INFO] [stdout] failures:
[INFO] [stdout] 
[INFO] [stdout] ---- test_memory_usage stdout ----
[INFO] [stdout] thread 'test_memory_usage' panicked at tests/common/mod.rs:17:38:
[INFO] [stdout] unable to create dhat output folder: Os { code: 30, kind: ReadOnlyFilesystem, message: "Read-only file system" }
[INFO] [stdout] stack backtrace:
[INFO] [stdout]    0:     0x63443de234aa - std::backtrace_rs::backtrace::libunwind::trace::h8810477743020387
[INFO] [stdout]                                at /rustc/202008a1b8de96d2e5b6bc02d379db03a877d34d/library/std/src/../../backtrace/src/backtrace/libunwind.rs:116:5
[INFO] [stdout]    1:     0x63443de234aa - std::backtrace_rs::backtrace::trace_unsynchronized::h3aa55355dd6c54a6
[INFO] [stdout]                                at /rustc/202008a1b8de96d2e5b6bc02d379db03a877d34d/library/std/src/../../backtrace/src/backtrace/mod.rs:66:5
[INFO] [stdout]    2:     0x63443de234aa - std::sys::backtrace::_print_fmt::h8588b0f62410823f
[INFO] [stdout]                                at /rustc/202008a1b8de96d2e5b6bc02d379db03a877d34d/library/std/src/sys/backtrace.rs:66:9
[INFO] [stdout]    3:     0x63443de234aa - <std::sys::backtrace::BacktraceLock::print::DisplayBacktrace as core::fmt::Display>::fmt::h98c26ac25ffe89bb
[INFO] [stdout]                                at /rustc/202008a1b8de96d2e5b6bc02d379db03a877d34d/library/std/src/sys/backtrace.rs:39:26
[INFO] [stdout]    4:     0x63443de494b3 - core::fmt::rt::Argument::fmt::hf95377f4aebd453b
[INFO] [stdout]                                at /rustc/202008a1b8de96d2e5b6bc02d379db03a877d34d/library/core/src/fmt/rt.rs:177:76
[INFO] [stdout]    5:     0x63443de494b3 - core::fmt::write::h0dd5f6e2238c7982
[INFO] [stdout]                                at /rustc/202008a1b8de96d2e5b6bc02d379db03a877d34d/library/core/src/fmt/mod.rs:1189:21
[INFO] [stdout]    6:     0x63443de203a3 - std::io::Write::write_fmt::h03bb0ca26e6faf8c
[INFO] [stdout]                                at /rustc/202008a1b8de96d2e5b6bc02d379db03a877d34d/library/std/src/io/mod.rs:1884:15
[INFO] [stdout]    7:     0x63443de232f2 - std::sys::backtrace::BacktraceLock::print::h5c19c1c038ee186d
[INFO] [stdout]                                at /rustc/202008a1b8de96d2e5b6bc02d379db03a877d34d/library/std/src/sys/backtrace.rs:42:9
[INFO] [stdout]    8:     0x63443de2477d - std::panicking::default_hook::{{closure}}::h77172f079a1fcb13
[INFO] [stdout]                                at /rustc/202008a1b8de96d2e5b6bc02d379db03a877d34d/library/std/src/panicking.rs:268:22
[INFO] [stdout]    9:     0x63443de24587 - std::panicking::default_hook::he5f8e3b203ccddba
[INFO] [stdout]                                at /rustc/202008a1b8de96d2e5b6bc02d379db03a877d34d/library/std/src/panicking.rs:292:9
[INFO] [stdout]   10:     0x63443dded677 - <alloc::boxed::Box<F,A> as core::ops::function::Fn<Args>>::call::h7a3c7b4a1ae77f2f
[INFO] [stdout]                                at /rustc/202008a1b8de96d2e5b6bc02d379db03a877d34d/library/alloc/src/boxed.rs:1986:9
[INFO] [stdout]   11:     0x63443dded677 - test::test_main::{{closure}}::hf0d3b69ae9b353d1
[INFO] [stdout]                                at /rustc/202008a1b8de96d2e5b6bc02d379db03a877d34d/library/test/src/lib.rs:134:21
[INFO] [stdout]   12:     0x63443de24e28 - <alloc::boxed::Box<F,A> as core::ops::function::Fn<Args>>::call::h6332e82e7b189abd
[INFO] [stdout]                                at /rustc/202008a1b8de96d2e5b6bc02d379db03a877d34d/library/alloc/src/boxed.rs:1986:9
[INFO] [stdout]   13:     0x63443de24e28 - std::panicking::rust_panic_with_hook::h53863d4e9018df39
[INFO] [stdout]                                at /rustc/202008a1b8de96d2e5b6bc02d379db03a877d34d/library/std/src/panicking.rs:809:13
[INFO] [stdout]   14:     0x63443de24bea - std::panicking::begin_panic_handler::{{closure}}::h67280e6fa0757873
[INFO] [stdout]                                at /rustc/202008a1b8de96d2e5b6bc02d379db03a877d34d/library/std/src/panicking.rs:674:13
[INFO] [stdout]   15:     0x63443de23989 - std::sys::backtrace::__rust_end_short_backtrace::h1dac3f54d6fbbeb2
[INFO] [stdout]                                at /rustc/202008a1b8de96d2e5b6bc02d379db03a877d34d/library/std/src/sys/backtrace.rs:170:18
[INFO] [stdout]   16:     0x63443de2487c - rust_begin_unwind
[INFO] [stdout]                                at /rustc/202008a1b8de96d2e5b6bc02d379db03a877d34d/library/std/src/panicking.rs:665:5
[INFO] [stdout]   17:     0x63443dc7b170 - core::panicking::panic_fmt::h6792bd1b2bf01041
[INFO] [stdout]                                at /rustc/202008a1b8de96d2e5b6bc02d379db03a877d34d/library/core/src/panicking.rs:76:14
[INFO] [stdout]   18:     0x63443dc7b5b6 - core::result::unwrap_failed::h05e0602ed34287c5
[INFO] [stdout]                                at /rustc/202008a1b8de96d2e5b6bc02d379db03a877d34d/library/core/src/result.rs:1699:5
[INFO] [stdout]   19:     0x63443dc8a8bf - core::result::Result<T,E>::expect::h2bf6dc60ea606203
[INFO] [stdout]                                at /rustc/202008a1b8de96d2e5b6bc02d379db03a877d34d/library/core/src/result.rs:1061:23
[INFO] [stdout]   20:     0x63443dc909aa - memory_usage_fixed_length_dense::common::setup_dhat_output_dir::hc44527d0337d9226
[INFO] [stdout]                                at /opt/rustwide/workdir/tests/common/mod.rs:17:5
[INFO] [stdout]   21:     0x63443dc90a25 - memory_usage_fixed_length_dense::common::generate_dhat_output_filename::h12de578d54d3d972
[INFO] [stdout]                                at /opt/rustwide/workdir/tests/common/mod.rs:26:27
[INFO] [stdout]   22:     0x63443dc90bf7 - memory_usage_fixed_length_dense::common::get_profiler::h0b8ce49395b6a0f3
[INFO] [stdout]                                at /opt/rustwide/workdir/tests/common/mod.rs:42:23
[INFO] [stdout]   23:     0x63443dca0d9b - memory_usage_fixed_length_dense::test_memory_usage::h26078f02836b65b5
[INFO] [stdout]                                at /opt/rustwide/workdir/tests/memory_usage_fixed_length_dense.rs:12:16
[INFO] [stdout]   24:     0x63443dca0c87 - memory_usage_fixed_length_dense::test_memory_usage::{{closure}}::h095d758a603f3e6d
[INFO] [stdout]                                at /opt/rustwide/workdir/tests/memory_usage_fixed_length_dense.rs:5:23
[INFO] [stdout]   25:     0x63443dc937f6 - core::ops::function::FnOnce::call_once::ha45680283f86f72a
[INFO] [stdout]                                at /rustc/202008a1b8de96d2e5b6bc02d379db03a877d34d/library/core/src/ops/function.rs:250:5
[INFO] [stdout]   26:     0x63443ddf219b - core::ops::function::FnOnce::call_once::h871bf86719ec9aa4
[INFO] [stdout]                                at /rustc/202008a1b8de96d2e5b6bc02d379db03a877d34d/library/core/src/ops/function.rs:250:5
[INFO] [stdout]   27:     0x63443ddf219b - test::__rust_begin_short_backtrace::h2167df1e2b7d76fd
[INFO] [stdout]                                at /rustc/202008a1b8de96d2e5b6bc02d379db03a877d34d/library/test/src/lib.rs:632:18
[INFO] [stdout]   28:     0x63443ddf1b88 - test::run_test_in_process::{{closure}}::h15d92f75a3adfb79
[INFO] [stdout]                                at /rustc/202008a1b8de96d2e5b6bc02d379db03a877d34d/library/test/src/lib.rs:655:60
[INFO] [stdout]   29:     0x63443ddf1b88 - <core::panic::unwind_safe::AssertUnwindSafe<F> as core::ops::function::FnOnce<()>>::call_once::hb6c8955835a8dbbb
[INFO] [stdout]                                at /rustc/202008a1b8de96d2e5b6bc02d379db03a877d34d/library/core/src/panic/unwind_safe.rs:272:9
[INFO] [stdout]   30:     0x63443ddf1b88 - std::panicking::try::do_call::hc79d0fc888a0bd30
[INFO] [stdout]                                at /rustc/202008a1b8de96d2e5b6bc02d379db03a877d34d/library/std/src/panicking.rs:557:40
[INFO] [stdout]   31:     0x63443ddf1b88 - std::panicking::try::hb8a7878e3a8589d6
[INFO] [stdout]                                at /rustc/202008a1b8de96d2e5b6bc02d379db03a877d34d/library/std/src/panicking.rs:520:19
[INFO] [stdout]   32:     0x63443ddf1b88 - std::panic::catch_unwind::hb8e4600ff0ff5cfa
[INFO] [stdout]                                at /rustc/202008a1b8de96d2e5b6bc02d379db03a877d34d/library/std/src/panic.rs:358:14
[INFO] [stdout]   33:     0x63443ddf1b88 - test::run_test_in_process::hc2900b0b18688dd6
[INFO] [stdout]                                at /rustc/202008a1b8de96d2e5b6bc02d379db03a877d34d/library/test/src/lib.rs:655:27
[INFO] [stdout]   34:     0x63443ddf1b88 - test::run_test::{{closure}}::hac2a9cb07be3d48d
[INFO] [stdout]                                at /rustc/202008a1b8de96d2e5b6bc02d379db03a877d34d/library/test/src/lib.rs:576:43
[INFO] [stdout]   35:     0x63443ddb562a - test::run_test::{{closure}}::h4a5b729e66a38cd8
[INFO] [stdout]                                at /rustc/202008a1b8de96d2e5b6bc02d379db03a877d34d/library/test/src/lib.rs:606:41
[INFO] [stdout]   36:     0x63443ddb562a - std::sys::backtrace::__rust_begin_short_backtrace::h0496fb742492f573
[INFO] [stdout]                                at /rustc/202008a1b8de96d2e5b6bc02d379db03a877d34d/library/std/src/sys/backtrace.rs:154:18
[INFO] [stdout]   37:     0x63443ddb8fa4 - std::thread::Builder::spawn_unchecked_::{{closure}}::{{closure}}::hbb6d257c550a54bd
[INFO] [stdout]                                at /rustc/202008a1b8de96d2e5b6bc02d379db03a877d34d/library/std/src/thread/mod.rs:561:17
[INFO] [stdout]   38:     0x63443ddb8fa4 - <core::panic::unwind_safe::AssertUnwindSafe<F> as core::ops::function::FnOnce<()>>::call_once::h46696fe4a6832328
[INFO] [stdout]                                at /rustc/202008a1b8de96d2e5b6bc02d379db03a877d34d/library/core/src/panic/unwind_safe.rs:272:9
[INFO] [stdout]   39:     0x63443ddb8fa4 - std::panicking::try::do_call::h2625a51b667bfb64
[INFO] [stdout]                                at /rustc/202008a1b8de96d2e5b6bc02d379db03a877d34d/library/std/src/panicking.rs:557:40
[INFO] [stdout]   40:     0x63443ddb8fa4 - std::panicking::try::hb956a59a1973aa4c
[INFO] [stdout]                                at /rustc/202008a1b8de96d2e5b6bc02d379db03a877d34d/library/std/src/panicking.rs:520:19
[INFO] [stdout]   41:     0x63443ddb8fa4 - std::panic::catch_unwind::h64f3b9d1067ef6a0
[INFO] [stdout]                                at /rustc/202008a1b8de96d2e5b6bc02d379db03a877d34d/library/std/src/panic.rs:358:14
[INFO] [stdout]   42:     0x63443ddb8fa4 - std::thread::Builder::spawn_unchecked_::{{closure}}::h42b2841295b6c0b2
[INFO] [stdout]                                at /rustc/202008a1b8de96d2e5b6bc02d379db03a877d34d/library/std/src/thread/mod.rs:559:30
[INFO] [stdout]   43:     0x63443ddb8fa4 - core::ops::function::FnOnce::call_once{{vtable.shim}}::h6127de71b8124639
[INFO] [stdout]                                at /rustc/202008a1b8de96d2e5b6bc02d379db03a877d34d/library/core/src/ops/function.rs:250:5
[INFO] [stdout]   44:     0x63443de28e3b - <alloc::boxed::Box<F,A> as core::ops::function::FnOnce<Args>>::call_once::h42f0ba71002a1b2c
[INFO] [stdout]                                at /rustc/202008a1b8de96d2e5b6bc02d379db03a877d34d/library/alloc/src/boxed.rs:1972:9
[INFO] [stdout]   45:     0x63443de28e3b - <alloc::boxed::Box<F,A> as core::ops::function::FnOnce<Args>>::call_once::had9e47d7a3dcecb8
[INFO] [stdout]                                at /rustc/202008a1b8de96d2e5b6bc02d379db03a877d34d/library/alloc/src/boxed.rs:1972:9
[INFO] [stdout]   46:     0x63443de28e3b - std::sys::pal::unix::thread::Thread::new::thread_start::h48cf765408f6f5f2
[INFO] [stdout]                                at /rustc/202008a1b8de96d2e5b6bc02d379db03a877d34d/library/std/src/sys/pal/unix/thread.rs:105:17
[INFO] [stdout]   47:     0x72a1b3c00ac3 - <unknown>
[INFO] [stdout]   48:     0x72a1b3c91a04 - clone
[INFO] [stdout]   49:                0x0 - <unknown>
[INFO] [stdout] 
[INFO] [stdout] 
[INFO] [stdout] failures:
[INFO] [stdout]     test_memory_usage
[INFO] [stdout] 
[INFO] [stdout] test result: FAILED. 0 passed; 1 failed; 0 ignored; 0 measured; 0 filtered out; finished in 0.03s
[INFO] [stdout] 
[INFO] [stderr] error: test failed, to rerun pass `--test memory_usage_fixed_length_dense`
[INFO] running `Command { std: "docker" "inspect" "f2b1771613752d17c49024f138ba7d03232f687afe478e033f24c5395b1605c8", kill_on_drop: false }`
[INFO] running `Command { std: "docker" "rm" "-f" "f2b1771613752d17c49024f138ba7d03232f687afe478e033f24c5395b1605c8", kill_on_drop: false }`
[INFO] [stdout] f2b1771613752d17c49024f138ba7d03232f687afe478e033f24c5395b1605c8
