[INFO] fetching crate blarf 1.0.8...
[INFO] testing blarf-1.0.8 against 1.83.0 for beta-1.84.0-4-retry
[INFO] extracting crate blarf 1.0.8 into /workspace/builds/worker-3-tc1/source
[INFO] validating manifest of crates.io crate blarf 1.0.8 on toolchain 1.83.0
[INFO] running `Command { std: CARGO_HOME="/workspace/cargo-home" RUSTUP_HOME="/workspace/rustup-home" "/workspace/cargo-home/bin/cargo" "+1.83.0" "metadata" "--manifest-path" "Cargo.toml" "--no-deps", kill_on_drop: false }`
[INFO] started tweaking crates.io crate blarf 1.0.8
[INFO] finished tweaking crates.io crate blarf 1.0.8
[INFO] tweaked toml for crates.io crate blarf 1.0.8 written to /workspace/builds/worker-3-tc1/source/Cargo.toml
[INFO] running `Command { std: CARGO_HOME="/workspace/cargo-home" RUSTUP_HOME="/workspace/rustup-home" "/workspace/cargo-home/bin/cargo" "+1.83.0" "generate-lockfile" "--manifest-path" "Cargo.toml", kill_on_drop: false }`
[INFO] [stderr]     Updating crates.io index
[INFO] [stderr]      Locking 14 packages to latest compatible versions
[INFO] [stderr]       Adding clap v2.34.0 (available: v4.5.23)
[INFO] [stderr]       Adding pulldown-cmark v0.2.0 (available: v0.12.2)
[INFO] running `Command { std: CARGO_HOME="/workspace/cargo-home" RUSTUP_HOME="/workspace/rustup-home" "/workspace/cargo-home/bin/cargo" "+1.83.0" "fetch" "--manifest-path" "Cargo.toml", kill_on_drop: false }`
[INFO] running `Command { std: "docker" "create" "-v" "/var/lib/crater-agent-workspace/builds/worker-3-tc1/target:/opt/rustwide/target:rw,Z" "-v" "/var/lib/crater-agent-workspace/builds/worker-3-tc1/source:/opt/rustwide/workdir:ro,Z" "-v" "/var/lib/crater-agent-workspace/cargo-home:/opt/rustwide/cargo-home:ro,Z" "-v" "/var/lib/crater-agent-workspace/rustup-home:/opt/rustwide/rustup-home:ro,Z" "-e" "SOURCE_DIR=/opt/rustwide/workdir" "-e" "CARGO_TARGET_DIR=/opt/rustwide/target" "-e" "CARGO_HOME=/opt/rustwide/cargo-home" "-e" "RUSTUP_HOME=/opt/rustwide/rustup-home" "-w" "/opt/rustwide/workdir" "-m" "1610612736" "--user" "0:0" "--network" "none" "ghcr.io/rust-lang/crates-build-env/linux@sha256:f3a9d4ad9d972b27faf3965f35b62e55ba32bbce8f20bc8fe909558a86702fde" "/opt/rustwide/cargo-home/bin/cargo" "+1.83.0" "metadata" "--no-deps" "--format-version=1", kill_on_drop: false }`
[INFO] [stdout] cfcbdd869016bd3a0018df63f54cb1c4c19c3ee141e23b2a7d2ce02f77c0e932
[INFO] running `Command { std: "docker" "start" "-a" "cfcbdd869016bd3a0018df63f54cb1c4c19c3ee141e23b2a7d2ce02f77c0e932", kill_on_drop: false }`
[INFO] running `Command { std: "docker" "inspect" "cfcbdd869016bd3a0018df63f54cb1c4c19c3ee141e23b2a7d2ce02f77c0e932", kill_on_drop: false }`
[INFO] running `Command { std: "docker" "rm" "-f" "cfcbdd869016bd3a0018df63f54cb1c4c19c3ee141e23b2a7d2ce02f77c0e932", kill_on_drop: false }`
[INFO] [stdout] cfcbdd869016bd3a0018df63f54cb1c4c19c3ee141e23b2a7d2ce02f77c0e932
[INFO] running `Command { std: "docker" "create" "-v" "/var/lib/crater-agent-workspace/builds/worker-3-tc1/target:/opt/rustwide/target:rw,Z" "-v" "/var/lib/crater-agent-workspace/builds/worker-3-tc1/source:/opt/rustwide/workdir:ro,Z" "-v" "/var/lib/crater-agent-workspace/cargo-home:/opt/rustwide/cargo-home:ro,Z" "-v" "/var/lib/crater-agent-workspace/rustup-home:/opt/rustwide/rustup-home:ro,Z" "-e" "SOURCE_DIR=/opt/rustwide/workdir" "-e" "CARGO_TARGET_DIR=/opt/rustwide/target" "-e" "CARGO_INCREMENTAL=0" "-e" "RUST_BACKTRACE=full" "-e" "RUSTFLAGS=--cap-lints=warn" "-e" "RUSTDOCFLAGS=--cap-lints=warn" "-e" "CARGO_HOME=/opt/rustwide/cargo-home" "-e" "RUSTUP_HOME=/opt/rustwide/rustup-home" "-w" "/opt/rustwide/workdir" "-m" "1610612736" "--user" "0:0" "--network" "none" "ghcr.io/rust-lang/crates-build-env/linux@sha256:f3a9d4ad9d972b27faf3965f35b62e55ba32bbce8f20bc8fe909558a86702fde" "/opt/rustwide/cargo-home/bin/cargo" "+1.83.0" "build" "--frozen" "--message-format=json", kill_on_drop: false }`
[INFO] [stdout] d6d51db7e81512bbaa92a8f225aba1369ed233c3cc2bfa830f020f840a23fa65
[INFO] running `Command { std: "docker" "start" "-a" "d6d51db7e81512bbaa92a8f225aba1369ed233c3cc2bfa830f020f840a23fa65", kill_on_drop: false }`
[INFO] [stderr]    Compiling libc v0.2.168
[INFO] [stderr]    Compiling unicode-width v0.1.14
[INFO] [stderr]    Compiling bitflags v1.3.2
[INFO] [stderr]    Compiling pulldown-cmark v0.2.0
[INFO] [stderr]    Compiling vec_map v0.8.2
[INFO] [stderr]    Compiling ansi_term v0.12.1
[INFO] [stderr]    Compiling strsim v0.8.0
[INFO] [stderr]    Compiling textwrap v0.11.0
[INFO] [stderr]    Compiling atty v0.2.14
[INFO] [stderr]    Compiling clap v2.34.0
[INFO] [stderr]    Compiling blarf v1.0.8 (/opt/rustwide/workdir)
[INFO] [stdout] warning: unnecessary trailing semicolon
[INFO] [stdout]   --> src/bin/blarf.rs:18:57
[INFO] [stdout]    |
[INFO] [stdout] 18 |         .map_or(Path::new(DEST_ROOT), |d| Path::new(d));;
[INFO] [stdout]    |                                                         ^ help: remove this semicolon
[INFO] [stdout]    |
[INFO] [stdout]    = note: `#[warn(redundant_semicolons)]` on by default
[INFO] [stdout] 
[INFO] [stdout] 
[INFO] [stderr]     Finished `dev` profile [unoptimized + debuginfo] target(s) in 6.43s
[INFO] running `Command { std: "docker" "inspect" "d6d51db7e81512bbaa92a8f225aba1369ed233c3cc2bfa830f020f840a23fa65", kill_on_drop: false }`
[INFO] running `Command { std: "docker" "rm" "-f" "d6d51db7e81512bbaa92a8f225aba1369ed233c3cc2bfa830f020f840a23fa65", kill_on_drop: false }`
[INFO] [stdout] d6d51db7e81512bbaa92a8f225aba1369ed233c3cc2bfa830f020f840a23fa65
[INFO] running `Command { std: "docker" "create" "-v" "/var/lib/crater-agent-workspace/builds/worker-3-tc1/target:/opt/rustwide/target:rw,Z" "-v" "/var/lib/crater-agent-workspace/builds/worker-3-tc1/source:/opt/rustwide/workdir:ro,Z" "-v" "/var/lib/crater-agent-workspace/cargo-home:/opt/rustwide/cargo-home:ro,Z" "-v" "/var/lib/crater-agent-workspace/rustup-home:/opt/rustwide/rustup-home:ro,Z" "-e" "SOURCE_DIR=/opt/rustwide/workdir" "-e" "CARGO_TARGET_DIR=/opt/rustwide/target" "-e" "CARGO_INCREMENTAL=0" "-e" "RUST_BACKTRACE=full" "-e" "RUSTFLAGS=--cap-lints=warn" "-e" "RUSTDOCFLAGS=--cap-lints=warn" "-e" "CARGO_HOME=/opt/rustwide/cargo-home" "-e" "RUSTUP_HOME=/opt/rustwide/rustup-home" "-w" "/opt/rustwide/workdir" "-m" "1610612736" "--user" "0:0" "--network" "none" "ghcr.io/rust-lang/crates-build-env/linux@sha256:f3a9d4ad9d972b27faf3965f35b62e55ba32bbce8f20bc8fe909558a86702fde" "/opt/rustwide/cargo-home/bin/cargo" "+1.83.0" "test" "--frozen" "--no-run" "--message-format=json", kill_on_drop: false }`
[INFO] [stdout] d35cd99909c23171262df365446da4678e846d3b31fa7272eef32bd078b9135a
[INFO] running `Command { std: "docker" "start" "-a" "d35cd99909c23171262df365446da4678e846d3b31fa7272eef32bd078b9135a", kill_on_drop: false }`
[INFO] [stderr]    Compiling blarf v1.0.8 (/opt/rustwide/workdir)
[INFO] [stdout] warning: unnecessary trailing semicolon
[INFO] [stdout]   --> src/bin/blarf.rs:18:57
[INFO] [stdout]    |
[INFO] [stdout] 18 |         .map_or(Path::new(DEST_ROOT), |d| Path::new(d));;
[INFO] [stdout]    |                                                         ^ help: remove this semicolon
[INFO] [stdout]    |
[INFO] [stdout]    = note: `#[warn(redundant_semicolons)]` on by default
[INFO] [stdout] 
[INFO] [stdout] 
[INFO] [stderr]     Finished `test` profile [unoptimized + debuginfo] target(s) in 0.57s
[INFO] running `Command { std: "docker" "inspect" "d35cd99909c23171262df365446da4678e846d3b31fa7272eef32bd078b9135a", kill_on_drop: false }`
[INFO] running `Command { std: "docker" "rm" "-f" "d35cd99909c23171262df365446da4678e846d3b31fa7272eef32bd078b9135a", kill_on_drop: false }`
[INFO] [stdout] d35cd99909c23171262df365446da4678e846d3b31fa7272eef32bd078b9135a
[INFO] running `Command { std: "docker" "create" "-v" "/var/lib/crater-agent-workspace/builds/worker-3-tc1/target:/opt/rustwide/target:rw,Z" "-v" "/var/lib/crater-agent-workspace/builds/worker-3-tc1/source:/opt/rustwide/workdir:ro,Z" "-v" "/var/lib/crater-agent-workspace/cargo-home:/opt/rustwide/cargo-home:ro,Z" "-v" "/var/lib/crater-agent-workspace/rustup-home:/opt/rustwide/rustup-home:ro,Z" "-e" "SOURCE_DIR=/opt/rustwide/workdir" "-e" "CARGO_TARGET_DIR=/opt/rustwide/target" "-e" "CARGO_INCREMENTAL=0" "-e" "RUST_BACKTRACE=full" "-e" "RUSTFLAGS=--cap-lints=warn" "-e" "RUSTDOCFLAGS=--cap-lints=warn" "-e" "CARGO_HOME=/opt/rustwide/cargo-home" "-e" "RUSTUP_HOME=/opt/rustwide/rustup-home" "-w" "/opt/rustwide/workdir" "-m" "1610612736" "--user" "0:0" "--network" "none" "ghcr.io/rust-lang/crates-build-env/linux@sha256:f3a9d4ad9d972b27faf3965f35b62e55ba32bbce8f20bc8fe909558a86702fde" "/opt/rustwide/cargo-home/bin/cargo" "+1.83.0" "test" "--frozen", kill_on_drop: false }`
[INFO] [stdout] 54fd89ed01f75da9e4ffe586acc5bd34185f9924efd0c56b51178f91fb0e431c
[INFO] running `Command { std: "docker" "start" "-a" "54fd89ed01f75da9e4ffe586acc5bd34185f9924efd0c56b51178f91fb0e431c", kill_on_drop: false }`
[INFO] [stderr] warning: unnecessary trailing semicolon
[INFO] [stderr]   --> src/bin/blarf.rs:18:57
[INFO] [stderr]    |
[INFO] [stderr] 18 |         .map_or(Path::new(DEST_ROOT), |d| Path::new(d));;
[INFO] [stderr]    |                                                         ^ help: remove this semicolon
[INFO] [stderr]    |
[INFO] [stderr]    = note: `#[warn(redundant_semicolons)]` on by default
[INFO] [stderr] 
[INFO] [stderr] warning: `blarf` (bin "blarf" test) generated 1 warning
[INFO] [stderr]     Finished `test` profile [unoptimized + debuginfo] target(s) in 0.03s
[INFO] [stderr]      Running unittests src/lib.rs (/opt/rustwide/target/debug/deps/blarf-6616366544128f83)
[INFO] [stdout] 
[INFO] [stdout] running 0 tests
[INFO] [stdout] 
[INFO] [stdout] test result: ok. 0 passed; 0 failed; 0 ignored; 0 measured; 0 filtered out; finished in 0.00s
[INFO] [stdout] 
[INFO] [stderr]      Running unittests src/bin/blarf.rs (/opt/rustwide/target/debug/deps/blarf-3f10ffde686e1957)
[INFO] [stdout] 
[INFO] [stdout] running 0 tests
[INFO] [stdout] 
[INFO] [stdout] test result: ok. 0 passed; 0 failed; 0 ignored; 0 measured; 0 filtered out; finished in 0.00s
[INFO] [stdout] 
[INFO] [stderr]    Doc-tests blarf
[INFO] [stdout] 
[INFO] [stdout] running 5 tests
[INFO] [stdout] test src/article.rs - article::Article::new (line 26) ... FAILED
[INFO] [stdout] test src/util.rs - util::get_args (line 39) ... FAILED
[INFO] [stdout] test src/lib.rs - (line 13) ... FAILED
[INFO] [stdout] test src/util.rs - util::copy_dir (line 10) ... FAILED
[INFO] [stdout] test src/article.rs - article::Article::render (line 49) ... FAILED
[INFO] [stdout] 
[INFO] [stdout] failures:
[INFO] [stdout] 
[INFO] [stdout] ---- src/article.rs - article::Article::new (line 26) stdout ----
[INFO] [stdout] error: expected `;`, found keyword `let`
[INFO] [stdout]  --> src/article.rs:28:29
[INFO] [stdout]   |
[INFO] [stdout] 4 | let slug = "1-my-first-post"
[INFO] [stdout]   |                             ^ help: add `;` here
[INFO] [stdout] 5 | let article = Article::new(markdown, slug);
[INFO] [stdout]   | --- unexpected token
[INFO] [stdout] 
[INFO] [stdout] error[E0433]: failed to resolve: use of undeclared type `Article`
[INFO] [stdout]  --> src/article.rs:29:15
[INFO] [stdout]   |
[INFO] [stdout] 5 | let article = Article::new(markdown, slug);
[INFO] [stdout]   |               ^^^^^^^ use of undeclared type `Article`
[INFO] [stdout]   |
[INFO] [stdout] help: consider importing this struct
[INFO] [stdout]   |
[INFO] [stdout] 2 + use blarf::article::Article;
[INFO] [stdout]   |
[INFO] [stdout] 
[INFO] [stdout] error: aborting due to 2 previous errors
[INFO] [stdout] 
[INFO] [stdout] For more information about this error, try `rustc --explain E0433`.
[INFO] [stdout] Couldn't compile the test.
[INFO] [stdout] ---- src/util.rs - util::get_args (line 39) stdout ----
[INFO] [stdout] error[E0425]: cannot find function `get_args` in this scope
[INFO] [stdout]  --> src/util.rs:40:12
[INFO] [stdout]   |
[INFO] [stdout] 3 | let args = get_args();
[INFO] [stdout]   |            ^^^^^^^^ not found in this scope
[INFO] [stdout]   |
[INFO] [stdout] help: consider importing this function
[INFO] [stdout]   |
[INFO] [stdout] 2 + use blarf::util::get_args;
[INFO] [stdout]   |
[INFO] [stdout] 
[INFO] [stdout] error: aborting due to 1 previous error
[INFO] [stdout] 
[INFO] [stdout] For more information about this error, try `rustc --explain E0425`.
[INFO] [stdout] Couldn't compile the test.
[INFO] [stdout] ---- src/lib.rs - (line 13) stdout ----
[INFO] [stdout] error: expected one of `!`, `.`, `::`, `;`, `?`, `{`, `}`, or an operator, found `me`
[INFO] [stdout]  --> src/lib.rs:15:10
[INFO] [stdout]   |
[INFO] [stdout] 5 | blarf -e me@example.com -a articles -s public
[INFO] [stdout]   |          ^^ expected one of 8 possible tokens
[INFO] [stdout] 
[INFO] [stdout] error: aborting due to 1 previous error
[INFO] [stdout] 
[INFO] [stdout] Couldn't compile the test.
[INFO] [stdout] ---- src/util.rs - util::copy_dir (line 10) stdout ----
[INFO] [stdout] error[E0425]: cannot find function `copy_dir` in this scope
[INFO] [stdout]  --> src/util.rs:15:1
[INFO] [stdout]   |
[INFO] [stdout] 7 | copy_dir(from_dir, to_dir)?;
[INFO] [stdout]   | ^^^^^^^^ not found in this scope
[INFO] [stdout]   |
[INFO] [stdout] help: consider importing this function
[INFO] [stdout]   |
[INFO] [stdout] 2 + use blarf::util::copy_dir;
[INFO] [stdout]   |
[INFO] [stdout] 
[INFO] [stdout] error: aborting due to 1 previous error
[INFO] [stdout] 
[INFO] [stdout] For more information about this error, try `rustc --explain E0425`.
[INFO] [stdout] Couldn't compile the test.
[INFO] [stdout] ---- src/article.rs - article::Article::render (line 49) stdout ----
[INFO] [stdout] error[E0425]: cannot find value `article` in this scope
[INFO] [stdout]  --> src/article.rs:50:12
[INFO] [stdout]   |
[INFO] [stdout] 3 | let html = article.render("styles.css", "<p>copyright 2019</p>");
[INFO] [stdout]   |            ^^^^^^^ not found in this scope
[INFO] [stdout] 
[INFO] [stdout] error: aborting due to 1 previous error
[INFO] [stdout] 
[INFO] [stdout] For more information about this error, try `rustc --explain E0425`.
[INFO] [stdout] Couldn't compile the test.
[INFO] [stdout] 
[INFO] [stdout] failures:
[INFO] [stdout]     src/article.rs - article::Article::new (line 26)
[INFO] [stdout]     src/article.rs - article::Article::render (line 49)
[INFO] [stdout]     src/lib.rs - (line 13)
[INFO] [stdout]     src/util.rs - util::copy_dir (line 10)
[INFO] [stdout]     src/util.rs - util::get_args (line 39)
[INFO] [stdout] 
[INFO] [stdout] test result: FAILED. 0 passed; 5 failed; 0 ignored; 0 measured; 0 filtered out; finished in 0.17s
[INFO] [stdout] 
[INFO] [stderr] error: doctest failed, to rerun pass `--doc`
[INFO] running `Command { std: "docker" "inspect" "54fd89ed01f75da9e4ffe586acc5bd34185f9924efd0c56b51178f91fb0e431c", kill_on_drop: false }`
[INFO] running `Command { std: "docker" "rm" "-f" "54fd89ed01f75da9e4ffe586acc5bd34185f9924efd0c56b51178f91fb0e431c", kill_on_drop: false }`
[INFO] [stdout] 54fd89ed01f75da9e4ffe586acc5bd34185f9924efd0c56b51178f91fb0e431c
