[INFO] fetching crate bitflags-attr-macros 0.7.0...
[INFO] testing bitflags-attr-macros-0.7.0 against 1.83.0 for beta-1.84.0-4-retry
[INFO] extracting crate bitflags-attr-macros 0.7.0 into /workspace/builds/worker-7-tc1/source
[INFO] validating manifest of crates.io crate bitflags-attr-macros 0.7.0 on toolchain 1.83.0
[INFO] running `Command { std: CARGO_HOME="/workspace/cargo-home" RUSTUP_HOME="/workspace/rustup-home" "/workspace/cargo-home/bin/cargo" "+1.83.0" "metadata" "--manifest-path" "Cargo.toml" "--no-deps", kill_on_drop: false }`
[INFO] started tweaking crates.io crate bitflags-attr-macros 0.7.0
[INFO] finished tweaking crates.io crate bitflags-attr-macros 0.7.0
[INFO] tweaked toml for crates.io crate bitflags-attr-macros 0.7.0 written to /workspace/builds/worker-7-tc1/source/Cargo.toml
[INFO] crate crates.io crate bitflags-attr-macros 0.7.0 already has a lockfile, it will not be regenerated
[INFO] running `Command { std: CARGO_HOME="/workspace/cargo-home" RUSTUP_HOME="/workspace/rustup-home" "/workspace/cargo-home/bin/cargo" "+1.83.0" "fetch" "--manifest-path" "Cargo.toml", kill_on_drop: false }`
[INFO] running `Command { std: "docker" "create" "-v" "/var/lib/crater-agent-workspace/builds/worker-7-tc1/target:/opt/rustwide/target:rw,Z" "-v" "/var/lib/crater-agent-workspace/builds/worker-7-tc1/source:/opt/rustwide/workdir:ro,Z" "-v" "/var/lib/crater-agent-workspace/cargo-home:/opt/rustwide/cargo-home:ro,Z" "-v" "/var/lib/crater-agent-workspace/rustup-home:/opt/rustwide/rustup-home:ro,Z" "-e" "SOURCE_DIR=/opt/rustwide/workdir" "-e" "CARGO_TARGET_DIR=/opt/rustwide/target" "-e" "CARGO_HOME=/opt/rustwide/cargo-home" "-e" "RUSTUP_HOME=/opt/rustwide/rustup-home" "-w" "/opt/rustwide/workdir" "-m" "1610612736" "--user" "0:0" "--network" "none" "ghcr.io/rust-lang/crates-build-env/linux@sha256:f3a9d4ad9d972b27faf3965f35b62e55ba32bbce8f20bc8fe909558a86702fde" "/opt/rustwide/cargo-home/bin/cargo" "+1.83.0" "metadata" "--no-deps" "--format-version=1", kill_on_drop: false }`
[INFO] [stdout] 5e12d794130d25b3ee6c33ebedc43ccf9ab66ea8f73434155c80fa8085a58288
[INFO] running `Command { std: "docker" "start" "-a" "5e12d794130d25b3ee6c33ebedc43ccf9ab66ea8f73434155c80fa8085a58288", kill_on_drop: false }`
[INFO] running `Command { std: "docker" "inspect" "5e12d794130d25b3ee6c33ebedc43ccf9ab66ea8f73434155c80fa8085a58288", kill_on_drop: false }`
[INFO] running `Command { std: "docker" "rm" "-f" "5e12d794130d25b3ee6c33ebedc43ccf9ab66ea8f73434155c80fa8085a58288", kill_on_drop: false }`
[INFO] [stdout] 5e12d794130d25b3ee6c33ebedc43ccf9ab66ea8f73434155c80fa8085a58288
[INFO] running `Command { std: "docker" "create" "-v" "/var/lib/crater-agent-workspace/builds/worker-7-tc1/target:/opt/rustwide/target:rw,Z" "-v" "/var/lib/crater-agent-workspace/builds/worker-7-tc1/source:/opt/rustwide/workdir:ro,Z" "-v" "/var/lib/crater-agent-workspace/cargo-home:/opt/rustwide/cargo-home:ro,Z" "-v" "/var/lib/crater-agent-workspace/rustup-home:/opt/rustwide/rustup-home:ro,Z" "-e" "SOURCE_DIR=/opt/rustwide/workdir" "-e" "CARGO_TARGET_DIR=/opt/rustwide/target" "-e" "CARGO_INCREMENTAL=0" "-e" "RUST_BACKTRACE=full" "-e" "RUSTFLAGS=--cap-lints=warn" "-e" "RUSTDOCFLAGS=--cap-lints=warn" "-e" "CARGO_HOME=/opt/rustwide/cargo-home" "-e" "RUSTUP_HOME=/opt/rustwide/rustup-home" "-w" "/opt/rustwide/workdir" "-m" "1610612736" "--user" "0:0" "--network" "none" "ghcr.io/rust-lang/crates-build-env/linux@sha256:f3a9d4ad9d972b27faf3965f35b62e55ba32bbce8f20bc8fe909558a86702fde" "/opt/rustwide/cargo-home/bin/cargo" "+1.83.0" "build" "--frozen" "--message-format=json", kill_on_drop: false }`
[INFO] [stdout] df32ef313379d37ae2d2626bc5e3a7995663e809556a19c2881db4a168f642f4
[INFO] running `Command { std: "docker" "start" "-a" "df32ef313379d37ae2d2626bc5e3a7995663e809556a19c2881db4a168f642f4", kill_on_drop: false }`
[INFO] [stderr]    Compiling proc-macro2 v1.0.89
[INFO] [stderr]    Compiling unicode-ident v1.0.13
[INFO] [stderr]    Compiling quote v1.0.37
[INFO] [stderr]    Compiling syn v2.0.87
[INFO] [stderr]    Compiling bitflags-attr-macros v0.7.0 (/opt/rustwide/workdir)
[INFO] [stderr]     Finished `dev` profile [unoptimized + debuginfo] target(s) in 6.59s
[INFO] running `Command { std: "docker" "inspect" "df32ef313379d37ae2d2626bc5e3a7995663e809556a19c2881db4a168f642f4", kill_on_drop: false }`
[INFO] running `Command { std: "docker" "rm" "-f" "df32ef313379d37ae2d2626bc5e3a7995663e809556a19c2881db4a168f642f4", kill_on_drop: false }`
[INFO] [stdout] df32ef313379d37ae2d2626bc5e3a7995663e809556a19c2881db4a168f642f4
[INFO] running `Command { std: "docker" "create" "-v" "/var/lib/crater-agent-workspace/builds/worker-7-tc1/target:/opt/rustwide/target:rw,Z" "-v" "/var/lib/crater-agent-workspace/builds/worker-7-tc1/source:/opt/rustwide/workdir:ro,Z" "-v" "/var/lib/crater-agent-workspace/cargo-home:/opt/rustwide/cargo-home:ro,Z" "-v" "/var/lib/crater-agent-workspace/rustup-home:/opt/rustwide/rustup-home:ro,Z" "-e" "SOURCE_DIR=/opt/rustwide/workdir" "-e" "CARGO_TARGET_DIR=/opt/rustwide/target" "-e" "CARGO_INCREMENTAL=0" "-e" "RUST_BACKTRACE=full" "-e" "RUSTFLAGS=--cap-lints=warn" "-e" "RUSTDOCFLAGS=--cap-lints=warn" "-e" "CARGO_HOME=/opt/rustwide/cargo-home" "-e" "RUSTUP_HOME=/opt/rustwide/rustup-home" "-w" "/opt/rustwide/workdir" "-m" "1610612736" "--user" "0:0" "--network" "none" "ghcr.io/rust-lang/crates-build-env/linux@sha256:f3a9d4ad9d972b27faf3965f35b62e55ba32bbce8f20bc8fe909558a86702fde" "/opt/rustwide/cargo-home/bin/cargo" "+1.83.0" "test" "--frozen" "--no-run" "--message-format=json", kill_on_drop: false }`
[INFO] [stdout] 07908604aba2645adf131ecebde46d08491962af9c5d60b1b8ac5186dbb93ed1
[INFO] running `Command { std: "docker" "start" "-a" "07908604aba2645adf131ecebde46d08491962af9c5d60b1b8ac5186dbb93ed1", kill_on_drop: false }`
[INFO] [stderr]    Compiling bitflags-attr-macros v0.7.0 (/opt/rustwide/workdir)
[INFO] [stderr]     Finished `test` profile [unoptimized + debuginfo] target(s) in 1.88s
[INFO] running `Command { std: "docker" "inspect" "07908604aba2645adf131ecebde46d08491962af9c5d60b1b8ac5186dbb93ed1", kill_on_drop: false }`
[INFO] running `Command { std: "docker" "rm" "-f" "07908604aba2645adf131ecebde46d08491962af9c5d60b1b8ac5186dbb93ed1", kill_on_drop: false }`
[INFO] [stdout] 07908604aba2645adf131ecebde46d08491962af9c5d60b1b8ac5186dbb93ed1
[INFO] running `Command { std: "docker" "create" "-v" "/var/lib/crater-agent-workspace/builds/worker-7-tc1/target:/opt/rustwide/target:rw,Z" "-v" "/var/lib/crater-agent-workspace/builds/worker-7-tc1/source:/opt/rustwide/workdir:ro,Z" "-v" "/var/lib/crater-agent-workspace/cargo-home:/opt/rustwide/cargo-home:ro,Z" "-v" "/var/lib/crater-agent-workspace/rustup-home:/opt/rustwide/rustup-home:ro,Z" "-e" "SOURCE_DIR=/opt/rustwide/workdir" "-e" "CARGO_TARGET_DIR=/opt/rustwide/target" "-e" "CARGO_INCREMENTAL=0" "-e" "RUST_BACKTRACE=full" "-e" "RUSTFLAGS=--cap-lints=warn" "-e" "RUSTDOCFLAGS=--cap-lints=warn" "-e" "CARGO_HOME=/opt/rustwide/cargo-home" "-e" "RUSTUP_HOME=/opt/rustwide/rustup-home" "-w" "/opt/rustwide/workdir" "-m" "1610612736" "--user" "0:0" "--network" "none" "ghcr.io/rust-lang/crates-build-env/linux@sha256:f3a9d4ad9d972b27faf3965f35b62e55ba32bbce8f20bc8fe909558a86702fde" "/opt/rustwide/cargo-home/bin/cargo" "+1.83.0" "test" "--frozen", kill_on_drop: false }`
[INFO] [stdout] c4344293afb552715d7c325c659d859ecd5eef5f8f0e91a127c16ca90ada6bc0
[INFO] running `Command { std: "docker" "start" "-a" "c4344293afb552715d7c325c659d859ecd5eef5f8f0e91a127c16ca90ada6bc0", kill_on_drop: false }`
[INFO] [stderr]     Finished `test` profile [unoptimized + debuginfo] target(s) in 0.02s
[INFO] [stderr]      Running unittests src/lib.rs (/opt/rustwide/target/debug/deps/bitflags_attr_macros-fdfab8e840bcd932)
[INFO] [stdout] 
[INFO] [stdout] running 0 tests
[INFO] [stdout] 
[INFO] [stdout] test result: ok. 0 passed; 0 failed; 0 ignored; 0 measured; 0 filtered out; finished in 0.00s
[INFO] [stdout] 
[INFO] [stderr]    Doc-tests bitflags_attr_macros
[INFO] [stdout] 
[INFO] [stdout] running 2 tests
[INFO] [stdout] test src/lib.rs - bitflag (line 40) ... FAILED
[INFO] [stdout] test src/lib.rs - bitflag (line 60) ... FAILED
[INFO] [stdout] 
[INFO] [stdout] failures:
[INFO] [stdout] 
[INFO] [stdout] ---- src/lib.rs - bitflag (line 40) stdout ----
[INFO] [stdout] error[E0432]: unresolved import `bitflag_attr`
[INFO] [stdout]  --> src/lib.rs:41:5
[INFO] [stdout]   |
[INFO] [stdout] 3 | use bitflag_attr::bitflag;
[INFO] [stdout]   |     ^^^^^^^^^^^^ use of undeclared crate or module `bitflag_attr`
[INFO] [stdout] 
[INFO] [stdout] error[E0425]: cannot find value `A` in this scope
[INFO] [stdout]   --> src/lib.rs:54:11
[INFO] [stdout]    |
[INFO] [stdout] 16 |     ABC = A | B | C,
[INFO] [stdout]    |           ^ not found in this scope
[INFO] [stdout]    |
[INFO] [stdout] help: you might be missing a const parameter
[INFO] [stdout]    |
[INFO] [stdout] 7  | pub enum Flags<const A: /* Type */> {
[INFO] [stdout]    |               +++++++++++++++++++++
[INFO] [stdout] 
[INFO] [stdout] error[E0425]: cannot find value `B` in this scope
[INFO] [stdout]   --> src/lib.rs:54:15
[INFO] [stdout]    |
[INFO] [stdout] 16 |     ABC = A | B | C,
[INFO] [stdout]    |               ^ not found in this scope
[INFO] [stdout]    |
[INFO] [stdout] help: you might be missing a const parameter
[INFO] [stdout]    |
[INFO] [stdout] 7  | pub enum Flags<const B: /* Type */> {
[INFO] [stdout]    |               +++++++++++++++++++++
[INFO] [stdout] 
[INFO] [stdout] error[E0425]: cannot find value `C` in this scope
[INFO] [stdout]   --> src/lib.rs:54:19
[INFO] [stdout]    |
[INFO] [stdout] 16 |     ABC = A | B | C,
[INFO] [stdout]    |                   ^ not found in this scope
[INFO] [stdout]    |
[INFO] [stdout] help: you might be missing a const parameter
[INFO] [stdout]    |
[INFO] [stdout] 7  | pub enum Flags<const C: /* Type */> {
[INFO] [stdout]    |               +++++++++++++++++++++
[INFO] [stdout] 
[INFO] [stdout] error: aborting due to 4 previous errors
[INFO] [stdout] 
[INFO] [stdout] Some errors have detailed explanations: E0425, E0432.
[INFO] [stdout] For more information about an error, try `rustc --explain E0425`.
[INFO] [stdout] Couldn't compile the test.
[INFO] [stdout] ---- src/lib.rs - bitflag (line 60) stdout ----
[INFO] [stdout] error[E0432]: unresolved import `bitflag_attr`
[INFO] [stdout]  --> src/lib.rs:61:5
[INFO] [stdout]   |
[INFO] [stdout] 3 | use bitflag_attr::bitflag;
[INFO] [stdout]   |     ^^^^^^^^^^^^ use of undeclared crate or module `bitflag_attr`
[INFO] [stdout] 
[INFO] [stdout] error[E0425]: cannot find value `A` in this scope
[INFO] [stdout]   --> src/lib.rs:74:11
[INFO] [stdout]    |
[INFO] [stdout] 16 |     ABC = A | B | C,
[INFO] [stdout]    |           ^ not found in this scope
[INFO] [stdout]    |
[INFO] [stdout] help: you might be missing a const parameter
[INFO] [stdout]    |
[INFO] [stdout] 7  | pub enum Flags<const A: /* Type */> {
[INFO] [stdout]    |               +++++++++++++++++++++
[INFO] [stdout] 
[INFO] [stdout] error[E0425]: cannot find value `B` in this scope
[INFO] [stdout]   --> src/lib.rs:74:15
[INFO] [stdout]    |
[INFO] [stdout] 16 |     ABC = A | B | C,
[INFO] [stdout]    |               ^ not found in this scope
[INFO] [stdout]    |
[INFO] [stdout] help: you might be missing a const parameter
[INFO] [stdout]    |
[INFO] [stdout] 7  | pub enum Flags<const B: /* Type */> {
[INFO] [stdout]    |               +++++++++++++++++++++
[INFO] [stdout] 
[INFO] [stdout] error[E0425]: cannot find value `C` in this scope
[INFO] [stdout]   --> src/lib.rs:74:19
[INFO] [stdout]    |
[INFO] [stdout] 16 |     ABC = A | B | C,
[INFO] [stdout]    |                   ^ not found in this scope
[INFO] [stdout]    |
[INFO] [stdout] help: you might be missing a const parameter
[INFO] [stdout]    |
[INFO] [stdout] 7  | pub enum Flags<const C: /* Type */> {
[INFO] [stdout]    |               +++++++++++++++++++++
[INFO] [stdout] 
[INFO] [stdout] error: aborting due to 4 previous errors
[INFO] [stdout] 
[INFO] [stdout] Some errors have detailed explanations: E0425, E0432.
[INFO] [stdout] For more information about an error, try `rustc --explain E0425`.
[INFO] [stdout] Couldn't compile the test.
[INFO] [stdout] 
[INFO] [stdout] failures:
[INFO] [stdout]     src/lib.rs - bitflag (line 40)
[INFO] [stdout]     src/lib.rs - bitflag (line 60)
[INFO] [stdout] 
[INFO] [stdout] test result: FAILED. 0 passed; 2 failed; 0 ignored; 0 measured; 0 filtered out; finished in 0.10s
[INFO] [stdout] 
[INFO] [stderr] error: doctest failed, to rerun pass `--doc`
[INFO] running `Command { std: "docker" "inspect" "c4344293afb552715d7c325c659d859ecd5eef5f8f0e91a127c16ca90ada6bc0", kill_on_drop: false }`
[INFO] running `Command { std: "docker" "rm" "-f" "c4344293afb552715d7c325c659d859ecd5eef5f8f0e91a127c16ca90ada6bc0", kill_on_drop: false }`
[INFO] [stdout] c4344293afb552715d7c325c659d859ecd5eef5f8f0e91a127c16ca90ada6bc0
