[INFO] fetching crate bitceptron_regtest_utils 0.5.0...
[INFO] testing bitceptron_regtest_utils-0.5.0 against 1.83.0 for beta-1.84.0-4-retry
[INFO] extracting crate bitceptron_regtest_utils 0.5.0 into /workspace/builds/worker-3-tc1/source
[INFO] validating manifest of crates.io crate bitceptron_regtest_utils 0.5.0 on toolchain 1.83.0
[INFO] running `Command { std: CARGO_HOME="/workspace/cargo-home" RUSTUP_HOME="/workspace/rustup-home" "/workspace/cargo-home/bin/cargo" "+1.83.0" "metadata" "--manifest-path" "Cargo.toml" "--no-deps", kill_on_drop: false }`
[INFO] started tweaking crates.io crate bitceptron_regtest_utils 0.5.0
[INFO] finished tweaking crates.io crate bitceptron_regtest_utils 0.5.0
[INFO] tweaked toml for crates.io crate bitceptron_regtest_utils 0.5.0 written to /workspace/builds/worker-3-tc1/source/Cargo.toml
[INFO] running `Command { std: CARGO_HOME="/workspace/cargo-home" RUSTUP_HOME="/workspace/rustup-home" "/workspace/cargo-home/bin/cargo" "+1.83.0" "generate-lockfile" "--manifest-path" "Cargo.toml", kill_on_drop: false }`
[INFO] [stderr]     Updating crates.io index
[INFO] [stderr]      Locking 41 packages to latest compatible versions
[INFO] [stderr]       Adding bitcoin v0.31.2 (available: v0.32.5)
[INFO] [stderr]       Adding bitcoincore-rpc v0.18.0 (available: v0.19.0)
[INFO] [stderr]       Adding miniscript v11.2.0 (available: v12.3.0)
[INFO] running `Command { std: CARGO_HOME="/workspace/cargo-home" RUSTUP_HOME="/workspace/rustup-home" "/workspace/cargo-home/bin/cargo" "+1.83.0" "fetch" "--manifest-path" "Cargo.toml", kill_on_drop: false }`
[INFO] [stderr]  Downloading crates ...
[INFO] [stderr]   Downloaded bech32 v0.10.0-beta
[INFO] [stderr]   Downloaded bitcoincore-rpc v0.18.0
[INFO] [stderr]   Downloaded bitcoincore-rpc-json v0.18.0
[INFO] [stderr]   Downloaded jsonrpc v0.14.1
[INFO] [stderr]   Downloaded bitcoin v0.31.2
[INFO] [stderr]   Downloaded miniscript v11.2.0
[INFO] running `Command { std: "docker" "create" "-v" "/var/lib/crater-agent-workspace/builds/worker-3-tc1/target:/opt/rustwide/target:rw,Z" "-v" "/var/lib/crater-agent-workspace/builds/worker-3-tc1/source:/opt/rustwide/workdir:ro,Z" "-v" "/var/lib/crater-agent-workspace/cargo-home:/opt/rustwide/cargo-home:ro,Z" "-v" "/var/lib/crater-agent-workspace/rustup-home:/opt/rustwide/rustup-home:ro,Z" "-e" "SOURCE_DIR=/opt/rustwide/workdir" "-e" "CARGO_TARGET_DIR=/opt/rustwide/target" "-e" "CARGO_HOME=/opt/rustwide/cargo-home" "-e" "RUSTUP_HOME=/opt/rustwide/rustup-home" "-w" "/opt/rustwide/workdir" "-m" "1610612736" "--user" "0:0" "--network" "none" "ghcr.io/rust-lang/crates-build-env/linux@sha256:f3a9d4ad9d972b27faf3965f35b62e55ba32bbce8f20bc8fe909558a86702fde" "/opt/rustwide/cargo-home/bin/cargo" "+1.83.0" "metadata" "--no-deps" "--format-version=1", kill_on_drop: false }`
[INFO] [stdout] 28c10f808a8fe2e98af554018e59f96118c9602ae72f20aeec610cea161f4563
[INFO] running `Command { std: "docker" "start" "-a" "28c10f808a8fe2e98af554018e59f96118c9602ae72f20aeec610cea161f4563", kill_on_drop: false }`
[INFO] running `Command { std: "docker" "inspect" "28c10f808a8fe2e98af554018e59f96118c9602ae72f20aeec610cea161f4563", kill_on_drop: false }`
[INFO] running `Command { std: "docker" "rm" "-f" "28c10f808a8fe2e98af554018e59f96118c9602ae72f20aeec610cea161f4563", kill_on_drop: false }`
[INFO] [stdout] 28c10f808a8fe2e98af554018e59f96118c9602ae72f20aeec610cea161f4563
[INFO] running `Command { std: "docker" "create" "-v" "/var/lib/crater-agent-workspace/builds/worker-3-tc1/target:/opt/rustwide/target:rw,Z" "-v" "/var/lib/crater-agent-workspace/builds/worker-3-tc1/source:/opt/rustwide/workdir:ro,Z" "-v" "/var/lib/crater-agent-workspace/cargo-home:/opt/rustwide/cargo-home:ro,Z" "-v" "/var/lib/crater-agent-workspace/rustup-home:/opt/rustwide/rustup-home:ro,Z" "-e" "SOURCE_DIR=/opt/rustwide/workdir" "-e" "CARGO_TARGET_DIR=/opt/rustwide/target" "-e" "CARGO_INCREMENTAL=0" "-e" "RUST_BACKTRACE=full" "-e" "RUSTFLAGS=--cap-lints=warn" "-e" "RUSTDOCFLAGS=--cap-lints=warn" "-e" "CARGO_HOME=/opt/rustwide/cargo-home" "-e" "RUSTUP_HOME=/opt/rustwide/rustup-home" "-w" "/opt/rustwide/workdir" "-m" "1610612736" "--user" "0:0" "--network" "none" "ghcr.io/rust-lang/crates-build-env/linux@sha256:f3a9d4ad9d972b27faf3965f35b62e55ba32bbce8f20bc8fe909558a86702fde" "/opt/rustwide/cargo-home/bin/cargo" "+1.83.0" "build" "--frozen" "--message-format=json", kill_on_drop: false }`
[INFO] [stdout] 24f6ff79ed1272a0d15f770d73d95e3c3e57dcbe876f0e6dde2c64f05a6e10e5
[INFO] running `Command { std: "docker" "start" "-a" "24f6ff79ed1272a0d15f770d73d95e3c3e57dcbe876f0e6dde2c64f05a6e10e5", kill_on_drop: false }`
[INFO] [stderr]    Compiling proc-macro2 v1.0.92
[INFO] [stderr]    Compiling unicode-ident v1.0.14
[INFO] [stderr]    Compiling serde v1.0.216
[INFO] [stderr]    Compiling libc v0.2.168
[INFO] [stderr]    Compiling cfg-if v1.0.0
[INFO] [stderr]    Compiling byteorder v1.5.0
[INFO] [stderr]    Compiling shlex v1.3.0
[INFO] [stderr]    Compiling bitcoin-internals v0.2.0
[INFO] [stderr]    Compiling memchr v2.7.4
[INFO] [stderr]    Compiling hex_lit v0.1.1
[INFO] [stderr]    Compiling hex-conservative v0.1.2
[INFO] [stderr]    Compiling bitcoin v0.31.2
[INFO] [stderr]    Compiling serde_json v1.0.133
[INFO] [stderr]    Compiling ryu v1.0.18
[INFO] [stderr]    Compiling itoa v1.0.14
[INFO] [stderr]    Compiling bech32 v0.10.0-beta
[INFO] [stderr]    Compiling regex-syntax v0.8.5
[INFO] [stderr]    Compiling cc v1.2.4
[INFO] [stderr]    Compiling base64 v0.13.1
[INFO] [stderr]    Compiling log v0.4.22
[INFO] [stderr]    Compiling aho-corasick v1.1.3
[INFO] [stderr]    Compiling quote v1.0.37
[INFO] [stderr]    Compiling syn v2.0.90
[INFO] [stderr]    Compiling getrandom v0.2.15
[INFO] [stderr]    Compiling rand_core v0.6.4
[INFO] [stderr]    Compiling secp256k1-sys v0.9.2
[INFO] [stderr]    Compiling regex-automata v0.4.9
[INFO] [stderr]    Compiling serde_derive v1.0.216
[INFO] [stderr]    Compiling zerocopy-derive v0.7.35
[INFO] [stderr]    Compiling zerocopy v0.7.35
[INFO] [stderr]    Compiling regex v1.11.1
[INFO] [stderr]    Compiling ppv-lite86 v0.2.20
[INFO] [stderr]    Compiling rand_chacha v0.3.1
[INFO] [stderr]    Compiling rand v0.8.5
[INFO] [stderr]    Compiling bitcoin_hashes v0.13.0
[INFO] [stderr]    Compiling jsonrpc v0.14.1
[INFO] [stderr]    Compiling secp256k1 v0.28.2
[INFO] [stderr]    Compiling bitcoincore-rpc-json v0.18.0
[INFO] [stderr]    Compiling miniscript v11.2.0
[INFO] [stderr]    Compiling bitcoincore-rpc v0.18.0
[INFO] [stderr]    Compiling bitceptron_regtest_utils v0.5.0 (/opt/rustwide/workdir)
[INFO] [stderr]     Finished `dev` profile [unoptimized + debuginfo] target(s) in 34.60s
[INFO] running `Command { std: "docker" "inspect" "24f6ff79ed1272a0d15f770d73d95e3c3e57dcbe876f0e6dde2c64f05a6e10e5", kill_on_drop: false }`
[INFO] running `Command { std: "docker" "rm" "-f" "24f6ff79ed1272a0d15f770d73d95e3c3e57dcbe876f0e6dde2c64f05a6e10e5", kill_on_drop: false }`
[INFO] [stdout] 24f6ff79ed1272a0d15f770d73d95e3c3e57dcbe876f0e6dde2c64f05a6e10e5
[INFO] running `Command { std: "docker" "create" "-v" "/var/lib/crater-agent-workspace/builds/worker-3-tc1/target:/opt/rustwide/target:rw,Z" "-v" "/var/lib/crater-agent-workspace/builds/worker-3-tc1/source:/opt/rustwide/workdir:ro,Z" "-v" "/var/lib/crater-agent-workspace/cargo-home:/opt/rustwide/cargo-home:ro,Z" "-v" "/var/lib/crater-agent-workspace/rustup-home:/opt/rustwide/rustup-home:ro,Z" "-e" "SOURCE_DIR=/opt/rustwide/workdir" "-e" "CARGO_TARGET_DIR=/opt/rustwide/target" "-e" "CARGO_INCREMENTAL=0" "-e" "RUST_BACKTRACE=full" "-e" "RUSTFLAGS=--cap-lints=warn" "-e" "RUSTDOCFLAGS=--cap-lints=warn" "-e" "CARGO_HOME=/opt/rustwide/cargo-home" "-e" "RUSTUP_HOME=/opt/rustwide/rustup-home" "-w" "/opt/rustwide/workdir" "-m" "1610612736" "--user" "0:0" "--network" "none" "ghcr.io/rust-lang/crates-build-env/linux@sha256:f3a9d4ad9d972b27faf3965f35b62e55ba32bbce8f20bc8fe909558a86702fde" "/opt/rustwide/cargo-home/bin/cargo" "+1.83.0" "test" "--frozen" "--no-run" "--message-format=json", kill_on_drop: false }`
[INFO] [stdout] e94c526bee37621dafc59878c1ad02b2bc477355bc9e52f434354ee540235c6c
[INFO] running `Command { std: "docker" "start" "-a" "e94c526bee37621dafc59878c1ad02b2bc477355bc9e52f434354ee540235c6c", kill_on_drop: false }`
[INFO] [stderr]    Compiling bitceptron_regtest_utils v0.5.0 (/opt/rustwide/workdir)
[INFO] [stderr]     Finished `test` profile [unoptimized + debuginfo] target(s) in 0.63s
[INFO] running `Command { std: "docker" "inspect" "e94c526bee37621dafc59878c1ad02b2bc477355bc9e52f434354ee540235c6c", kill_on_drop: false }`
[INFO] running `Command { std: "docker" "rm" "-f" "e94c526bee37621dafc59878c1ad02b2bc477355bc9e52f434354ee540235c6c", kill_on_drop: false }`
[INFO] [stdout] e94c526bee37621dafc59878c1ad02b2bc477355bc9e52f434354ee540235c6c
[INFO] running `Command { std: "docker" "create" "-v" "/var/lib/crater-agent-workspace/builds/worker-3-tc1/target:/opt/rustwide/target:rw,Z" "-v" "/var/lib/crater-agent-workspace/builds/worker-3-tc1/source:/opt/rustwide/workdir:ro,Z" "-v" "/var/lib/crater-agent-workspace/cargo-home:/opt/rustwide/cargo-home:ro,Z" "-v" "/var/lib/crater-agent-workspace/rustup-home:/opt/rustwide/rustup-home:ro,Z" "-e" "SOURCE_DIR=/opt/rustwide/workdir" "-e" "CARGO_TARGET_DIR=/opt/rustwide/target" "-e" "CARGO_INCREMENTAL=0" "-e" "RUST_BACKTRACE=full" "-e" "RUSTFLAGS=--cap-lints=warn" "-e" "RUSTDOCFLAGS=--cap-lints=warn" "-e" "CARGO_HOME=/opt/rustwide/cargo-home" "-e" "RUSTUP_HOME=/opt/rustwide/rustup-home" "-w" "/opt/rustwide/workdir" "-m" "1610612736" "--user" "0:0" "--network" "none" "ghcr.io/rust-lang/crates-build-env/linux@sha256:f3a9d4ad9d972b27faf3965f35b62e55ba32bbce8f20bc8fe909558a86702fde" "/opt/rustwide/cargo-home/bin/cargo" "+1.83.0" "test" "--frozen", kill_on_drop: false }`
[INFO] [stdout] 927acab47a4cd6474f9425be1adbba44c4cd790280795b4877eacba7cdd540b8
[INFO] running `Command { std: "docker" "start" "-a" "927acab47a4cd6474f9425be1adbba44c4cd790280795b4877eacba7cdd540b8", kill_on_drop: false }`
[INFO] [stderr]     Finished `test` profile [unoptimized + debuginfo] target(s) in 0.05s
[INFO] [stderr]      Running unittests src/lib.rs (/opt/rustwide/target/debug/deps/bitceptron_regtest_utils-0b7e85d193d6ddb3)
[INFO] [stdout] 
[INFO] [stdout] running 0 tests
[INFO] [stdout] 
[INFO] [stdout] test result: ok. 0 passed; 0 failed; 0 ignored; 0 measured; 0 filtered out; finished in 0.00s
[INFO] [stdout] 
[INFO] [stderr]    Doc-tests bitceptron_regtest_utils
[INFO] [stdout] 
[INFO] [stdout] running 1 test
[INFO] [stdout] test src/lib.rs - (line 4) ... FAILED
[INFO] [stdout] 
[INFO] [stdout] failures:
[INFO] [stdout] 
[INFO] [stdout] ---- src/lib.rs - (line 4) stdout ----
[INFO] [stdout] error[E0412]: cannot find type `Network` in this scope
[INFO] [stdout]  --> src/lib.rs:8:16
[INFO] [stdout]   |
[INFO] [stdout] 6 | const NETWORK: Network = Network::Regtest;
[INFO] [stdout]   |                ^^^^^^^ not found in this scope
[INFO] [stdout]   |
[INFO] [stdout] help: consider importing this enum
[INFO] [stdout]   |
[INFO] [stdout] 2 + use bitcoin::Network;
[INFO] [stdout]   |
[INFO] [stdout] 
[INFO] [stdout] error[E0433]: failed to resolve: use of undeclared type `Network`
[INFO] [stdout]  --> src/lib.rs:8:26
[INFO] [stdout]   |
[INFO] [stdout] 6 | const NETWORK: Network = Network::Regtest;
[INFO] [stdout]   |                          ^^^^^^^ use of undeclared type `Network`
[INFO] [stdout]   |
[INFO] [stdout] help: consider importing this enum
[INFO] [stdout]   |
[INFO] [stdout] 2 + use bitcoin::Network;
[INFO] [stdout]   |
[INFO] [stdout] 
[INFO] [stdout] error[E0425]: cannot find function `spawn_regtest` in this scope
[INFO] [stdout]  --> src/lib.rs:10:19
[INFO] [stdout]   |
[INFO] [stdout] 8 | let mut clients = spawn_regtest(
[INFO] [stdout]   |                   ^^^^^^^^^^^^^ not found in this scope
[INFO] [stdout]   |
[INFO] [stdout] help: consider importing this function
[INFO] [stdout]   |
[INFO] [stdout] 2 + use bitceptron_regtest_utils::spawn_regtest;
[INFO] [stdout]   |
[INFO] [stdout] 
[INFO] [stdout] error[E0433]: failed to resolve: use of undeclared type `RegtestConf`
[INFO] [stdout]   --> src/lib.rs:15:12
[INFO] [stdout]    |
[INFO] [stdout] 13 |            RegtestConf::new(18447, 18448).unwrap(),
[INFO] [stdout]    |            ^^^^^^^^^^^ use of undeclared type `RegtestConf`
[INFO] [stdout]    |
[INFO] [stdout] help: consider importing this struct
[INFO] [stdout]    |
[INFO] [stdout] 2  + use bitceptron_regtest_utils::RegtestConf;
[INFO] [stdout]    |
[INFO] [stdout] 
[INFO] [stdout] error[E0433]: failed to resolve: use of undeclared type `RegtestConf`
[INFO] [stdout]   --> src/lib.rs:16:12
[INFO] [stdout]    |
[INFO] [stdout] 14 |            RegtestConf::new(18449, 18450).unwrap(),
[INFO] [stdout]    |            ^^^^^^^^^^^ use of undeclared type `RegtestConf`
[INFO] [stdout]    |
[INFO] [stdout] help: consider importing this struct
[INFO] [stdout]    |
[INFO] [stdout] 2  + use bitceptron_regtest_utils::RegtestConf;
[INFO] [stdout]    |
[INFO] [stdout] 
[INFO] [stdout] error[E0433]: failed to resolve: use of undeclared type `AddressType`
[INFO] [stdout]   --> src/lib.rs:26:46
[INFO] [stdout]    |
[INFO] [stdout] 24 |        .get_new_address(Some("mining"), Some(AddressType::Bech32))
[INFO] [stdout]    |                                              ^^^^^^^^^^^ use of undeclared type `AddressType`
[INFO] [stdout]    |
[INFO] [stdout] help: consider importing this enum
[INFO] [stdout]    |
[INFO] [stdout] 2  + use bitcoin::AddressType;
[INFO] [stdout]    |
[INFO] [stdout] 
[INFO] [stdout] error[E0425]: cannot find function `unwind_regtest` in this scope
[INFO] [stdout]   --> src/lib.rs:33:1
[INFO] [stdout]    |
[INFO] [stdout] 31 | unwind_regtest(vec![rusty_client, mining_client], TEMP_PATH, 200);
[INFO] [stdout]    | ^^^^^^^^^^^^^^ not found in this scope
[INFO] [stdout]    |
[INFO] [stdout] help: consider importing this function
[INFO] [stdout]    |
[INFO] [stdout] 2  + use bitceptron_regtest_utils::unwind_regtest;
[INFO] [stdout]    |
[INFO] [stdout] 
[INFO] [stdout] error: aborting due to 7 previous errors
[INFO] [stdout] 
[INFO] [stdout] Some errors have detailed explanations: E0412, E0425, E0433.
[INFO] [stdout] For more information about an error, try `rustc --explain E0412`.
[INFO] [stdout] Couldn't compile the test.
[INFO] [stdout] 
[INFO] [stdout] failures:
[INFO] [stdout]     src/lib.rs - (line 4)
[INFO] [stdout] 
[INFO] [stdout] test result: FAILED. 0 passed; 1 failed; 0 ignored; 0 measured; 0 filtered out; finished in 0.11s
[INFO] [stdout] 
[INFO] [stderr] error: doctest failed, to rerun pass `--doc`
[INFO] running `Command { std: "docker" "inspect" "927acab47a4cd6474f9425be1adbba44c4cd790280795b4877eacba7cdd540b8", kill_on_drop: false }`
[INFO] running `Command { std: "docker" "rm" "-f" "927acab47a4cd6474f9425be1adbba44c4cd790280795b4877eacba7cdd540b8", kill_on_drop: false }`
[INFO] [stdout] 927acab47a4cd6474f9425be1adbba44c4cd790280795b4877eacba7cdd540b8
