[INFO] fetching crate bitcasky 0.1.2...
[INFO] testing bitcasky-0.1.2 against 1.83.0 for beta-1.84.0-4-retry
[INFO] extracting crate bitcasky 0.1.2 into /workspace/builds/worker-5-tc1/source
[INFO] validating manifest of crates.io crate bitcasky 0.1.2 on toolchain 1.83.0
[INFO] running `Command { std: CARGO_HOME="/workspace/cargo-home" RUSTUP_HOME="/workspace/rustup-home" "/workspace/cargo-home/bin/cargo" "+1.83.0" "metadata" "--manifest-path" "Cargo.toml" "--no-deps", kill_on_drop: false }`
[INFO] removed /workspace/builds/worker-5-tc1/source/rust-toolchain.toml
[INFO] started tweaking crates.io crate bitcasky 0.1.2
[INFO] removed 0 missing tests
[INFO] finished tweaking crates.io crate bitcasky 0.1.2
[INFO] tweaked toml for crates.io crate bitcasky 0.1.2 written to /workspace/builds/worker-5-tc1/source/Cargo.toml
[INFO] running `Command { std: CARGO_HOME="/workspace/cargo-home" RUSTUP_HOME="/workspace/rustup-home" "/workspace/cargo-home/bin/cargo" "+1.83.0" "generate-lockfile" "--manifest-path" "Cargo.toml", kill_on_drop: false }`
[INFO] [stderr]     Updating crates.io index
[INFO] [stderr]     Blocking waiting for file lock on package cache
[INFO] [stderr]      Locking 145 packages to latest compatible versions
[INFO] [stderr]       Adding dashmap v5.5.3 (available: v6.1.0)
[INFO] [stderr]       Adding env_logger v0.10.2 (available: v0.11.5)
[INFO] [stderr]       Adding fs4 v0.6.6 (available: v0.12.0)
[INFO] [stderr]       Adding thiserror v1.0.69 (available: v2.0.7)
[INFO] running `Command { std: CARGO_HOME="/workspace/cargo-home" RUSTUP_HOME="/workspace/rustup-home" "/workspace/cargo-home/bin/cargo" "+1.83.0" "fetch" "--manifest-path" "Cargo.toml", kill_on_drop: false }`
[INFO] [stderr]     Blocking waiting for file lock on package cache
[INFO] [stderr]  Downloading crates ...
[INFO] [stderr]   Downloaded fs4 v0.6.6
[INFO] [stderr]   Downloaded uuid-macro-internal v1.11.0
[INFO] running `Command { std: "docker" "create" "-v" "/var/lib/crater-agent-workspace/builds/worker-5-tc1/target:/opt/rustwide/target:rw,Z" "-v" "/var/lib/crater-agent-workspace/builds/worker-5-tc1/source:/opt/rustwide/workdir:ro,Z" "-v" "/var/lib/crater-agent-workspace/cargo-home:/opt/rustwide/cargo-home:ro,Z" "-v" "/var/lib/crater-agent-workspace/rustup-home:/opt/rustwide/rustup-home:ro,Z" "-e" "SOURCE_DIR=/opt/rustwide/workdir" "-e" "CARGO_TARGET_DIR=/opt/rustwide/target" "-e" "CARGO_HOME=/opt/rustwide/cargo-home" "-e" "RUSTUP_HOME=/opt/rustwide/rustup-home" "-w" "/opt/rustwide/workdir" "-m" "1610612736" "--user" "0:0" "--network" "none" "ghcr.io/rust-lang/crates-build-env/linux@sha256:f3a9d4ad9d972b27faf3965f35b62e55ba32bbce8f20bc8fe909558a86702fde" "/opt/rustwide/cargo-home/bin/cargo" "+1.83.0" "metadata" "--no-deps" "--format-version=1", kill_on_drop: false }`
[INFO] [stdout] 324b41adc271ae2ecf5ba25dcab13e1af79c40b05926da8a84584ce8d18d5f75
[INFO] running `Command { std: "docker" "start" "-a" "324b41adc271ae2ecf5ba25dcab13e1af79c40b05926da8a84584ce8d18d5f75", kill_on_drop: false }`
[INFO] running `Command { std: "docker" "inspect" "324b41adc271ae2ecf5ba25dcab13e1af79c40b05926da8a84584ce8d18d5f75", kill_on_drop: false }`
[INFO] running `Command { std: "docker" "rm" "-f" "324b41adc271ae2ecf5ba25dcab13e1af79c40b05926da8a84584ce8d18d5f75", kill_on_drop: false }`
[INFO] [stdout] 324b41adc271ae2ecf5ba25dcab13e1af79c40b05926da8a84584ce8d18d5f75
[INFO] running `Command { std: "docker" "create" "-v" "/var/lib/crater-agent-workspace/builds/worker-5-tc1/target:/opt/rustwide/target:rw,Z" "-v" "/var/lib/crater-agent-workspace/builds/worker-5-tc1/source:/opt/rustwide/workdir:ro,Z" "-v" "/var/lib/crater-agent-workspace/cargo-home:/opt/rustwide/cargo-home:ro,Z" "-v" "/var/lib/crater-agent-workspace/rustup-home:/opt/rustwide/rustup-home:ro,Z" "-e" "SOURCE_DIR=/opt/rustwide/workdir" "-e" "CARGO_TARGET_DIR=/opt/rustwide/target" "-e" "CARGO_INCREMENTAL=0" "-e" "RUST_BACKTRACE=full" "-e" "RUSTFLAGS=--cap-lints=warn" "-e" "RUSTDOCFLAGS=--cap-lints=warn" "-e" "CARGO_HOME=/opt/rustwide/cargo-home" "-e" "RUSTUP_HOME=/opt/rustwide/rustup-home" "-w" "/opt/rustwide/workdir" "-m" "1610612736" "--user" "0:0" "--network" "none" "ghcr.io/rust-lang/crates-build-env/linux@sha256:f3a9d4ad9d972b27faf3965f35b62e55ba32bbce8f20bc8fe909558a86702fde" "/opt/rustwide/cargo-home/bin/cargo" "+1.83.0" "build" "--frozen" "--message-format=json", kill_on_drop: false }`
[INFO] [stdout] 3d2105a3796d621eb41c6b2e484f6b1ba243d5fad7237effa5676025efe1f1ef
[INFO] running `Command { std: "docker" "start" "-a" "3d2105a3796d621eb41c6b2e484f6b1ba243d5fad7237effa5676025efe1f1ef", kill_on_drop: false }`
[INFO] [stderr]    Compiling proc-macro2 v1.0.92
[INFO] [stderr]    Compiling unicode-ident v1.0.14
[INFO] [stderr]    Compiling cfg-if v1.0.0
[INFO] [stderr]    Compiling libc v0.2.168
[INFO] [stderr]    Compiling autocfg v1.4.0
[INFO] [stderr]    Compiling crossbeam-utils v0.8.20
[INFO] [stderr]    Compiling serde v1.0.216
[INFO] [stderr]    Compiling byteorder v1.5.0
[INFO] [stderr]    Compiling either v1.13.0
[INFO] [stderr]    Compiling rustix v0.38.42
[INFO] [stderr]    Compiling parking_lot_core v0.9.10
[INFO] [stderr]    Compiling serde_json v1.0.133
[INFO] [stderr]    Compiling rayon-core v1.12.1
[INFO] [stderr]    Compiling half v2.4.1
[INFO] [stderr]    Compiling ryu v1.0.18
[INFO] [stderr]    Compiling bitflags v2.6.0
[INFO] [stderr]    Compiling lock_api v0.4.12
[INFO] [stderr]    Compiling num-traits v0.2.19
[INFO] [stderr]    Compiling linux-raw-sys v0.4.14
[INFO] [stderr]    Compiling itoa v1.0.14
[INFO] [stderr]    Compiling once_cell v1.20.2
[INFO] [stderr]    Compiling regex-syntax v0.8.5
[INFO] [stderr]    Compiling smallvec v1.13.2
[INFO] [stderr]    Compiling crossbeam-epoch v0.9.18
[INFO] [stderr]    Compiling scopeguard v1.2.0
[INFO] [stderr]    Compiling plotters-backend v0.3.7
[INFO] [stderr]    Compiling clap_lex v0.7.4
[INFO] [stderr]    Compiling memchr v2.7.4
[INFO] [stderr]    Compiling quote v1.0.37
[INFO] [stderr]    Compiling crossbeam-deque v0.8.5
[INFO] [stderr]    Compiling anstyle v1.0.10
[INFO] [stderr]    Compiling ciborium-io v0.2.2
[INFO] [stderr]    Compiling ciborium-ll v0.2.2
[INFO] [stderr]    Compiling syn v2.0.90
[INFO] [stderr]    Compiling clap_builder v4.5.23
[INFO] [stderr]    Compiling plotters-svg v0.3.7
[INFO] [stderr]    Compiling itertools v0.10.5
[INFO] [stderr]    Compiling getrandom v0.2.15
[INFO] [stderr]    Compiling rand_core v0.6.4
[INFO] [stderr]    Compiling thiserror v1.0.69
[INFO] [stderr]    Compiling same-file v1.0.6
[INFO] [stderr]    Compiling cast v0.3.0
[INFO] [stderr]    Compiling regex-automata v0.4.9
[INFO] [stderr]    Compiling walkdir v2.5.0
[INFO] [stderr]    Compiling criterion-plot v0.5.0
[INFO] [stderr]    Compiling plotters v0.3.7
[INFO] [stderr]    Compiling clap v4.5.23
[INFO] [stderr]    Compiling rayon v1.10.0
[INFO] [stderr]    Compiling is-terminal v0.4.13
[INFO] [stderr]    Compiling crossbeam-queue v0.3.11
[INFO] [stderr]    Compiling crossbeam-channel v0.5.13
[INFO] [stderr]    Compiling regex v1.11.1
[INFO] [stderr]    Compiling hashbrown v0.14.5
[INFO] [stderr]    Compiling anes v0.1.6
[INFO] [stderr]    Compiling crc-catalog v2.4.0
[INFO] [stderr]    Compiling fastrand v2.3.0
[INFO] [stderr]    Compiling zerocopy-derive v0.7.35
[INFO] [stderr]    Compiling serde_derive v1.0.216
[INFO] [stderr]    Compiling uuid-macro-internal v1.11.0
[INFO] [stderr]    Compiling thiserror-impl v1.0.69
[INFO] [stderr]    Compiling oorandom v11.1.4
[INFO] [stderr]    Compiling dashmap v5.5.3
[INFO] [stderr]    Compiling tempfile v3.14.0
[INFO] [stderr]    Compiling crc v3.2.1
[INFO] [stderr]    Compiling crossbeam v0.8.4
[INFO] [stderr]    Compiling fs4 v0.6.6
[INFO] [stderr]    Compiling zerocopy v0.7.35
[INFO] [stderr]    Compiling parking_lot v0.12.3
[INFO] [stderr]    Compiling memmap2 v0.9.5
[INFO] [stderr]    Compiling log v0.4.22
[INFO] [stderr]    Compiling bytes v1.9.0
[INFO] [stderr]    Compiling ppv-lite86 v0.2.20
[INFO] [stderr]    Compiling rand_chacha v0.3.1
[INFO] [stderr]    Compiling rand v0.8.5
[INFO] [stderr]    Compiling uuid v1.11.0
[INFO] [stderr]    Compiling ciborium v0.2.2
[INFO] [stderr]    Compiling tinytemplate v1.2.1
[INFO] [stderr]    Compiling criterion v0.5.1
[INFO] [stderr]    Compiling bitcasky v0.1.2 (/opt/rustwide/workdir)
[INFO] [stdout] warning: field `writing_storage_id` is never read
[INFO] [stdout]   --> src/database/core.rs:67:9
[INFO] [stdout]    |
[INFO] [stdout] 65 | pub struct StorageIds {
[INFO] [stdout]    |            ---------- field in this struct
[INFO] [stdout] 66 |     pub stable_storage_ids: Vec<StorageId>,
[INFO] [stdout] 67 |     pub writing_storage_id: StorageId,
[INFO] [stdout]    |         ^^^^^^^^^^^^^^^^^^
[INFO] [stdout]    |
[INFO] [stdout]    = note: `StorageIds` has a derived impl for the trait `Debug`, but this is intentionally ignored during dead code analysis
[INFO] [stdout]    = note: `#[warn(dead_code)]` on by default
[INFO] [stdout] 
[INFO] [stdout] 
[INFO] [stdout] warning: associated function `new` is never used
[INFO] [stdout]   --> src/formatter/mod.rs:59:12
[INFO] [stdout]    |
[INFO] [stdout] 58 | impl<K: AsRef<[u8]>, V: Deref<Target = [u8]>> RowToWrite<K, V> {
[INFO] [stdout]    | -------------------------------------------------------------- associated function in this implementation
[INFO] [stdout] 59 |     pub fn new(key: K, value: V) -> RowToWrite<K, V> {
[INFO] [stdout]    |            ^^^
[INFO] [stdout] 
[INFO] [stdout] 
[INFO] [stdout] warning: trait `Handle` is never used
[INFO] [stdout]   --> src/fs/mod.rs:10:11
[INFO] [stdout]    |
[INFO] [stdout] 10 | pub trait Handle {}
[INFO] [stdout]    |           ^^^^^^
[INFO] [stdout] 
[INFO] [stdout] 
[INFO] [stdout] warning: fields `file_type` and `storage_id` are never read
[INFO] [stdout]   --> src/fs/core.rs:14:9
[INFO] [stdout]    |
[INFO] [stdout] 13 | pub struct IdentifiedFile {
[INFO] [stdout]    |            -------------- fields in this struct
[INFO] [stdout] 14 |     pub file_type: FileType,
[INFO] [stdout]    |         ^^^^^^^^^
[INFO] [stdout] 15 |     pub file: File,
[INFO] [stdout] 16 |     pub storage_id: Option<StorageId>,
[INFO] [stdout]    |         ^^^^^^^^^^
[INFO] [stdout] 
[INFO] [stdout] 
[INFO] [stdout] warning: struct `TestingKV` is never constructed
[INFO] [stdout]  --> src/test_utils.rs:5:12
[INFO] [stdout]   |
[INFO] [stdout] 5 | pub struct TestingKV {
[INFO] [stdout]   |            ^^^^^^^^^
[INFO] [stdout]   |
[INFO] [stdout]   = note: `TestingKV` has derived impls for the traits `Debug` and `Clone`, but these are intentionally ignored during dead code analysis
[INFO] [stdout] 
[INFO] [stdout] 
[INFO] [stdout] warning: multiple associated items are never used
[INFO] [stdout]   --> src/test_utils.rs:12:12
[INFO] [stdout]    |
[INFO] [stdout] 11 | impl TestingKV {
[INFO] [stdout]    | -------------- associated items in this implementation
[INFO] [stdout] 12 |     pub fn new(k: &str, v: &str) -> TestingKV {
[INFO] [stdout]    |            ^^^
[INFO] [stdout] ...
[INFO] [stdout] 20 |     pub fn new_expirable(k: &str, v: &str, expire_timestamp: u64) -> TestingKV {
[INFO] [stdout]    |            ^^^^^^^^^^^^^
[INFO] [stdout] ...
[INFO] [stdout] 28 |     pub fn from_bytes(k: &[u8], v: &[u8]) -> TestingKV {
[INFO] [stdout]    |            ^^^^^^^^^^
[INFO] [stdout] ...
[INFO] [stdout] 36 |     pub fn key_ref(&self) -> &Vec<u8> {
[INFO] [stdout]    |            ^^^^^^^
[INFO] [stdout] ...
[INFO] [stdout] 39 |     pub fn value_ref(&self) -> &Vec<u8> {
[INFO] [stdout]    |            ^^^^^^^^^
[INFO] [stdout] ...
[INFO] [stdout] 43 |     pub fn key(&self) -> Vec<u8> {
[INFO] [stdout]    |            ^^^
[INFO] [stdout] ...
[INFO] [stdout] 47 |     pub fn value(&self) -> Vec<u8> {
[INFO] [stdout]    |            ^^^^^
[INFO] [stdout] ...
[INFO] [stdout] 51 |     pub fn expire_timestamp(&self) -> u64 {
[INFO] [stdout]    |            ^^^^^^^^^^^^^^^^
[INFO] [stdout] 
[INFO] [stdout] 
[INFO] [stdout] warning: enum `TestingOperator` is never used
[INFO] [stdout]   --> src/test_utils.rs:57:10
[INFO] [stdout]    |
[INFO] [stdout] 57 | pub enum TestingOperator {
[INFO] [stdout]    |          ^^^^^^^^^^^^^^^
[INFO] [stdout]    |
[INFO] [stdout]    = note: `TestingOperator` has a derived impl for the trait `Clone`, but this is intentionally ignored during dead code analysis
[INFO] [stdout] 
[INFO] [stdout] 
[INFO] [stdout] warning: struct `TestingOperation` is never constructed
[INFO] [stdout]   --> src/test_utils.rs:65:12
[INFO] [stdout]    |
[INFO] [stdout] 65 | pub struct TestingOperation {
[INFO] [stdout]    |            ^^^^^^^^^^^^^^^^
[INFO] [stdout]    |
[INFO] [stdout]    = note: `TestingOperation` has a derived impl for the trait `Clone`, but this is intentionally ignored during dead code analysis
[INFO] [stdout] 
[INFO] [stdout] 
[INFO] [stdout] warning: methods `operator`, `key`, and `value` are never used
[INFO] [stdout]   --> src/test_utils.rs:71:12
[INFO] [stdout]    |
[INFO] [stdout] 70 | impl TestingOperation {
[INFO] [stdout]    | --------------------- methods in this implementation
[INFO] [stdout] 71 |     pub fn operator(&self) -> &TestingOperator {
[INFO] [stdout]    |            ^^^^^^^^
[INFO] [stdout] ...
[INFO] [stdout] 75 |     pub fn key(&self) -> Vec<u8> {
[INFO] [stdout]    |            ^^^
[INFO] [stdout] ...
[INFO] [stdout] 79 |     pub fn value(&self) -> Vec<u8> {
[INFO] [stdout]    |            ^^^^^
[INFO] [stdout] 
[INFO] [stdout] 
[INFO] [stdout] warning: struct `TestingOperations` is never constructed
[INFO] [stdout]   --> src/test_utils.rs:85:12
[INFO] [stdout]    |
[INFO] [stdout] 85 | pub struct TestingOperations {
[INFO] [stdout]    |            ^^^^^^^^^^^^^^^^^
[INFO] [stdout]    |
[INFO] [stdout]    = note: `TestingOperations` has a derived impl for the trait `Clone`, but this is intentionally ignored during dead code analysis
[INFO] [stdout] 
[INFO] [stdout] 
[INFO] [stdout] warning: methods `operations` and `squash` are never used
[INFO] [stdout]   --> src/test_utils.rs:90:12
[INFO] [stdout]    |
[INFO] [stdout] 89 | impl TestingOperations {
[INFO] [stdout]    | ---------------------- methods in this implementation
[INFO] [stdout] 90 |     pub fn operations(&self) -> &Vec<TestingOperation> {
[INFO] [stdout]    |            ^^^^^^^^^^
[INFO] [stdout] ...
[INFO] [stdout] 94 |     pub fn squash(&self) -> Vec<TestingOperation> {
[INFO] [stdout]    |            ^^^^^^
[INFO] [stdout] 
[INFO] [stdout] 
[INFO] [stdout] warning: struct `RandomTestingDataGenerator` is never constructed
[INFO] [stdout]    --> src/test_utils.rs:118:12
[INFO] [stdout]     |
[INFO] [stdout] 118 | pub struct RandomTestingDataGenerator {
[INFO] [stdout]     |            ^^^^^^^^^^^^^^^^^^^^^^^^^^
[INFO] [stdout] 
[INFO] [stdout] 
[INFO] [stdout] warning: associated items `new`, `generate_testing_kvs`, `generate_testing_operations`, `generate_testing_kv`, `generate_testing_operation`, and `generate_write_operator` are never used
[INFO] [stdout]    --> src/test_utils.rs:126:12
[INFO] [stdout]     |
[INFO] [stdout] 125 | impl RandomTestingDataGenerator {
[INFO] [stdout]     | ------------------------------- associated items in this implementation
[INFO] [stdout] 126 |     pub fn new(
[INFO] [stdout]     |            ^^^
[INFO] [stdout] ...
[INFO] [stdout] 139 |     pub fn generate_testing_kvs(&mut self, kvs_len: usize) -> Vec<TestingKV> {
[INFO] [stdout]     |            ^^^^^^^^^^^^^^^^^^^^
[INFO] [stdout] ...
[INFO] [stdout] 145 |     pub fn generate_testing_operations(&mut self, operation_len: usize) -> TestingOperations {
[INFO] [stdout]     |            ^^^^^^^^^^^^^^^^^^^^^^^^^^^
[INFO] [stdout] ...
[INFO] [stdout] 151 |     pub fn generate_testing_kv(&mut self) -> TestingKV {
[INFO] [stdout]     |            ^^^^^^^^^^^^^^^^^^^
[INFO] [stdout] ...
[INFO] [stdout] 162 |     pub fn generate_testing_operation(&mut self) -> TestingOperation {
[INFO] [stdout]     |            ^^^^^^^^^^^^^^^^^^^^^^^^^^
[INFO] [stdout] ...
[INFO] [stdout] 171 |     pub fn generate_write_operator(&mut self) -> TestingOperator {
[INFO] [stdout]     |            ^^^^^^^^^^^^^^^^^^^^^^^
[INFO] [stdout] 
[INFO] [stdout] 
[INFO] [stdout] warning: function `get_temporary_directory_path` is never used
[INFO] [stdout]    --> src/test_utils.rs:180:8
[INFO] [stdout]     |
[INFO] [stdout] 180 | pub fn get_temporary_directory_path() -> PathBuf {
[INFO] [stdout]     |        ^^^^^^^^^^^^^^^^^^^^^^^^^^^^
[INFO] [stdout] 
[INFO] [stdout] 
[INFO] [stderr]     Finished `dev` profile [unoptimized + debuginfo] target(s) in 1m 01s
[INFO] running `Command { std: "docker" "inspect" "3d2105a3796d621eb41c6b2e484f6b1ba243d5fad7237effa5676025efe1f1ef", kill_on_drop: false }`
[INFO] running `Command { std: "docker" "rm" "-f" "3d2105a3796d621eb41c6b2e484f6b1ba243d5fad7237effa5676025efe1f1ef", kill_on_drop: false }`
[INFO] [stdout] 3d2105a3796d621eb41c6b2e484f6b1ba243d5fad7237effa5676025efe1f1ef
[INFO] running `Command { std: "docker" "create" "-v" "/var/lib/crater-agent-workspace/builds/worker-5-tc1/target:/opt/rustwide/target:rw,Z" "-v" "/var/lib/crater-agent-workspace/builds/worker-5-tc1/source:/opt/rustwide/workdir:ro,Z" "-v" "/var/lib/crater-agent-workspace/cargo-home:/opt/rustwide/cargo-home:ro,Z" "-v" "/var/lib/crater-agent-workspace/rustup-home:/opt/rustwide/rustup-home:ro,Z" "-e" "SOURCE_DIR=/opt/rustwide/workdir" "-e" "CARGO_TARGET_DIR=/opt/rustwide/target" "-e" "CARGO_INCREMENTAL=0" "-e" "RUST_BACKTRACE=full" "-e" "RUSTFLAGS=--cap-lints=warn" "-e" "RUSTDOCFLAGS=--cap-lints=warn" "-e" "CARGO_HOME=/opt/rustwide/cargo-home" "-e" "RUSTUP_HOME=/opt/rustwide/rustup-home" "-w" "/opt/rustwide/workdir" "-m" "1610612736" "--user" "0:0" "--network" "none" "ghcr.io/rust-lang/crates-build-env/linux@sha256:f3a9d4ad9d972b27faf3965f35b62e55ba32bbce8f20bc8fe909558a86702fde" "/opt/rustwide/cargo-home/bin/cargo" "+1.83.0" "test" "--frozen" "--no-run" "--message-format=json", kill_on_drop: false }`
[INFO] [stdout] 29ec43bb0d8d0bc08f83b38ca13ded0c23be713cdedcb33e42355f9cc7980650
[INFO] running `Command { std: "docker" "start" "-a" "29ec43bb0d8d0bc08f83b38ca13ded0c23be713cdedcb33e42355f9cc7980650", kill_on_drop: false }`
[INFO] [stderr]    Compiling aho-corasick v1.1.3
[INFO] [stderr]    Compiling syn v2.0.90
[INFO] [stderr]    Compiling log v0.4.22
[INFO] [stderr]    Compiling utf8parse v0.2.2
[INFO] [stderr]    Compiling anstyle-query v1.1.2
[INFO] [stderr]    Compiling colorchoice v1.0.3
[INFO] [stderr]    Compiling is_terminal_polyfill v1.70.1
[INFO] [stderr]    Compiling humantime v2.1.0
[INFO] [stderr]    Compiling termcolor v1.4.1
[INFO] [stderr]    Compiling assert_matches v1.5.0
[INFO] [stderr]    Compiling anstyle-parse v0.2.6
[INFO] [stderr]    Compiling env_filter v0.1.2
[INFO] [stderr]    Compiling anstream v0.6.18
[INFO] [stderr]    Compiling env_logger v0.11.5
[INFO] [stderr]    Compiling regex-automata v0.4.9
[INFO] [stderr]    Compiling zerocopy-derive v0.7.35
[INFO] [stderr]    Compiling serde_derive v1.0.216
[INFO] [stderr]    Compiling uuid-macro-internal v1.11.0
[INFO] [stderr]    Compiling thiserror-impl v1.0.69
[INFO] [stderr]    Compiling test-log-macros v0.2.16
[INFO] [stderr]    Compiling regex v1.11.1
[INFO] [stderr]    Compiling test-log v0.2.16
[INFO] [stderr]    Compiling env_logger v0.10.2
[INFO] [stderr]    Compiling zerocopy v0.7.35
[INFO] [stderr]    Compiling thiserror v1.0.69
[INFO] [stderr]    Compiling ppv-lite86 v0.2.20
[INFO] [stderr]    Compiling rand_chacha v0.3.1
[INFO] [stderr]    Compiling rand v0.8.5
[INFO] [stderr]    Compiling serde v1.0.216
[INFO] [stderr]    Compiling uuid v1.11.0
[INFO] [stderr]    Compiling serde_json v1.0.133
[INFO] [stderr]    Compiling ciborium v0.2.2
[INFO] [stderr]    Compiling tinytemplate v1.2.1
[INFO] [stderr]    Compiling criterion v0.5.1
[INFO] [stderr]    Compiling bitcasky v0.1.2 (/opt/rustwide/workdir)
[INFO] [stdout] warning: field `writing_storage_id` is never read
[INFO] [stdout]   --> src/database/core.rs:67:9
[INFO] [stdout]    |
[INFO] [stdout] 65 | pub struct StorageIds {
[INFO] [stdout]    |            ---------- field in this struct
[INFO] [stdout] 66 |     pub stable_storage_ids: Vec<StorageId>,
[INFO] [stdout] 67 |     pub writing_storage_id: StorageId,
[INFO] [stdout]    |         ^^^^^^^^^^^^^^^^^^
[INFO] [stdout]    |
[INFO] [stdout]    = note: `StorageIds` has a derived impl for the trait `Debug`, but this is intentionally ignored during dead code analysis
[INFO] [stdout]    = note: `#[warn(dead_code)]` on by default
[INFO] [stdout] 
[INFO] [stdout] 
[INFO] [stdout] warning: associated function `new` is never used
[INFO] [stdout]   --> src/formatter/mod.rs:59:12
[INFO] [stdout]    |
[INFO] [stdout] 58 | impl<K: AsRef<[u8]>, V: Deref<Target = [u8]>> RowToWrite<K, V> {
[INFO] [stdout]    | -------------------------------------------------------------- associated function in this implementation
[INFO] [stdout] 59 |     pub fn new(key: K, value: V) -> RowToWrite<K, V> {
[INFO] [stdout]    |            ^^^
[INFO] [stdout] 
[INFO] [stdout] 
[INFO] [stdout] warning: trait `Handle` is never used
[INFO] [stdout]   --> src/fs/mod.rs:10:11
[INFO] [stdout]    |
[INFO] [stdout] 10 | pub trait Handle {}
[INFO] [stdout]    |           ^^^^^^
[INFO] [stdout] 
[INFO] [stdout] 
[INFO] [stdout] warning: fields `file_type` and `storage_id` are never read
[INFO] [stdout]   --> src/fs/core.rs:14:9
[INFO] [stdout]    |
[INFO] [stdout] 13 | pub struct IdentifiedFile {
[INFO] [stdout]    |            -------------- fields in this struct
[INFO] [stdout] 14 |     pub file_type: FileType,
[INFO] [stdout]    |         ^^^^^^^^^
[INFO] [stdout] 15 |     pub file: File,
[INFO] [stdout] 16 |     pub storage_id: Option<StorageId>,
[INFO] [stdout]    |         ^^^^^^^^^^
[INFO] [stdout] 
[INFO] [stdout] 
[INFO] [stdout] warning: struct `TestingKV` is never constructed
[INFO] [stdout]  --> src/test_utils.rs:5:12
[INFO] [stdout]   |
[INFO] [stdout] 5 | pub struct TestingKV {
[INFO] [stdout]   |            ^^^^^^^^^
[INFO] [stdout]   |
[INFO] [stdout]   = note: `TestingKV` has derived impls for the traits `Debug` and `Clone`, but these are intentionally ignored during dead code analysis
[INFO] [stdout] 
[INFO] [stdout] 
[INFO] [stdout] warning: multiple associated items are never used
[INFO] [stdout]   --> src/test_utils.rs:12:12
[INFO] [stdout]    |
[INFO] [stdout] 11 | impl TestingKV {
[INFO] [stdout]    | -------------- associated items in this implementation
[INFO] [stdout] 12 |     pub fn new(k: &str, v: &str) -> TestingKV {
[INFO] [stdout]    |            ^^^
[INFO] [stdout] ...
[INFO] [stdout] 20 |     pub fn new_expirable(k: &str, v: &str, expire_timestamp: u64) -> TestingKV {
[INFO] [stdout]    |            ^^^^^^^^^^^^^
[INFO] [stdout] ...
[INFO] [stdout] 28 |     pub fn from_bytes(k: &[u8], v: &[u8]) -> TestingKV {
[INFO] [stdout]    |            ^^^^^^^^^^
[INFO] [stdout] ...
[INFO] [stdout] 36 |     pub fn key_ref(&self) -> &Vec<u8> {
[INFO] [stdout]    |            ^^^^^^^
[INFO] [stdout] ...
[INFO] [stdout] 39 |     pub fn value_ref(&self) -> &Vec<u8> {
[INFO] [stdout]    |            ^^^^^^^^^
[INFO] [stdout] ...
[INFO] [stdout] 43 |     pub fn key(&self) -> Vec<u8> {
[INFO] [stdout]    |            ^^^
[INFO] [stdout] ...
[INFO] [stdout] 47 |     pub fn value(&self) -> Vec<u8> {
[INFO] [stdout]    |            ^^^^^
[INFO] [stdout] ...
[INFO] [stdout] 51 |     pub fn expire_timestamp(&self) -> u64 {
[INFO] [stdout]    |            ^^^^^^^^^^^^^^^^
[INFO] [stdout] 
[INFO] [stdout] 
[INFO] [stdout] warning: enum `TestingOperator` is never used
[INFO] [stdout]   --> src/test_utils.rs:57:10
[INFO] [stdout]    |
[INFO] [stdout] 57 | pub enum TestingOperator {
[INFO] [stdout]    |          ^^^^^^^^^^^^^^^
[INFO] [stdout]    |
[INFO] [stdout]    = note: `TestingOperator` has a derived impl for the trait `Clone`, but this is intentionally ignored during dead code analysis
[INFO] [stdout] 
[INFO] [stdout] 
[INFO] [stdout] warning: struct `TestingOperation` is never constructed
[INFO] [stdout]   --> src/test_utils.rs:65:12
[INFO] [stdout]    |
[INFO] [stdout] 65 | pub struct TestingOperation {
[INFO] [stdout]    |            ^^^^^^^^^^^^^^^^
[INFO] [stdout]    |
[INFO] [stdout]    = note: `TestingOperation` has a derived impl for the trait `Clone`, but this is intentionally ignored during dead code analysis
[INFO] [stdout] 
[INFO] [stdout] 
[INFO] [stdout] warning: methods `operator`, `key`, and `value` are never used
[INFO] [stdout]   --> src/test_utils.rs:71:12
[INFO] [stdout]    |
[INFO] [stdout] 70 | impl TestingOperation {
[INFO] [stdout]    | --------------------- methods in this implementation
[INFO] [stdout] 71 |     pub fn operator(&self) -> &TestingOperator {
[INFO] [stdout]    |            ^^^^^^^^
[INFO] [stdout] ...
[INFO] [stdout] 75 |     pub fn key(&self) -> Vec<u8> {
[INFO] [stdout]    |            ^^^
[INFO] [stdout] ...
[INFO] [stdout] 79 |     pub fn value(&self) -> Vec<u8> {
[INFO] [stdout]    |            ^^^^^
[INFO] [stdout] 
[INFO] [stdout] 
[INFO] [stdout] warning: struct `TestingOperations` is never constructed
[INFO] [stdout]   --> src/test_utils.rs:85:12
[INFO] [stdout]    |
[INFO] [stdout] 85 | pub struct TestingOperations {
[INFO] [stdout]    |            ^^^^^^^^^^^^^^^^^
[INFO] [stdout]    |
[INFO] [stdout]    = note: `TestingOperations` has a derived impl for the trait `Clone`, but this is intentionally ignored during dead code analysis
[INFO] [stdout] 
[INFO] [stdout] 
[INFO] [stdout] warning: methods `operations` and `squash` are never used
[INFO] [stdout]   --> src/test_utils.rs:90:12
[INFO] [stdout]    |
[INFO] [stdout] 89 | impl TestingOperations {
[INFO] [stdout]    | ---------------------- methods in this implementation
[INFO] [stdout] 90 |     pub fn operations(&self) -> &Vec<TestingOperation> {
[INFO] [stdout]    |            ^^^^^^^^^^
[INFO] [stdout] ...
[INFO] [stdout] 94 |     pub fn squash(&self) -> Vec<TestingOperation> {
[INFO] [stdout]    |            ^^^^^^
[INFO] [stdout] 
[INFO] [stdout] 
[INFO] [stdout] warning: struct `RandomTestingDataGenerator` is never constructed
[INFO] [stdout]    --> src/test_utils.rs:118:12
[INFO] [stdout]     |
[INFO] [stdout] 118 | pub struct RandomTestingDataGenerator {
[INFO] [stdout]     |            ^^^^^^^^^^^^^^^^^^^^^^^^^^
[INFO] [stdout] 
[INFO] [stdout] 
[INFO] [stdout] warning: associated items `new`, `generate_testing_kvs`, `generate_testing_operations`, `generate_testing_kv`, `generate_testing_operation`, and `generate_write_operator` are never used
[INFO] [stdout]    --> src/test_utils.rs:126:12
[INFO] [stdout]     |
[INFO] [stdout] 125 | impl RandomTestingDataGenerator {
[INFO] [stdout]     | ------------------------------- associated items in this implementation
[INFO] [stdout] 126 |     pub fn new(
[INFO] [stdout]     |            ^^^
[INFO] [stdout] ...
[INFO] [stdout] 139 |     pub fn generate_testing_kvs(&mut self, kvs_len: usize) -> Vec<TestingKV> {
[INFO] [stdout]     |            ^^^^^^^^^^^^^^^^^^^^
[INFO] [stdout] ...
[INFO] [stdout] 145 |     pub fn generate_testing_operations(&mut self, operation_len: usize) -> TestingOperations {
[INFO] [stdout]     |            ^^^^^^^^^^^^^^^^^^^^^^^^^^^
[INFO] [stdout] ...
[INFO] [stdout] 151 |     pub fn generate_testing_kv(&mut self) -> TestingKV {
[INFO] [stdout]     |            ^^^^^^^^^^^^^^^^^^^
[INFO] [stdout] ...
[INFO] [stdout] 162 |     pub fn generate_testing_operation(&mut self) -> TestingOperation {
[INFO] [stdout]     |            ^^^^^^^^^^^^^^^^^^^^^^^^^^
[INFO] [stdout] ...
[INFO] [stdout] 171 |     pub fn generate_write_operator(&mut self) -> TestingOperator {
[INFO] [stdout]     |            ^^^^^^^^^^^^^^^^^^^^^^^
[INFO] [stdout] 
[INFO] [stdout] 
[INFO] [stdout] warning: function `get_temporary_directory_path` is never used
[INFO] [stdout]    --> src/test_utils.rs:180:8
[INFO] [stdout]     |
[INFO] [stdout] 180 | pub fn get_temporary_directory_path() -> PathBuf {
[INFO] [stdout]     |        ^^^^^^^^^^^^^^^^^^^^^^^^^^^^
[INFO] [stdout] 
[INFO] [stdout] 
[INFO] [stdout] warning: field `writing_storage_id` is never read
[INFO] [stdout]   --> src/database/core.rs:67:9
[INFO] [stdout]    |
[INFO] [stdout] 65 | pub struct StorageIds {
[INFO] [stdout]    |            ---------- field in this struct
[INFO] [stdout] 66 |     pub stable_storage_ids: Vec<StorageId>,
[INFO] [stdout] 67 |     pub writing_storage_id: StorageId,
[INFO] [stdout]    |         ^^^^^^^^^^^^^^^^^^
[INFO] [stdout]    |
[INFO] [stdout]    = note: `StorageIds` has a derived impl for the trait `Debug`, but this is intentionally ignored during dead code analysis
[INFO] [stdout]    = note: `#[warn(dead_code)]` on by default
[INFO] [stdout] 
[INFO] [stdout] 
[INFO] [stdout] warning: trait `Handle` is never used
[INFO] [stdout]   --> src/fs/mod.rs:10:11
[INFO] [stdout]    |
[INFO] [stdout] 10 | pub trait Handle {}
[INFO] [stdout]    |           ^^^^^^
[INFO] [stdout] 
[INFO] [stdout] 
[INFO] [stdout] warning: associated items `from_bytes`, `key_ref`, and `value_ref` are never used
[INFO] [stdout]   --> src/test_utils.rs:28:12
[INFO] [stdout]    |
[INFO] [stdout] 11 | impl TestingKV {
[INFO] [stdout]    | -------------- associated items in this implementation
[INFO] [stdout] ...
[INFO] [stdout] 28 |     pub fn from_bytes(k: &[u8], v: &[u8]) -> TestingKV {
[INFO] [stdout]    |            ^^^^^^^^^^
[INFO] [stdout] ...
[INFO] [stdout] 36 |     pub fn key_ref(&self) -> &Vec<u8> {
[INFO] [stdout]    |            ^^^^^^^
[INFO] [stdout] ...
[INFO] [stdout] 39 |     pub fn value_ref(&self) -> &Vec<u8> {
[INFO] [stdout]    |            ^^^^^^^^^
[INFO] [stdout] 
[INFO] [stdout] 
[INFO] [stdout] warning: enum `TestingOperator` is never used
[INFO] [stdout]   --> src/test_utils.rs:57:10
[INFO] [stdout]    |
[INFO] [stdout] 57 | pub enum TestingOperator {
[INFO] [stdout]    |          ^^^^^^^^^^^^^^^
[INFO] [stdout]    |
[INFO] [stdout]    = note: `TestingOperator` has a derived impl for the trait `Clone`, but this is intentionally ignored during dead code analysis
[INFO] [stdout] 
[INFO] [stdout] 
[INFO] [stdout] warning: struct `TestingOperation` is never constructed
[INFO] [stdout]   --> src/test_utils.rs:65:12
[INFO] [stdout]    |
[INFO] [stdout] 65 | pub struct TestingOperation {
[INFO] [stdout]    |            ^^^^^^^^^^^^^^^^
[INFO] [stdout]    |
[INFO] [stdout]    = note: `TestingOperation` has a derived impl for the trait `Clone`, but this is intentionally ignored during dead code analysis
[INFO] [stdout] 
[INFO] [stdout] 
[INFO] [stdout] warning: methods `operator`, `key`, and `value` are never used
[INFO] [stdout]   --> src/test_utils.rs:71:12
[INFO] [stdout]    |
[INFO] [stdout] 70 | impl TestingOperation {
[INFO] [stdout]    | --------------------- methods in this implementation
[INFO] [stdout] 71 |     pub fn operator(&self) -> &TestingOperator {
[INFO] [stdout]    |            ^^^^^^^^
[INFO] [stdout] ...
[INFO] [stdout] 75 |     pub fn key(&self) -> Vec<u8> {
[INFO] [stdout]    |            ^^^
[INFO] [stdout] ...
[INFO] [stdout] 79 |     pub fn value(&self) -> Vec<u8> {
[INFO] [stdout]    |            ^^^^^
[INFO] [stdout] 
[INFO] [stdout] 
[INFO] [stdout] warning: struct `TestingOperations` is never constructed
[INFO] [stdout]   --> src/test_utils.rs:85:12
[INFO] [stdout]    |
[INFO] [stdout] 85 | pub struct TestingOperations {
[INFO] [stdout]    |            ^^^^^^^^^^^^^^^^^
[INFO] [stdout]    |
[INFO] [stdout]    = note: `TestingOperations` has a derived impl for the trait `Clone`, but this is intentionally ignored during dead code analysis
[INFO] [stdout] 
[INFO] [stdout] 
[INFO] [stdout] warning: methods `operations` and `squash` are never used
[INFO] [stdout]   --> src/test_utils.rs:90:12
[INFO] [stdout]    |
[INFO] [stdout] 89 | impl TestingOperations {
[INFO] [stdout]    | ---------------------- methods in this implementation
[INFO] [stdout] 90 |     pub fn operations(&self) -> &Vec<TestingOperation> {
[INFO] [stdout]    |            ^^^^^^^^^^
[INFO] [stdout] ...
[INFO] [stdout] 94 |     pub fn squash(&self) -> Vec<TestingOperation> {
[INFO] [stdout]    |            ^^^^^^
[INFO] [stdout] 
[INFO] [stdout] 
[INFO] [stdout] warning: struct `RandomTestingDataGenerator` is never constructed
[INFO] [stdout]    --> src/test_utils.rs:118:12
[INFO] [stdout]     |
[INFO] [stdout] 118 | pub struct RandomTestingDataGenerator {
[INFO] [stdout]     |            ^^^^^^^^^^^^^^^^^^^^^^^^^^
[INFO] [stdout] 
[INFO] [stdout] 
[INFO] [stdout] warning: associated items `new`, `generate_testing_kvs`, `generate_testing_operations`, `generate_testing_kv`, `generate_testing_operation`, and `generate_write_operator` are never used
[INFO] [stdout]    --> src/test_utils.rs:126:12
[INFO] [stdout]     |
[INFO] [stdout] 125 | impl RandomTestingDataGenerator {
[INFO] [stdout]     | ------------------------------- associated items in this implementation
[INFO] [stdout] 126 |     pub fn new(
[INFO] [stdout]     |            ^^^
[INFO] [stdout] ...
[INFO] [stdout] 139 |     pub fn generate_testing_kvs(&mut self, kvs_len: usize) -> Vec<TestingKV> {
[INFO] [stdout]     |            ^^^^^^^^^^^^^^^^^^^^
[INFO] [stdout] ...
[INFO] [stdout] 145 |     pub fn generate_testing_operations(&mut self, operation_len: usize) -> TestingOperations {
[INFO] [stdout]     |            ^^^^^^^^^^^^^^^^^^^^^^^^^^^
[INFO] [stdout] ...
[INFO] [stdout] 151 |     pub fn generate_testing_kv(&mut self) -> TestingKV {
[INFO] [stdout]     |            ^^^^^^^^^^^^^^^^^^^
[INFO] [stdout] ...
[INFO] [stdout] 162 |     pub fn generate_testing_operation(&mut self) -> TestingOperation {
[INFO] [stdout]     |            ^^^^^^^^^^^^^^^^^^^^^^^^^^
[INFO] [stdout] ...
[INFO] [stdout] 171 |     pub fn generate_write_operator(&mut self) -> TestingOperator {
[INFO] [stdout]     |            ^^^^^^^^^^^^^^^^^^^^^^^
[INFO] [stdout] 
[INFO] [stdout] 
[INFO] [stderr]     Finished `test` profile [unoptimized + debuginfo] target(s) in 46.10s
[INFO] running `Command { std: "docker" "inspect" "29ec43bb0d8d0bc08f83b38ca13ded0c23be713cdedcb33e42355f9cc7980650", kill_on_drop: false }`
[INFO] running `Command { std: "docker" "rm" "-f" "29ec43bb0d8d0bc08f83b38ca13ded0c23be713cdedcb33e42355f9cc7980650", kill_on_drop: false }`
[INFO] [stdout] 29ec43bb0d8d0bc08f83b38ca13ded0c23be713cdedcb33e42355f9cc7980650
[INFO] running `Command { std: "docker" "create" "-v" "/var/lib/crater-agent-workspace/builds/worker-5-tc1/target:/opt/rustwide/target:rw,Z" "-v" "/var/lib/crater-agent-workspace/builds/worker-5-tc1/source:/opt/rustwide/workdir:ro,Z" "-v" "/var/lib/crater-agent-workspace/cargo-home:/opt/rustwide/cargo-home:ro,Z" "-v" "/var/lib/crater-agent-workspace/rustup-home:/opt/rustwide/rustup-home:ro,Z" "-e" "SOURCE_DIR=/opt/rustwide/workdir" "-e" "CARGO_TARGET_DIR=/opt/rustwide/target" "-e" "CARGO_INCREMENTAL=0" "-e" "RUST_BACKTRACE=full" "-e" "RUSTFLAGS=--cap-lints=warn" "-e" "RUSTDOCFLAGS=--cap-lints=warn" "-e" "CARGO_HOME=/opt/rustwide/cargo-home" "-e" "RUSTUP_HOME=/opt/rustwide/rustup-home" "-w" "/opt/rustwide/workdir" "-m" "1610612736" "--user" "0:0" "--network" "none" "ghcr.io/rust-lang/crates-build-env/linux@sha256:f3a9d4ad9d972b27faf3965f35b62e55ba32bbce8f20bc8fe909558a86702fde" "/opt/rustwide/cargo-home/bin/cargo" "+1.83.0" "test" "--frozen", kill_on_drop: false }`
[INFO] [stdout] 9c47d0e85736a48300176cad29c3fc67d593c06a7e527a0d0c8e9a63bb38e71f
[INFO] running `Command { std: "docker" "start" "-a" "9c47d0e85736a48300176cad29c3fc67d593c06a7e527a0d0c8e9a63bb38e71f", kill_on_drop: false }`
[INFO] [stderr] warning: field `writing_storage_id` is never read
[INFO] [stderr]   --> src/database/core.rs:67:9
[INFO] [stderr]    |
[INFO] [stderr] 65 | pub struct StorageIds {
[INFO] [stderr]    |            ---------- field in this struct
[INFO] [stderr] 66 |     pub stable_storage_ids: Vec<StorageId>,
[INFO] [stderr] 67 |     pub writing_storage_id: StorageId,
[INFO] [stderr]    |         ^^^^^^^^^^^^^^^^^^
[INFO] [stderr]    |
[INFO] [stderr]    = note: `StorageIds` has a derived impl for the trait `Debug`, but this is intentionally ignored during dead code analysis
[INFO] [stderr]    = note: `#[warn(dead_code)]` on by default
[INFO] [stderr] 
[INFO] [stderr] warning: associated function `new` is never used
[INFO] [stderr]   --> src/formatter/mod.rs:59:12
[INFO] [stderr]    |
[INFO] [stderr] 58 | impl<K: AsRef<[u8]>, V: Deref<Target = [u8]>> RowToWrite<K, V> {
[INFO] [stderr]    | -------------------------------------------------------------- associated function in this implementation
[INFO] [stderr] 59 |     pub fn new(key: K, value: V) -> RowToWrite<K, V> {
[INFO] [stderr]    |            ^^^
[INFO] [stderr] 
[INFO] [stderr] warning: trait `Handle` is never used
[INFO] [stderr]   --> src/fs/mod.rs:10:11
[INFO] [stderr]    |
[INFO] [stderr] 10 | pub trait Handle {}
[INFO] [stderr]    |           ^^^^^^
[INFO] [stderr] 
[INFO] [stderr] warning: fields `file_type` and `storage_id` are never read
[INFO] [stderr]   --> src/fs/core.rs:14:9
[INFO] [stderr]    |
[INFO] [stderr] 13 | pub struct IdentifiedFile {
[INFO] [stderr]    |            -------------- fields in this struct
[INFO] [stderr] 14 |     pub file_type: FileType,
[INFO] [stderr]    |         ^^^^^^^^^
[INFO] [stderr] 15 |     pub file: File,
[INFO] [stderr] 16 |     pub storage_id: Option<StorageId>,
[INFO] [stderr]    |         ^^^^^^^^^^
[INFO] [stderr] 
[INFO] [stderr] warning: struct `TestingKV` is never constructed
[INFO] [stderr]  --> src/test_utils.rs:5:12
[INFO] [stderr]   |
[INFO] [stderr] 5 | pub struct TestingKV {
[INFO] [stderr]   |            ^^^^^^^^^
[INFO] [stderr]   |
[INFO] [stderr]   = note: `TestingKV` has derived impls for the traits `Debug` and `Clone`, but these are intentionally ignored during dead code analysis
[INFO] [stderr] 
[INFO] [stderr] warning: multiple associated items are never used
[INFO] [stderr]   --> src/test_utils.rs:12:12
[INFO] [stderr]    |
[INFO] [stderr] 11 | impl TestingKV {
[INFO] [stderr]    | -------------- associated items in this implementation
[INFO] [stderr] 12 |     pub fn new(k: &str, v: &str) -> TestingKV {
[INFO] [stderr]    |            ^^^
[INFO] [stderr] ...
[INFO] [stderr] 20 |     pub fn new_expirable(k: &str, v: &str, expire_timestamp: u64) -> TestingKV {
[INFO] [stderr]    |            ^^^^^^^^^^^^^
[INFO] [stderr] ...
[INFO] [stderr] 28 |     pub fn from_bytes(k: &[u8], v: &[u8]) -> TestingKV {
[INFO] [stderr]    |            ^^^^^^^^^^
[INFO] [stderr] ...
[INFO] [stderr] 36 |     pub fn key_ref(&self) -> &Vec<u8> {
[INFO] [stderr]    |            ^^^^^^^
[INFO] [stderr] ...
[INFO] [stderr] 39 |     pub fn value_ref(&self) -> &Vec<u8> {
[INFO] [stderr]    |            ^^^^^^^^^
[INFO] [stderr] ...
[INFO] [stderr] 43 |     pub fn key(&self) -> Vec<u8> {
[INFO] [stderr]    |            ^^^
[INFO] [stderr] ...
[INFO] [stderr] 47 |     pub fn value(&self) -> Vec<u8> {
[INFO] [stderr]    |            ^^^^^
[INFO] [stderr] ...
[INFO] [stderr] 51 |     pub fn expire_timestamp(&self) -> u64 {
[INFO] [stderr]    |            ^^^^^^^^^^^^^^^^
[INFO] [stderr] 
[INFO] [stderr] warning: enum `TestingOperator` is never used
[INFO] [stderr]   --> src/test_utils.rs:57:10
[INFO] [stderr]    |
[INFO] [stderr] 57 | pub enum TestingOperator {
[INFO] [stderr]    |          ^^^^^^^^^^^^^^^
[INFO] [stderr]    |
[INFO] [stderr]    = note: `TestingOperator` has a derived impl for the trait `Clone`, but this is intentionally ignored during dead code analysis
[INFO] [stderr] 
[INFO] [stderr] warning: struct `TestingOperation` is never constructed
[INFO] [stderr]   --> src/test_utils.rs:65:12
[INFO] [stderr]    |
[INFO] [stderr] 65 | pub struct TestingOperation {
[INFO] [stderr]    |            ^^^^^^^^^^^^^^^^
[INFO] [stderr]    |
[INFO] [stderr]    = note: `TestingOperation` has a derived impl for the trait `Clone`, but this is intentionally ignored during dead code analysis
[INFO] [stderr] 
[INFO] [stderr] warning: methods `operator`, `key`, and `value` are never used
[INFO] [stderr]   --> src/test_utils.rs:71:12
[INFO] [stderr]    |
[INFO] [stderr] 70 | impl TestingOperation {
[INFO] [stderr]    | --------------------- methods in this implementation
[INFO] [stderr] 71 |     pub fn operator(&self) -> &TestingOperator {
[INFO] [stderr]    |            ^^^^^^^^
[INFO] [stderr] ...
[INFO] [stderr] 75 |     pub fn key(&self) -> Vec<u8> {
[INFO] [stderr]    |            ^^^
[INFO] [stderr] ...
[INFO] [stderr] 79 |     pub fn value(&self) -> Vec<u8> {
[INFO] [stderr]    |            ^^^^^
[INFO] [stderr] 
[INFO] [stderr] warning: struct `TestingOperations` is never constructed
[INFO] [stderr]   --> src/test_utils.rs:85:12
[INFO] [stderr]    |
[INFO] [stderr] 85 | pub struct TestingOperations {
[INFO] [stderr]    |            ^^^^^^^^^^^^^^^^^
[INFO] [stderr]    |
[INFO] [stderr]    = note: `TestingOperations` has a derived impl for the trait `Clone`, but this is intentionally ignored during dead code analysis
[INFO] [stderr] 
[INFO] [stderr] warning: methods `operations` and `squash` are never used
[INFO] [stderr]   --> src/test_utils.rs:90:12
[INFO] [stderr]    |
[INFO] [stderr] 89 | impl TestingOperations {
[INFO] [stderr]    | ---------------------- methods in this implementation
[INFO] [stderr] 90 |     pub fn operations(&self) -> &Vec<TestingOperation> {
[INFO] [stderr]    |            ^^^^^^^^^^
[INFO] [stderr] ...
[INFO] [stderr] 94 |     pub fn squash(&self) -> Vec<TestingOperation> {
[INFO] [stderr]    |            ^^^^^^
[INFO] [stderr] 
[INFO] [stderr] warning: struct `RandomTestingDataGenerator` is never constructed
[INFO] [stderr]    --> src/test_utils.rs:118:12
[INFO] [stderr]     |
[INFO] [stderr] 118 | pub struct RandomTestingDataGenerator {
[INFO] [stderr]     |            ^^^^^^^^^^^^^^^^^^^^^^^^^^
[INFO] [stderr] 
[INFO] [stderr] warning: associated items `new`, `generate_testing_kvs`, `generate_testing_operations`, `generate_testing_kv`, `generate_testing_operation`, and `generate_write_operator` are never used
[INFO] [stderr]    --> src/test_utils.rs:126:12
[INFO] [stderr]     |
[INFO] [stderr] 125 | impl RandomTestingDataGenerator {
[INFO] [stderr]     | ------------------------------- associated items in this implementation
[INFO] [stderr] 126 |     pub fn new(
[INFO] [stderr]     |            ^^^
[INFO] [stderr] ...
[INFO] [stderr] 139 |     pub fn generate_testing_kvs(&mut self, kvs_len: usize) -> Vec<TestingKV> {
[INFO] [stderr]     |            ^^^^^^^^^^^^^^^^^^^^
[INFO] [stderr] ...
[INFO] [stderr] 145 |     pub fn generate_testing_operations(&mut self, operation_len: usize) -> TestingOperations {
[INFO] [stderr]     |            ^^^^^^^^^^^^^^^^^^^^^^^^^^^
[INFO] [stderr] ...
[INFO] [stderr] 151 |     pub fn generate_testing_kv(&mut self) -> TestingKV {
[INFO] [stderr]     |            ^^^^^^^^^^^^^^^^^^^
[INFO] [stderr] ...
[INFO] [stderr] 162 |     pub fn generate_testing_operation(&mut self) -> TestingOperation {
[INFO] [stderr]     |            ^^^^^^^^^^^^^^^^^^^^^^^^^^
[INFO] [stderr] ...
[INFO] [stderr] 171 |     pub fn generate_write_operator(&mut self) -> TestingOperator {
[INFO] [stderr]     |            ^^^^^^^^^^^^^^^^^^^^^^^
[INFO] [stderr] 
[INFO] [stderr] warning: function `get_temporary_directory_path` is never used
[INFO] [stderr]    --> src/test_utils.rs:180:8
[INFO] [stderr]     |
[INFO] [stderr] 180 | pub fn get_temporary_directory_path() -> PathBuf {
[INFO] [stderr]     |        ^^^^^^^^^^^^^^^^^^^^^^^^^^^^
[INFO] [stderr] 
[INFO] [stderr] warning: `bitcasky` (lib) generated 14 warnings
[INFO] [stderr] warning: associated items `from_bytes`, `key_ref`, and `value_ref` are never used
[INFO] [stderr]   --> src/test_utils.rs:28:12
[INFO] [stderr]    |
[INFO] [stderr] 11 | impl TestingKV {
[INFO] [stderr]    | -------------- associated items in this implementation
[INFO] [stderr] ...
[INFO] [stderr] 28 |     pub fn from_bytes(k: &[u8], v: &[u8]) -> TestingKV {
[INFO] [stderr]    |            ^^^^^^^^^^
[INFO] [stderr] ...
[INFO] [stderr] 36 |     pub fn key_ref(&self) -> &Vec<u8> {
[INFO] [stderr]    |            ^^^^^^^
[INFO] [stderr] ...
[INFO] [stderr] 39 |     pub fn value_ref(&self) -> &Vec<u8> {
[INFO] [stderr]    |            ^^^^^^^^^
[INFO] [stderr] 
[INFO] [stderr] warning: `bitcasky` (lib test) generated 10 warnings (9 duplicates)
[INFO] [stderr]     Finished `test` profile [unoptimized + debuginfo] target(s) in 0.13s
[INFO] [stdout] 
[INFO] [stderr]      Running unittests src/lib.rs (/opt/rustwide/target/debug/deps/bitcasky-503b1d9f2f7aeb06)
[INFO] [stdout] running 47 tests
[INFO] [stdout] test database::core::database_tests::test_add_dead_bytes ... ok
[INFO] [stdout] test database::core::database_tests::test_read_write_writing_file ... ok
[INFO] [stdout] test database::core::database_tests::test_read_write_with_stable_files ... ok
[INFO] [stdout] test database::core::database_tests::test_read_write_expirable_value_in_stable_files ... ok
[INFO] [stdout] test database::core::database_tests::test_recovery ... ok
[INFO] [stdout] test database::data_storage::mmap_data_storage::tests::test_read_next_expired_row ... ok
[INFO] [stdout] test database::data_storage::mmap_data_storage::tests::test_read_write_expired_value ... ok
[INFO] [stdout] test database::data_storage::mmap_data_storage::tests::test_read_next_immortal_row ... ok
[INFO] [stdout] test database::data_storage::mmap_data_storage::tests::test_read_write_immotal_value ... ok
[INFO] [stdout] test database::data_storage::mmap_data_storage::tests::test_rewind ... ok
[INFO] [stdout] test database::core::database_tests::test_recovery_from_crc_failed ... ok
[INFO] [stdout] test database::data_storage::mmap_data_storage::tests::test_write_overflow ... ok
[INFO] [stdout] test database::hint::tests::test_read_write_hint_file ... ok
[INFO] [stdout] test database::core::database_tests::test_recovery_from_key_value_not_fully_written ... ok
[INFO] [stdout] test database::tests::test_create_file ... ok
[INFO] [stdout] test database::hint::tests::test_read_write_stable_data_file ... ok
[INFO] [stdout] test database::core::database_tests::test_read_write_expirable_value_in_writing_file ... ok
[INFO] [stdout] test database::core::database_tests::test_recovery_from_header_not_fully_written ... ok
[INFO] [stdout] test formatter::formatter_v1::tests::test_encode_decode_merge_meta ... ok
[INFO] [stdout] test formatter::formatter_v1::tests::test_encode_decode_row ... ok
[INFO] [stdout] test formatter::formatter_v1::tests::test_encode_decode_row_hint ... ok
[INFO] [stdout] test formatter::tests::test_formatter_v1_file ... ok
[INFO] [stdout] test formatter::tests::test_invalid_magic_word ... ok
[INFO] [stdout] test formatter::tests::test_read_file_header_failed ... ok
[INFO] [stdout] test formatter::tests::test_unknown_formatter_version ... ok
[INFO] [stdout] test fs::core::tests::test_change_storage_id ... ok
[INFO] [stdout] test fs::core::tests::test_commit_file ... ok
[INFO] [stdout] test fs::core::tests::test_create_dir ... ok
[INFO] [stdout] test fs::core::tests::test_create_file ... ok
[INFO] [stdout] test fs::core::tests::test_delete_dir ... ok
[INFO] [stdout] test fs::core::tests::test_get_storage_ids_in_dir ... ok
[INFO] [stdout] test fs::core::tests::test_is_empty_dir ... ok
[INFO] [stdout] test database::data_storage::mmap_data_storage::tests::test_expand_file_size ... ok
[INFO] [stdout] test database::core::database_tests::test_wrap_file ... ok
[INFO] [stdout] test fs::core::tests::test_delete_file ... ok
[INFO] [stdout] test fs::file_type::tests::test_file_type ... ok
[INFO] [stdout] test fs::core::tests::test_open_file ... ok
[INFO] [stdout] test merge::core::tests::test_read_write_merge_meta ... ok
[INFO] [stdout] test storage_id::tests::test_generate_id ... ok
[INFO] [stdout] test storage_id::tests::test_update_storage_id ... ok
[INFO] [stdout] test merge::core::tests::test_create_merge_file_dir ... ok
[INFO] [stdout] test merge::core::tests::test_commit_merge_files ... ok
[INFO] [stdout] test merge::core::tests::test_recover_merge_with_only_merge_meta ... ok
[INFO] [stdout] test merge::core::tests::test_recover_merge_with_invalid_merge_meta ... ok
[INFO] [stdout] test merge::core::tests::test_load_merged_files ... ok
[INFO] [stdout] test merge::core::tests::test_recover_merge ... ok
[INFO] [stdout] test merge::core::tests::test_recover_merge_failed_with_unexpeded_error ... FAILED
[INFO] [stdout] 
[INFO] [stdout] failures:
[INFO] [stdout] 
[INFO] [stdout] ---- merge::core::tests::test_recover_merge_failed_with_unexpeded_error stdout ----
[INFO] [stdout] thread 'merge::core::tests::test_recover_merge_failed_with_unexpeded_error' panicked at src/merge/core.rs:682:9:
[INFO] [stdout] assertion failed: ret.is_err()
[INFO] [stdout] stack backtrace:
[INFO] [stdout]    0:     0x5bf3aeec1ffa - std::backtrace_rs::backtrace::libunwind::trace::h5a5b8284f2d0c266
[INFO] [stdout]                                at /rustc/90b35a6239c3d8bdabc530a6a0816f7ff89a0aaf/library/std/src/../../backtrace/src/backtrace/libunwind.rs:116:5
[INFO] [stdout]    1:     0x5bf3aeec1ffa - std::backtrace_rs::backtrace::trace_unsynchronized::h76d4f1c9b0b875e3
[INFO] [stdout]                                at /rustc/90b35a6239c3d8bdabc530a6a0816f7ff89a0aaf/library/std/src/../../backtrace/src/backtrace/mod.rs:66:5
[INFO] [stdout]    2:     0x5bf3aeec1ffa - std::sys::backtrace::_print_fmt::hc4546b8364a537c6
[INFO] [stdout]                                at /rustc/90b35a6239c3d8bdabc530a6a0816f7ff89a0aaf/library/std/src/sys/backtrace.rs:66:9
[INFO] [stdout]    3:     0x5bf3aeec1ffa - <std::sys::backtrace::BacktraceLock::print::DisplayBacktrace as core::fmt::Display>::fmt::h5b6bd5631a6d1f6b
[INFO] [stdout]                                at /rustc/90b35a6239c3d8bdabc530a6a0816f7ff89a0aaf/library/std/src/sys/backtrace.rs:39:26
[INFO] [stdout]    4:     0x5bf3aeee8753 - core::fmt::rt::Argument::fmt::h270f6602a2b96f62
[INFO] [stdout]                                at /rustc/90b35a6239c3d8bdabc530a6a0816f7ff89a0aaf/library/core/src/fmt/rt.rs:177:76
[INFO] [stdout]    5:     0x5bf3aeee8753 - core::fmt::write::h7550c97b06c86515
[INFO] [stdout]                                at /rustc/90b35a6239c3d8bdabc530a6a0816f7ff89a0aaf/library/core/src/fmt/mod.rs:1186:21
[INFO] [stdout]    6:     0x5bf3aeebee13 - std::io::Write::write_fmt::h509ff860e5956e5e
[INFO] [stdout]                                at /rustc/90b35a6239c3d8bdabc530a6a0816f7ff89a0aaf/library/std/src/io/mod.rs:1839:15
[INFO] [stdout]    7:     0x5bf3aeec1e42 - std::sys::backtrace::BacktraceLock::print::h2395ccd2c84ba3aa
[INFO] [stdout]                                at /rustc/90b35a6239c3d8bdabc530a6a0816f7ff89a0aaf/library/std/src/sys/backtrace.rs:42:9
[INFO] [stdout]    8:     0x5bf3aeec345a - std::panicking::default_hook::{{closure}}::he19d4c7230e07961
[INFO] [stdout]                                at /rustc/90b35a6239c3d8bdabc530a6a0816f7ff89a0aaf/library/std/src/panicking.rs:268:22
[INFO] [stdout]    9:     0x5bf3aeec3264 - std::panicking::default_hook::hf614597d3c67bbdb
[INFO] [stdout]                                at /rustc/90b35a6239c3d8bdabc530a6a0816f7ff89a0aaf/library/std/src/panicking.rs:292:9
[INFO] [stdout]   10:     0x5bf3aee32cb9 - <alloc::boxed::Box<F,A> as core::ops::function::Fn<Args>>::call::h39b51ce4599c23d1
[INFO] [stdout]                                at /rustc/90b35a6239c3d8bdabc530a6a0816f7ff89a0aaf/library/alloc/src/boxed.rs:2468:9
[INFO] [stdout]   11:     0x5bf3aee32cb9 - test::test_main::{{closure}}::he977ae839a582784
[INFO] [stdout]                                at /rustc/90b35a6239c3d8bdabc530a6a0816f7ff89a0aaf/library/test/src/lib.rs:133:21
[INFO] [stdout]   12:     0x5bf3aeec3af8 - <alloc::boxed::Box<F,A> as core::ops::function::Fn<Args>>::call::h9455091b6b06f9fb
[INFO] [stdout]                                at /rustc/90b35a6239c3d8bdabc530a6a0816f7ff89a0aaf/library/alloc/src/boxed.rs:2468:9
[INFO] [stdout]   13:     0x5bf3aeec3af8 - std::panicking::rust_panic_with_hook::h8942133a8b252070
[INFO] [stdout]                                at /rustc/90b35a6239c3d8bdabc530a6a0816f7ff89a0aaf/library/std/src/panicking.rs:809:13
[INFO] [stdout]   14:     0x5bf3aeec3886 - std::panicking::begin_panic_handler::{{closure}}::hb5f5963570096b29
[INFO] [stdout]                                at /rustc/90b35a6239c3d8bdabc530a6a0816f7ff89a0aaf/library/std/src/panicking.rs:667:13
[INFO] [stdout]   15:     0x5bf3aeec24d9 - std::sys::backtrace::__rust_end_short_backtrace::h6208cedc1922feda
[INFO] [stdout]                                at /rustc/90b35a6239c3d8bdabc530a6a0816f7ff89a0aaf/library/std/src/sys/backtrace.rs:170:18
[INFO] [stdout]   16:     0x5bf3aeec354c - rust_begin_unwind
[INFO] [stdout]                                at /rustc/90b35a6239c3d8bdabc530a6a0816f7ff89a0aaf/library/std/src/panicking.rs:665:5
[INFO] [stdout]   17:     0x5bf3aed46c40 - core::panicking::panic_fmt::h0c3082644d1bf418
[INFO] [stdout]                                at /rustc/90b35a6239c3d8bdabc530a6a0816f7ff89a0aaf/library/core/src/panicking.rs:74:14
[INFO] [stdout]   18:     0x5bf3aed46ccc - core::panicking::panic::h957f98c65a3b3074
[INFO] [stdout]                                at /rustc/90b35a6239c3d8bdabc530a6a0816f7ff89a0aaf/library/core/src/panicking.rs:148:5
[INFO] [stdout]   19:     0x5bf3aedc4196 - bitcasky::merge::core::tests::test_recover_merge_failed_with_unexpeded_error::h6b8926ee1766070c
[INFO] [stdout]                                at /opt/rustwide/workdir/src/merge/core.rs:682:9
[INFO] [stdout]   20:     0x5bf3aedc3177 - bitcasky::merge::core::tests::test_recover_merge_failed_with_unexpeded_error::{{closure}}::hdd8b914ac014500b
[INFO] [stdout]                                at /opt/rustwide/workdir/src/merge/core.rs:644:56
[INFO] [stdout]   21:     0x5bf3aed74656 - core::ops::function::FnOnce::call_once::h0f738d6af13618e5
[INFO] [stdout]                                at /rustc/90b35a6239c3d8bdabc530a6a0816f7ff89a0aaf/library/core/src/ops/function.rs:250:5
[INFO] [stdout]   22:     0x5bf3aee3767b - core::ops::function::FnOnce::call_once::h109cf8051a59b34e
[INFO] [stdout]                                at /rustc/90b35a6239c3d8bdabc530a6a0816f7ff89a0aaf/library/core/src/ops/function.rs:250:5
[INFO] [stdout]   23:     0x5bf3aee3767b - test::__rust_begin_short_backtrace::hf4fff89d377446ba
[INFO] [stdout]                                at /rustc/90b35a6239c3d8bdabc530a6a0816f7ff89a0aaf/library/test/src/lib.rs:621:18
[INFO] [stdout]   24:     0x5bf3aee36eb7 - test::run_test_in_process::{{closure}}::h0e39181dd7ee5a43
[INFO] [stdout]                                at /rustc/90b35a6239c3d8bdabc530a6a0816f7ff89a0aaf/library/test/src/lib.rs:644:60
[INFO] [stdout]   25:     0x5bf3aee36eb7 - <core::panic::unwind_safe::AssertUnwindSafe<F> as core::ops::function::FnOnce<()>>::call_once::hc5a66a30f0bdfd1f
[INFO] [stdout]                                at /rustc/90b35a6239c3d8bdabc530a6a0816f7ff89a0aaf/library/core/src/panic/unwind_safe.rs:272:9
[INFO] [stdout]   26:     0x5bf3aee36eb7 - std::panicking::try::do_call::h873b7cf639554a5e
[INFO] [stdout]                                at /rustc/90b35a6239c3d8bdabc530a6a0816f7ff89a0aaf/library/std/src/panicking.rs:557:40
[INFO] [stdout]   27:     0x5bf3aee36eb7 - std::panicking::try::hdb19862fad9c8bd1
[INFO] [stdout]                                at /rustc/90b35a6239c3d8bdabc530a6a0816f7ff89a0aaf/library/std/src/panicking.rs:520:19
[INFO] [stdout]   28:     0x5bf3aee36eb7 - std::panic::catch_unwind::h281fe732d236d260
[INFO] [stdout]                                at /rustc/90b35a6239c3d8bdabc530a6a0816f7ff89a0aaf/library/std/src/panic.rs:358:14
[INFO] [stdout]   29:     0x5bf3aee36eb7 - test::run_test_in_process::h949b6df8457ed338
[INFO] [stdout]                                at /rustc/90b35a6239c3d8bdabc530a6a0816f7ff89a0aaf/library/test/src/lib.rs:644:27
[INFO] [stdout]   30:     0x5bf3aee36eb7 - test::run_test::{{closure}}::h52c556a6d4740e10
[INFO] [stdout]                                at /rustc/90b35a6239c3d8bdabc530a6a0816f7ff89a0aaf/library/test/src/lib.rs:565:43
[INFO] [stdout]   31:     0x5bf3aedfc194 - test::run_test::{{closure}}::h4237f6381c45ccb9
[INFO] [stdout]                                at /rustc/90b35a6239c3d8bdabc530a6a0816f7ff89a0aaf/library/test/src/lib.rs:595:41
[INFO] [stdout]   32:     0x5bf3aedfc194 - std::sys::backtrace::__rust_begin_short_backtrace::h505c97a579eca628
[INFO] [stdout]                                at /rustc/90b35a6239c3d8bdabc530a6a0816f7ff89a0aaf/library/std/src/sys/backtrace.rs:154:18
[INFO] [stdout]   33:     0x5bf3aedff85e - std::thread::Builder::spawn_unchecked_::{{closure}}::{{closure}}::h9e86b2e2bc107ea3
[INFO] [stdout]                                at /rustc/90b35a6239c3d8bdabc530a6a0816f7ff89a0aaf/library/std/src/thread/mod.rs:538:17
[INFO] [stdout]   34:     0x5bf3aedff85e - <core::panic::unwind_safe::AssertUnwindSafe<F> as core::ops::function::FnOnce<()>>::call_once::h8b06ddb275ff4a25
[INFO] [stdout]                                at /rustc/90b35a6239c3d8bdabc530a6a0816f7ff89a0aaf/library/core/src/panic/unwind_safe.rs:272:9
[INFO] [stdout]   35:     0x5bf3aedff85e - std::panicking::try::do_call::hb26ecd7cd9a9355d
[INFO] [stdout]                                at /rustc/90b35a6239c3d8bdabc530a6a0816f7ff89a0aaf/library/std/src/panicking.rs:557:40
[INFO] [stdout]   36:     0x5bf3aedff85e - std::panicking::try::h8ddeca9d705f9069
[INFO] [stdout]                                at /rustc/90b35a6239c3d8bdabc530a6a0816f7ff89a0aaf/library/std/src/panicking.rs:520:19
[INFO] [stdout]   37:     0x5bf3aedff85e - std::panic::catch_unwind::h49e1c33078844c46
[INFO] [stdout]                                at /rustc/90b35a6239c3d8bdabc530a6a0816f7ff89a0aaf/library/std/src/panic.rs:358:14
[INFO] [stdout]   38:     0x5bf3aedff85e - std::thread::Builder::spawn_unchecked_::{{closure}}::h6073db6ff56ad35d
[INFO] [stdout]                                at /rustc/90b35a6239c3d8bdabc530a6a0816f7ff89a0aaf/library/std/src/thread/mod.rs:537:30
[INFO] [stdout]   39:     0x5bf3aedff85e - core::ops::function::FnOnce::call_once{{vtable.shim}}::h2c5a5f3779c774f1
[INFO] [stdout]                                at /rustc/90b35a6239c3d8bdabc530a6a0816f7ff89a0aaf/library/core/src/ops/function.rs:250:5
[INFO] [stdout]   40:     0x5bf3aeec890b - <alloc::boxed::Box<F,A> as core::ops::function::FnOnce<Args>>::call_once::hf75717d9f28faebf
[INFO] [stdout]                                at /rustc/90b35a6239c3d8bdabc530a6a0816f7ff89a0aaf/library/alloc/src/boxed.rs:2454:9
[INFO] [stdout]   41:     0x5bf3aeec890b - <alloc::boxed::Box<F,A> as core::ops::function::FnOnce<Args>>::call_once::h7bd883a5f3c5f3c1
[INFO] [stdout]                                at /rustc/90b35a6239c3d8bdabc530a6a0816f7ff89a0aaf/library/alloc/src/boxed.rs:2454:9
[INFO] [stdout]   42:     0x5bf3aeec890b - std::sys::pal::unix::thread::Thread::new::thread_start::hcc78f3943333fa94
[INFO] [stdout]                                at /rustc/90b35a6239c3d8bdabc530a6a0816f7ff89a0aaf/library/std/src/sys/pal/unix/thread.rs:105:17
[INFO] [stdout]   43:     0x79489d43cac3 - <unknown>
[INFO] [stdout]   44:     0x79489d4cda04 - clone
[INFO] [stdout]   45:                0x0 - <unknown>
[INFO] [stdout] 
[INFO] [stdout] 
[INFO] [stdout] failures:
[INFO] [stdout]     merge::core::tests::test_recover_merge_failed_with_unexpeded_error
[INFO] [stdout] 
[INFO] [stdout] test result: FAILED. 46 passed; 1 failed; 0 ignored; 0 measured; 0 filtered out; finished in 0.18s
[INFO] [stdout] 
[INFO] [stderr] error: test failed, to rerun pass `--lib`
[INFO] running `Command { std: "docker" "inspect" "9c47d0e85736a48300176cad29c3fc67d593c06a7e527a0d0c8e9a63bb38e71f", kill_on_drop: false }`
[INFO] running `Command { std: "docker" "rm" "-f" "9c47d0e85736a48300176cad29c3fc67d593c06a7e527a0d0c8e9a63bb38e71f", kill_on_drop: false }`
[INFO] [stdout] 9c47d0e85736a48300176cad29c3fc67d593c06a7e527a0d0c8e9a63bb38e71f
