[INFO] fetching crate bitbelay-suites 0.1.0...
[INFO] testing bitbelay-suites-0.1.0 against 1.83.0 for beta-1.84.0-4-retry
[INFO] extracting crate bitbelay-suites 0.1.0 into /workspace/builds/worker-2-tc1/source
[INFO] validating manifest of crates.io crate bitbelay-suites 0.1.0 on toolchain 1.83.0
[INFO] running `Command { std: CARGO_HOME="/workspace/cargo-home" RUSTUP_HOME="/workspace/rustup-home" "/workspace/cargo-home/bin/cargo" "+1.83.0" "metadata" "--manifest-path" "Cargo.toml" "--no-deps", kill_on_drop: false }`
[INFO] started tweaking crates.io crate bitbelay-suites 0.1.0
[INFO] finished tweaking crates.io crate bitbelay-suites 0.1.0
[INFO] tweaked toml for crates.io crate bitbelay-suites 0.1.0 written to /workspace/builds/worker-2-tc1/source/Cargo.toml
[INFO] crate crates.io crate bitbelay-suites 0.1.0 already has a lockfile, it will not be regenerated
[INFO] running `Command { std: CARGO_HOME="/workspace/cargo-home" RUSTUP_HOME="/workspace/rustup-home" "/workspace/cargo-home/bin/cargo" "+1.83.0" "fetch" "--manifest-path" "Cargo.toml", kill_on_drop: false }`
[INFO] [stderr]     Updating crates.io index
[INFO] [stderr]  Downloading crates ...
[INFO] [stderr]   Downloaded byte-unit v5.1.2
[INFO] [stderr]   Downloaded bitbelay-providers v0.1.0
[INFO] [stderr]   Downloaded nonempty v0.9.0
[INFO] [stderr]   Downloaded bitbelay-statistics v0.1.0
[INFO] [stderr]   Downloaded bitbelay-report v0.1.0
[INFO] [stderr]   Downloaded bitbelay-tests v0.1.0
[INFO] running `Command { std: "docker" "create" "-v" "/var/lib/crater-agent-workspace/builds/worker-2-tc1/target:/opt/rustwide/target:rw,Z" "-v" "/var/lib/crater-agent-workspace/builds/worker-2-tc1/source:/opt/rustwide/workdir:ro,Z" "-v" "/var/lib/crater-agent-workspace/cargo-home:/opt/rustwide/cargo-home:ro,Z" "-v" "/var/lib/crater-agent-workspace/rustup-home:/opt/rustwide/rustup-home:ro,Z" "-e" "SOURCE_DIR=/opt/rustwide/workdir" "-e" "CARGO_TARGET_DIR=/opt/rustwide/target" "-e" "CARGO_HOME=/opt/rustwide/cargo-home" "-e" "RUSTUP_HOME=/opt/rustwide/rustup-home" "-w" "/opt/rustwide/workdir" "-m" "1610612736" "--user" "0:0" "--network" "none" "ghcr.io/rust-lang/crates-build-env/linux@sha256:f3a9d4ad9d972b27faf3965f35b62e55ba32bbce8f20bc8fe909558a86702fde" "/opt/rustwide/cargo-home/bin/cargo" "+1.83.0" "metadata" "--no-deps" "--format-version=1", kill_on_drop: false }`
[INFO] [stdout] 22edc81ba357abd7aa4154effd13fc083cbf7653fd61563b8090f36bb992af24
[INFO] running `Command { std: "docker" "start" "-a" "22edc81ba357abd7aa4154effd13fc083cbf7653fd61563b8090f36bb992af24", kill_on_drop: false }`
[INFO] running `Command { std: "docker" "inspect" "22edc81ba357abd7aa4154effd13fc083cbf7653fd61563b8090f36bb992af24", kill_on_drop: false }`
[INFO] running `Command { std: "docker" "rm" "-f" "22edc81ba357abd7aa4154effd13fc083cbf7653fd61563b8090f36bb992af24", kill_on_drop: false }`
[INFO] [stdout] 22edc81ba357abd7aa4154effd13fc083cbf7653fd61563b8090f36bb992af24
[INFO] running `Command { std: "docker" "create" "-v" "/var/lib/crater-agent-workspace/builds/worker-2-tc1/target:/opt/rustwide/target:rw,Z" "-v" "/var/lib/crater-agent-workspace/builds/worker-2-tc1/source:/opt/rustwide/workdir:ro,Z" "-v" "/var/lib/crater-agent-workspace/cargo-home:/opt/rustwide/cargo-home:ro,Z" "-v" "/var/lib/crater-agent-workspace/rustup-home:/opt/rustwide/rustup-home:ro,Z" "-e" "SOURCE_DIR=/opt/rustwide/workdir" "-e" "CARGO_TARGET_DIR=/opt/rustwide/target" "-e" "CARGO_INCREMENTAL=0" "-e" "RUST_BACKTRACE=full" "-e" "RUSTFLAGS=--cap-lints=warn" "-e" "RUSTDOCFLAGS=--cap-lints=warn" "-e" "CARGO_HOME=/opt/rustwide/cargo-home" "-e" "RUSTUP_HOME=/opt/rustwide/rustup-home" "-w" "/opt/rustwide/workdir" "-m" "1610612736" "--user" "0:0" "--network" "none" "ghcr.io/rust-lang/crates-build-env/linux@sha256:f3a9d4ad9d972b27faf3965f35b62e55ba32bbce8f20bc8fe909558a86702fde" "/opt/rustwide/cargo-home/bin/cargo" "+1.83.0" "build" "--frozen" "--message-format=json", kill_on_drop: false }`
[INFO] [stdout] f7abcc69f883ced00e25a74bd6826907ed6318b1e1fd4150268b82aae541375d
[INFO] running `Command { std: "docker" "start" "-a" "f7abcc69f883ced00e25a74bd6826907ed6318b1e1fd4150268b82aae541375d", kill_on_drop: false }`
[INFO] [stderr]    Compiling autocfg v1.1.0
[INFO] [stderr]    Compiling libm v0.2.8
[INFO] [stderr]    Compiling proc-macro2 v1.0.76
[INFO] [stderr]    Compiling unicode-ident v1.0.12
[INFO] [stderr]    Compiling libc v0.2.151
[INFO] [stderr]    Compiling cfg-if v1.0.0
[INFO] [stderr]    Compiling ppv-lite86 v0.2.17
[INFO] [stderr]    Compiling paste v1.0.14
[INFO] [stderr]    Compiling bytemuck v1.14.0
[INFO] [stderr]    Compiling syn v1.0.109
[INFO] [stderr]    Compiling utf8parse v0.2.1
[INFO] [stderr]    Compiling typenum v1.17.0
[INFO] [stderr]    Compiling rawpointer v0.2.1
[INFO] [stderr]    Compiling lazy_static v1.4.0
[INFO] [stderr]    Compiling colorchoice v1.0.0
[INFO] [stderr]    Compiling anstyle v1.0.4
[INFO] [stderr]    Compiling anstyle-query v1.0.2
[INFO] [stderr]    Compiling anstyle-parse v0.2.3
[INFO] [stderr]    Compiling rust_decimal v1.33.1
[INFO] [stderr]    Compiling strsim v0.10.0
[INFO] [stderr]    Compiling clap_lex v0.6.0
[INFO] [stderr]    Compiling heck v0.4.1
[INFO] [stderr]    Compiling radium v0.7.0
[INFO] [stderr]    Compiling iana-time-zone v0.1.59
[INFO] [stderr]    Compiling anstream v0.6.5
[INFO] [stderr]    Compiling unicode-width v0.1.11
[INFO] [stderr]    Compiling safe_arch v0.7.1
[INFO] [stderr]    Compiling smawk v0.3.2
[INFO] [stderr]    Compiling unicode-linebreak v0.1.5
[INFO] [stderr]    Compiling arrayvec v0.7.4
[INFO] [stderr]    Compiling clap_builder v4.4.12
[INFO] [stderr]    Compiling tap v1.0.1
[INFO] [stderr]    Compiling once_cell v1.19.0
[INFO] [stderr]    Compiling num-traits v0.2.17
[INFO] [stderr]    Compiling num-integer v0.1.45
[INFO] [stderr]    Compiling matrixmultiply v0.3.8
[INFO] [stderr]    Compiling num-rational v0.4.1
[INFO] [stderr]    Compiling textwrap v0.16.0
[INFO] [stderr]    Compiling wyz v0.5.1
[INFO] [stderr]    Compiling tracing-core v0.1.32
[INFO] [stderr]    Compiling colored v2.1.0
[INFO] [stderr]    Compiling wide v0.7.13
[INFO] [stderr]    Compiling nonempty v0.9.0
[INFO] [stderr]    Compiling anyhow v1.0.79
[INFO] [stderr]    Compiling quote v1.0.35
[INFO] [stderr]    Compiling pin-project-lite v0.2.13
[INFO] [stderr]    Compiling funty v2.0.0
[INFO] [stderr]    Compiling utf8-width v0.1.7
[INFO] [stderr]    Compiling getrandom v0.2.11
[INFO] [stderr]    Compiling syn v2.0.48
[INFO] [stderr]    Compiling rand_core v0.6.4
[INFO] [stderr]    Compiling bitvec v1.0.1
[INFO] [stderr]    Compiling rand_chacha v0.3.1
[INFO] [stderr]    Compiling rand v0.8.5
[INFO] [stderr]    Compiling approx v0.5.1
[INFO] [stderr]    Compiling num-complex v0.4.4
[INFO] [stderr]    Compiling chrono v0.4.31
[INFO] [stderr]    Compiling ordered-float v4.2.0
[INFO] [stderr]    Compiling rand_distr v0.4.3
[INFO] [stderr]    Compiling simba v0.6.0
[INFO] [stderr]    Compiling byte-unit v5.1.2
[INFO] [stderr]    Compiling bitbelay-report v0.1.0
[INFO] [stderr]    Compiling nalgebra-macros v0.1.0
[INFO] [stderr]    Compiling clap_derive v4.4.7
[INFO] [stderr]    Compiling tracing-attributes v0.1.27
[INFO] [stderr]    Compiling tracing v0.1.40
[INFO] [stderr]    Compiling clap v4.4.13
[INFO] [stderr]    Compiling bitbelay-providers v0.1.0
[INFO] [stderr]    Compiling nalgebra v0.29.0
[INFO] [stderr]    Compiling statrs v0.16.0
[INFO] [stderr]    Compiling bitbelay-statistics v0.1.0
[INFO] [stderr]    Compiling bitbelay-tests v0.1.0
[INFO] [stderr]    Compiling bitbelay-suites v0.1.0 (/opt/rustwide/workdir)
[INFO] [stderr]     Finished `dev` profile [unoptimized + debuginfo] target(s) in 29.67s
[INFO] running `Command { std: "docker" "inspect" "f7abcc69f883ced00e25a74bd6826907ed6318b1e1fd4150268b82aae541375d", kill_on_drop: false }`
[INFO] running `Command { std: "docker" "rm" "-f" "f7abcc69f883ced00e25a74bd6826907ed6318b1e1fd4150268b82aae541375d", kill_on_drop: false }`
[INFO] [stdout] f7abcc69f883ced00e25a74bd6826907ed6318b1e1fd4150268b82aae541375d
[INFO] running `Command { std: "docker" "create" "-v" "/var/lib/crater-agent-workspace/builds/worker-2-tc1/target:/opt/rustwide/target:rw,Z" "-v" "/var/lib/crater-agent-workspace/builds/worker-2-tc1/source:/opt/rustwide/workdir:ro,Z" "-v" "/var/lib/crater-agent-workspace/cargo-home:/opt/rustwide/cargo-home:ro,Z" "-v" "/var/lib/crater-agent-workspace/rustup-home:/opt/rustwide/rustup-home:ro,Z" "-e" "SOURCE_DIR=/opt/rustwide/workdir" "-e" "CARGO_TARGET_DIR=/opt/rustwide/target" "-e" "CARGO_INCREMENTAL=0" "-e" "RUST_BACKTRACE=full" "-e" "RUSTFLAGS=--cap-lints=warn" "-e" "RUSTDOCFLAGS=--cap-lints=warn" "-e" "CARGO_HOME=/opt/rustwide/cargo-home" "-e" "RUSTUP_HOME=/opt/rustwide/rustup-home" "-w" "/opt/rustwide/workdir" "-m" "1610612736" "--user" "0:0" "--network" "none" "ghcr.io/rust-lang/crates-build-env/linux@sha256:f3a9d4ad9d972b27faf3965f35b62e55ba32bbce8f20bc8fe909558a86702fde" "/opt/rustwide/cargo-home/bin/cargo" "+1.83.0" "test" "--frozen" "--no-run" "--message-format=json", kill_on_drop: false }`
[INFO] [stdout] d01ff5ed0e7dfc7e67f9dc9875a502644ccedb51d414950c796f43316477dc47
[INFO] running `Command { std: "docker" "start" "-a" "d01ff5ed0e7dfc7e67f9dc9875a502644ccedb51d414950c796f43316477dc47", kill_on_drop: false }`
[INFO] [stderr]    Compiling bitbelay-suites v0.1.0 (/opt/rustwide/workdir)
[INFO] [stderr]     Finished `test` profile [unoptimized + debuginfo] target(s) in 1.27s
[INFO] running `Command { std: "docker" "inspect" "d01ff5ed0e7dfc7e67f9dc9875a502644ccedb51d414950c796f43316477dc47", kill_on_drop: false }`
[INFO] running `Command { std: "docker" "rm" "-f" "d01ff5ed0e7dfc7e67f9dc9875a502644ccedb51d414950c796f43316477dc47", kill_on_drop: false }`
[INFO] [stdout] d01ff5ed0e7dfc7e67f9dc9875a502644ccedb51d414950c796f43316477dc47
[INFO] running `Command { std: "docker" "create" "-v" "/var/lib/crater-agent-workspace/builds/worker-2-tc1/target:/opt/rustwide/target:rw,Z" "-v" "/var/lib/crater-agent-workspace/builds/worker-2-tc1/source:/opt/rustwide/workdir:ro,Z" "-v" "/var/lib/crater-agent-workspace/cargo-home:/opt/rustwide/cargo-home:ro,Z" "-v" "/var/lib/crater-agent-workspace/rustup-home:/opt/rustwide/rustup-home:ro,Z" "-e" "SOURCE_DIR=/opt/rustwide/workdir" "-e" "CARGO_TARGET_DIR=/opt/rustwide/target" "-e" "CARGO_INCREMENTAL=0" "-e" "RUST_BACKTRACE=full" "-e" "RUSTFLAGS=--cap-lints=warn" "-e" "RUSTDOCFLAGS=--cap-lints=warn" "-e" "CARGO_HOME=/opt/rustwide/cargo-home" "-e" "RUSTUP_HOME=/opt/rustwide/rustup-home" "-w" "/opt/rustwide/workdir" "-m" "1610612736" "--user" "0:0" "--network" "none" "ghcr.io/rust-lang/crates-build-env/linux@sha256:f3a9d4ad9d972b27faf3965f35b62e55ba32bbce8f20bc8fe909558a86702fde" "/opt/rustwide/cargo-home/bin/cargo" "+1.83.0" "test" "--frozen", kill_on_drop: false }`
[INFO] [stdout] afba16ced4a7f7125e4328bdac52bf84df83a21dbfef3a18f86e2e7f034103ef
[INFO] running `Command { std: "docker" "start" "-a" "afba16ced4a7f7125e4328bdac52bf84df83a21dbfef3a18f86e2e7f034103ef", kill_on_drop: false }`
[INFO] [stderr]     Finished `test` profile [unoptimized + debuginfo] target(s) in 0.11s
[INFO] [stderr]      Running unittests src/lib.rs (/opt/rustwide/target/debug/deps/bitbelay_suites-fd5a740a156d93f2)
[INFO] [stdout] 
[INFO] [stdout] running 0 tests
[INFO] [stdout] 
[INFO] [stdout] test result: ok. 0 passed; 0 failed; 0 ignored; 0 measured; 0 filtered out; finished in 0.00s
[INFO] [stdout] 
[INFO] [stderr]    Doc-tests bitbelay_suites
[INFO] [stdout] 
[INFO] [stdout] running 26 tests
[INFO] [stdout] test src/avalanche.rs - avalanche::Suite<'a,H,N>::into_tests (line 111) ... FAILED
[INFO] [stdout] test src/avalanche.rs - avalanche::Suite<'a,H,N>::tests (line 78) ... FAILED
[INFO] [stdout] test src/correlation.rs - correlation::Suite<'a,H,N>::tests (line 52) ... FAILED
[INFO] [stdout] test src/chi_squared/suite.rs - chi_squared::suite::Builder<'a,H>::build_hasher (line 126) ... ok
[INFO] [stdout] test src/chi_squared/suite.rs - chi_squared::suite::Builder<'a,H>::try_build (line 153) ... ok
[INFO] [stdout] test src/avalanche.rs - avalanche::Suite<'a,H,N>::build_hasher (line 54) ... ok
[INFO] [stdout] test src/chi_squared.rs - chi_squared::Suite<'a,H>::buckets (line 31) ... ok
[INFO] [stdout] test src/chi_squared.rs - chi_squared::Suite<'a,H>::build_hasher (line 51) ... ok
[INFO] [stdout] test src/avalanche/suite.rs - avalanche::suite::Builder<'a,H,N>::build_hasher (line 85) ... ok
[INFO] [stdout] test src/chi_squared/suite.rs - chi_squared::suite::Builder<'a,H>::buckets (line 97) ... ok
[INFO] [stdout] test src/avalanche/suite.rs - avalanche::suite::Builder<'a,H,N>::try_build (line 114) ... ok
[INFO] [stdout] test src/correlation.rs - correlation::Suite<'a,H,N>::into_tests (line 91) ... ok
[INFO] [stdout] test src/chi_squared.rs - chi_squared::Suite<'a,H>::into_tests (line 111) ... ok
[INFO] [stdout] test src/chi_squared.rs - chi_squared::Suite<'a,H>::tests (line 73) ... ok
[INFO] [stdout] test src/chi_squared.rs - chi_squared::Suite<'a,H>::run_goodness_of_fit (line 147) ... ok
[INFO] [stdout] test src/correlation.rs - correlation::Suite<'a,H,N>::build_hasher (line 28) ... ok
[INFO] [stdout] test src/performance/suite.rs - performance::suite::Builder<'a,H>::try_build (line 116) ... ok
[INFO] [stdout] test src/performance/suite.rs - performance::suite::Builder<'a,H>::build_hasher (line 89) ... ok
[INFO] [stdout] test src/performance.rs - performance::Suite<'a,H>::tests (line 50) ... ok
[INFO] [stdout] test src/correlation/suite.rs - correlation::suite::Builder<'a,H>::build_hasher (line 89) ... ok
[INFO] [stdout] test src/avalanche.rs - avalanche::Suite<'a,H,N>::run_strict_avalanche_criterion_test (line 154) ... ok
[INFO] [stdout] test src/correlation/suite.rs - correlation::suite::Builder<'a,H>::try_build (line 118) ... ok
[INFO] [stdout] test src/correlation.rs - correlation::Suite<'a,H,N>::run_bitwise_test (line 129) ... ok
[INFO] [stdout] test src/performance.rs - performance::Suite<'a,H>::build_hasher (line 28) ... ok
[INFO] [stdout] test src/performance.rs - performance::Suite<'a,H>::into_tests (line 82) ... ok
[INFO] [stdout] test src/performance.rs - performance::Suite<'a,H>::run_speed_test (line 114) ... ok
[INFO] [stdout] 
[INFO] [stdout] failures:
[INFO] [stdout] 
[INFO] [stdout] ---- src/avalanche.rs - avalanche::Suite<'a,H,N>::into_tests (line 111) stdout ----
[INFO] [stdout] Couldn't compile the test.
[INFO] [stdout] ---- src/avalanche.rs - avalanche::Suite<'a,H,N>::tests (line 78) stdout ----
[INFO] [stdout] error: linking with `cc` failed: exit status: 1
[INFO] [stdout]   |
[INFO] [stdout]   = note: LC_ALL="C" PATH="/opt/rustwide/rustup-home/toolchains/1.83.0-x86_64-unknown-linux-gnu/lib/rustlib/x86_64-unknown-linux-gnu/bin:/opt/rustwide/cargo-home/bin:/usr/local/sbin:/usr/local/bin:/usr/sbin:/usr/bin:/sbin:/bin" VSLANG="1033" "cc" "-m64" "/tmp/rustcnyg46L/symbols.o" "/tmp/rustdoctestaM72Da/rust_out.rust_out.cb03291d53e4e161-cgu.0.rcgu.o" "/tmp/rustdoctestaM72Da/rust_out.1s7umcihpz0t7nkz1uc2ifee9.rcgu.o" "-Wl,--as-needed" "-Wl,-Bstatic" "/opt/rustwide/target/debug/deps/libbitbelay_suites-a316fcc0fbcd654e.rlib" "/opt/rustwide/target/debug/deps/libanyhow-ab7f2e17e1882fea.rlib" "/opt/rustwide/target/debug/deps/libbitbelay_tests-614a71ca672fae6e.rlib" "/opt/rustwide/target/debug/deps/libbyte_unit-71f0844bfdb8d84c.rlib" "/opt/rustwide/target/debug/deps/libutf8_width-1627adc422341676.rlib" "/opt/rustwide/target/debug/deps/librust_decimal-f7ae70f7393cec03.rlib" "/opt/rustwide/target/debug/deps/libarrayvec-4900ba5318e795f2.rlib" "/opt/rustwide/target/debug/deps/libtracing-195aa1164d937731.rlib" "/opt/rustwide/target/debug/deps/libpin_project_lite-2458b3995685a4b3.rlib" "/opt/rustwide/target/debug/deps/libtracing_core-028ad275d3d25bcf.rlib" "/opt/rustwide/target/debug/deps/libonce_cell-dd4734ba15c3811e.rlib" "/opt/rustwide/target/debug/deps/libbitbelay_statistics-cf073d4e6b130709.rlib" "/opt/rustwide/target/debug/deps/libstatrs-10db35c239322505.rlib" "/opt/rustwide/target/debug/deps/libnalgebra-2e950b9d0baa530e.rlib" "/opt/rustwide/target/debug/deps/librand_distr-2d7ab9ae4724a6f5.rlib" "/opt/rustwide/target/debug/deps/libmatrixmultiply-7f9d5d3be120c698.rlib" "/opt/rustwide/target/debug/deps/librawpointer-82a8acb23f770ede.rlib" "/opt/rustwide/target/debug/deps/libnum_rational-dc2369873694b323.rlib" "/opt/rustwide/target/debug/deps/libnum_integer-0d8f671e8ff4ee93.rlib" "/opt/rustwide/target/debug/deps/libtypenum-f8bcce2b4da82a7e.rlib" "/opt/rustwide/target/debug/deps/libsimba-7f862918e7f3cade.rlib" "/opt/rustwide/target/debug/deps/libwide-944021b9f6041326.rlib" "/opt/rustwide/target/debug/deps/libsafe_arch-33391f83fab23fda.rlib" "/opt/rustwide/target/debug/deps/libbytemuck-0af03e96ef20cc37.rlib" "/opt/rustwide/target/debug/deps/libnum_complex-ffc96af80249b85b.rlib" "/opt/rustwide/target/debug/deps/libapprox-c116329b5e746d5a.rlib" "/opt/rustwide/target/debug/deps/libordered_float-73f294706ef45bfc.rlib" "/opt/rustwide/target/debug/deps/libbitvec-b140377dfdb77f04.rlib" "/opt/rustwide/target/debug/deps/libwyz-1bf639ea2585bd37.rlib" "/opt/rustwide/target/debug/deps/libtap-88d1698c4d44c9d2.rlib" "/opt/rustwide/target/debug/deps/libradium-70b4d14a4cf73461.rlib" "/opt/rustwide/target/debug/deps/libfunty-8432ee30c8d1a4ea.rlib" "/opt/rustwide/target/debug/deps/libbitbelay_report-3f176e77da473712.rlib" "/opt/rustwide/target/debug/deps/libtextwrap-2f476761b45ec171.rlib" "/opt/rustwide/target/debug/deps/libunicode_width-c6f4711509928587.rlib" "/opt/rustwide/target/debug/deps/libunicode_linebreak-52ff81f028da16ed.rlib" "/opt/rustwide/target/debug/deps/libsmawk-b5b44b5a6c91507f.rlib" "/opt/rustwide/target/debug/deps/libnonempty-8b9c77a22e4c1227.rlib" "/opt/rustwide/target/debug/deps/libcolored-1603b20fef273f41.rlib" "/opt/rustwide/target/debug/deps/liblazy_static-8c0bb59ebbb3df6c.rlib" "/opt/rustwide/target/debug/deps/libchrono-3b82cfd7928f5aeb.rlib" "/opt/rustwide/target/debug/deps/libnum_traits-eaf327babe8a841a.rlib" "/opt/rustwide/target/debug/deps/libiana_time_zone-b180883081da6ef6.rlib" "/opt/rustwide/target/debug/deps/libbitbelay_providers-1273291d1d3ccb72.rlib" "/opt/rustwide/target/debug/deps/librand-0ac910a6d05dc864.rlib" "/opt/rustwide/target/debug/deps/librand_chacha-9e9117139a0ecea0.rlib" "/opt/rustwide/target/debug/deps/libppv_lite86-c663305ef3ec04ad.rlib" "/opt/rustwide/target/debug/deps/librand_core-a461dd1526219a4f.rlib" "/opt/rustwide/target/debug/deps/libgetrandom-75cdfff5a84b3682.rlib" "/opt/rustwide/target/debug/deps/liblibc-db7c6484b2390484.rlib" "/opt/rustwide/target/debug/deps/libcfg_if-8217498f8667ada9.rlib" "/opt/rustwide/target/debug/deps/libclap-fcaa44696c19e84c.rlib" "/opt/rustwide/target/debug/deps/libclap_builder-83459fbddfa86b2b.rlib" "/opt/rustwide/target/debug/deps/libstrsim-5d81c8771286823e.rlib" "/opt/rustwide/target/debug/deps/libanstream-9222ca54015d5f57.rlib" "/opt/rustwide/target/debug/deps/libanstyle_query-fa2951fc6e38b935.rlib" "/opt/rustwide/target/debug/deps/libcolorchoice-fa72d5e6f33309df.rlib" "/opt/rustwide/target/debug/deps/libanstyle_parse-eb713ce728ed65e6.rlib" "/opt/rustwide/target/debug/deps/libutf8parse-336c07c2ab457e4c.rlib" "/opt/rustwide/target/debug/deps/libclap_lex-b946f0aa7e7bc1a1.rlib" "/opt/rustwide/target/debug/deps/libanstyle-041995770629c76b.rlib" "/opt/rustwide/rustup-home/toolchains/1.83.0-x86_64-unknown-linux-gnu/lib/rustlib/x86_64-unknown-linux-gnu/lib/libstd-ca74a2d9c5166d9f.rlib" "/opt/rustwide/rustup-home/toolchains/1.83.0-x86_64-unknown-linux-gnu/lib/rustlib/x86_64-unknown-linux-gnu/lib/libpanic_unwind-e31ab23316ed5080.rlib" "/opt/rustwide/rustup-home/toolchains/1.83.0-x86_64-unknown-linux-gnu/lib/rustlib/x86_64-unknown-linux-gnu/lib/libobject-27dc4aa955912662.rlib" "/opt/rustwide/rustup-home/toolchains/1.83.0-x86_64-unknown-linux-gnu/lib/rustlib/x86_64-unknown-linux-gnu/lib/libmemchr-bd0d6cccce077b99.rlib" "/opt/rustwide/rustup-home/toolchains/1.83.0-x86_64-unknown-linux-gnu/lib/rustlib/x86_64-unknown-linux-gnu/lib/libaddr2line-8d001680935b5e3c.rlib" "/opt/rustwide/rustup-home/toolchains/1.83.0-x86_64-unknown-linux-gnu/lib/rustlib/x86_64-unknown-linux-gnu/lib/libgimli-ba8ce71964f984f4.rlib" "/opt/rustwide/rustup-home/toolchains/1.83.0-x86_64-unknown-linux-gnu/lib/rustlib/x86_64-unknown-linux-gnu/lib/librustc_demangle-99a73526abcec14b.rlib" "/opt/rustwide/rustup-home/toolchains/1.83.0-x86_64-unknown-linux-gnu/lib/rustlib/x86_64-unknown-linux-gnu/lib/libstd_detect-63ac0d22cff92579.rlib" "/opt/rustwide/rustup-home/toolchains/1.83.0-x86_64-unknown-linux-gnu/lib/rustlib/x86_64-unknown-linux-gnu/lib/libhashbrown-9057355c92c922d5.rlib" "/opt/rustwide/rustup-home/toolchains/1.83.0-x86_64-unknown-linux-gnu/lib/rustlib/x86_64-unknown-linux-gnu/lib/librustc_std_workspace_alloc-358be9bc1f6bab04.rlib" "/opt/rustwide/rustup-home/toolchains/1.83.0-x86_64-unknown-linux-gnu/lib/rustlib/x86_64-unknown-linux-gnu/lib/libminiz_oxide-aca15549d5bff974.rlib" "/opt/rustwide/rustup-home/toolchains/1.83.0-x86_64-unknown-linux-gnu/lib/rustlib/x86_64-unknown-linux-gnu/lib/libadler-8251d2cef7072448.rlib" "/opt/rustwide/rustup-home/toolchains/1.83.0-x86_64-unknown-linux-gnu/lib/rustlib/x86_64-unknown-linux-gnu/lib/libunwind-7d50b86011c66411.rlib" "/opt/rustwide/rustup-home/toolchains/1.83.0-x86_64-unknown-linux-gnu/lib/rustlib/x86_64-unknown-linux-gnu/lib/libcfg_if-51ea098fce5006bf.rlib" "/opt/rustwide/rustup-home/toolchains/1.83.0-x86_64-unknown-linux-gnu/lib/rustlib/x86_64-unknown-linux-gnu/lib/liblibc-5a14e0d0b712e731.rlib" "/opt/rustwide/rustup-home/toolchains/1.83.0-x86_64-unknown-linux-gnu/lib/rustlib/x86_64-unknown-linux-gnu/lib/liballoc-8b83dbf3a7b8f999.rlib" "/opt/rustwide/rustup-home/toolchains/1.83.0-x86_64-unknown-linux-gnu/lib/rustlib/x86_64-unknown-linux-gnu/lib/librustc_std_workspace_core-c6fd227bdc7b39ff.rlib" "/opt/rustwide/rustup-home/toolchains/1.83.0-x86_64-unknown-linux-gnu/lib/rustlib/x86_64-unknown-linux-gnu/lib/libcore-959d3389fa3da8a5.rlib" "/opt/rustwide/rustup-home/toolchains/1.83.0-x86_64-unknown-linux-gnu/lib/rustlib/x86_64-unknown-linux-gnu/lib/libcompiler_builtins-abe05db089cc2c62.rlib" "-Wl,-Bdynamic" "-lc" "-lm" "-lrt" "-lpthread" "-lgcc_s" "-lutil" "-lrt" "-lpthread" "-lm" "-ldl" "-lc" "-Wl,--eh-frame-hdr" "-Wl,-z,noexecstack" "-L" "/opt/rustwide/rustup-home/toolchains/1.83.0-x86_64-unknown-linux-gnu/lib/rustlib/x86_64-unknown-linux-gnu/lib" "-o" "/tmp/rustdoctestaM72Da/rust_out" "-Wl,--gc-sections" "-pie" "-Wl,-z,relro,-z,now" "-nodefaultlibs"
[INFO] [stdout]   = note: collect2: fatal error: ld terminated with signal 9 [Killed]
[INFO] [stdout]           compilation terminated.
[INFO] [stdout]           
[INFO] [stdout] 
[INFO] [stdout] error: aborting due to 1 previous error
[INFO] [stdout] 
[INFO] [stdout] Couldn't compile the test.
[INFO] [stdout] ---- src/correlation.rs - correlation::Suite<'a,H,N>::tests (line 52) stdout ----
[INFO] [stdout] Couldn't compile the test.
[INFO] [stdout] 
[INFO] [stdout] failures:
[INFO] [stdout]     src/avalanche.rs - avalanche::Suite<'a,H,N>::into_tests (line 111)
[INFO] [stdout]     src/avalanche.rs - avalanche::Suite<'a,H,N>::tests (line 78)
[INFO] [stdout]     src/correlation.rs - correlation::Suite<'a,H,N>::tests (line 52)
[INFO] [stdout] 
[INFO] [stdout] test result: FAILED. 23 passed; 3 failed; 0 ignored; 0 measured; 0 filtered out; finished in 7.22s
[INFO] [stdout] 
[INFO] [stderr] error: doctest failed, to rerun pass `--doc`
[INFO] running `Command { std: "docker" "inspect" "afba16ced4a7f7125e4328bdac52bf84df83a21dbfef3a18f86e2e7f034103ef", kill_on_drop: false }`
[INFO] running `Command { std: "docker" "rm" "-f" "afba16ced4a7f7125e4328bdac52bf84df83a21dbfef3a18f86e2e7f034103ef", kill_on_drop: false }`
[INFO] [stdout] afba16ced4a7f7125e4328bdac52bf84df83a21dbfef3a18f86e2e7f034103ef
