[INFO] fetching crate bit_roles_macros 0.2.2...
[INFO] testing bit_roles_macros-0.2.2 against beta-2024-12-08 for beta-1.84.0-4-retry
[INFO] extracting crate bit_roles_macros 0.2.2 into /workspace/builds/worker-7-tc2/source
[INFO] validating manifest of crates.io crate bit_roles_macros 0.2.2 on toolchain beta-2024-12-08
[INFO] running `Command { std: CARGO_HOME="/workspace/cargo-home" RUSTUP_HOME="/workspace/rustup-home" "/workspace/cargo-home/bin/cargo" "+beta-2024-12-08" "metadata" "--manifest-path" "Cargo.toml" "--no-deps", kill_on_drop: false }`
[INFO] started tweaking crates.io crate bit_roles_macros 0.2.2
[INFO] finished tweaking crates.io crate bit_roles_macros 0.2.2
[INFO] tweaked toml for crates.io crate bit_roles_macros 0.2.2 written to /workspace/builds/worker-7-tc2/source/Cargo.toml
[INFO] running `Command { std: CARGO_HOME="/workspace/cargo-home" RUSTUP_HOME="/workspace/rustup-home" "/workspace/cargo-home/bin/cargo" "+beta-2024-12-08" "generate-lockfile" "--manifest-path" "Cargo.toml", kill_on_drop: false }`
[INFO] [stderr]     Updating crates.io index
[INFO] [stderr]      Locking 4 packages to latest compatible versions
[INFO] running `Command { std: CARGO_HOME="/workspace/cargo-home" RUSTUP_HOME="/workspace/rustup-home" "/workspace/cargo-home/bin/cargo" "+beta-2024-12-08" "fetch" "--manifest-path" "Cargo.toml", kill_on_drop: false }`
[INFO] running `Command { std: "docker" "create" "-v" "/var/lib/crater-agent-workspace/builds/worker-7-tc2/target:/opt/rustwide/target:rw,Z" "-v" "/var/lib/crater-agent-workspace/builds/worker-7-tc2/source:/opt/rustwide/workdir:ro,Z" "-v" "/var/lib/crater-agent-workspace/cargo-home:/opt/rustwide/cargo-home:ro,Z" "-v" "/var/lib/crater-agent-workspace/rustup-home:/opt/rustwide/rustup-home:ro,Z" "-e" "SOURCE_DIR=/opt/rustwide/workdir" "-e" "CARGO_TARGET_DIR=/opt/rustwide/target" "-e" "CARGO_HOME=/opt/rustwide/cargo-home" "-e" "RUSTUP_HOME=/opt/rustwide/rustup-home" "-w" "/opt/rustwide/workdir" "-m" "1610612736" "--user" "0:0" "--network" "none" "ghcr.io/rust-lang/crates-build-env/linux@sha256:f3a9d4ad9d972b27faf3965f35b62e55ba32bbce8f20bc8fe909558a86702fde" "/opt/rustwide/cargo-home/bin/cargo" "+beta-2024-12-08" "metadata" "--no-deps" "--format-version=1", kill_on_drop: false }`
[INFO] [stdout] 8ce3db344b22298ca0057394d134ac260000da83aa16fb40f77417cde47ce5ae
[INFO] running `Command { std: "docker" "start" "-a" "8ce3db344b22298ca0057394d134ac260000da83aa16fb40f77417cde47ce5ae", kill_on_drop: false }`
[INFO] running `Command { std: "docker" "inspect" "8ce3db344b22298ca0057394d134ac260000da83aa16fb40f77417cde47ce5ae", kill_on_drop: false }`
[INFO] running `Command { std: "docker" "rm" "-f" "8ce3db344b22298ca0057394d134ac260000da83aa16fb40f77417cde47ce5ae", kill_on_drop: false }`
[INFO] [stdout] 8ce3db344b22298ca0057394d134ac260000da83aa16fb40f77417cde47ce5ae
[INFO] running `Command { std: "docker" "create" "-v" "/var/lib/crater-agent-workspace/builds/worker-7-tc2/target:/opt/rustwide/target:rw,Z" "-v" "/var/lib/crater-agent-workspace/builds/worker-7-tc2/source:/opt/rustwide/workdir:ro,Z" "-v" "/var/lib/crater-agent-workspace/cargo-home:/opt/rustwide/cargo-home:ro,Z" "-v" "/var/lib/crater-agent-workspace/rustup-home:/opt/rustwide/rustup-home:ro,Z" "-e" "SOURCE_DIR=/opt/rustwide/workdir" "-e" "CARGO_TARGET_DIR=/opt/rustwide/target" "-e" "CARGO_INCREMENTAL=0" "-e" "RUST_BACKTRACE=full" "-e" "RUSTFLAGS=--cap-lints=warn" "-e" "RUSTDOCFLAGS=--cap-lints=warn" "-e" "CARGO_HOME=/opt/rustwide/cargo-home" "-e" "RUSTUP_HOME=/opt/rustwide/rustup-home" "-w" "/opt/rustwide/workdir" "-m" "1610612736" "--user" "0:0" "--network" "none" "ghcr.io/rust-lang/crates-build-env/linux@sha256:f3a9d4ad9d972b27faf3965f35b62e55ba32bbce8f20bc8fe909558a86702fde" "/opt/rustwide/cargo-home/bin/cargo" "+beta-2024-12-08" "build" "--frozen" "--message-format=json", kill_on_drop: false }`
[INFO] [stdout] 1063eac0f0d01fe3cc8b4e5c11cb3e3b4e83d344fd7853f13c71f9fe7c56dad7
[INFO] running `Command { std: "docker" "start" "-a" "1063eac0f0d01fe3cc8b4e5c11cb3e3b4e83d344fd7853f13c71f9fe7c56dad7", kill_on_drop: false }`
[INFO] [stderr]    Compiling proc-macro2 v1.0.92
[INFO] [stderr]    Compiling unicode-ident v1.0.14
[INFO] [stderr]    Compiling quote v1.0.37
[INFO] [stderr]    Compiling syn v2.0.90
[INFO] [stderr]    Compiling bit_roles_macros v0.2.2 (/opt/rustwide/workdir)
[INFO] [stderr]     Finished `dev` profile [unoptimized + debuginfo] target(s) in 4.77s
[INFO] running `Command { std: "docker" "inspect" "1063eac0f0d01fe3cc8b4e5c11cb3e3b4e83d344fd7853f13c71f9fe7c56dad7", kill_on_drop: false }`
[INFO] running `Command { std: "docker" "rm" "-f" "1063eac0f0d01fe3cc8b4e5c11cb3e3b4e83d344fd7853f13c71f9fe7c56dad7", kill_on_drop: false }`
[INFO] [stdout] 1063eac0f0d01fe3cc8b4e5c11cb3e3b4e83d344fd7853f13c71f9fe7c56dad7
[INFO] running `Command { std: "docker" "create" "-v" "/var/lib/crater-agent-workspace/builds/worker-7-tc2/target:/opt/rustwide/target:rw,Z" "-v" "/var/lib/crater-agent-workspace/builds/worker-7-tc2/source:/opt/rustwide/workdir:ro,Z" "-v" "/var/lib/crater-agent-workspace/cargo-home:/opt/rustwide/cargo-home:ro,Z" "-v" "/var/lib/crater-agent-workspace/rustup-home:/opt/rustwide/rustup-home:ro,Z" "-e" "SOURCE_DIR=/opt/rustwide/workdir" "-e" "CARGO_TARGET_DIR=/opt/rustwide/target" "-e" "CARGO_INCREMENTAL=0" "-e" "RUST_BACKTRACE=full" "-e" "RUSTFLAGS=--cap-lints=warn" "-e" "RUSTDOCFLAGS=--cap-lints=warn" "-e" "CARGO_HOME=/opt/rustwide/cargo-home" "-e" "RUSTUP_HOME=/opt/rustwide/rustup-home" "-w" "/opt/rustwide/workdir" "-m" "1610612736" "--user" "0:0" "--network" "none" "ghcr.io/rust-lang/crates-build-env/linux@sha256:f3a9d4ad9d972b27faf3965f35b62e55ba32bbce8f20bc8fe909558a86702fde" "/opt/rustwide/cargo-home/bin/cargo" "+beta-2024-12-08" "test" "--frozen" "--no-run" "--message-format=json", kill_on_drop: false }`
[INFO] [stdout] 438140cc6d324f0eeaa3fcb04988985991af7dea5cdf718e8a3bcc8f4c82fd3f
[INFO] running `Command { std: "docker" "start" "-a" "438140cc6d324f0eeaa3fcb04988985991af7dea5cdf718e8a3bcc8f4c82fd3f", kill_on_drop: false }`
[INFO] [stderr]    Compiling bit_roles_macros v0.2.2 (/opt/rustwide/workdir)
[INFO] [stderr]     Finished `test` profile [unoptimized + debuginfo] target(s) in 0.70s
[INFO] running `Command { std: "docker" "inspect" "438140cc6d324f0eeaa3fcb04988985991af7dea5cdf718e8a3bcc8f4c82fd3f", kill_on_drop: false }`
[INFO] running `Command { std: "docker" "rm" "-f" "438140cc6d324f0eeaa3fcb04988985991af7dea5cdf718e8a3bcc8f4c82fd3f", kill_on_drop: false }`
[INFO] [stdout] 438140cc6d324f0eeaa3fcb04988985991af7dea5cdf718e8a3bcc8f4c82fd3f
[INFO] running `Command { std: "docker" "create" "-v" "/var/lib/crater-agent-workspace/builds/worker-7-tc2/target:/opt/rustwide/target:rw,Z" "-v" "/var/lib/crater-agent-workspace/builds/worker-7-tc2/source:/opt/rustwide/workdir:ro,Z" "-v" "/var/lib/crater-agent-workspace/cargo-home:/opt/rustwide/cargo-home:ro,Z" "-v" "/var/lib/crater-agent-workspace/rustup-home:/opt/rustwide/rustup-home:ro,Z" "-e" "SOURCE_DIR=/opt/rustwide/workdir" "-e" "CARGO_TARGET_DIR=/opt/rustwide/target" "-e" "CARGO_INCREMENTAL=0" "-e" "RUST_BACKTRACE=full" "-e" "RUSTFLAGS=--cap-lints=warn" "-e" "RUSTDOCFLAGS=--cap-lints=warn" "-e" "CARGO_HOME=/opt/rustwide/cargo-home" "-e" "RUSTUP_HOME=/opt/rustwide/rustup-home" "-w" "/opt/rustwide/workdir" "-m" "1610612736" "--user" "0:0" "--network" "none" "ghcr.io/rust-lang/crates-build-env/linux@sha256:f3a9d4ad9d972b27faf3965f35b62e55ba32bbce8f20bc8fe909558a86702fde" "/opt/rustwide/cargo-home/bin/cargo" "+beta-2024-12-08" "test" "--frozen", kill_on_drop: false }`
[INFO] [stdout] 2ac38ea7f5e4372c4c5810fe4d2f42d12de0a1c7b02a252703bd82262a4345bc
[INFO] running `Command { std: "docker" "start" "-a" "2ac38ea7f5e4372c4c5810fe4d2f42d12de0a1c7b02a252703bd82262a4345bc", kill_on_drop: false }`
[INFO] [stderr]     Finished `test` profile [unoptimized + debuginfo] target(s) in 0.03s
[INFO] [stderr]      Running unittests src/lib.rs (/opt/rustwide/target/debug/deps/bit_roles_macros-bd4bf2736a5cee52)
[INFO] [stdout] 
[INFO] [stdout] running 0 tests
[INFO] [stderr]    Doc-tests bit_roles_macros
[INFO] [stdout] 
[INFO] [stdout] test result: ok. 0 passed; 0 failed; 0 ignored; 0 measured; 0 filtered out; finished in 0.00s
[INFO] [stdout] 
[INFO] [stdout] 
[INFO] [stdout] running 4 tests
[INFO] [stdout] test src/lib.rs - derive_bit_role (line 106) - compile fail ... ok
[INFO] [stdout] test src/lib.rs - derive_bit_role (line 85) ... FAILED
[INFO] [stdout] test src/lib.rs - derive_bit_role_unchecked (line 207) ... FAILED
[INFO] [stdout] test src/lib.rs - derive_bit_role_unchecked (line 176) ... FAILED
[INFO] [stdout] 
[INFO] [stdout] failures:
[INFO] [stdout] 
[INFO] [stdout] ---- src/lib.rs - derive_bit_role (line 85) stdout ----
[INFO] [stdout] error[E0432]: unresolved import `bit_roles`
[INFO] [stdout]  --> src/lib.rs:86:5
[INFO] [stdout]   |
[INFO] [stdout] 3 | use bit_roles::BitRole;
[INFO] [stdout]   |     ^^^^^^^^^ use of undeclared crate or module `bit_roles`
[INFO] [stdout] 
[INFO] [stdout] error[E0599]: no variant or associated item named `empty` found for enum `Permission` in the current scope
[INFO] [stdout]   --> src/lib.rs:95:29
[INFO] [stdout]    |
[INFO] [stdout] 6  | enum Permission {
[INFO] [stdout]    | --------------- variant or associated item `empty` not found for this enum
[INFO] [stdout] ...
[INFO] [stdout] 12 | let mut roles = Permission::empty();
[INFO] [stdout]    |                             ^^^^^ variant or associated item not found in `Permission`
[INFO] [stdout] 
[INFO] [stdout] error: aborting due to 2 previous errors
[INFO] [stdout] 
[INFO] [stdout] Some errors have detailed explanations: E0432, E0599.
[INFO] [stdout] For more information about an error, try `rustc --explain E0432`.
[INFO] [stdout] Couldn't compile the test.
[INFO] [stdout] ---- src/lib.rs - derive_bit_role_unchecked (line 207) stdout ----
[INFO] [stdout] error[E0432]: unresolved import `bit_roles`
[INFO] [stdout]  --> src/lib.rs:208:5
[INFO] [stdout]   |
[INFO] [stdout] 3 | use bit_roles::{
[INFO] [stdout]   |     ^^^^^^^^^ use of undeclared crate or module `bit_roles`
[INFO] [stdout] 
[INFO] [stdout] error[E0599]: no variant or associated item named `empty` found for enum `Permission` in the current scope
[INFO] [stdout]   --> src/lib.rs:239:29
[INFO] [stdout]    |
[INFO] [stdout] 15 | enum Permission {
[INFO] [stdout]    | --------------- variant or associated item `empty` not found for this enum
[INFO] [stdout] ...
[INFO] [stdout] 34 | let mut roles = Permission::empty();
[INFO] [stdout]    |                             ^^^^^ variant or associated item not found in `Permission`
[INFO] [stdout] 
[INFO] [stdout] error: aborting due to 2 previous errors
[INFO] [stdout] 
[INFO] [stdout] Some errors have detailed explanations: E0432, E0599.
[INFO] [stdout] For more information about an error, try `rustc --explain E0432`.
[INFO] [stdout] Couldn't compile the test.
[INFO] [stdout] ---- src/lib.rs - derive_bit_role_unchecked (line 176) stdout ----
[INFO] [stdout] error[E0432]: unresolved import `bit_roles`
[INFO] [stdout]  --> src/lib.rs:177:5
[INFO] [stdout]   |
[INFO] [stdout] 3 | use bit_roles::{
[INFO] [stdout]   |     ^^^^^^^^^ use of undeclared crate or module `bit_roles`
[INFO] [stdout] 
[INFO] [stdout] error[E0599]: no variant or associated item named `empty` found for enum `Permission` in the current scope
[INFO] [stdout]   --> src/lib.rs:195:29
[INFO] [stdout]    |
[INFO] [stdout] 9  | enum Permission {
[INFO] [stdout]    | --------------- variant or associated item `empty` not found for this enum
[INFO] [stdout] ...
[INFO] [stdout] 21 | let mut roles = Permission::empty();
[INFO] [stdout]    |                             ^^^^^ variant or associated item not found in `Permission`
[INFO] [stdout] 
[INFO] [stdout] error: aborting due to 2 previous errors
[INFO] [stdout] 
[INFO] [stdout] Some errors have detailed explanations: E0432, E0599.
[INFO] [stdout] For more information about an error, try `rustc --explain E0432`.
[INFO] [stdout] Couldn't compile the test.
[INFO] [stdout] 
[INFO] [stdout] failures:
[INFO] [stdout]     src/lib.rs - derive_bit_role (line 85)
[INFO] [stdout]     src/lib.rs - derive_bit_role_unchecked (line 176)
[INFO] [stdout]     src/lib.rs - derive_bit_role_unchecked (line 207)
[INFO] [stdout] 
[INFO] [stdout] test result: FAILED. 1 passed; 3 failed; 0 ignored; 0 measured; 0 filtered out; finished in 0.26s
[INFO] [stdout] 
[INFO] [stderr] error: doctest failed, to rerun pass `--doc`
[INFO] running `Command { std: "docker" "inspect" "2ac38ea7f5e4372c4c5810fe4d2f42d12de0a1c7b02a252703bd82262a4345bc", kill_on_drop: false }`
[INFO] running `Command { std: "docker" "rm" "-f" "2ac38ea7f5e4372c4c5810fe4d2f42d12de0a1c7b02a252703bd82262a4345bc", kill_on_drop: false }`
[INFO] [stdout] 2ac38ea7f5e4372c4c5810fe4d2f42d12de0a1c7b02a252703bd82262a4345bc
