[INFO] fetching crate bit-struct 0.3.2...
[INFO] testing bit-struct-0.3.2 against 1.83.0 for beta-1.84.0-4-retry
[INFO] extracting crate bit-struct 0.3.2 into /workspace/builds/worker-6-tc1/source
[INFO] validating manifest of crates.io crate bit-struct 0.3.2 on toolchain 1.83.0
[INFO] running `Command { std: CARGO_HOME="/workspace/cargo-home" RUSTUP_HOME="/workspace/rustup-home" "/workspace/cargo-home/bin/cargo" "+1.83.0" "metadata" "--manifest-path" "Cargo.toml" "--no-deps", kill_on_drop: false }`
[INFO] started tweaking crates.io crate bit-struct 0.3.2
[INFO] finished tweaking crates.io crate bit-struct 0.3.2
[INFO] tweaked toml for crates.io crate bit-struct 0.3.2 written to /workspace/builds/worker-6-tc1/source/Cargo.toml
[INFO] running `Command { std: CARGO_HOME="/workspace/cargo-home" RUSTUP_HOME="/workspace/rustup-home" "/workspace/cargo-home/bin/cargo" "+1.83.0" "generate-lockfile" "--manifest-path" "Cargo.toml", kill_on_drop: false }`
[INFO] [stderr]     Updating crates.io index
[INFO] [stderr]      Locking 66 packages to latest compatible versions
[INFO] running `Command { std: CARGO_HOME="/workspace/cargo-home" RUSTUP_HOME="/workspace/rustup-home" "/workspace/cargo-home/bin/cargo" "+1.83.0" "fetch" "--manifest-path" "Cargo.toml", kill_on_drop: false }`
[INFO] [stderr]  Downloading crates ...
[INFO] [stderr]   Downloaded postcard v1.1.1
[INFO] running `Command { std: "docker" "create" "-v" "/var/lib/crater-agent-workspace/builds/worker-6-tc1/target:/opt/rustwide/target:rw,Z" "-v" "/var/lib/crater-agent-workspace/builds/worker-6-tc1/source:/opt/rustwide/workdir:ro,Z" "-v" "/var/lib/crater-agent-workspace/cargo-home:/opt/rustwide/cargo-home:ro,Z" "-v" "/var/lib/crater-agent-workspace/rustup-home:/opt/rustwide/rustup-home:ro,Z" "-e" "SOURCE_DIR=/opt/rustwide/workdir" "-e" "CARGO_TARGET_DIR=/opt/rustwide/target" "-e" "CARGO_HOME=/opt/rustwide/cargo-home" "-e" "RUSTUP_HOME=/opt/rustwide/rustup-home" "-w" "/opt/rustwide/workdir" "-m" "1610612736" "--user" "0:0" "--network" "none" "ghcr.io/rust-lang/crates-build-env/linux@sha256:f3a9d4ad9d972b27faf3965f35b62e55ba32bbce8f20bc8fe909558a86702fde" "/opt/rustwide/cargo-home/bin/cargo" "+1.83.0" "metadata" "--no-deps" "--format-version=1", kill_on_drop: false }`
[INFO] [stdout] b827e861ab357569c38c869c62bc7575c9ce430c3e1e177bf36d1bbdd7a05386
[INFO] running `Command { std: "docker" "start" "-a" "b827e861ab357569c38c869c62bc7575c9ce430c3e1e177bf36d1bbdd7a05386", kill_on_drop: false }`
[INFO] running `Command { std: "docker" "inspect" "b827e861ab357569c38c869c62bc7575c9ce430c3e1e177bf36d1bbdd7a05386", kill_on_drop: false }`
[INFO] running `Command { std: "docker" "rm" "-f" "b827e861ab357569c38c869c62bc7575c9ce430c3e1e177bf36d1bbdd7a05386", kill_on_drop: false }`
[INFO] [stdout] b827e861ab357569c38c869c62bc7575c9ce430c3e1e177bf36d1bbdd7a05386
[INFO] running `Command { std: "docker" "create" "-v" "/var/lib/crater-agent-workspace/builds/worker-6-tc1/target:/opt/rustwide/target:rw,Z" "-v" "/var/lib/crater-agent-workspace/builds/worker-6-tc1/source:/opt/rustwide/workdir:ro,Z" "-v" "/var/lib/crater-agent-workspace/cargo-home:/opt/rustwide/cargo-home:ro,Z" "-v" "/var/lib/crater-agent-workspace/rustup-home:/opt/rustwide/rustup-home:ro,Z" "-e" "SOURCE_DIR=/opt/rustwide/workdir" "-e" "CARGO_TARGET_DIR=/opt/rustwide/target" "-e" "CARGO_INCREMENTAL=0" "-e" "RUST_BACKTRACE=full" "-e" "RUSTFLAGS=--cap-lints=warn" "-e" "RUSTDOCFLAGS=--cap-lints=warn" "-e" "CARGO_HOME=/opt/rustwide/cargo-home" "-e" "RUSTUP_HOME=/opt/rustwide/rustup-home" "-w" "/opt/rustwide/workdir" "-m" "1610612736" "--user" "0:0" "--network" "none" "ghcr.io/rust-lang/crates-build-env/linux@sha256:f3a9d4ad9d972b27faf3965f35b62e55ba32bbce8f20bc8fe909558a86702fde" "/opt/rustwide/cargo-home/bin/cargo" "+1.83.0" "build" "--frozen" "--message-format=json", kill_on_drop: false }`
[INFO] [stdout] 49b8a003a1326fa16e357edb65e11d11f1abb92d43aaac79d57ad53bc35e61e3
[INFO] running `Command { std: "docker" "start" "-a" "49b8a003a1326fa16e357edb65e11d11f1abb92d43aaac79d57ad53bc35e61e3", kill_on_drop: false }`
[INFO] [stderr]    Compiling proc-macro2 v1.0.92
[INFO] [stderr]    Compiling unicode-ident v1.0.14
[INFO] [stderr]    Compiling autocfg v1.4.0
[INFO] [stderr]    Compiling serde v1.0.216
[INFO] [stderr]    Compiling num-traits v0.2.19
[INFO] [stderr]    Compiling quote v1.0.37
[INFO] [stderr]    Compiling syn v2.0.90
[INFO] [stderr]    Compiling serde_derive v1.0.216
[INFO] [stderr]    Compiling bit-struct v0.3.2 (/opt/rustwide/workdir)
[INFO] [stderr]     Finished `dev` profile [unoptimized + debuginfo] target(s) in 16.44s
[INFO] running `Command { std: "docker" "inspect" "49b8a003a1326fa16e357edb65e11d11f1abb92d43aaac79d57ad53bc35e61e3", kill_on_drop: false }`
[INFO] running `Command { std: "docker" "rm" "-f" "49b8a003a1326fa16e357edb65e11d11f1abb92d43aaac79d57ad53bc35e61e3", kill_on_drop: false }`
[INFO] [stdout] 49b8a003a1326fa16e357edb65e11d11f1abb92d43aaac79d57ad53bc35e61e3
[INFO] running `Command { std: "docker" "create" "-v" "/var/lib/crater-agent-workspace/builds/worker-6-tc1/target:/opt/rustwide/target:rw,Z" "-v" "/var/lib/crater-agent-workspace/builds/worker-6-tc1/source:/opt/rustwide/workdir:ro,Z" "-v" "/var/lib/crater-agent-workspace/cargo-home:/opt/rustwide/cargo-home:ro,Z" "-v" "/var/lib/crater-agent-workspace/rustup-home:/opt/rustwide/rustup-home:ro,Z" "-e" "SOURCE_DIR=/opt/rustwide/workdir" "-e" "CARGO_TARGET_DIR=/opt/rustwide/target" "-e" "CARGO_INCREMENTAL=0" "-e" "RUST_BACKTRACE=full" "-e" "RUSTFLAGS=--cap-lints=warn" "-e" "RUSTDOCFLAGS=--cap-lints=warn" "-e" "CARGO_HOME=/opt/rustwide/cargo-home" "-e" "RUSTUP_HOME=/opt/rustwide/rustup-home" "-w" "/opt/rustwide/workdir" "-m" "1610612736" "--user" "0:0" "--network" "none" "ghcr.io/rust-lang/crates-build-env/linux@sha256:f3a9d4ad9d972b27faf3965f35b62e55ba32bbce8f20bc8fe909558a86702fde" "/opt/rustwide/cargo-home/bin/cargo" "+1.83.0" "test" "--frozen" "--no-run" "--message-format=json", kill_on_drop: false }`
[INFO] [stdout] f01688027d835391a492999e8e498d33c2d7ae50950c21021ae3ac6ff7f478d2
[INFO] running `Command { std: "docker" "start" "-a" "f01688027d835391a492999e8e498d33c2d7ae50950c21021ae3ac6ff7f478d2", kill_on_drop: false }`
[INFO] [stderr]    Compiling proc-macro2 v1.0.92
[INFO] [stderr]    Compiling serde v1.0.216
[INFO] [stderr]    Compiling memchr v2.7.4
[INFO] [stderr]    Compiling semver v1.0.24
[INFO] [stderr]    Compiling libc v0.2.168
[INFO] [stderr]    Compiling hashbrown v0.15.2
[INFO] [stderr]    Compiling equivalent v1.0.1
[INFO] [stderr]    Compiling scopeguard v1.2.0
[INFO] [stderr]    Compiling regex-syntax v0.8.5
[INFO] [stderr]    Compiling cfg-if v1.0.0
[INFO] [stderr]    Compiling winnow v0.6.20
[INFO] [stderr]    Compiling target-triple v0.1.3
[INFO] [stderr]    Compiling serde_json v1.0.133
[INFO] [stderr]    Compiling syn v1.0.109
[INFO] [stderr]    Compiling lock_api v0.4.12
[INFO] [stderr]    Compiling byteorder v1.5.0
[INFO] [stderr]    Compiling itoa v1.0.14
[INFO] [stderr]    Compiling log v0.4.22
[INFO] [stderr]    Compiling stable_deref_trait v1.2.0
[INFO] [stderr]    Compiling ryu v1.0.18
[INFO] [stderr]    Compiling glob v0.3.1
[INFO] [stderr]    Compiling hash32 v0.2.1
[INFO] [stderr]    Compiling termcolor v1.4.1
[INFO] [stderr]    Compiling cobs v0.2.3
[INFO] [stderr]    Compiling matches v0.1.10
[INFO] [stderr]    Compiling rustc_version v0.4.1
[INFO] [stderr]    Compiling spin v0.9.8
[INFO] [stderr]    Compiling aho-corasick v1.1.3
[INFO] [stderr]    Compiling heapless v0.7.17
[INFO] [stderr]    Compiling indexmap v2.7.0
[INFO] [stderr]    Compiling quote v1.0.37
[INFO] [stderr]    Compiling syn v2.0.90
[INFO] [stderr]    Compiling getrandom v0.2.15
[INFO] [stderr]    Compiling rand_core v0.6.4
[INFO] [stderr]    Compiling rand v0.8.5
[INFO] [stderr]    Compiling regex-automata v0.4.9
[INFO] [stderr]    Compiling serde_derive v1.0.216
[INFO] [stderr]    Compiling regex v1.11.1
[INFO] [stderr]    Compiling env_logger v0.8.4
[INFO] [stderr]    Compiling quickcheck v1.0.3
[INFO] [stderr]    Compiling quickcheck_macros v1.0.0
[INFO] [stderr]    Compiling serde_spanned v0.6.8
[INFO] [stderr]    Compiling toml_datetime v0.6.8
[INFO] [stderr]    Compiling bit-struct v0.3.2 (/opt/rustwide/workdir)
[INFO] [stderr]    Compiling toml_edit v0.22.22
[INFO] [stderr]    Compiling postcard v1.1.1
[INFO] [stderr]    Compiling toml v0.8.19
[INFO] [stderr]    Compiling trybuild v1.0.101
[INFO] [stderr]     Finished `test` profile [unoptimized + debuginfo] target(s) in 35.25s
[INFO] running `Command { std: "docker" "inspect" "f01688027d835391a492999e8e498d33c2d7ae50950c21021ae3ac6ff7f478d2", kill_on_drop: false }`
[INFO] running `Command { std: "docker" "rm" "-f" "f01688027d835391a492999e8e498d33c2d7ae50950c21021ae3ac6ff7f478d2", kill_on_drop: false }`
[INFO] [stdout] f01688027d835391a492999e8e498d33c2d7ae50950c21021ae3ac6ff7f478d2
[INFO] running `Command { std: "docker" "create" "-v" "/var/lib/crater-agent-workspace/builds/worker-6-tc1/target:/opt/rustwide/target:rw,Z" "-v" "/var/lib/crater-agent-workspace/builds/worker-6-tc1/source:/opt/rustwide/workdir:ro,Z" "-v" "/var/lib/crater-agent-workspace/cargo-home:/opt/rustwide/cargo-home:ro,Z" "-v" "/var/lib/crater-agent-workspace/rustup-home:/opt/rustwide/rustup-home:ro,Z" "-e" "SOURCE_DIR=/opt/rustwide/workdir" "-e" "CARGO_TARGET_DIR=/opt/rustwide/target" "-e" "CARGO_INCREMENTAL=0" "-e" "RUST_BACKTRACE=full" "-e" "RUSTFLAGS=--cap-lints=warn" "-e" "RUSTDOCFLAGS=--cap-lints=warn" "-e" "CARGO_HOME=/opt/rustwide/cargo-home" "-e" "RUSTUP_HOME=/opt/rustwide/rustup-home" "-w" "/opt/rustwide/workdir" "-m" "1610612736" "--user" "0:0" "--network" "none" "ghcr.io/rust-lang/crates-build-env/linux@sha256:f3a9d4ad9d972b27faf3965f35b62e55ba32bbce8f20bc8fe909558a86702fde" "/opt/rustwide/cargo-home/bin/cargo" "+1.83.0" "test" "--frozen", kill_on_drop: false }`
[INFO] [stdout] 54b75abc86e0926dca81265312e77aae0c5b31a2993b4d14090c3aa6c71e06f3
[INFO] running `Command { std: "docker" "start" "-a" "54b75abc86e0926dca81265312e77aae0c5b31a2993b4d14090c3aa6c71e06f3", kill_on_drop: false }`
[INFO] [stderr]     Finished `test` profile [unoptimized + debuginfo] target(s) in 0.09s
[INFO] [stderr]      Running unittests src/lib.rs (/opt/rustwide/target/debug/deps/bit_struct-b0e106793d75654c)
[INFO] [stdout] 
[INFO] [stdout] running 0 tests
[INFO] [stdout] 
[INFO] [stdout] test result: ok. 0 passed; 0 failed; 0 ignored; 0 measured; 0 filtered out; finished in 0.00s
[INFO] [stdout] 
[INFO] [stderr]      Running tests/doc_tests.rs (/opt/rustwide/target/debug/deps/doc_tests-d9ecd0e1c2932008)
[INFO] [stdout] 
[INFO] [stdout] running 1 test
[INFO] [stdout] test full_test ... ok
[INFO] [stdout] 
[INFO] [stdout] test result: ok. 1 passed; 0 failed; 0 ignored; 0 measured; 0 filtered out; finished in 0.00s
[INFO] [stdout] 
[INFO] [stderr]      Running tests/integration.rs (/opt/rustwide/target/debug/deps/integration-387ded5fa402d664)
[INFO] [stdout] 
[INFO] [stdout] running 24 tests
[INFO] [stdout] test test_bit_struct_debug ... ok
[INFO] [stdout] test test_bools ... ok
[INFO] [stdout] test test_bits ... ok
[INFO] [stdout] test test_always_valid_enum ... ok
[INFO] [stdout] test test_create ... ok
[INFO] [stdout] test test_bit_struct_raw_values ... ok
[INFO] [stdout] test test_enum_defaults ... ok
[INFO] [stdout] test test_enum_intos ... ok
[INFO] [stdout] test test_from ... ok
[INFO] [stdout] test test_invalid ... ok
[INFO] [stdout] test test_full_count ... ok
[INFO] [stdout] test test_bit_struct_creation ... ok
[INFO] [stdout] test test_new_unsigned_types ... ok
[INFO] [stdout] test test_non_core_base ... ok
[INFO] [stdout] test test_num_trait ... ok
[INFO] [stdout] test test_of_defaults ... ok
[INFO] [stdout] test test_new_signed_types ... ok
[INFO] [stdout] test test_bit_struct_defaults ... ok
[INFO] [stdout] test test_valid_struct ... ok
[INFO] [stdout] test test_signed_types_formatting ... ok
[INFO] [stdout] test test_toggle ... ok
[INFO] [stdout] test test_round_trip_bytes ... ok
[INFO] [stdout] test test_ord ... ok
[INFO] [stderr]    Compiling proc-macro2 v1.0.92
[INFO] [stderr]    Compiling unicode-ident v1.0.14
[INFO] [stderr]    Compiling autocfg v1.4.0
[INFO] [stderr]    Compiling semver v1.0.24
[INFO] [stderr]     Checking memchr v2.7.4
[INFO] [stderr]    Compiling libc v0.2.168
[INFO] [stderr]    Compiling serde v1.0.216
[INFO] [stderr]     Checking cfg-if v1.0.0
[INFO] [stderr]     Checking scopeguard v1.2.0
[INFO] [stderr]     Checking regex-syntax v0.8.5
[INFO] [stderr]    Compiling syn v1.0.109
[INFO] [stderr]     Checking byteorder v1.5.0
[INFO] [stderr]    Compiling serde_json v1.0.133
[INFO] [stderr]     Checking stable_deref_trait v1.2.0
[INFO] [stderr]     Checking log v0.4.22
[INFO] [stderr]     Checking cobs v0.2.3
[INFO] [stderr]     Checking itoa v1.0.14
[INFO] [stderr]     Checking ryu v1.0.18
[INFO] [stderr]     Checking matches v0.1.10
[INFO] [stderr]     Checking hash32 v0.2.1
[INFO] [stderr]    Compiling lock_api v0.4.12
[INFO] [stderr]    Compiling num-traits v0.2.19
[INFO] [stderr]     Checking aho-corasick v1.1.3
[INFO] [stderr]    Compiling rustc_version v0.4.1
[INFO] [stderr]    Compiling quote v1.0.37
[INFO] [stderr]    Compiling heapless v0.7.17
[INFO] [stderr]     Checking spin v0.9.8
[INFO] [stderr]    Compiling syn v2.0.90
[INFO] [stderr]     Checking getrandom v0.2.15
[INFO] [stderr]     Checking rand_core v0.6.4
[INFO] [stderr]     Checking rand v0.8.5
[INFO] [stderr]     Checking regex-automata v0.4.9
[INFO] [stderr]    Compiling serde_derive v1.0.216
[INFO] [stderr]     Checking regex v1.11.1
[INFO] [stderr]     Checking env_logger v0.8.4
[INFO] [stderr]     Checking quickcheck v1.0.3
[INFO] [stderr]    Compiling quickcheck_macros v1.0.0
[INFO] [stderr]     Checking bit-struct v0.3.2 (/opt/rustwide/workdir)
[INFO] [stderr]     Checking postcard v1.1.1
[INFO] [stderr]     Checking bit-struct-tests v0.0.0 (/opt/rustwide/target/tests/trybuild/bit-struct)
[INFO] [stderr]     Finished `dev` profile [unoptimized + debuginfo] target(s) in 22.77s
[INFO] [stderr] 
[INFO] [stderr] 
[INFO] [stderr] test tests/compile/incorrect_type.rs ... mismatch
[INFO] [stderr] 
[INFO] [stderr] EXPECTED:
[INFO] [stderr] ┈┈┈┈┈┈┈┈┈┈┈┈┈┈┈┈┈┈┈┈┈┈┈┈┈┈┈┈┈┈┈┈┈┈┈┈┈┈┈┈┈┈┈┈┈┈┈┈┈┈┈┈┈┈┈┈┈┈┈┈
[INFO] [stderr] error[E0277]: the trait bound `EnumNoBits: ValidCheck<u16>` is not satisfied
[INFO] [stderr]   --> tests/compile/incorrect_type.rs:6:1
[INFO] [stderr]    |
[INFO] [stderr] 6  | / bit_struct::bit_struct! {
[INFO] [stderr] 7  | |     struct Incorrect(u16) {
[INFO] [stderr] 8  | |         a: EnumNoBits
[INFO] [stderr] 9  | |     }
[INFO] [stderr] 10 | | }
[INFO] [stderr]    | |_^ the trait `ValidCheck<u16>` is not implemented for `EnumNoBits`
[INFO] [stderr]    |
[INFO] [stderr]    = help: the following other types implement trait `ValidCheck<P>`:
[INFO] [stderr]              bool
[INFO] [stderr]              i10
[INFO] [stderr]              i11
[INFO] [stderr]              i12
[INFO] [stderr]              i128
[INFO] [stderr]              i13
[INFO] [stderr]              i14
[INFO] [stderr]              i15
[INFO] [stderr]            and 122 others
[INFO] [stderr]    = note: this error originates in the macro `bit_struct::bit_struct` (in Nightly builds, run with -Z macro-backtrace for more info)
[INFO] [stderr] 
[INFO] [stderr] error[E0277]: the trait bound `EnumNoBits: BitCount` is not satisfied
[INFO] [stderr]   --> tests/compile/incorrect_type.rs:6:1
[INFO] [stderr]    |
[INFO] [stderr] 6  | / bit_struct::bit_struct! {
[INFO] [stderr] 7  | |     struct Incorrect(u16) {
[INFO] [stderr] 8  | |         a: EnumNoBits
[INFO] [stderr] 9  | |     }
[INFO] [stderr] 10 | | }
[INFO] [stderr]    | |_^ the trait `BitCount` is not implemented for `EnumNoBits`
[INFO] [stderr]    |
[INFO] [stderr]    = help: the following other types implement trait `BitCount`:
[INFO] [stderr]              bool
[INFO] [stderr]              i10
[INFO] [stderr]              i11
[INFO] [stderr]              i12
[INFO] [stderr]              i13
[INFO] [stderr]              i14
[INFO] [stderr]              i15
[INFO] [stderr]              i17
[INFO] [stderr]            and 117 others
[INFO] [stderr]    = note: this error originates in the macro `$crate::impl_fields` which comes from the expansion of the macro `bit_struct::bit_struct` (in Nightly builds, run with -Z macro-backtrace for more info)
[INFO] [stderr] ┈┈┈┈┈┈┈┈┈┈┈┈┈┈┈┈┈┈┈┈┈┈┈┈┈┈┈┈┈┈┈┈┈┈┈┈┈┈┈┈┈┈┈┈┈┈┈┈┈┈┈┈┈┈┈┈┈┈┈┈
[INFO] [stderr] 
[INFO] [stderr] ACTUAL OUTPUT:
[INFO] [stderr] ┈┈┈┈┈┈┈┈┈┈┈┈┈┈┈┈┈┈┈┈┈┈┈┈┈┈┈┈┈┈┈┈┈┈┈┈┈┈┈┈┈┈┈┈┈┈┈┈┈┈┈┈┈┈┈┈┈┈┈┈
[INFO] [stderr] error[E0277]: the trait bound `EnumNoBits: ValidCheck<u16>` is not satisfied
[INFO] [stderr]  --> tests/compile/incorrect_type.rs:8:12
[INFO] [stderr]   |
[INFO] [stderr] 8 |         a: EnumNoBits
[INFO] [stderr]   |            ^^^^^^^^^^ the trait `ValidCheck<u16>` is not implemented for `EnumNoBits`
[INFO] [stderr]   |
[INFO] [stderr]   = help: the following other types implement trait `ValidCheck<P>`:
[INFO] [stderr]             bool
[INFO] [stderr]             i10
[INFO] [stderr]             i11
[INFO] [stderr]             i12
[INFO] [stderr]             i128
[INFO] [stderr]             i13
[INFO] [stderr]             i14
[INFO] [stderr]             i15
[INFO] [stderr]           and $N others
[INFO] [stderr] 
[INFO] [stderr] error[E0277]: the trait bound `EnumNoBits: BitCount` is not satisfied
[INFO] [stderr]  --> tests/compile/incorrect_type.rs:8:12
[INFO] [stderr]   |
[INFO] [stderr] 8 |         a: EnumNoBits
[INFO] [stderr]   |            ^^^^^^^^^^ the trait `BitCount` is not implemented for `EnumNoBits`
[INFO] [stderr]   |
[INFO] [stderr]   = help: the following other types implement trait `BitCount`:
[INFO] [stderr]             bool
[INFO] [stderr]             i10
[INFO] [stderr]             i11
[INFO] [stderr]             i12
[INFO] [stderr]             i13
[INFO] [stderr]             i14
[INFO] [stderr]             i15
[INFO] [stderr]             i17
[INFO] [stderr]           and $N others
[INFO] [stderr] 
[INFO] [stderr] error[E0277]: the trait bound `EnumNoBits: Deserialize<'de>` is not satisfied
[INFO] [stderr]   --> tests/compile/incorrect_type.rs:6:1
[INFO] [stderr]    |
[INFO] [stderr] 6  | / bit_struct::bit_struct! {
[INFO] [stderr] 7  | |     struct Incorrect(u16) {
[INFO] [stderr] 8  | |         a: EnumNoBits
[INFO] [stderr] 9  | |     }
[INFO] [stderr] 10 | | }
[INFO] [stderr]    | |_^ the trait `Deserialize<'de>` is not implemented for `EnumNoBits`
[INFO] [stderr]    |
[INFO] [stderr]    = note: for local types consider adding `#[derive(serde::Deserialize)]` to your `EnumNoBits` type
[INFO] [stderr]    = note: for types from other crates check whether the crate offers a `serde` feature flag
[INFO] [stderr]    = help: the following other types implement trait `Deserialize<'de>`:
[INFO] [stderr]              &'a Path
[INFO] [stderr]              &'a [u8]
[INFO] [stderr]              &'a str
[INFO] [stderr]              ()
[INFO] [stderr]              (T,)
[INFO] [stderr]              (T0, T1)
[INFO] [stderr]              (T0, T1, T2)
[INFO] [stderr]              (T0, T1, T2, T3)
[INFO] [stderr]            and $N others
[INFO] [stderr] note: required by a bound in `next_value`
[INFO] [stderr]   --> $CARGO/serde-1.0.216/src/de/mod.rs
[INFO] [stderr]    |
[INFO] [stderr]    |     fn next_value<V>(&mut self) -> Result<V, Self::Error>
[INFO] [stderr]    |        ---------- required by a bound in this associated function
[INFO] [stderr]    |     where
[INFO] [stderr]    |         V: Deserialize<'de>,
[INFO] [stderr]    |            ^^^^^^^^^^^^^^^^ required by this bound in `MapAccess::next_value`
[INFO] [stderr]    = note: this error originates in the macro `$crate::bit_struct_serde_impl` which comes from the expansion of the macro `bit_struct::bit_struct` (in Nightly builds, run with -Z macro-backtrace for more info)
[INFO] [stderr] 
[INFO] [stderr] error[E0277]: the trait bound `EnumNoBits: Deserialize<'de>` is not satisfied
[INFO] [stderr]   --> tests/compile/incorrect_type.rs:6:1
[INFO] [stderr]    |
[INFO] [stderr] 6  | / bit_struct::bit_struct! {
[INFO] [stderr] 7  | |     struct Incorrect(u16) {
[INFO] [stderr] 8  | |         a: EnumNoBits
[INFO] [stderr] 9  | |     }
[INFO] [stderr] 10 | | }
[INFO] [stderr]    | |_^ the trait `Deserialize<'de>` is not implemented for `EnumNoBits`
[INFO] [stderr]    |
[INFO] [stderr]    = note: for local types consider adding `#[derive(serde::Deserialize)]` to your `EnumNoBits` type
[INFO] [stderr]    = note: for types from other crates check whether the crate offers a `serde` feature flag
[INFO] [stderr]    = help: the following other types implement trait `Deserialize<'de>`:
[INFO] [stderr]              &'a Path
[INFO] [stderr]              &'a [u8]
[INFO] [stderr]              &'a str
[INFO] [stderr]              ()
[INFO] [stderr]              (T,)
[INFO] [stderr]              (T0, T1)
[INFO] [stderr]              (T0, T1, T2)
[INFO] [stderr]              (T0, T1, T2, T3)
[INFO] [stderr]            and $N others
[INFO] [stderr] note: required by a bound in `next_element`
[INFO] [stderr]   --> $CARGO/serde-1.0.216/src/de/mod.rs
[INFO] [stderr]    |
[INFO] [stderr]    |     fn next_element<T>(&mut self) -> Result<Option<T>, Self::Error>
[INFO] [stderr]    |        ------------ required by a bound in this associated function
[INFO] [stderr]    |     where
[INFO] [stderr]    |         T: Deserialize<'de>,
[INFO] [stderr]    |            ^^^^^^^^^^^^^^^^ required by this bound in `SeqAccess::next_element`
[INFO] [stderr]    = note: this error originates in the macro `$crate::bit_struct_serde_impl` which comes from the expansion of the macro `bit_struct::bit_struct` (in Nightly builds, run with -Z macro-backtrace for more info)
[INFO] [stderr] ┈┈┈┈┈┈┈┈┈┈┈┈┈┈┈┈┈┈┈┈┈┈┈┈┈┈┈┈┈┈┈┈┈┈┈┈┈┈┈┈┈┈┈┈┈┈┈┈┈┈┈┈┈┈┈┈┈┈┈┈
[INFO] [stderr] note: If the actual output is the correct output you can bless it by rerunning
[INFO] [stderr]       your test with the environment variable TRYBUILD=overwrite
[INFO] [stderr] 
[INFO] [stderr] test tests/compile/too_big.rs ... ok
[INFO] [stderr] test tests/compile/too_many.rs ... ok
[INFO] [stderr] 
[INFO] [stderr] 
[INFO] [stdout] test fails ... FAILED
[INFO] [stdout] 
[INFO] [stdout] failures:
[INFO] [stdout] 
[INFO] [stdout] ---- fails stdout ----
[INFO] [stdout] thread 'fails' panicked at /opt/rustwide/cargo-home/registry/src/index.crates.io-6f17d22bba15001f/trybuild-1.0.101/src/run.rs:101:13:
[INFO] [stdout] 1 of 3 tests failed
[INFO] [stdout] stack backtrace:
[INFO] [stdout]    0:     0x641263d219fa - std::backtrace_rs::backtrace::libunwind::trace::h5a5b8284f2d0c266
[INFO] [stdout]                                at /rustc/90b35a6239c3d8bdabc530a6a0816f7ff89a0aaf/library/std/src/../../backtrace/src/backtrace/libunwind.rs:116:5
[INFO] [stdout]    1:     0x641263d219fa - std::backtrace_rs::backtrace::trace_unsynchronized::h76d4f1c9b0b875e3
[INFO] [stdout]                                at /rustc/90b35a6239c3d8bdabc530a6a0816f7ff89a0aaf/library/std/src/../../backtrace/src/backtrace/mod.rs:66:5
[INFO] [stdout]    2:     0x641263d219fa - std::sys::backtrace::_print_fmt::hc4546b8364a537c6
[INFO] [stdout]                                at /rustc/90b35a6239c3d8bdabc530a6a0816f7ff89a0aaf/library/std/src/sys/backtrace.rs:66:9
[INFO] [stdout]    3:     0x641263d219fa - <std::sys::backtrace::BacktraceLock::print::DisplayBacktrace as core::fmt::Display>::fmt::h5b6bd5631a6d1f6b
[INFO] [stdout]                                at /rustc/90b35a6239c3d8bdabc530a6a0816f7ff89a0aaf/library/std/src/sys/backtrace.rs:39:26
[INFO] [stdout]    4:     0x641263d4ab73 - core::fmt::rt::Argument::fmt::h270f6602a2b96f62
[INFO] [stdout]                                at /rustc/90b35a6239c3d8bdabc530a6a0816f7ff89a0aaf/library/core/src/fmt/rt.rs:177:76
[INFO] [stdout]    5:     0x641263d4ab73 - core::fmt::write::h7550c97b06c86515
[INFO] [stdout]                                at /rustc/90b35a6239c3d8bdabc530a6a0816f7ff89a0aaf/library/core/src/fmt/mod.rs:1186:21
[INFO] [stdout]    6:     0x641263d1e0d3 - std::io::Write::write_fmt::h509ff860e5956e5e
[INFO] [stdout]                                at /rustc/90b35a6239c3d8bdabc530a6a0816f7ff89a0aaf/library/std/src/io/mod.rs:1839:15
[INFO] [stdout]    7:     0x641263d21842 - std::sys::backtrace::BacktraceLock::print::h2395ccd2c84ba3aa
[INFO] [stdout]                                at /rustc/90b35a6239c3d8bdabc530a6a0816f7ff89a0aaf/library/std/src/sys/backtrace.rs:42:9
[INFO] [stdout]    8:     0x641263d2345a - std::panicking::default_hook::{{closure}}::he19d4c7230e07961
[INFO] [stdout]                                at /rustc/90b35a6239c3d8bdabc530a6a0816f7ff89a0aaf/library/std/src/panicking.rs:268:22
[INFO] [stdout]    9:     0x641263d23264 - std::panicking::default_hook::hf614597d3c67bbdb
[INFO] [stdout]                                at /rustc/90b35a6239c3d8bdabc530a6a0816f7ff89a0aaf/library/std/src/panicking.rs:292:9
[INFO] [stdout]   10:     0x641263ce0479 - <alloc::boxed::Box<F,A> as core::ops::function::Fn<Args>>::call::h39b51ce4599c23d1
[INFO] [stdout]                                at /rustc/90b35a6239c3d8bdabc530a6a0816f7ff89a0aaf/library/alloc/src/boxed.rs:2468:9
[INFO] [stdout]   11:     0x641263ce0479 - test::test_main::{{closure}}::he977ae839a582784
[INFO] [stdout]                                at /rustc/90b35a6239c3d8bdabc530a6a0816f7ff89a0aaf/library/test/src/lib.rs:133:21
[INFO] [stdout]   12:     0x641263d23af8 - <alloc::boxed::Box<F,A> as core::ops::function::Fn<Args>>::call::h9455091b6b06f9fb
[INFO] [stdout]                                at /rustc/90b35a6239c3d8bdabc530a6a0816f7ff89a0aaf/library/alloc/src/boxed.rs:2468:9
[INFO] [stdout]   13:     0x641263d23af8 - std::panicking::rust_panic_with_hook::h8942133a8b252070
[INFO] [stdout]                                at /rustc/90b35a6239c3d8bdabc530a6a0816f7ff89a0aaf/library/std/src/panicking.rs:809:13
[INFO] [stdout]   14:     0x641263d238ba - std::panicking::begin_panic_handler::{{closure}}::hb5f5963570096b29
[INFO] [stdout]                                at /rustc/90b35a6239c3d8bdabc530a6a0816f7ff89a0aaf/library/std/src/panicking.rs:674:13
[INFO] [stdout]   15:     0x641263d21ed9 - std::sys::backtrace::__rust_end_short_backtrace::h6208cedc1922feda
[INFO] [stdout]                                at /rustc/90b35a6239c3d8bdabc530a6a0816f7ff89a0aaf/library/std/src/sys/backtrace.rs:170:18
[INFO] [stdout]   16:     0x641263d2354c - rust_begin_unwind
[INFO] [stdout]                                at /rustc/90b35a6239c3d8bdabc530a6a0816f7ff89a0aaf/library/std/src/panicking.rs:665:5
[INFO] [stdout]   17:     0x6412639f2210 - core::panicking::panic_fmt::h0c3082644d1bf418
[INFO] [stdout]                                at /rustc/90b35a6239c3d8bdabc530a6a0816f7ff89a0aaf/library/core/src/panicking.rs:74:14
[INFO] [stdout]   18:     0x641263a0cbff - trybuild::run::<impl trybuild::Runner>::run::h939b2f6e89874496
[INFO] [stdout]                                at /opt/rustwide/cargo-home/registry/src/index.crates.io-6f17d22bba15001f/trybuild-1.0.101/src/run.rs:101:13
[INFO] [stdout]   19:     0x641263a12108 - <trybuild::TestCases as core::ops::drop::Drop>::drop::hfeb03e0edfef0101
[INFO] [stdout]                                at /opt/rustwide/cargo-home/registry/src/index.crates.io-6f17d22bba15001f/trybuild-1.0.101/src/lib.rs:340:13
[INFO] [stdout]   20:     0x6412639fe387 - core::ptr::drop_in_place<trybuild::TestCases>::h6f00aa3033df87b6
[INFO] [stdout]                                at /rustc/90b35a6239c3d8bdabc530a6a0816f7ff89a0aaf/library/core/src/ptr/mod.rs:574:1
[INFO] [stdout]   21:     0x6412639fbc23 - integration::fails::h5eefa73c65241559
[INFO] [stdout]                                at /opt/rustwide/workdir/tests/integration.rs:507:1
[INFO] [stdout]   22:     0x6412639fbbb7 - integration::fails::{{closure}}::hd48aa1f6c20418e9
[INFO] [stdout]                                at /opt/rustwide/workdir/tests/integration.rs:504:11
[INFO] [stdout]   23:     0x6412639fdda6 - core::ops::function::FnOnce::call_once::h0e154d18a6b34de0
[INFO] [stdout]                                at /rustc/90b35a6239c3d8bdabc530a6a0816f7ff89a0aaf/library/core/src/ops/function.rs:250:5
[INFO] [stdout]   24:     0x641263ce4e3b - core::ops::function::FnOnce::call_once::h109cf8051a59b34e
[INFO] [stdout]                                at /rustc/90b35a6239c3d8bdabc530a6a0816f7ff89a0aaf/library/core/src/ops/function.rs:250:5
[INFO] [stdout]   25:     0x641263ce4e3b - test::__rust_begin_short_backtrace::hf4fff89d377446ba
[INFO] [stdout]                                at /rustc/90b35a6239c3d8bdabc530a6a0816f7ff89a0aaf/library/test/src/lib.rs:621:18
[INFO] [stdout]   26:     0x641263ce4677 - test::run_test_in_process::{{closure}}::h0e39181dd7ee5a43
[INFO] [stdout]                                at /rustc/90b35a6239c3d8bdabc530a6a0816f7ff89a0aaf/library/test/src/lib.rs:644:60
[INFO] [stdout]   27:     0x641263ce4677 - <core::panic::unwind_safe::AssertUnwindSafe<F> as core::ops::function::FnOnce<()>>::call_once::hc5a66a30f0bdfd1f
[INFO] [stdout]                                at /rustc/90b35a6239c3d8bdabc530a6a0816f7ff89a0aaf/library/core/src/panic/unwind_safe.rs:272:9
[INFO] [stdout]   28:     0x641263ce4677 - std::panicking::try::do_call::h873b7cf639554a5e
[INFO] [stdout]                                at /rustc/90b35a6239c3d8bdabc530a6a0816f7ff89a0aaf/library/std/src/panicking.rs:557:40
[INFO] [stdout]   29:     0x641263ce4677 - std::panicking::try::hdb19862fad9c8bd1
[INFO] [stdout]                                at /rustc/90b35a6239c3d8bdabc530a6a0816f7ff89a0aaf/library/std/src/panicking.rs:520:19
[INFO] [stdout]   30:     0x641263ce4677 - std::panic::catch_unwind::h281fe732d236d260
[INFO] [stdout]                                at /rustc/90b35a6239c3d8bdabc530a6a0816f7ff89a0aaf/library/std/src/panic.rs:358:14
[INFO] [stdout]   31:     0x641263ce4677 - test::run_test_in_process::h949b6df8457ed338
[INFO] [stdout]                                at /rustc/90b35a6239c3d8bdabc530a6a0816f7ff89a0aaf/library/test/src/lib.rs:644:27
[INFO] [stdout]   32:     0x641263ce4677 - test::run_test::{{closure}}::h52c556a6d4740e10
[INFO] [stdout]                                at /rustc/90b35a6239c3d8bdabc530a6a0816f7ff89a0aaf/library/test/src/lib.rs:565:43
[INFO] [stdout]   33:     0x641263ca9954 - test::run_test::{{closure}}::h4237f6381c45ccb9
[INFO] [stdout]                                at /rustc/90b35a6239c3d8bdabc530a6a0816f7ff89a0aaf/library/test/src/lib.rs:595:41
[INFO] [stdout]   34:     0x641263ca9954 - std::sys::backtrace::__rust_begin_short_backtrace::h505c97a579eca628
[INFO] [stdout]                                at /rustc/90b35a6239c3d8bdabc530a6a0816f7ff89a0aaf/library/std/src/sys/backtrace.rs:154:18
[INFO] [stdout]   35:     0x641263cad01e - std::thread::Builder::spawn_unchecked_::{{closure}}::{{closure}}::h9e86b2e2bc107ea3
[INFO] [stdout]                                at /rustc/90b35a6239c3d8bdabc530a6a0816f7ff89a0aaf/library/std/src/thread/mod.rs:538:17
[INFO] [stdout]   36:     0x641263cad01e - <core::panic::unwind_safe::AssertUnwindSafe<F> as core::ops::function::FnOnce<()>>::call_once::h8b06ddb275ff4a25
[INFO] [stdout]                                at /rustc/90b35a6239c3d8bdabc530a6a0816f7ff89a0aaf/library/core/src/panic/unwind_safe.rs:272:9
[INFO] [stdout]   37:     0x641263cad01e - std::panicking::try::do_call::hb26ecd7cd9a9355d
[INFO] [stdout]                                at /rustc/90b35a6239c3d8bdabc530a6a0816f7ff89a0aaf/library/std/src/panicking.rs:557:40
[INFO] [stdout]   38:     0x641263cad01e - std::panicking::try::h8ddeca9d705f9069
[INFO] [stdout]                                at /rustc/90b35a6239c3d8bdabc530a6a0816f7ff89a0aaf/library/std/src/panicking.rs:520:19
[INFO] [stdout]   39:     0x641263cad01e - std::panic::catch_unwind::h49e1c33078844c46
[INFO] [stdout]                                at /rustc/90b35a6239c3d8bdabc530a6a0816f7ff89a0aaf/library/std/src/panic.rs:358:14
[INFO] [stdout]   40:     0x641263cad01e - std::thread::Builder::spawn_unchecked_::{{closure}}::h6073db6ff56ad35d
[INFO] [stdout]                                at /rustc/90b35a6239c3d8bdabc530a6a0816f7ff89a0aaf/library/std/src/thread/mod.rs:537:30
[INFO] [stdout]   41:     0x641263cad01e - core::ops::function::FnOnce::call_once{{vtable.shim}}::h2c5a5f3779c774f1
[INFO] [stdout]                                at /rustc/90b35a6239c3d8bdabc530a6a0816f7ff89a0aaf/library/core/src/ops/function.rs:250:5
[INFO] [stdout]   42:     0x641263d287eb - <alloc::boxed::Box<F,A> as core::ops::function::FnOnce<Args>>::call_once::hf75717d9f28faebf
[INFO] [stdout]                                at /rustc/90b35a6239c3d8bdabc530a6a0816f7ff89a0aaf/library/alloc/src/boxed.rs:2454:9
[INFO] [stdout]   43:     0x641263d287eb - <alloc::boxed::Box<F,A> as core::ops::function::FnOnce<Args>>::call_once::h7bd883a5f3c5f3c1
[INFO] [stdout]                                at /rustc/90b35a6239c3d8bdabc530a6a0816f7ff89a0aaf/library/alloc/src/boxed.rs:2454:9
[INFO] [stdout]   44:     0x641263d287eb - std::sys::pal::unix::thread::Thread::new::thread_start::hcc78f3943333fa94
[INFO] [stdout]                                at /rustc/90b35a6239c3d8bdabc530a6a0816f7ff89a0aaf/library/std/src/sys/pal/unix/thread.rs:105:17
[INFO] [stdout]   45:     0x7ae3857b1ac3 - <unknown>
[INFO] [stdout]   46:     0x7ae385842a04 - clone
[INFO] [stdout]   47:                0x0 - <unknown>
[INFO] [stdout] 
[INFO] [stdout] 
[INFO] [stdout] failures:
[INFO] [stdout]     fails
[INFO] [stdout] 
[INFO] [stdout] test result: FAILED. 23 passed; 1 failed; 0 ignored; 0 measured; 0 filtered out; finished in 23.54s
[INFO] [stdout] 
[INFO] [stderr] error: test failed, to rerun pass `--test integration`
[INFO] running `Command { std: "docker" "inspect" "54b75abc86e0926dca81265312e77aae0c5b31a2993b4d14090c3aa6c71e06f3", kill_on_drop: false }`
[INFO] running `Command { std: "docker" "rm" "-f" "54b75abc86e0926dca81265312e77aae0c5b31a2993b4d14090c3aa6c71e06f3", kill_on_drop: false }`
[INFO] [stdout] 54b75abc86e0926dca81265312e77aae0c5b31a2993b4d14090c3aa6c71e06f3
