[INFO] fetching crate bit-set-omnitool 0.6.0...
[INFO] testing bit-set-omnitool-0.6.0 against beta-2024-12-08 for beta-1.84.0-4-retry
[INFO] extracting crate bit-set-omnitool 0.6.0 into /workspace/builds/worker-2-tc2/source
[INFO] validating manifest of crates.io crate bit-set-omnitool 0.6.0 on toolchain beta-2024-12-08
[INFO] running `Command { std: CARGO_HOME="/workspace/cargo-home" RUSTUP_HOME="/workspace/rustup-home" "/workspace/cargo-home/bin/cargo" "+beta-2024-12-08" "metadata" "--manifest-path" "Cargo.toml" "--no-deps", kill_on_drop: false }`
[INFO] started tweaking crates.io crate bit-set-omnitool 0.6.0
[INFO] finished tweaking crates.io crate bit-set-omnitool 0.6.0
[INFO] tweaked toml for crates.io crate bit-set-omnitool 0.6.0 written to /workspace/builds/worker-2-tc2/source/Cargo.toml
[INFO] running `Command { std: CARGO_HOME="/workspace/cargo-home" RUSTUP_HOME="/workspace/rustup-home" "/workspace/cargo-home/bin/cargo" "+beta-2024-12-08" "generate-lockfile" "--manifest-path" "Cargo.toml", kill_on_drop: false }`
[INFO] [stderr]     Updating crates.io index
[INFO] [stderr]      Locking 16 packages to latest compatible versions
[INFO] running `Command { std: CARGO_HOME="/workspace/cargo-home" RUSTUP_HOME="/workspace/rustup-home" "/workspace/cargo-home/bin/cargo" "+beta-2024-12-08" "fetch" "--manifest-path" "Cargo.toml", kill_on_drop: false }`
[INFO] [stderr] warning: no edition set: defaulting to the 2015 edition while the latest is 2021
[INFO] running `Command { std: "docker" "create" "-v" "/var/lib/crater-agent-workspace/builds/worker-2-tc2/target:/opt/rustwide/target:rw,Z" "-v" "/var/lib/crater-agent-workspace/builds/worker-2-tc2/source:/opt/rustwide/workdir:ro,Z" "-v" "/var/lib/crater-agent-workspace/cargo-home:/opt/rustwide/cargo-home:ro,Z" "-v" "/var/lib/crater-agent-workspace/rustup-home:/opt/rustwide/rustup-home:ro,Z" "-e" "SOURCE_DIR=/opt/rustwide/workdir" "-e" "CARGO_TARGET_DIR=/opt/rustwide/target" "-e" "CARGO_HOME=/opt/rustwide/cargo-home" "-e" "RUSTUP_HOME=/opt/rustwide/rustup-home" "-w" "/opt/rustwide/workdir" "-m" "1610612736" "--user" "0:0" "--network" "none" "ghcr.io/rust-lang/crates-build-env/linux@sha256:f3a9d4ad9d972b27faf3965f35b62e55ba32bbce8f20bc8fe909558a86702fde" "/opt/rustwide/cargo-home/bin/cargo" "+beta-2024-12-08" "metadata" "--no-deps" "--format-version=1", kill_on_drop: false }`
[INFO] [stdout] e2f923f9fb07d420becef8802d4cb37ebe61282cc3582ff432cb52bf54e6181f
[INFO] running `Command { std: "docker" "start" "-a" "e2f923f9fb07d420becef8802d4cb37ebe61282cc3582ff432cb52bf54e6181f", kill_on_drop: false }`
[INFO] running `Command { std: "docker" "inspect" "e2f923f9fb07d420becef8802d4cb37ebe61282cc3582ff432cb52bf54e6181f", kill_on_drop: false }`
[INFO] running `Command { std: "docker" "rm" "-f" "e2f923f9fb07d420becef8802d4cb37ebe61282cc3582ff432cb52bf54e6181f", kill_on_drop: false }`
[INFO] [stdout] e2f923f9fb07d420becef8802d4cb37ebe61282cc3582ff432cb52bf54e6181f
[INFO] running `Command { std: "docker" "create" "-v" "/var/lib/crater-agent-workspace/builds/worker-2-tc2/target:/opt/rustwide/target:rw,Z" "-v" "/var/lib/crater-agent-workspace/builds/worker-2-tc2/source:/opt/rustwide/workdir:ro,Z" "-v" "/var/lib/crater-agent-workspace/cargo-home:/opt/rustwide/cargo-home:ro,Z" "-v" "/var/lib/crater-agent-workspace/rustup-home:/opt/rustwide/rustup-home:ro,Z" "-e" "SOURCE_DIR=/opt/rustwide/workdir" "-e" "CARGO_TARGET_DIR=/opt/rustwide/target" "-e" "CARGO_INCREMENTAL=0" "-e" "RUST_BACKTRACE=full" "-e" "RUSTFLAGS=--cap-lints=warn" "-e" "RUSTDOCFLAGS=--cap-lints=warn" "-e" "CARGO_HOME=/opt/rustwide/cargo-home" "-e" "RUSTUP_HOME=/opt/rustwide/rustup-home" "-w" "/opt/rustwide/workdir" "-m" "1610612736" "--user" "0:0" "--network" "none" "ghcr.io/rust-lang/crates-build-env/linux@sha256:f3a9d4ad9d972b27faf3965f35b62e55ba32bbce8f20bc8fe909558a86702fde" "/opt/rustwide/cargo-home/bin/cargo" "+beta-2024-12-08" "build" "--frozen" "--message-format=json", kill_on_drop: false }`
[INFO] [stdout] 05ffed4cb6c1c5ab651b29e1b10bb114addbe6b05948581fc475e1bf3ed4b33b
[INFO] running `Command { std: "docker" "start" "-a" "05ffed4cb6c1c5ab651b29e1b10bb114addbe6b05948581fc475e1bf3ed4b33b", kill_on_drop: false }`
[INFO] [stderr] warning: no edition set: defaulting to the 2015 edition while the latest is 2021
[INFO] [stderr]    Compiling bit-vec-omnitool v0.7.0
[INFO] [stderr]    Compiling bit-set-omnitool v0.6.0 (/opt/rustwide/workdir)
[INFO] [stderr]     Finished `dev` profile [unoptimized + debuginfo] target(s) in 0.50s
[INFO] running `Command { std: "docker" "inspect" "05ffed4cb6c1c5ab651b29e1b10bb114addbe6b05948581fc475e1bf3ed4b33b", kill_on_drop: false }`
[INFO] running `Command { std: "docker" "rm" "-f" "05ffed4cb6c1c5ab651b29e1b10bb114addbe6b05948581fc475e1bf3ed4b33b", kill_on_drop: false }`
[INFO] [stdout] 05ffed4cb6c1c5ab651b29e1b10bb114addbe6b05948581fc475e1bf3ed4b33b
[INFO] running `Command { std: "docker" "create" "-v" "/var/lib/crater-agent-workspace/builds/worker-2-tc2/target:/opt/rustwide/target:rw,Z" "-v" "/var/lib/crater-agent-workspace/builds/worker-2-tc2/source:/opt/rustwide/workdir:ro,Z" "-v" "/var/lib/crater-agent-workspace/cargo-home:/opt/rustwide/cargo-home:ro,Z" "-v" "/var/lib/crater-agent-workspace/rustup-home:/opt/rustwide/rustup-home:ro,Z" "-e" "SOURCE_DIR=/opt/rustwide/workdir" "-e" "CARGO_TARGET_DIR=/opt/rustwide/target" "-e" "CARGO_INCREMENTAL=0" "-e" "RUST_BACKTRACE=full" "-e" "RUSTFLAGS=--cap-lints=warn" "-e" "RUSTDOCFLAGS=--cap-lints=warn" "-e" "CARGO_HOME=/opt/rustwide/cargo-home" "-e" "RUSTUP_HOME=/opt/rustwide/rustup-home" "-w" "/opt/rustwide/workdir" "-m" "1610612736" "--user" "0:0" "--network" "none" "ghcr.io/rust-lang/crates-build-env/linux@sha256:f3a9d4ad9d972b27faf3965f35b62e55ba32bbce8f20bc8fe909558a86702fde" "/opt/rustwide/cargo-home/bin/cargo" "+beta-2024-12-08" "test" "--frozen" "--no-run" "--message-format=json", kill_on_drop: false }`
[INFO] [stdout] 51565f7984116467b48c70deeaa58278a92a03443b43108caa45f9901978acbf
[INFO] running `Command { std: "docker" "start" "-a" "51565f7984116467b48c70deeaa58278a92a03443b43108caa45f9901978acbf", kill_on_drop: false }`
[INFO] [stderr] warning: no edition set: defaulting to the 2015 edition while the latest is 2021
[INFO] [stderr]    Compiling proc-macro2 v1.0.92
[INFO] [stderr]    Compiling unicode-ident v1.0.14
[INFO] [stderr]    Compiling libc v0.2.168
[INFO] [stderr]    Compiling cfg-if v1.0.0
[INFO] [stderr]    Compiling byteorder v1.5.0
[INFO] [stderr]    Compiling quote v1.0.37
[INFO] [stderr]    Compiling syn v2.0.90
[INFO] [stderr]    Compiling getrandom v0.2.15
[INFO] [stderr]    Compiling rand_core v0.6.4
[INFO] [stderr]    Compiling zerocopy-derive v0.7.35
[INFO] [stderr]    Compiling zerocopy v0.7.35
[INFO] [stderr]    Compiling ppv-lite86 v0.2.20
[INFO] [stderr]    Compiling rand_chacha v0.3.1
[INFO] [stderr]    Compiling rand v0.8.5
[INFO] [stderr]    Compiling bit-set-omnitool v0.6.0 (/opt/rustwide/workdir)
[INFO] [stderr]     Finished `test` profile [unoptimized + debuginfo] target(s) in 8.29s
[INFO] running `Command { std: "docker" "inspect" "51565f7984116467b48c70deeaa58278a92a03443b43108caa45f9901978acbf", kill_on_drop: false }`
[INFO] running `Command { std: "docker" "rm" "-f" "51565f7984116467b48c70deeaa58278a92a03443b43108caa45f9901978acbf", kill_on_drop: false }`
[INFO] [stdout] 51565f7984116467b48c70deeaa58278a92a03443b43108caa45f9901978acbf
[INFO] running `Command { std: "docker" "create" "-v" "/var/lib/crater-agent-workspace/builds/worker-2-tc2/target:/opt/rustwide/target:rw,Z" "-v" "/var/lib/crater-agent-workspace/builds/worker-2-tc2/source:/opt/rustwide/workdir:ro,Z" "-v" "/var/lib/crater-agent-workspace/cargo-home:/opt/rustwide/cargo-home:ro,Z" "-v" "/var/lib/crater-agent-workspace/rustup-home:/opt/rustwide/rustup-home:ro,Z" "-e" "SOURCE_DIR=/opt/rustwide/workdir" "-e" "CARGO_TARGET_DIR=/opt/rustwide/target" "-e" "CARGO_INCREMENTAL=0" "-e" "RUST_BACKTRACE=full" "-e" "RUSTFLAGS=--cap-lints=warn" "-e" "RUSTDOCFLAGS=--cap-lints=warn" "-e" "CARGO_HOME=/opt/rustwide/cargo-home" "-e" "RUSTUP_HOME=/opt/rustwide/rustup-home" "-w" "/opt/rustwide/workdir" "-m" "1610612736" "--user" "0:0" "--network" "none" "ghcr.io/rust-lang/crates-build-env/linux@sha256:f3a9d4ad9d972b27faf3965f35b62e55ba32bbce8f20bc8fe909558a86702fde" "/opt/rustwide/cargo-home/bin/cargo" "+beta-2024-12-08" "test" "--frozen", kill_on_drop: false }`
[INFO] [stdout] b4b1edacb214021930905263ad7f1792b0d497074b9b6c6bc5a95b584c5d508c
[INFO] running `Command { std: "docker" "start" "-a" "b4b1edacb214021930905263ad7f1792b0d497074b9b6c6bc5a95b584c5d508c", kill_on_drop: false }`
[INFO] [stderr] warning: no edition set: defaulting to the 2015 edition while the latest is 2021
[INFO] [stderr]     Finished `test` profile [unoptimized + debuginfo] target(s) in 0.03s
[INFO] [stderr]      Running unittests src/lib.rs (/opt/rustwide/target/debug/deps/bit_set_omnitool-422f4aee2b11411e)
[INFO] [stdout] 
[INFO] [stdout] running 22 tests
[INFO] [stdout] test tests::test_bit_set_basic ... ok
[INFO] [stdout] test tests::test_bit_set_cmp ... ok
[INFO] [stdout] test tests::test_bit_set_difference ... ok
[INFO] [stdout] test tests::test_bit_set_difference_with ... ok
[INFO] [stdout] test tests::test_bit_set_eq ... ok
[INFO] [stdout] test tests::test_bit_set_from_usizes ... ok
[INFO] [stdout] test tests::test_bit_set_intersect_with ... ok
[INFO] [stdout] test tests::test_bit_set_intersection ... ok
[INFO] [stdout] test tests::test_bit_set_frombit_vec_init ... ok
[INFO] [stdout] test tests::test_bit_set_shrink_to_fit ... ok
[INFO] [stdout] test tests::test_bit_set_shrink_to_fit_new ... ok
[INFO] [stdout] test tests::test_bit_set_subset ... ok
[INFO] [stdout] test tests::test_bit_set_is_disjoint ... ok
[INFO] [stdout] test tests::test_bit_set_iterator ... ok
[INFO] [stdout] test tests::test_bit_set_symmetric_difference ... ok
[INFO] [stdout] test tests::test_bit_set_symmetric_difference_with ... ok
[INFO] [stdout] test tests::test_bit_set_union ... ok
[INFO] [stdout] test tests::test_bit_set_union_with ... ok
[INFO] [stdout] test tests::test_bit_vec_masking ... ok
[INFO] [stdout] test tests::test_bit_vec_remove ... ok
[INFO] [stdout] test tests::test_bit_vec_clone ... ok
[INFO] [stdout] test tests::test_bit_set_show ... ok
[INFO] [stdout] 
[INFO] [stdout] test result: ok. 22 passed; 0 failed; 0 ignored; 0 measured; 0 filtered out; finished in 0.01s
[INFO] [stdout] 
[INFO] [stderr]    Doc-tests bit_set_omnitool
[INFO] [stdout] 
[INFO] [stdout] running 19 tests
[INFO] [stdout] test src/lib.rs - BitSet<B>::symmetric_difference_with (line 665) ... FAILED
[INFO] [stdout] test src/lib.rs - BitSet<B>::shrink_to_fit (line 392) ... FAILED
[INFO] [stdout] test src/lib.rs - BitSet<B>::reserve_len (line 278) ... FAILED
[INFO] [stdout] test src/lib.rs - BitSet<B>::difference (line 518) ... FAILED
[INFO] [stdout] test src/lib.rs - BitSet<B>::difference_with (line 633) ... FAILED
[INFO] [stdout] test src/lib.rs - BitSet<B>::union_with (line 586) ... FAILED
[INFO] [stdout] test src/lib.rs - BitSet<B>::intersection (line 483) ... FAILED
[INFO] [stdout] test src/lib.rs - BitSet<B>::get_ref (line 341) ... FAILED
[INFO] [stdout] test src/lib.rs - BitSet<B>::union (line 452) ... FAILED
[INFO] [stdout] test src/lib.rs - BitSet<u32>::from_bit_vec (line 223) ... FAILED
[INFO] [stdout] test src/lib.rs - BitSet<B>::symmetric_difference (line 556) ... FAILED
[INFO] [stdout] test src/lib.rs - BitSet<B>::iter (line 432) ... FAILED
[INFO] [stdout] test src/lib.rs - (line 22) ... FAILED
[INFO] [stdout] test src/lib.rs - BitSet<u32>::new (line 192) ... FAILED
[INFO] [stdout] test src/lib.rs - BitSet<u32>::with_capacity (line 207) ... FAILED
[INFO] [stdout] test src/lib.rs - BitSet<B>::reserve_len_exact (line 303) ... FAILED
[INFO] [stdout] test src/lib.rs - BitSet<B>::into_bit_vec (line 321) ... FAILED
[INFO] [stdout] test src/lib.rs - BitSet<B>::intersect_with (line 609) ... FAILED
[INFO] [stdout] test src/lib.rs - BitSet<B>::capacity (line 258) ... FAILED
[INFO] [stdout] 
[INFO] [stdout] failures:
[INFO] [stdout] 
[INFO] [stdout] ---- src/lib.rs - BitSet<B>::symmetric_difference_with (line 665) stdout ----
[INFO] [stdout] error[E0432]: unresolved import `bit_set`
[INFO] [stdout]  --> src/lib.rs:666:5
[INFO] [stdout]   |
[INFO] [stdout] 3 | use bit_set::BitSet;
[INFO] [stdout]   |     ^^^^^^^ you might be missing crate `bit_set`
[INFO] [stdout]   |
[INFO] [stdout] help: consider importing the `bit_set` crate
[INFO] [stdout]   |
[INFO] [stdout] 2 + extern crate bit_set;
[INFO] [stdout]   |
[INFO] [stdout] 
[INFO] [stdout] error: aborting due to 1 previous error
[INFO] [stdout] 
[INFO] [stdout] For more information about this error, try `rustc --explain E0432`.
[INFO] [stdout] Couldn't compile the test.
[INFO] [stdout] ---- src/lib.rs - BitSet<B>::shrink_to_fit (line 392) stdout ----
[INFO] [stdout] error[E0432]: unresolved import `bit_set`
[INFO] [stdout]  --> src/lib.rs:393:5
[INFO] [stdout]   |
[INFO] [stdout] 3 | use bit_set::BitSet;
[INFO] [stdout]   |     ^^^^^^^ you might be missing crate `bit_set`
[INFO] [stdout]   |
[INFO] [stdout] help: consider importing the `bit_set` crate
[INFO] [stdout]   |
[INFO] [stdout] 2 + extern crate bit_set;
[INFO] [stdout]   |
[INFO] [stdout] 
[INFO] [stdout] error: aborting due to 1 previous error
[INFO] [stdout] 
[INFO] [stdout] For more information about this error, try `rustc --explain E0432`.
[INFO] [stdout] Couldn't compile the test.
[INFO] [stdout] ---- src/lib.rs - BitSet<B>::reserve_len (line 278) stdout ----
[INFO] [stdout] error[E0432]: unresolved import `bit_set`
[INFO] [stdout]  --> src/lib.rs:279:5
[INFO] [stdout]   |
[INFO] [stdout] 3 | use bit_set::BitSet;
[INFO] [stdout]   |     ^^^^^^^ you might be missing crate `bit_set`
[INFO] [stdout]   |
[INFO] [stdout] help: consider importing the `bit_set` crate
[INFO] [stdout]   |
[INFO] [stdout] 2 + extern crate bit_set;
[INFO] [stdout]   |
[INFO] [stdout] 
[INFO] [stdout] error: aborting due to 1 previous error
[INFO] [stdout] 
[INFO] [stdout] For more information about this error, try `rustc --explain E0432`.
[INFO] [stdout] Couldn't compile the test.
[INFO] [stdout] ---- src/lib.rs - BitSet<B>::difference (line 518) stdout ----
[INFO] [stdout] error[E0432]: unresolved import `bit_set`
[INFO] [stdout]  --> src/lib.rs:519:5
[INFO] [stdout]   |
[INFO] [stdout] 3 | use bit_set::BitSet;
[INFO] [stdout]   |     ^^^^^^^ you might be missing crate `bit_set`
[INFO] [stdout]   |
[INFO] [stdout] help: consider importing the `bit_set` crate
[INFO] [stdout]   |
[INFO] [stdout] 2 + extern crate bit_set;
[INFO] [stdout]   |
[INFO] [stdout] 
[INFO] [stdout] error: aborting due to 1 previous error
[INFO] [stdout] 
[INFO] [stdout] For more information about this error, try `rustc --explain E0432`.
[INFO] [stdout] Couldn't compile the test.
[INFO] [stdout] ---- src/lib.rs - BitSet<B>::difference_with (line 633) stdout ----
[INFO] [stdout] error[E0432]: unresolved import `bit_set`
[INFO] [stdout]  --> src/lib.rs:634:5
[INFO] [stdout]   |
[INFO] [stdout] 3 | use bit_set::BitSet;
[INFO] [stdout]   |     ^^^^^^^ you might be missing crate `bit_set`
[INFO] [stdout]   |
[INFO] [stdout] help: consider importing the `bit_set` crate
[INFO] [stdout]   |
[INFO] [stdout] 2 + extern crate bit_set;
[INFO] [stdout]   |
[INFO] [stdout] 
[INFO] [stdout] error: aborting due to 1 previous error
[INFO] [stdout] 
[INFO] [stdout] For more information about this error, try `rustc --explain E0432`.
[INFO] [stdout] Couldn't compile the test.
[INFO] [stdout] ---- src/lib.rs - BitSet<B>::union_with (line 586) stdout ----
[INFO] [stdout] error[E0432]: unresolved import `bit_set`
[INFO] [stdout]  --> src/lib.rs:587:5
[INFO] [stdout]   |
[INFO] [stdout] 3 | use bit_set::BitSet;
[INFO] [stdout]   |     ^^^^^^^ you might be missing crate `bit_set`
[INFO] [stdout]   |
[INFO] [stdout] help: consider importing the `bit_set` crate
[INFO] [stdout]   |
[INFO] [stdout] 2 + extern crate bit_set;
[INFO] [stdout]   |
[INFO] [stdout] 
[INFO] [stdout] error: aborting due to 1 previous error
[INFO] [stdout] 
[INFO] [stdout] For more information about this error, try `rustc --explain E0432`.
[INFO] [stdout] Couldn't compile the test.
[INFO] [stdout] ---- src/lib.rs - BitSet<B>::intersection (line 483) stdout ----
[INFO] [stdout] error[E0432]: unresolved import `bit_set`
[INFO] [stdout]  --> src/lib.rs:484:5
[INFO] [stdout]   |
[INFO] [stdout] 3 | use bit_set::BitSet;
[INFO] [stdout]   |     ^^^^^^^ you might be missing crate `bit_set`
[INFO] [stdout]   |
[INFO] [stdout] help: consider importing the `bit_set` crate
[INFO] [stdout]   |
[INFO] [stdout] 2 + extern crate bit_set;
[INFO] [stdout]   |
[INFO] [stdout] 
[INFO] [stdout] error: aborting due to 1 previous error
[INFO] [stdout] 
[INFO] [stdout] For more information about this error, try `rustc --explain E0432`.
[INFO] [stdout] Couldn't compile the test.
[INFO] [stdout] ---- src/lib.rs - BitSet<B>::get_ref (line 341) stdout ----
[INFO] [stdout] error[E0432]: unresolved import `bit_set`
[INFO] [stdout]  --> src/lib.rs:342:5
[INFO] [stdout]   |
[INFO] [stdout] 3 | use bit_set::BitSet;
[INFO] [stdout]   |     ^^^^^^^ you might be missing crate `bit_set`
[INFO] [stdout]   |
[INFO] [stdout] help: consider importing the `bit_set` crate
[INFO] [stdout]   |
[INFO] [stdout] 2 + extern crate bit_set;
[INFO] [stdout]   |
[INFO] [stdout] 
[INFO] [stdout] error: aborting due to 1 previous error
[INFO] [stdout] 
[INFO] [stdout] For more information about this error, try `rustc --explain E0432`.
[INFO] [stdout] Couldn't compile the test.
[INFO] [stdout] ---- src/lib.rs - BitSet<B>::union (line 452) stdout ----
[INFO] [stdout] error[E0432]: unresolved import `bit_set`
[INFO] [stdout]  --> src/lib.rs:453:5
[INFO] [stdout]   |
[INFO] [stdout] 3 | use bit_set::BitSet;
[INFO] [stdout]   |     ^^^^^^^ you might be missing crate `bit_set`
[INFO] [stdout]   |
[INFO] [stdout] help: consider importing the `bit_set` crate
[INFO] [stdout]   |
[INFO] [stdout] 2 + extern crate bit_set;
[INFO] [stdout]   |
[INFO] [stdout] 
[INFO] [stdout] error: aborting due to 1 previous error
[INFO] [stdout] 
[INFO] [stdout] For more information about this error, try `rustc --explain E0432`.
[INFO] [stdout] Couldn't compile the test.
[INFO] [stdout] ---- src/lib.rs - BitSet<u32>::from_bit_vec (line 223) stdout ----
[INFO] [stdout] error[E0463]: can't find crate for `bit_vec`
[INFO] [stdout]  --> src/lib.rs:224:1
[INFO] [stdout]   |
[INFO] [stdout] 2 | extern crate bit_vec;
[INFO] [stdout]   | ^^^^^^^^^^^^^^^^^^^^^ can't find crate
[INFO] [stdout] 
[INFO] [stdout] error[E0463]: can't find crate for `bit_set`
[INFO] [stdout]  --> src/lib.rs:225:1
[INFO] [stdout]   |
[INFO] [stdout] 3 | extern crate bit_set;
[INFO] [stdout]   | ^^^^^^^^^^^^^^^^^^^^^ can't find crate
[INFO] [stdout] 
[INFO] [stdout] error: aborting due to 2 previous errors
[INFO] [stdout] 
[INFO] [stdout] For more information about this error, try `rustc --explain E0463`.
[INFO] [stdout] Couldn't compile the test.
[INFO] [stdout] ---- src/lib.rs - BitSet<B>::symmetric_difference (line 556) stdout ----
[INFO] [stdout] error[E0432]: unresolved import `bit_set`
[INFO] [stdout]  --> src/lib.rs:557:5
[INFO] [stdout]   |
[INFO] [stdout] 3 | use bit_set::BitSet;
[INFO] [stdout]   |     ^^^^^^^ you might be missing crate `bit_set`
[INFO] [stdout]   |
[INFO] [stdout] help: consider importing the `bit_set` crate
[INFO] [stdout]   |
[INFO] [stdout] 2 + extern crate bit_set;
[INFO] [stdout]   |
[INFO] [stdout] 
[INFO] [stdout] error: aborting due to 1 previous error
[INFO] [stdout] 
[INFO] [stdout] For more information about this error, try `rustc --explain E0432`.
[INFO] [stdout] Couldn't compile the test.
[INFO] [stdout] ---- src/lib.rs - BitSet<B>::iter (line 432) stdout ----
[INFO] [stdout] error[E0432]: unresolved import `bit_set`
[INFO] [stdout]  --> src/lib.rs:433:5
[INFO] [stdout]   |
[INFO] [stdout] 3 | use bit_set::BitSet;
[INFO] [stdout]   |     ^^^^^^^ you might be missing crate `bit_set`
[INFO] [stdout]   |
[INFO] [stdout] help: consider importing the `bit_set` crate
[INFO] [stdout]   |
[INFO] [stdout] 2 + extern crate bit_set;
[INFO] [stdout]   |
[INFO] [stdout] 
[INFO] [stdout] error: aborting due to 1 previous error
[INFO] [stdout] 
[INFO] [stdout] For more information about this error, try `rustc --explain E0432`.
[INFO] [stdout] Couldn't compile the test.
[INFO] [stdout] ---- src/lib.rs - (line 22) stdout ----
[INFO] [stdout] error[E0432]: unresolved import `bit_set`
[INFO] [stdout]  --> src/lib.rs:23:5
[INFO] [stdout]   |
[INFO] [stdout] 3 | use bit_set::BitSet;
[INFO] [stdout]   |     ^^^^^^^ you might be missing crate `bit_set`
[INFO] [stdout]   |
[INFO] [stdout] help: consider importing the `bit_set` crate
[INFO] [stdout]   |
[INFO] [stdout] 2 + extern crate bit_set;
[INFO] [stdout]   |
[INFO] [stdout] 
[INFO] [stdout] error: aborting due to 1 previous error
[INFO] [stdout] 
[INFO] [stdout] For more information about this error, try `rustc --explain E0432`.
[INFO] [stdout] Couldn't compile the test.
[INFO] [stdout] ---- src/lib.rs - BitSet<u32>::new (line 192) stdout ----
[INFO] [stdout] error[E0432]: unresolved import `bit_set`
[INFO] [stdout]  --> src/lib.rs:193:5
[INFO] [stdout]   |
[INFO] [stdout] 3 | use bit_set::BitSet;
[INFO] [stdout]   |     ^^^^^^^ you might be missing crate `bit_set`
[INFO] [stdout]   |
[INFO] [stdout] help: consider importing the `bit_set` crate
[INFO] [stdout]   |
[INFO] [stdout] 2 + extern crate bit_set;
[INFO] [stdout]   |
[INFO] [stdout] 
[INFO] [stdout] error: aborting due to 1 previous error
[INFO] [stdout] 
[INFO] [stdout] For more information about this error, try `rustc --explain E0432`.
[INFO] [stdout] Couldn't compile the test.
[INFO] [stdout] ---- src/lib.rs - BitSet<u32>::with_capacity (line 207) stdout ----
[INFO] [stdout] error[E0432]: unresolved import `bit_set`
[INFO] [stdout]  --> src/lib.rs:208:5
[INFO] [stdout]   |
[INFO] [stdout] 3 | use bit_set::BitSet;
[INFO] [stdout]   |     ^^^^^^^ you might be missing crate `bit_set`
[INFO] [stdout]   |
[INFO] [stdout] help: consider importing the `bit_set` crate
[INFO] [stdout]   |
[INFO] [stdout] 2 + extern crate bit_set;
[INFO] [stdout]   |
[INFO] [stdout] 
[INFO] [stdout] error: aborting due to 1 previous error
[INFO] [stdout] 
[INFO] [stdout] For more information about this error, try `rustc --explain E0432`.
[INFO] [stdout] Couldn't compile the test.
[INFO] [stdout] ---- src/lib.rs - BitSet<B>::reserve_len_exact (line 303) stdout ----
[INFO] [stdout] error[E0432]: unresolved import `bit_set`
[INFO] [stdout]  --> src/lib.rs:304:5
[INFO] [stdout]   |
[INFO] [stdout] 3 | use bit_set::BitSet;
[INFO] [stdout]   |     ^^^^^^^ you might be missing crate `bit_set`
[INFO] [stdout]   |
[INFO] [stdout] help: consider importing the `bit_set` crate
[INFO] [stdout]   |
[INFO] [stdout] 2 + extern crate bit_set;
[INFO] [stdout]   |
[INFO] [stdout] 
[INFO] [stdout] error: aborting due to 1 previous error
[INFO] [stdout] 
[INFO] [stdout] For more information about this error, try `rustc --explain E0432`.
[INFO] [stdout] Couldn't compile the test.
[INFO] [stdout] ---- src/lib.rs - BitSet<B>::into_bit_vec (line 321) stdout ----
[INFO] [stdout] error[E0432]: unresolved import `bit_set`
[INFO] [stdout]  --> src/lib.rs:322:5
[INFO] [stdout]   |
[INFO] [stdout] 3 | use bit_set::BitSet;
[INFO] [stdout]   |     ^^^^^^^ you might be missing crate `bit_set`
[INFO] [stdout]   |
[INFO] [stdout] help: consider importing the `bit_set` crate
[INFO] [stdout]   |
[INFO] [stdout] 2 + extern crate bit_set;
[INFO] [stdout]   |
[INFO] [stdout] 
[INFO] [stdout] error: aborting due to 1 previous error
[INFO] [stdout] 
[INFO] [stdout] For more information about this error, try `rustc --explain E0432`.
[INFO] [stdout] Couldn't compile the test.
[INFO] [stdout] ---- src/lib.rs - BitSet<B>::intersect_with (line 609) stdout ----
[INFO] [stdout] error[E0432]: unresolved import `bit_set`
[INFO] [stdout]  --> src/lib.rs:610:5
[INFO] [stdout]   |
[INFO] [stdout] 3 | use bit_set::BitSet;
[INFO] [stdout]   |     ^^^^^^^ you might be missing crate `bit_set`
[INFO] [stdout]   |
[INFO] [stdout] help: consider importing the `bit_set` crate
[INFO] [stdout]   |
[INFO] [stdout] 2 + extern crate bit_set;
[INFO] [stdout]   |
[INFO] [stdout] 
[INFO] [stdout] error: aborting due to 1 previous error
[INFO] [stdout] 
[INFO] [stdout] For more information about this error, try `rustc --explain E0432`.
[INFO] [stdout] Couldn't compile the test.
[INFO] [stdout] ---- src/lib.rs - BitSet<B>::capacity (line 258) stdout ----
[INFO] [stdout] error[E0432]: unresolved import `bit_set`
[INFO] [stdout]  --> src/lib.rs:259:5
[INFO] [stdout]   |
[INFO] [stdout] 3 | use bit_set::BitSet;
[INFO] [stdout]   |     ^^^^^^^ you might be missing crate `bit_set`
[INFO] [stdout]   |
[INFO] [stdout] help: consider importing the `bit_set` crate
[INFO] [stdout]   |
[INFO] [stdout] 2 + extern crate bit_set;
[INFO] [stdout]   |
[INFO] [stdout] 
[INFO] [stdout] error: aborting due to 1 previous error
[INFO] [stdout] 
[INFO] [stdout] For more information about this error, try `rustc --explain E0432`.
[INFO] [stdout] Couldn't compile the test.
[INFO] [stdout] 
[INFO] [stdout] failures:
[INFO] [stdout]     src/lib.rs - (line 22)
[INFO] [stdout]     src/lib.rs - BitSet<B>::capacity (line 258)
[INFO] [stdout]     src/lib.rs - BitSet<B>::difference (line 518)
[INFO] [stdout]     src/lib.rs - BitSet<B>::difference_with (line 633)
[INFO] [stdout]     src/lib.rs - BitSet<B>::get_ref (line 341)
[INFO] [stdout]     src/lib.rs - BitSet<B>::intersect_with (line 609)
[INFO] [stdout]     src/lib.rs - BitSet<B>::intersection (line 483)
[INFO] [stdout]     src/lib.rs - BitSet<B>::into_bit_vec (line 321)
[INFO] [stdout]     src/lib.rs - BitSet<B>::iter (line 432)
[INFO] [stdout]     src/lib.rs - BitSet<B>::reserve_len (line 278)
[INFO] [stdout]     src/lib.rs - BitSet<B>::reserve_len_exact (line 303)
[INFO] [stdout]     src/lib.rs - BitSet<B>::shrink_to_fit (line 392)
[INFO] [stdout]     src/lib.rs - BitSet<B>::symmetric_difference (line 556)
[INFO] [stdout]     src/lib.rs - BitSet<B>::symmetric_difference_with (line 665)
[INFO] [stdout]     src/lib.rs - BitSet<B>::union (line 452)
[INFO] [stdout]     src/lib.rs - BitSet<B>::union_with (line 586)
[INFO] [stdout]     src/lib.rs - BitSet<u32>::from_bit_vec (line 223)
[INFO] [stdout]     src/lib.rs - BitSet<u32>::new (line 192)
[INFO] [stdout]     src/lib.rs - BitSet<u32>::with_capacity (line 207)
[INFO] [stdout] 
[INFO] [stdout] test result: FAILED. 0 passed; 19 failed; 0 ignored; 0 measured; 0 filtered out; finished in 0.16s
[INFO] [stdout] 
[INFO] [stderr] error: doctest failed, to rerun pass `--doc`
[INFO] running `Command { std: "docker" "inspect" "b4b1edacb214021930905263ad7f1792b0d497074b9b6c6bc5a95b584c5d508c", kill_on_drop: false }`
[INFO] running `Command { std: "docker" "rm" "-f" "b4b1edacb214021930905263ad7f1792b0d497074b9b6c6bc5a95b584c5d508c", kill_on_drop: false }`
[INFO] [stdout] b4b1edacb214021930905263ad7f1792b0d497074b9b6c6bc5a95b584c5d508c
