[INFO] fetching crate bisync 0.2.3...
[INFO] testing bisync-0.2.3 against beta-2024-12-08 for beta-1.84.0-4-retry
[INFO] extracting crate bisync 0.2.3 into /workspace/builds/worker-0-tc2/source
[INFO] validating manifest of crates.io crate bisync 0.2.3 on toolchain beta-2024-12-08
[INFO] running `Command { std: CARGO_HOME="/workspace/cargo-home" RUSTUP_HOME="/workspace/rustup-home" "/workspace/cargo-home/bin/cargo" "+beta-2024-12-08" "metadata" "--manifest-path" "Cargo.toml" "--no-deps", kill_on_drop: false }`
[INFO] started tweaking crates.io crate bisync 0.2.3
[INFO] finished tweaking crates.io crate bisync 0.2.3
[INFO] tweaked toml for crates.io crate bisync 0.2.3 written to /workspace/builds/worker-0-tc2/source/Cargo.toml
[INFO] running `Command { std: CARGO_HOME="/workspace/cargo-home" RUSTUP_HOME="/workspace/rustup-home" "/workspace/cargo-home/bin/cargo" "+beta-2024-12-08" "generate-lockfile" "--manifest-path" "Cargo.toml", kill_on_drop: false }`
[INFO] [stderr]     Updating crates.io index
[INFO] [stderr]      Locking 1 package to latest compatible version
[INFO] running `Command { std: CARGO_HOME="/workspace/cargo-home" RUSTUP_HOME="/workspace/rustup-home" "/workspace/cargo-home/bin/cargo" "+beta-2024-12-08" "fetch" "--manifest-path" "Cargo.toml", kill_on_drop: false }`
[INFO] running `Command { std: "docker" "create" "-v" "/var/lib/crater-agent-workspace/builds/worker-0-tc2/target:/opt/rustwide/target:rw,Z" "-v" "/var/lib/crater-agent-workspace/builds/worker-0-tc2/source:/opt/rustwide/workdir:ro,Z" "-v" "/var/lib/crater-agent-workspace/cargo-home:/opt/rustwide/cargo-home:ro,Z" "-v" "/var/lib/crater-agent-workspace/rustup-home:/opt/rustwide/rustup-home:ro,Z" "-e" "SOURCE_DIR=/opt/rustwide/workdir" "-e" "CARGO_TARGET_DIR=/opt/rustwide/target" "-e" "CARGO_HOME=/opt/rustwide/cargo-home" "-e" "RUSTUP_HOME=/opt/rustwide/rustup-home" "-w" "/opt/rustwide/workdir" "-m" "1610612736" "--user" "0:0" "--network" "none" "ghcr.io/rust-lang/crates-build-env/linux@sha256:f3a9d4ad9d972b27faf3965f35b62e55ba32bbce8f20bc8fe909558a86702fde" "/opt/rustwide/cargo-home/bin/cargo" "+beta-2024-12-08" "metadata" "--no-deps" "--format-version=1", kill_on_drop: false }`
[INFO] [stdout] 98ceedfdfba5585f5c07cacb709b37f1ed342baf1fa318be42dc3f7e8981a799
[INFO] running `Command { std: "docker" "start" "-a" "98ceedfdfba5585f5c07cacb709b37f1ed342baf1fa318be42dc3f7e8981a799", kill_on_drop: false }`
[INFO] running `Command { std: "docker" "inspect" "98ceedfdfba5585f5c07cacb709b37f1ed342baf1fa318be42dc3f7e8981a799", kill_on_drop: false }`
[INFO] running `Command { std: "docker" "rm" "-f" "98ceedfdfba5585f5c07cacb709b37f1ed342baf1fa318be42dc3f7e8981a799", kill_on_drop: false }`
[INFO] [stdout] 98ceedfdfba5585f5c07cacb709b37f1ed342baf1fa318be42dc3f7e8981a799
[INFO] running `Command { std: "docker" "create" "-v" "/var/lib/crater-agent-workspace/builds/worker-0-tc2/target:/opt/rustwide/target:rw,Z" "-v" "/var/lib/crater-agent-workspace/builds/worker-0-tc2/source:/opt/rustwide/workdir:ro,Z" "-v" "/var/lib/crater-agent-workspace/cargo-home:/opt/rustwide/cargo-home:ro,Z" "-v" "/var/lib/crater-agent-workspace/rustup-home:/opt/rustwide/rustup-home:ro,Z" "-e" "SOURCE_DIR=/opt/rustwide/workdir" "-e" "CARGO_TARGET_DIR=/opt/rustwide/target" "-e" "CARGO_INCREMENTAL=0" "-e" "RUST_BACKTRACE=full" "-e" "RUSTFLAGS=--cap-lints=warn" "-e" "RUSTDOCFLAGS=--cap-lints=warn" "-e" "CARGO_HOME=/opt/rustwide/cargo-home" "-e" "RUSTUP_HOME=/opt/rustwide/rustup-home" "-w" "/opt/rustwide/workdir" "-m" "1610612736" "--user" "0:0" "--network" "none" "ghcr.io/rust-lang/crates-build-env/linux@sha256:f3a9d4ad9d972b27faf3965f35b62e55ba32bbce8f20bc8fe909558a86702fde" "/opt/rustwide/cargo-home/bin/cargo" "+beta-2024-12-08" "build" "--frozen" "--message-format=json", kill_on_drop: false }`
[INFO] [stdout] 090d62d11ff88202b0ef1689c1582ada925a01cfb47bd728000df8103782d9ea
[INFO] running `Command { std: "docker" "start" "-a" "090d62d11ff88202b0ef1689c1582ada925a01cfb47bd728000df8103782d9ea", kill_on_drop: false }`
[INFO] [stderr]    Compiling bisync_macros v0.2.3
[INFO] [stderr]    Compiling bisync v0.2.3 (/opt/rustwide/workdir)
[INFO] [stderr]     Finished `dev` profile [unoptimized + debuginfo] target(s) in 0.52s
[INFO] running `Command { std: "docker" "inspect" "090d62d11ff88202b0ef1689c1582ada925a01cfb47bd728000df8103782d9ea", kill_on_drop: false }`
[INFO] running `Command { std: "docker" "rm" "-f" "090d62d11ff88202b0ef1689c1582ada925a01cfb47bd728000df8103782d9ea", kill_on_drop: false }`
[INFO] [stdout] 090d62d11ff88202b0ef1689c1582ada925a01cfb47bd728000df8103782d9ea
[INFO] running `Command { std: "docker" "create" "-v" "/var/lib/crater-agent-workspace/builds/worker-0-tc2/target:/opt/rustwide/target:rw,Z" "-v" "/var/lib/crater-agent-workspace/builds/worker-0-tc2/source:/opt/rustwide/workdir:ro,Z" "-v" "/var/lib/crater-agent-workspace/cargo-home:/opt/rustwide/cargo-home:ro,Z" "-v" "/var/lib/crater-agent-workspace/rustup-home:/opt/rustwide/rustup-home:ro,Z" "-e" "SOURCE_DIR=/opt/rustwide/workdir" "-e" "CARGO_TARGET_DIR=/opt/rustwide/target" "-e" "CARGO_INCREMENTAL=0" "-e" "RUST_BACKTRACE=full" "-e" "RUSTFLAGS=--cap-lints=warn" "-e" "RUSTDOCFLAGS=--cap-lints=warn" "-e" "CARGO_HOME=/opt/rustwide/cargo-home" "-e" "RUSTUP_HOME=/opt/rustwide/rustup-home" "-w" "/opt/rustwide/workdir" "-m" "1610612736" "--user" "0:0" "--network" "none" "ghcr.io/rust-lang/crates-build-env/linux@sha256:f3a9d4ad9d972b27faf3965f35b62e55ba32bbce8f20bc8fe909558a86702fde" "/opt/rustwide/cargo-home/bin/cargo" "+beta-2024-12-08" "test" "--frozen" "--no-run" "--message-format=json", kill_on_drop: false }`
[INFO] [stdout] 09c3efe012aec8b4623129bd54d9a965903d05e0c2cd9f8399aef31f52f754f6
[INFO] running `Command { std: "docker" "start" "-a" "09c3efe012aec8b4623129bd54d9a965903d05e0c2cd9f8399aef31f52f754f6", kill_on_drop: false }`
[INFO] [stderr]    Compiling bisync v0.2.3 (/opt/rustwide/workdir)
[INFO] [stderr]     Finished `test` profile [unoptimized + debuginfo] target(s) in 0.32s
[INFO] running `Command { std: "docker" "inspect" "09c3efe012aec8b4623129bd54d9a965903d05e0c2cd9f8399aef31f52f754f6", kill_on_drop: false }`
[INFO] running `Command { std: "docker" "rm" "-f" "09c3efe012aec8b4623129bd54d9a965903d05e0c2cd9f8399aef31f52f754f6", kill_on_drop: false }`
[INFO] [stdout] 09c3efe012aec8b4623129bd54d9a965903d05e0c2cd9f8399aef31f52f754f6
[INFO] running `Command { std: "docker" "create" "-v" "/var/lib/crater-agent-workspace/builds/worker-0-tc2/target:/opt/rustwide/target:rw,Z" "-v" "/var/lib/crater-agent-workspace/builds/worker-0-tc2/source:/opt/rustwide/workdir:ro,Z" "-v" "/var/lib/crater-agent-workspace/cargo-home:/opt/rustwide/cargo-home:ro,Z" "-v" "/var/lib/crater-agent-workspace/rustup-home:/opt/rustwide/rustup-home:ro,Z" "-e" "SOURCE_DIR=/opt/rustwide/workdir" "-e" "CARGO_TARGET_DIR=/opt/rustwide/target" "-e" "CARGO_INCREMENTAL=0" "-e" "RUST_BACKTRACE=full" "-e" "RUSTFLAGS=--cap-lints=warn" "-e" "RUSTDOCFLAGS=--cap-lints=warn" "-e" "CARGO_HOME=/opt/rustwide/cargo-home" "-e" "RUSTUP_HOME=/opt/rustwide/rustup-home" "-w" "/opt/rustwide/workdir" "-m" "1610612736" "--user" "0:0" "--network" "none" "ghcr.io/rust-lang/crates-build-env/linux@sha256:f3a9d4ad9d972b27faf3965f35b62e55ba32bbce8f20bc8fe909558a86702fde" "/opt/rustwide/cargo-home/bin/cargo" "+beta-2024-12-08" "test" "--frozen", kill_on_drop: false }`
[INFO] [stdout] c6486293670b7b87a7af2958648683af6b515a192ee9c07b4365e22fe23b7c9c
[INFO] running `Command { std: "docker" "start" "-a" "c6486293670b7b87a7af2958648683af6b515a192ee9c07b4365e22fe23b7c9c", kill_on_drop: false }`
[INFO] [stderr]     Finished `test` profile [unoptimized + debuginfo] target(s) in 0.02s
[INFO] [stderr]      Running unittests src/lib.rs (/opt/rustwide/target/debug/deps/bisync-2d1efb36ea2f420f)
[INFO] [stdout] 
[INFO] [stdout] running 0 tests
[INFO] [stdout] 
[INFO] [stdout] test result: ok. 0 passed; 0 failed; 0 ignored; 0 measured; 0 filtered out; finished in 0.00s
[INFO] [stdout] 
[INFO] [stderr]    Doc-tests bisync
[INFO] [stdout] 
[INFO] [stdout] running 2 tests
[INFO] [stdout] test src/lib.rs - (line 6) ... FAILED
[INFO] [stdout] test src/lib.rs - (line 27) ... FAILED
[INFO] [stdout] 
[INFO] [stdout] failures:
[INFO] [stdout] 
[INFO] [stdout] ---- src/lib.rs - (line 6) stdout ----
[INFO] [stdout] error[E0583]: file not found for module `inner`
[INFO] [stdout]   --> src/lib.rs:13:5
[INFO] [stdout]    |
[INFO] [stdout] 10 |     mod inner;
[INFO] [stdout]    |     ^^^^^^^^^^
[INFO] [stdout]    |
[INFO] [stdout]    = help: to create the module `inner`, create file "src/./inner.rs" or "src/./inner/mod.rs"
[INFO] [stdout]    = note: if there is a `mod inner` elsewhere in the crate already, import it with `use crate::...` instead
[INFO] [stdout] 
[INFO] [stdout] error[E0583]: file not found for module `inner`
[INFO] [stdout]   --> src/lib.rs:21:5
[INFO] [stdout]    |
[INFO] [stdout] 18 |     mod inner;
[INFO] [stdout]    |     ^^^^^^^^^^
[INFO] [stdout]    |
[INFO] [stdout]    = help: to create the module `inner`, create file "src/./inner.rs" or "src/./inner/mod.rs"
[INFO] [stdout]    = note: if there is a `mod inner` elsewhere in the crate already, import it with `use crate::...` instead
[INFO] [stdout] 
[INFO] [stdout] error: aborting due to 2 previous errors
[INFO] [stdout] 
[INFO] [stdout] For more information about this error, try `rustc --explain E0583`.
[INFO] [stdout] Couldn't compile the test.
[INFO] [stdout] ---- src/lib.rs - (line 27) stdout ----
[INFO] [stdout] error[E0428]: the name `baz` is defined multiple times
[INFO] [stdout]   --> src/lib.rs:62:1
[INFO] [stdout]    |
[INFO] [stdout] 29 | fn baz() -> String {
[INFO] [stdout]    | ------------------ previous definition of the value `baz` here
[INFO] [stdout] ...
[INFO] [stdout] 38 | async fn baz() -> String {
[INFO] [stdout]    | ^^^^^^^^^^^^^^^^^^^^^^^^ `baz` redefined here
[INFO] [stdout]    |
[INFO] [stdout]    = note: `baz` must be defined only once in the value namespace of this block
[INFO] [stdout] 
[INFO] [stdout] error[E0433]: failed to resolve: there are too many leading `super` keywords
[INFO] [stdout]  --> src/lib.rs:32:5
[INFO] [stdout]   |
[INFO] [stdout] 8 | use super::{bisync, only_sync, only_async, SYNC, ASYNC};
[INFO] [stdout]   |     ^^^^^ there are too many leading `super` keywords
[INFO] [stdout] 
[INFO] [stdout] error[E0433]: failed to resolve: use of undeclared crate or module `reqwest`
[INFO] [stdout]   --> src/lib.rs:63:5
[INFO] [stdout]    |
[INFO] [stdout] 39 |     reqwest::get("https://example.com")
[INFO] [stdout]    |     ^^^^^^^ use of undeclared crate or module `reqwest`
[INFO] [stdout] 
[INFO] [stdout] error[E0433]: failed to resolve: use of undeclared crate or module `ureq`
[INFO] [stdout]   --> src/lib.rs:54:5
[INFO] [stdout]    |
[INFO] [stdout] 30 |     ureq::get("https://example.com")
[INFO] [stdout]    |     ^^^^ use of undeclared crate or module `ureq`
[INFO] [stdout] 
[INFO] [stdout] error: aborting due to 4 previous errors
[INFO] [stdout] 
[INFO] [stdout] Some errors have detailed explanations: E0428, E0433.
[INFO] [stdout] For more information about an error, try `rustc --explain E0428`.
[INFO] [stdout] Couldn't compile the test.
[INFO] [stdout] 
[INFO] [stdout] failures:
[INFO] [stdout]     src/lib.rs - (line 27)
[INFO] [stdout]     src/lib.rs - (line 6)
[INFO] [stdout] 
[INFO] [stdout] test result: FAILED. 0 passed; 2 failed; 0 ignored; 0 measured; 0 filtered out; finished in 0.12s
[INFO] [stdout] 
[INFO] [stderr] error: doctest failed, to rerun pass `--doc`
[INFO] running `Command { std: "docker" "inspect" "c6486293670b7b87a7af2958648683af6b515a192ee9c07b4365e22fe23b7c9c", kill_on_drop: false }`
[INFO] running `Command { std: "docker" "rm" "-f" "c6486293670b7b87a7af2958648683af6b515a192ee9c07b4365e22fe23b7c9c", kill_on_drop: false }`
[INFO] [stdout] c6486293670b7b87a7af2958648683af6b515a192ee9c07b4365e22fe23b7c9c
