[INFO] fetching crate binwalk 3.1.0...
[INFO] testing binwalk-3.1.0 against beta-2024-12-08 for beta-1.84.0-4-retry
[INFO] extracting crate binwalk 3.1.0 into /workspace/builds/worker-3-tc2/source
[INFO] validating manifest of crates.io crate binwalk 3.1.0 on toolchain beta-2024-12-08
[INFO] running `Command { std: CARGO_HOME="/workspace/cargo-home" RUSTUP_HOME="/workspace/rustup-home" "/workspace/cargo-home/bin/cargo" "+beta-2024-12-08" "metadata" "--manifest-path" "Cargo.toml" "--no-deps", kill_on_drop: false }`
[INFO] started tweaking crates.io crate binwalk 3.1.0
[INFO] finished tweaking crates.io crate binwalk 3.1.0
[INFO] tweaked toml for crates.io crate binwalk 3.1.0 written to /workspace/builds/worker-3-tc2/source/Cargo.toml
[INFO] crate crates.io crate binwalk 3.1.0 already has a lockfile, it will not be regenerated
[INFO] running `Command { std: CARGO_HOME="/workspace/cargo-home" RUSTUP_HOME="/workspace/rustup-home" "/workspace/cargo-home/bin/cargo" "+beta-2024-12-08" "fetch" "--manifest-path" "Cargo.toml", kill_on_drop: false }`
[INFO] running `Command { std: "docker" "create" "-v" "/var/lib/crater-agent-workspace/builds/worker-3-tc2/target:/opt/rustwide/target:rw,Z" "-v" "/var/lib/crater-agent-workspace/builds/worker-3-tc2/source:/opt/rustwide/workdir:ro,Z" "-v" "/var/lib/crater-agent-workspace/cargo-home:/opt/rustwide/cargo-home:ro,Z" "-v" "/var/lib/crater-agent-workspace/rustup-home:/opt/rustwide/rustup-home:ro,Z" "-e" "SOURCE_DIR=/opt/rustwide/workdir" "-e" "CARGO_TARGET_DIR=/opt/rustwide/target" "-e" "CARGO_HOME=/opt/rustwide/cargo-home" "-e" "RUSTUP_HOME=/opt/rustwide/rustup-home" "-w" "/opt/rustwide/workdir" "-m" "1610612736" "--user" "0:0" "--network" "none" "ghcr.io/rust-lang/crates-build-env/linux@sha256:f3a9d4ad9d972b27faf3965f35b62e55ba32bbce8f20bc8fe909558a86702fde" "/opt/rustwide/cargo-home/bin/cargo" "+beta-2024-12-08" "metadata" "--no-deps" "--format-version=1", kill_on_drop: false }`
[INFO] [stdout] 3d6a7e7a8e5cfcc16bb5ce3fa9ec942c4f7d8d6bc54d6a19de25b96692ed195d
[INFO] running `Command { std: "docker" "start" "-a" "3d6a7e7a8e5cfcc16bb5ce3fa9ec942c4f7d8d6bc54d6a19de25b96692ed195d", kill_on_drop: false }`
[INFO] running `Command { std: "docker" "inspect" "3d6a7e7a8e5cfcc16bb5ce3fa9ec942c4f7d8d6bc54d6a19de25b96692ed195d", kill_on_drop: false }`
[INFO] running `Command { std: "docker" "rm" "-f" "3d6a7e7a8e5cfcc16bb5ce3fa9ec942c4f7d8d6bc54d6a19de25b96692ed195d", kill_on_drop: false }`
[INFO] [stdout] 3d6a7e7a8e5cfcc16bb5ce3fa9ec942c4f7d8d6bc54d6a19de25b96692ed195d
[INFO] running `Command { std: "docker" "create" "-v" "/var/lib/crater-agent-workspace/builds/worker-3-tc2/target:/opt/rustwide/target:rw,Z" "-v" "/var/lib/crater-agent-workspace/builds/worker-3-tc2/source:/opt/rustwide/workdir:ro,Z" "-v" "/var/lib/crater-agent-workspace/cargo-home:/opt/rustwide/cargo-home:ro,Z" "-v" "/var/lib/crater-agent-workspace/rustup-home:/opt/rustwide/rustup-home:ro,Z" "-e" "SOURCE_DIR=/opt/rustwide/workdir" "-e" "CARGO_TARGET_DIR=/opt/rustwide/target" "-e" "CARGO_INCREMENTAL=0" "-e" "RUST_BACKTRACE=full" "-e" "RUSTFLAGS=--cap-lints=warn" "-e" "RUSTDOCFLAGS=--cap-lints=warn" "-e" "CARGO_HOME=/opt/rustwide/cargo-home" "-e" "RUSTUP_HOME=/opt/rustwide/rustup-home" "-w" "/opt/rustwide/workdir" "-m" "1610612736" "--user" "0:0" "--network" "none" "ghcr.io/rust-lang/crates-build-env/linux@sha256:f3a9d4ad9d972b27faf3965f35b62e55ba32bbce8f20bc8fe909558a86702fde" "/opt/rustwide/cargo-home/bin/cargo" "+beta-2024-12-08" "build" "--frozen" "--message-format=json", kill_on_drop: false }`
[INFO] [stdout] 95865306d1dfca5ba84d5202113bb987012bcdfc99029314ad3f32381ad5fd43
[INFO] running `Command { std: "docker" "start" "-a" "95865306d1dfca5ba84d5202113bb987012bcdfc99029314ad3f32381ad5fd43", kill_on_drop: false }`
[INFO] [stderr]    Compiling libc v0.2.158
[INFO] [stderr]    Compiling pkg-config v0.3.30
[INFO] [stderr]    Compiling proc-macro2 v1.0.86
[INFO] [stderr]    Compiling shlex v1.3.0
[INFO] [stderr]    Compiling cfg-if v1.0.0
[INFO] [stderr]    Compiling unicode-ident v1.0.13
[INFO] [stderr]    Compiling semver v1.0.23
[INFO] [stderr]    Compiling byteorder v1.5.0
[INFO] [stderr]    Compiling autocfg v1.3.0
[INFO] [stderr]    Compiling simd-adler32 v0.3.7
[INFO] [stderr]    Compiling adler2 v2.0.0
[INFO] [stderr]    Compiling memchr v2.7.4
[INFO] [stderr]    Compiling adler v1.0.2
[INFO] [stderr]    Compiling log v0.4.22
[INFO] [stderr]    Compiling utf8parse v0.2.2
[INFO] [stderr]    Compiling option-ext v0.2.0
[INFO] [stderr]    Compiling crc32fast v1.4.2
[INFO] [stderr]    Compiling miniz_oxide v0.8.0
[INFO] [stderr]    Compiling anstyle-parse v0.2.5
[INFO] [stderr]    Compiling libloading v0.8.5
[INFO] [stderr]    Compiling anstyle-query v1.1.1
[INFO] [stderr]    Compiling is_terminal_polyfill v1.70.1
[INFO] [stderr]    Compiling cc v1.1.21
[INFO] [stderr]    Compiling colorchoice v1.0.2
[INFO] [stderr]    Compiling miniz_oxide v0.7.4
[INFO] [stderr]    Compiling fdeflate v0.3.4
[INFO] [stderr]    Compiling bitflags v1.3.2
[INFO] [stderr]    Compiling anstyle v1.0.8
[INFO] [stderr]    Compiling regex-syntax v0.8.4
[INFO] [stderr]    Compiling color_quant v1.1.0
[INFO] [stderr]    Compiling dlib v0.5.2
[INFO] [stderr]    Compiling font-kit v0.14.2
[INFO] [stderr]    Compiling weezl v0.1.8
[INFO] [stderr]    Compiling once_cell v1.19.0
[INFO] [stderr]    Compiling num-traits v0.2.19
[INFO] [stderr]    Compiling rustc_version v0.4.1
[INFO] [stderr]    Compiling flate2 v1.0.34
[INFO] [stderr]    Compiling anstream v0.6.15
[INFO] [stderr]    Compiling bytemuck v1.18.0
[INFO] [stderr]    Compiling plotters-backend v0.3.7
[INFO] [stderr]    Compiling serde v1.0.210
[INFO] [stderr]    Compiling pathfinder_simd v0.5.4
[INFO] [stderr]    Compiling yeslogic-fontconfig-sys v6.0.0
[INFO] [stderr]    Compiling quote v1.0.37
[INFO] [stderr]    Compiling aho-corasick v1.1.3
[INFO] [stderr]    Compiling png v0.17.13
[INFO] [stderr]    Compiling same-file v1.0.6
[INFO] [stderr]    Compiling lazy_static v1.5.0
[INFO] [stderr]    Compiling jpeg-decoder v0.3.1
[INFO] [stderr]    Compiling syn v2.0.77
[INFO] [stderr]    Compiling walkdir v2.5.0
[INFO] [stderr]    Compiling crc32c v0.6.8
[INFO] [stderr]    Compiling gif v0.12.0
[INFO] [stderr]    Compiling heck v0.5.0
[INFO] [stderr]    Compiling crc32-v2 v0.0.4
[INFO] [stderr]    Compiling getrandom v0.2.15
[INFO] [stderr]    Compiling dirs-sys v0.4.1
[INFO] [stderr]    Compiling serde_json v1.0.128
[INFO] [stderr]    Compiling float-ord v0.3.2
[INFO] [stderr]    Compiling clap_lex v0.7.2
[INFO] [stderr]    Compiling iana-time-zone v0.1.61
[INFO] [stderr]    Compiling strsim v0.11.1
[INFO] [stderr]    Compiling bitflags v2.6.0
[INFO] [stderr]    Compiling rand_core v0.6.4
[INFO] [stderr]    Compiling dirs v5.0.1
[INFO] [stderr]    Compiling clap_builder v4.5.18
[INFO] [stderr]    Compiling num_cpus v1.16.0
[INFO] [stderr]    Compiling plotters-svg v0.3.7
[INFO] [stderr]    Compiling pathfinder_geometry v0.5.1
[INFO] [stderr]    Compiling ttf-parser v0.20.0
[INFO] [stderr]    Compiling ryu v1.0.18
[INFO] [stderr]    Compiling humantime v2.1.0
[INFO] [stderr]    Compiling itoa v1.0.11
[INFO] [stderr]    Compiling threadpool v1.8.1
[INFO] [stderr]    Compiling freetype-sys v0.20.1
[INFO] [stderr]    Compiling bzip2-sys v0.1.11+1.0.8
[INFO] [stderr]    Compiling lzma-sys v0.1.20
[INFO] [stderr]    Compiling chrono v0.4.38
[INFO] [stderr]    Compiling image v0.24.9
[INFO] [stderr]    Compiling termsize v0.1.9
[INFO] [stderr]    Compiling colored v2.1.0
[INFO] [stderr]    Compiling entropy v0.4.2
[INFO] [stderr]    Compiling xxhash-rust v0.8.12
[INFO] [stderr]    Compiling base64 v0.22.1
[INFO] [stderr]    Compiling regex-automata v0.4.7
[INFO] [stderr]    Compiling xz2 v0.1.7
[INFO] [stderr]    Compiling bzip2 v0.4.4
[INFO] [stderr]    Compiling plotters-bitmap v0.3.7
[INFO] [stderr]    Compiling zerocopy-derive v0.7.35
[INFO] [stderr]    Compiling serde_derive v1.0.210
[INFO] [stderr]    Compiling clap_derive v4.5.18
[INFO] [stderr]    Compiling uuid-macro-internal v1.10.0
[INFO] [stderr]    Compiling regex v1.10.6
[INFO] [stderr]    Compiling env_filter v0.1.2
[INFO] [stderr]    Compiling env_logger v0.11.5
[INFO] [stderr]    Compiling zerocopy v0.7.35
[INFO] [stderr]    Compiling ppv-lite86 v0.2.20
[INFO] [stderr]    Compiling rand_chacha v0.3.1
[INFO] [stderr]    Compiling clap v4.5.18
[INFO] [stderr]    Compiling rand v0.8.5
[INFO] [stderr]    Compiling uuid v1.10.0
[INFO] [stderr]    Compiling plotters v0.3.7
[INFO] [stderr]    Compiling binwalk v3.1.0 (/opt/rustwide/workdir)
[INFO] [stderr]     Finished `dev` profile [unoptimized + debuginfo] target(s) in 38.50s
[INFO] running `Command { std: "docker" "inspect" "95865306d1dfca5ba84d5202113bb987012bcdfc99029314ad3f32381ad5fd43", kill_on_drop: false }`
[INFO] running `Command { std: "docker" "rm" "-f" "95865306d1dfca5ba84d5202113bb987012bcdfc99029314ad3f32381ad5fd43", kill_on_drop: false }`
[INFO] [stdout] 95865306d1dfca5ba84d5202113bb987012bcdfc99029314ad3f32381ad5fd43
[INFO] running `Command { std: "docker" "create" "-v" "/var/lib/crater-agent-workspace/builds/worker-3-tc2/target:/opt/rustwide/target:rw,Z" "-v" "/var/lib/crater-agent-workspace/builds/worker-3-tc2/source:/opt/rustwide/workdir:ro,Z" "-v" "/var/lib/crater-agent-workspace/cargo-home:/opt/rustwide/cargo-home:ro,Z" "-v" "/var/lib/crater-agent-workspace/rustup-home:/opt/rustwide/rustup-home:ro,Z" "-e" "SOURCE_DIR=/opt/rustwide/workdir" "-e" "CARGO_TARGET_DIR=/opt/rustwide/target" "-e" "CARGO_INCREMENTAL=0" "-e" "RUST_BACKTRACE=full" "-e" "RUSTFLAGS=--cap-lints=warn" "-e" "RUSTDOCFLAGS=--cap-lints=warn" "-e" "CARGO_HOME=/opt/rustwide/cargo-home" "-e" "RUSTUP_HOME=/opt/rustwide/rustup-home" "-w" "/opt/rustwide/workdir" "-m" "1610612736" "--user" "0:0" "--network" "none" "ghcr.io/rust-lang/crates-build-env/linux@sha256:f3a9d4ad9d972b27faf3965f35b62e55ba32bbce8f20bc8fe909558a86702fde" "/opt/rustwide/cargo-home/bin/cargo" "+beta-2024-12-08" "test" "--frozen" "--no-run" "--message-format=json", kill_on_drop: false }`
[INFO] [stdout] c86c2bf41bb733d0ed00cc8fb61b3f19d0112dba9d132629eea4546b67e26cde
[INFO] running `Command { std: "docker" "start" "-a" "c86c2bf41bb733d0ed00cc8fb61b3f19d0112dba9d132629eea4546b67e26cde", kill_on_drop: false }`
[INFO] [stderr]    Compiling binwalk v3.1.0 (/opt/rustwide/workdir)
[INFO] [stderr]     Finished `test` profile [unoptimized + debuginfo] target(s) in 2.75s
[INFO] running `Command { std: "docker" "inspect" "c86c2bf41bb733d0ed00cc8fb61b3f19d0112dba9d132629eea4546b67e26cde", kill_on_drop: false }`
[INFO] running `Command { std: "docker" "rm" "-f" "c86c2bf41bb733d0ed00cc8fb61b3f19d0112dba9d132629eea4546b67e26cde", kill_on_drop: false }`
[INFO] [stdout] c86c2bf41bb733d0ed00cc8fb61b3f19d0112dba9d132629eea4546b67e26cde
[INFO] running `Command { std: "docker" "create" "-v" "/var/lib/crater-agent-workspace/builds/worker-3-tc2/target:/opt/rustwide/target:rw,Z" "-v" "/var/lib/crater-agent-workspace/builds/worker-3-tc2/source:/opt/rustwide/workdir:ro,Z" "-v" "/var/lib/crater-agent-workspace/cargo-home:/opt/rustwide/cargo-home:ro,Z" "-v" "/var/lib/crater-agent-workspace/rustup-home:/opt/rustwide/rustup-home:ro,Z" "-e" "SOURCE_DIR=/opt/rustwide/workdir" "-e" "CARGO_TARGET_DIR=/opt/rustwide/target" "-e" "CARGO_INCREMENTAL=0" "-e" "RUST_BACKTRACE=full" "-e" "RUSTFLAGS=--cap-lints=warn" "-e" "RUSTDOCFLAGS=--cap-lints=warn" "-e" "CARGO_HOME=/opt/rustwide/cargo-home" "-e" "RUSTUP_HOME=/opt/rustwide/rustup-home" "-w" "/opt/rustwide/workdir" "-m" "1610612736" "--user" "0:0" "--network" "none" "ghcr.io/rust-lang/crates-build-env/linux@sha256:f3a9d4ad9d972b27faf3965f35b62e55ba32bbce8f20bc8fe909558a86702fde" "/opt/rustwide/cargo-home/bin/cargo" "+beta-2024-12-08" "test" "--frozen", kill_on_drop: false }`
[INFO] [stdout] c87ef1495c92861ddce153454684e8b099c214444f069c1829e31869994aa91d
[INFO] running `Command { std: "docker" "start" "-a" "c87ef1495c92861ddce153454684e8b099c214444f069c1829e31869994aa91d", kill_on_drop: false }`
[INFO] [stderr]     Finished `test` profile [unoptimized + debuginfo] target(s) in 0.13s
[INFO] [stderr]      Running unittests src/lib.rs (/opt/rustwide/target/debug/deps/binwalk-46bed0164c2fc8ba)
[INFO] [stdout] 
[INFO] [stdout] running 0 tests
[INFO] [stdout] 
[INFO] [stdout] test result: ok. 0 passed; 0 failed; 0 ignored; 0 measured; 0 filtered out; finished in 0.00s
[INFO] [stdout] 
[INFO] [stderr]      Running unittests src/main.rs (/opt/rustwide/target/debug/deps/binwalk-e148889893e306ea)
[INFO] [stdout] 
[INFO] [stdout] running 0 tests
[INFO] [stdout] 
[INFO] [stdout] test result: ok. 0 passed; 0 failed; 0 ignored; 0 measured; 0 filtered out; finished in 0.00s
[INFO] [stdout] 
[INFO] [stderr]    Doc-tests binwalk
[INFO] [stdout] 
[INFO] [stdout] running 32 tests
[INFO] [stdout] test src/extractors.rs - extractors (line 83) ... ignored
[INFO] [stdout] test src/extractors.rs - extractors (line 29) - compile ... ok
[INFO] [stdout] test src/binwalk.rs - binwalk::Binwalk (line 42) ... FAILED
[INFO] [stdout] test src/common.rs - common::crc32 (line 50) ... ok
[INFO] [stdout] test src/extractors/common.rs - extractors::common::Chroot::chrooted_path (line 198) ... ok
[INFO] [stdout] test src/binwalk.rs - binwalk::Binwalk::extract (line 537) ... FAILED
[INFO] [stdout] test src/binwalk.rs - binwalk::Binwalk::analyze (line 639) ... FAILED
[INFO] [stdout] test src/extractors/common.rs - extractors::common::Chroot::create_symlink (line 574) ... FAILED
[INFO] [stdout] test src/common.rs - common::is_offset_safe (line 131) ... ok
[INFO] [stdout] test src/extractors/common.rs - extractors::common::Chroot::append_to_file (line 429) ... ok
[INFO] [stdout] test src/common.rs - common::epoch_to_string (line 67) ... ok
[INFO] [stdout] test src/lib.rs - (line 5) - compile ... ok
[INFO] [stdout] test src/signatures.rs - signatures (line 16) ... ignored
[INFO] [stdout] test src/signatures.rs - signatures (line 57) ... ignored
[INFO] [stdout] test src/structures.rs - structures (line 41) - compile ... ok
[INFO] [stdout] test src/extractors/common.rs - extractors::common::Chroot::create_character_device (line 315) ... ok
[INFO] [stdout] test src/extractors/common.rs - extractors::common::Chroot::create_directory (line 482) ... ok
[INFO] [stdout] test src/extractors/common.rs - extractors::common::Chroot::create_block_device (line 347) ... ok
[INFO] [stdout] test src/extractors/common.rs - extractors::common::Chroot::carve_file (line 258) ... ok
[INFO] [stdout] test src/common.rs - common::read_file (line 11) ... ok
[INFO] [stdout] test src/common.rs - common::get_cstring (line 102) ... ok
[INFO] [stdout] test src/binwalk.rs - binwalk::Binwalk::new (line 80) ... ok
[INFO] [stdout] test src/extractors/common.rs - extractors::common::Chroot::create_fifo (line 379) ... ok
[INFO] [stdout] test src/extractors/common.rs - extractors::common::Chroot::create_socket (line 404) ... ok
[INFO] [stdout] test src/extractors/common.rs - extractors::common::Chroot::make_executable (line 513) ... ok
[INFO] [stdout] test src/binwalk.rs - binwalk::Binwalk::scan (line 225) ... ok
[INFO] [stdout] test src/extractors/common.rs - extractors::common::Chroot::safe_path_join (line 151) ... ok
[INFO] [stdout] test src/extractors/common.rs - extractors::common::Chroot::create_file (line 216) ... ok
[INFO] [stdout] test src/binwalk.rs - binwalk::Binwalk::configure (line 103) ... ok
[INFO] [stdout] test src/structures/common.rs - structures::common::parse (line 34) ... ok
[INFO] [stdout] test src/extractors/common.rs - extractors::common::Chroot::new (line 92) ... ok
[INFO] [stdout] test src/structures/common.rs - structures::common::size (line 136) ... ok
[INFO] [stdout] 
[INFO] [stdout] failures:
[INFO] [stdout] 
[INFO] [stdout] ---- src/binwalk.rs - binwalk::Binwalk (line 42) stdout ----
[INFO] [stdout] error: linking with `cc` failed: exit status: 1
[INFO] [stdout]   |
[INFO] [stdout]   = note: LC_ALL="C" PATH="/opt/rustwide/rustup-home/toolchains/beta-2024-12-08-x86_64-unknown-linux-gnu/lib/rustlib/x86_64-unknown-linux-gnu/bin:/opt/rustwide/cargo-home/bin:/usr/local/sbin:/usr/local/bin:/usr/sbin:/usr/bin:/sbin:/bin" VSLANG="1033" "cc" "-m64" "/tmp/rustccjGE9Q/symbols.o" "/tmp/rustdoctestHYZRVC/rust_out.rust_out.9242fac72db2cd11-cgu.0.rcgu.o" "/tmp/rustdoctestHYZRVC/rust_out.2hl2tb9xdtge7mguxzn2q1kvi.rcgu.o" "-Wl,--as-needed" "-Wl,-Bstatic" "/opt/rustwide/target/debug/deps/libbinwalk-5486ada7a12d42e2.rlib" "/opt/rustwide/target/debug/deps/libxxhash_rust-caddb326e568fa58.rlib" "/opt/rustwide/target/debug/deps/libcrc32_v2-0c08c3a73aadad48.rlib" "/opt/rustwide/target/debug/deps/libcrc32c-f5026caaeec47617.rlib" "/opt/rustwide/target/debug/deps/libbase64-1e2a536fab485f9b.rlib" "/opt/rustwide/target/debug/deps/libserde_json-39c46469e3a28f3c.rlib" "/opt/rustwide/target/debug/deps/libitoa-307f5b8ccbe1a9f3.rlib" "/opt/rustwide/target/debug/deps/libryu-6e02dac7c3b6be75.rlib" "/opt/rustwide/target/debug/deps/libxz2-3adf787283e29f83.rlib" "/opt/rustwide/target/debug/deps/liblzma_sys-406f52e444b35c1f.rlib" "/opt/rustwide/target/debug/deps/libflate2-ccd7ca7424541576.rlib" "/opt/rustwide/target/debug/deps/libminiz_oxide-fcbe7fe0841c338b.rlib" "/opt/rustwide/target/debug/deps/libadler2-36adbb7ac4252fa0.rlib" "/opt/rustwide/target/debug/deps/libcrc32fast-3e4e944995101d8a.rlib" "/opt/rustwide/target/debug/deps/libwalkdir-16a83d3e0202b63d.rlib" "/opt/rustwide/target/debug/deps/libsame_file-63d3c1419bab90cd.rlib" "/opt/rustwide/target/debug/deps/libbzip2-10b4ad3937d96996.rlib" "/opt/rustwide/target/debug/deps/libbzip2_sys-e80b8df123f84662.rlib" "/opt/rustwide/target/debug/deps/libchrono-31062ab31fa7a66e.rlib" "/opt/rustwide/target/debug/deps/libnum_traits-f19c4b30a6d64365.rlib" "/opt/rustwide/target/debug/deps/libiana_time_zone-aa61143ae82ec891.rlib" "/opt/rustwide/target/debug/deps/libuuid-32b3ddc67566c4c4.rlib" "/opt/rustwide/target/debug/deps/librand-413c7962df1e321e.rlib" "/opt/rustwide/target/debug/deps/librand_chacha-cf7e5d57f6a0b03c.rlib" "/opt/rustwide/target/debug/deps/libppv_lite86-17176bcc0248bfaa.rlib" "/opt/rustwide/target/debug/deps/libzerocopy-7022eb33b5d279f8.rlib" "/opt/rustwide/target/debug/deps/libbyteorder-6ac88002c46ec63a.rlib" "/opt/rustwide/target/debug/deps/librand_core-7e0b4e37fa499c09.rlib" "/opt/rustwide/target/debug/deps/libgetrandom-12c8c90ca695eea4.rlib" "/opt/rustwide/target/debug/deps/liblibc-ab0834fbaae7b92a.rlib" "/opt/rustwide/target/debug/deps/libcfg_if-a3e7e701fcd1f47b.rlib" "/opt/rustwide/target/debug/deps/libserde-7f9bf67de5026f96.rlib" "/opt/rustwide/target/debug/deps/liblog-e73d77c4679bb236.rlib" "/opt/rustwide/target/debug/deps/libaho_corasick-532f1bc0d082932f.rlib" "/opt/rustwide/target/debug/deps/libmemchr-d6cb21f6c03ed32f.rlib" "/opt/rustwide/rustup-home/toolchains/beta-2024-12-08-x86_64-unknown-linux-gnu/lib/rustlib/x86_64-unknown-linux-gnu/lib/libstd-02dc84f49135b6b8.rlib" "/opt/rustwide/rustup-home/toolchains/beta-2024-12-08-x86_64-unknown-linux-gnu/lib/rustlib/x86_64-unknown-linux-gnu/lib/libpanic_unwind-a8f45b397fae3f81.rlib" "/opt/rustwide/rustup-home/toolchains/beta-2024-12-08-x86_64-unknown-linux-gnu/lib/rustlib/x86_64-unknown-linux-gnu/lib/libobject-089607133c180609.rlib" "/opt/rustwide/rustup-home/toolchains/beta-2024-12-08-x86_64-unknown-linux-gnu/lib/rustlib/x86_64-unknown-linux-gnu/lib/libmemchr-fc89f091bcd86cbb.rlib" "/opt/rustwide/rustup-home/toolchains/beta-2024-12-08-x86_64-unknown-linux-gnu/lib/rustlib/x86_64-unknown-linux-gnu/lib/libaddr2line-5a60949f01c7340c.rlib" "/opt/rustwide/rustup-home/toolchains/beta-2024-12-08-x86_64-unknown-linux-gnu/lib/rustlib/x86_64-unknown-linux-gnu/lib/libgimli-d29e6a55ca253c8c.rlib" "/opt/rustwide/rustup-home/toolchains/beta-2024-12-08-x86_64-unknown-linux-gnu/lib/rustlib/x86_64-unknown-linux-gnu/lib/librustc_demangle-273c078d5f65de7a.rlib" "/opt/rustwide/rustup-home/toolchains/beta-2024-12-08-x86_64-unknown-linux-gnu/lib/rustlib/x86_64-unknown-linux-gnu/lib/libstd_detect-413c950ffbdd4454.rlib" "/opt/rustwide/rustup-home/toolchains/beta-2024-12-08-x86_64-unknown-linux-gnu/lib/rustlib/x86_64-unknown-linux-gnu/lib/libhashbrown-1853c0976a1d88a6.rlib" "/opt/rustwide/rustup-home/toolchains/beta-2024-12-08-x86_64-unknown-linux-gnu/lib/rustlib/x86_64-unknown-linux-gnu/lib/librustc_std_workspace_alloc-ccb3384ddacb0f9e.rlib" "/opt/rustwide/rustup-home/toolchains/beta-2024-12-08-x86_64-unknown-linux-gnu/lib/rustlib/x86_64-unknown-linux-gnu/lib/libminiz_oxide-0b901dfb0ca849e0.rlib" "/opt/rustwide/rustup-home/toolchains/beta-2024-12-08-x86_64-unknown-linux-gnu/lib/rustlib/x86_64-unknown-linux-gnu/lib/libadler-eebeb8d7c64543ad.rlib" "/opt/rustwide/rustup-home/toolchains/beta-2024-12-08-x86_64-unknown-linux-gnu/lib/rustlib/x86_64-unknown-linux-gnu/lib/libunwind-4723ef81d6079867.rlib" "/opt/rustwide/rustup-home/toolchains/beta-2024-12-08-x86_64-unknown-linux-gnu/lib/rustlib/x86_64-unknown-linux-gnu/lib/libcfg_if-54442f8b422f5a54.rlib" "/opt/rustwide/rustup-home/toolchains/beta-2024-12-08-x86_64-unknown-linux-gnu/lib/rustlib/x86_64-unknown-linux-gnu/lib/liblibc-e0bbe034b5282553.rlib" "/opt/rustwide/rustup-home/toolchains/beta-2024-12-08-x86_64-unknown-linux-gnu/lib/rustlib/x86_64-unknown-linux-gnu/lib/liballoc-d0febb68c1c37b90.rlib" "/opt/rustwide/rustup-home/toolchains/beta-2024-12-08-x86_64-unknown-linux-gnu/lib/rustlib/x86_64-unknown-linux-gnu/lib/librustc_std_workspace_core-4cf833632aafa84c.rlib" "/opt/rustwide/rustup-home/toolchains/beta-2024-12-08-x86_64-unknown-linux-gnu/lib/rustlib/x86_64-unknown-linux-gnu/lib/libcore-65c2c6d2d6ae570b.rlib" "/opt/rustwide/rustup-home/toolchains/beta-2024-12-08-x86_64-unknown-linux-gnu/lib/rustlib/x86_64-unknown-linux-gnu/lib/libcompiler_builtins-97929cee0dcfe424.rlib" "-Wl,-Bdynamic" "-llzma" "-lgcc_s" "-lutil" "-lrt" "-lpthread" "-lm" "-ldl" "-lc" "-Wl,--eh-frame-hdr" "-Wl,-z,noexecstack" "-L" "/opt/rustwide/target/debug/build/bzip2-sys-9609312b39b4e59c/out/lib" "-L" "/opt/rustwide/target/debug/build/freetype-sys-78e07050ed9b0f1a/out" "-L" "/usr/lib/x86_64-linux-gnu" "-L" "/opt/rustwide/rustup-home/toolchains/beta-2024-12-08-x86_64-unknown-linux-gnu/lib/rustlib/x86_64-unknown-linux-gnu/lib" "-o" "/tmp/rustdoctestHYZRVC/rust_out" "-Wl,--gc-sections" "-pie" "-Wl,-z,relro,-z,now" "-nodefaultlibs"
[INFO] [stdout]   = note: collect2: fatal error: ld terminated with signal 9 [Killed]
[INFO] [stdout]           compilation terminated.
[INFO] [stdout]           
[INFO] [stdout] 
[INFO] [stdout] error: aborting due to 1 previous error
[INFO] [stdout] 
[INFO] [stdout] Couldn't compile the test.
[INFO] [stdout] ---- src/binwalk.rs - binwalk::Binwalk::extract (line 537) stdout ----
[INFO] [stdout] error: linking with `cc` failed: exit status: 1
[INFO] [stdout]   |
[INFO] [stdout]   = note: LC_ALL="C" PATH="/opt/rustwide/rustup-home/toolchains/beta-2024-12-08-x86_64-unknown-linux-gnu/lib/rustlib/x86_64-unknown-linux-gnu/bin:/opt/rustwide/cargo-home/bin:/usr/local/sbin:/usr/local/bin:/usr/sbin:/usr/bin:/sbin:/bin" VSLANG="1033" "cc" "-m64" "/tmp/rustckwkkxh/symbols.o" "/tmp/rustdoctest2S820q/rust_out.rust_out.9242fac72db2cd11-cgu.0.rcgu.o" "/tmp/rustdoctest2S820q/rust_out.2hl2tb9xdtge7mguxzn2q1kvi.rcgu.o" "-Wl,--as-needed" "-Wl,-Bstatic" "/opt/rustwide/target/debug/deps/libbinwalk-5486ada7a12d42e2.rlib" "/opt/rustwide/target/debug/deps/libxxhash_rust-caddb326e568fa58.rlib" "/opt/rustwide/target/debug/deps/libcrc32_v2-0c08c3a73aadad48.rlib" "/opt/rustwide/target/debug/deps/libcrc32c-f5026caaeec47617.rlib" "/opt/rustwide/target/debug/deps/libbase64-1e2a536fab485f9b.rlib" "/opt/rustwide/target/debug/deps/libserde_json-39c46469e3a28f3c.rlib" "/opt/rustwide/target/debug/deps/libitoa-307f5b8ccbe1a9f3.rlib" "/opt/rustwide/target/debug/deps/libryu-6e02dac7c3b6be75.rlib" "/opt/rustwide/target/debug/deps/libxz2-3adf787283e29f83.rlib" "/opt/rustwide/target/debug/deps/liblzma_sys-406f52e444b35c1f.rlib" "/opt/rustwide/target/debug/deps/libflate2-ccd7ca7424541576.rlib" "/opt/rustwide/target/debug/deps/libminiz_oxide-fcbe7fe0841c338b.rlib" "/opt/rustwide/target/debug/deps/libadler2-36adbb7ac4252fa0.rlib" "/opt/rustwide/target/debug/deps/libcrc32fast-3e4e944995101d8a.rlib" "/opt/rustwide/target/debug/deps/libwalkdir-16a83d3e0202b63d.rlib" "/opt/rustwide/target/debug/deps/libsame_file-63d3c1419bab90cd.rlib" "/opt/rustwide/target/debug/deps/libbzip2-10b4ad3937d96996.rlib" "/opt/rustwide/target/debug/deps/libbzip2_sys-e80b8df123f84662.rlib" "/opt/rustwide/target/debug/deps/libchrono-31062ab31fa7a66e.rlib" "/opt/rustwide/target/debug/deps/libnum_traits-f19c4b30a6d64365.rlib" "/opt/rustwide/target/debug/deps/libiana_time_zone-aa61143ae82ec891.rlib" "/opt/rustwide/target/debug/deps/libuuid-32b3ddc67566c4c4.rlib" "/opt/rustwide/target/debug/deps/librand-413c7962df1e321e.rlib" "/opt/rustwide/target/debug/deps/librand_chacha-cf7e5d57f6a0b03c.rlib" "/opt/rustwide/target/debug/deps/libppv_lite86-17176bcc0248bfaa.rlib" "/opt/rustwide/target/debug/deps/libzerocopy-7022eb33b5d279f8.rlib" "/opt/rustwide/target/debug/deps/libbyteorder-6ac88002c46ec63a.rlib" "/opt/rustwide/target/debug/deps/librand_core-7e0b4e37fa499c09.rlib" "/opt/rustwide/target/debug/deps/libgetrandom-12c8c90ca695eea4.rlib" "/opt/rustwide/target/debug/deps/liblibc-ab0834fbaae7b92a.rlib" "/opt/rustwide/target/debug/deps/libcfg_if-a3e7e701fcd1f47b.rlib" "/opt/rustwide/target/debug/deps/libserde-7f9bf67de5026f96.rlib" "/opt/rustwide/target/debug/deps/liblog-e73d77c4679bb236.rlib" "/opt/rustwide/target/debug/deps/libaho_corasick-532f1bc0d082932f.rlib" "/opt/rustwide/target/debug/deps/libmemchr-d6cb21f6c03ed32f.rlib" "/opt/rustwide/rustup-home/toolchains/beta-2024-12-08-x86_64-unknown-linux-gnu/lib/rustlib/x86_64-unknown-linux-gnu/lib/libstd-02dc84f49135b6b8.rlib" "/opt/rustwide/rustup-home/toolchains/beta-2024-12-08-x86_64-unknown-linux-gnu/lib/rustlib/x86_64-unknown-linux-gnu/lib/libpanic_unwind-a8f45b397fae3f81.rlib" "/opt/rustwide/rustup-home/toolchains/beta-2024-12-08-x86_64-unknown-linux-gnu/lib/rustlib/x86_64-unknown-linux-gnu/lib/libobject-089607133c180609.rlib" "/opt/rustwide/rustup-home/toolchains/beta-2024-12-08-x86_64-unknown-linux-gnu/lib/rustlib/x86_64-unknown-linux-gnu/lib/libmemchr-fc89f091bcd86cbb.rlib" "/opt/rustwide/rustup-home/toolchains/beta-2024-12-08-x86_64-unknown-linux-gnu/lib/rustlib/x86_64-unknown-linux-gnu/lib/libaddr2line-5a60949f01c7340c.rlib" "/opt/rustwide/rustup-home/toolchains/beta-2024-12-08-x86_64-unknown-linux-gnu/lib/rustlib/x86_64-unknown-linux-gnu/lib/libgimli-d29e6a55ca253c8c.rlib" "/opt/rustwide/rustup-home/toolchains/beta-2024-12-08-x86_64-unknown-linux-gnu/lib/rustlib/x86_64-unknown-linux-gnu/lib/librustc_demangle-273c078d5f65de7a.rlib" "/opt/rustwide/rustup-home/toolchains/beta-2024-12-08-x86_64-unknown-linux-gnu/lib/rustlib/x86_64-unknown-linux-gnu/lib/libstd_detect-413c950ffbdd4454.rlib" "/opt/rustwide/rustup-home/toolchains/beta-2024-12-08-x86_64-unknown-linux-gnu/lib/rustlib/x86_64-unknown-linux-gnu/lib/libhashbrown-1853c0976a1d88a6.rlib" "/opt/rustwide/rustup-home/toolchains/beta-2024-12-08-x86_64-unknown-linux-gnu/lib/rustlib/x86_64-unknown-linux-gnu/lib/librustc_std_workspace_alloc-ccb3384ddacb0f9e.rlib" "/opt/rustwide/rustup-home/toolchains/beta-2024-12-08-x86_64-unknown-linux-gnu/lib/rustlib/x86_64-unknown-linux-gnu/lib/libminiz_oxide-0b901dfb0ca849e0.rlib" "/opt/rustwide/rustup-home/toolchains/beta-2024-12-08-x86_64-unknown-linux-gnu/lib/rustlib/x86_64-unknown-linux-gnu/lib/libadler-eebeb8d7c64543ad.rlib" "/opt/rustwide/rustup-home/toolchains/beta-2024-12-08-x86_64-unknown-linux-gnu/lib/rustlib/x86_64-unknown-linux-gnu/lib/libunwind-4723ef81d6079867.rlib" "/opt/rustwide/rustup-home/toolchains/beta-2024-12-08-x86_64-unknown-linux-gnu/lib/rustlib/x86_64-unknown-linux-gnu/lib/libcfg_if-54442f8b422f5a54.rlib" "/opt/rustwide/rustup-home/toolchains/beta-2024-12-08-x86_64-unknown-linux-gnu/lib/rustlib/x86_64-unknown-linux-gnu/lib/liblibc-e0bbe034b5282553.rlib" "/opt/rustwide/rustup-home/toolchains/beta-2024-12-08-x86_64-unknown-linux-gnu/lib/rustlib/x86_64-unknown-linux-gnu/lib/liballoc-d0febb68c1c37b90.rlib" "/opt/rustwide/rustup-home/toolchains/beta-2024-12-08-x86_64-unknown-linux-gnu/lib/rustlib/x86_64-unknown-linux-gnu/lib/librustc_std_workspace_core-4cf833632aafa84c.rlib" "/opt/rustwide/rustup-home/toolchains/beta-2024-12-08-x86_64-unknown-linux-gnu/lib/rustlib/x86_64-unknown-linux-gnu/lib/libcore-65c2c6d2d6ae570b.rlib" "/opt/rustwide/rustup-home/toolchains/beta-2024-12-08-x86_64-unknown-linux-gnu/lib/rustlib/x86_64-unknown-linux-gnu/lib/libcompiler_builtins-97929cee0dcfe424.rlib" "-Wl,-Bdynamic" "-llzma" "-lgcc_s" "-lutil" "-lrt" "-lpthread" "-lm" "-ldl" "-lc" "-Wl,--eh-frame-hdr" "-Wl,-z,noexecstack" "-L" "/opt/rustwide/target/debug/build/bzip2-sys-9609312b39b4e59c/out/lib" "-L" "/opt/rustwide/target/debug/build/freetype-sys-78e07050ed9b0f1a/out" "-L" "/usr/lib/x86_64-linux-gnu" "-L" "/opt/rustwide/rustup-home/toolchains/beta-2024-12-08-x86_64-unknown-linux-gnu/lib/rustlib/x86_64-unknown-linux-gnu/lib" "-o" "/tmp/rustdoctest2S820q/rust_out" "-Wl,--gc-sections" "-pie" "-Wl,-z,relro,-z,now" "-nodefaultlibs"
[INFO] [stdout]   = note: collect2: fatal error: ld terminated with signal 9 [Killed]
[INFO] [stdout]           compilation terminated.
[INFO] [stdout]           
[INFO] [stdout] 
[INFO] [stdout] error: aborting due to 1 previous error
[INFO] [stdout] 
[INFO] [stdout] Couldn't compile the test.
[INFO] [stdout] ---- src/binwalk.rs - binwalk::Binwalk::analyze (line 639) stdout ----
[INFO] [stdout] error: linking with `cc` failed: exit status: 1
[INFO] [stdout]   |
[INFO] [stdout]   = note: LC_ALL="C" PATH="/opt/rustwide/rustup-home/toolchains/beta-2024-12-08-x86_64-unknown-linux-gnu/lib/rustlib/x86_64-unknown-linux-gnu/bin:/opt/rustwide/cargo-home/bin:/usr/local/sbin:/usr/local/bin:/usr/sbin:/usr/bin:/sbin:/bin" VSLANG="1033" "cc" "-m64" "/tmp/rustchNjZWa/symbols.o" "/tmp/rustdoctestI54POa/rust_out.rust_out.9242fac72db2cd11-cgu.0.rcgu.o" "/tmp/rustdoctestI54POa/rust_out.2hl2tb9xdtge7mguxzn2q1kvi.rcgu.o" "-Wl,--as-needed" "-Wl,-Bstatic" "/opt/rustwide/target/debug/deps/libbinwalk-5486ada7a12d42e2.rlib" "/opt/rustwide/target/debug/deps/libxxhash_rust-caddb326e568fa58.rlib" "/opt/rustwide/target/debug/deps/libcrc32_v2-0c08c3a73aadad48.rlib" "/opt/rustwide/target/debug/deps/libcrc32c-f5026caaeec47617.rlib" "/opt/rustwide/target/debug/deps/libbase64-1e2a536fab485f9b.rlib" "/opt/rustwide/target/debug/deps/libserde_json-39c46469e3a28f3c.rlib" "/opt/rustwide/target/debug/deps/libitoa-307f5b8ccbe1a9f3.rlib" "/opt/rustwide/target/debug/deps/libryu-6e02dac7c3b6be75.rlib" "/opt/rustwide/target/debug/deps/libxz2-3adf787283e29f83.rlib" "/opt/rustwide/target/debug/deps/liblzma_sys-406f52e444b35c1f.rlib" "/opt/rustwide/target/debug/deps/libflate2-ccd7ca7424541576.rlib" "/opt/rustwide/target/debug/deps/libminiz_oxide-fcbe7fe0841c338b.rlib" "/opt/rustwide/target/debug/deps/libadler2-36adbb7ac4252fa0.rlib" "/opt/rustwide/target/debug/deps/libcrc32fast-3e4e944995101d8a.rlib" "/opt/rustwide/target/debug/deps/libwalkdir-16a83d3e0202b63d.rlib" "/opt/rustwide/target/debug/deps/libsame_file-63d3c1419bab90cd.rlib" "/opt/rustwide/target/debug/deps/libbzip2-10b4ad3937d96996.rlib" "/opt/rustwide/target/debug/deps/libbzip2_sys-e80b8df123f84662.rlib" "/opt/rustwide/target/debug/deps/libchrono-31062ab31fa7a66e.rlib" "/opt/rustwide/target/debug/deps/libnum_traits-f19c4b30a6d64365.rlib" "/opt/rustwide/target/debug/deps/libiana_time_zone-aa61143ae82ec891.rlib" "/opt/rustwide/target/debug/deps/libuuid-32b3ddc67566c4c4.rlib" "/opt/rustwide/target/debug/deps/librand-413c7962df1e321e.rlib" "/opt/rustwide/target/debug/deps/librand_chacha-cf7e5d57f6a0b03c.rlib" "/opt/rustwide/target/debug/deps/libppv_lite86-17176bcc0248bfaa.rlib" "/opt/rustwide/target/debug/deps/libzerocopy-7022eb33b5d279f8.rlib" "/opt/rustwide/target/debug/deps/libbyteorder-6ac88002c46ec63a.rlib" "/opt/rustwide/target/debug/deps/librand_core-7e0b4e37fa499c09.rlib" "/opt/rustwide/target/debug/deps/libgetrandom-12c8c90ca695eea4.rlib" "/opt/rustwide/target/debug/deps/liblibc-ab0834fbaae7b92a.rlib" "/opt/rustwide/target/debug/deps/libcfg_if-a3e7e701fcd1f47b.rlib" "/opt/rustwide/target/debug/deps/libserde-7f9bf67de5026f96.rlib" "/opt/rustwide/target/debug/deps/liblog-e73d77c4679bb236.rlib" "/opt/rustwide/target/debug/deps/libaho_corasick-532f1bc0d082932f.rlib" "/opt/rustwide/target/debug/deps/libmemchr-d6cb21f6c03ed32f.rlib" "/opt/rustwide/rustup-home/toolchains/beta-2024-12-08-x86_64-unknown-linux-gnu/lib/rustlib/x86_64-unknown-linux-gnu/lib/libstd-02dc84f49135b6b8.rlib" "/opt/rustwide/rustup-home/toolchains/beta-2024-12-08-x86_64-unknown-linux-gnu/lib/rustlib/x86_64-unknown-linux-gnu/lib/libpanic_unwind-a8f45b397fae3f81.rlib" "/opt/rustwide/rustup-home/toolchains/beta-2024-12-08-x86_64-unknown-linux-gnu/lib/rustlib/x86_64-unknown-linux-gnu/lib/libobject-089607133c180609.rlib" "/opt/rustwide/rustup-home/toolchains/beta-2024-12-08-x86_64-unknown-linux-gnu/lib/rustlib/x86_64-unknown-linux-gnu/lib/libmemchr-fc89f091bcd86cbb.rlib" "/opt/rustwide/rustup-home/toolchains/beta-2024-12-08-x86_64-unknown-linux-gnu/lib/rustlib/x86_64-unknown-linux-gnu/lib/libaddr2line-5a60949f01c7340c.rlib" "/opt/rustwide/rustup-home/toolchains/beta-2024-12-08-x86_64-unknown-linux-gnu/lib/rustlib/x86_64-unknown-linux-gnu/lib/libgimli-d29e6a55ca253c8c.rlib" "/opt/rustwide/rustup-home/toolchains/beta-2024-12-08-x86_64-unknown-linux-gnu/lib/rustlib/x86_64-unknown-linux-gnu/lib/librustc_demangle-273c078d5f65de7a.rlib" "/opt/rustwide/rustup-home/toolchains/beta-2024-12-08-x86_64-unknown-linux-gnu/lib/rustlib/x86_64-unknown-linux-gnu/lib/libstd_detect-413c950ffbdd4454.rlib" "/opt/rustwide/rustup-home/toolchains/beta-2024-12-08-x86_64-unknown-linux-gnu/lib/rustlib/x86_64-unknown-linux-gnu/lib/libhashbrown-1853c0976a1d88a6.rlib" "/opt/rustwide/rustup-home/toolchains/beta-2024-12-08-x86_64-unknown-linux-gnu/lib/rustlib/x86_64-unknown-linux-gnu/lib/librustc_std_workspace_alloc-ccb3384ddacb0f9e.rlib" "/opt/rustwide/rustup-home/toolchains/beta-2024-12-08-x86_64-unknown-linux-gnu/lib/rustlib/x86_64-unknown-linux-gnu/lib/libminiz_oxide-0b901dfb0ca849e0.rlib" "/opt/rustwide/rustup-home/toolchains/beta-2024-12-08-x86_64-unknown-linux-gnu/lib/rustlib/x86_64-unknown-linux-gnu/lib/libadler-eebeb8d7c64543ad.rlib" "/opt/rustwide/rustup-home/toolchains/beta-2024-12-08-x86_64-unknown-linux-gnu/lib/rustlib/x86_64-unknown-linux-gnu/lib/libunwind-4723ef81d6079867.rlib" "/opt/rustwide/rustup-home/toolchains/beta-2024-12-08-x86_64-unknown-linux-gnu/lib/rustlib/x86_64-unknown-linux-gnu/lib/libcfg_if-54442f8b422f5a54.rlib" "/opt/rustwide/rustup-home/toolchains/beta-2024-12-08-x86_64-unknown-linux-gnu/lib/rustlib/x86_64-unknown-linux-gnu/lib/liblibc-e0bbe034b5282553.rlib" "/opt/rustwide/rustup-home/toolchains/beta-2024-12-08-x86_64-unknown-linux-gnu/lib/rustlib/x86_64-unknown-linux-gnu/lib/liballoc-d0febb68c1c37b90.rlib" "/opt/rustwide/rustup-home/toolchains/beta-2024-12-08-x86_64-unknown-linux-gnu/lib/rustlib/x86_64-unknown-linux-gnu/lib/librustc_std_workspace_core-4cf833632aafa84c.rlib" "/opt/rustwide/rustup-home/toolchains/beta-2024-12-08-x86_64-unknown-linux-gnu/lib/rustlib/x86_64-unknown-linux-gnu/lib/libcore-65c2c6d2d6ae570b.rlib" "/opt/rustwide/rustup-home/toolchains/beta-2024-12-08-x86_64-unknown-linux-gnu/lib/rustlib/x86_64-unknown-linux-gnu/lib/libcompiler_builtins-97929cee0dcfe424.rlib" "-Wl,-Bdynamic" "-llzma" "-lgcc_s" "-lutil" "-lrt" "-lpthread" "-lm" "-ldl" "-lc" "-Wl,--eh-frame-hdr" "-Wl,-z,noexecstack" "-L" "/opt/rustwide/target/debug/build/bzip2-sys-9609312b39b4e59c/out/lib" "-L" "/opt/rustwide/target/debug/build/freetype-sys-78e07050ed9b0f1a/out" "-L" "/usr/lib/x86_64-linux-gnu" "-L" "/opt/rustwide/rustup-home/toolchains/beta-2024-12-08-x86_64-unknown-linux-gnu/lib/rustlib/x86_64-unknown-linux-gnu/lib" "-o" "/tmp/rustdoctestI54POa/rust_out" "-Wl,--gc-sections" "-pie" "-Wl,-z,relro,-z,now" "-nodefaultlibs"
[INFO] [stdout]   = note: collect2: fatal error: ld terminated with signal 9 [Killed]
[INFO] [stdout]           compilation terminated.
[INFO] [stdout]           
[INFO] [stdout] 
[INFO] [stdout] error: aborting due to 1 previous error
[INFO] [stdout] 
[INFO] [stdout] Couldn't compile the test.
[INFO] [stdout] ---- src/extractors/common.rs - extractors::common::Chroot::create_symlink (line 574) stdout ----
[INFO] [stdout] Couldn't compile the test.
[INFO] [stdout] 
[INFO] [stdout] failures:
[INFO] [stdout]     src/binwalk.rs - binwalk::Binwalk (line 42)
[INFO] [stdout]     src/binwalk.rs - binwalk::Binwalk::analyze (line 639)
[INFO] [stdout]     src/binwalk.rs - binwalk::Binwalk::extract (line 537)
[INFO] [stdout]     src/extractors/common.rs - extractors::common::Chroot::create_symlink (line 574)
[INFO] [stdout] 
[INFO] [stdout] test result: FAILED. 25 passed; 4 failed; 3 ignored; 0 measured; 0 filtered out; finished in 7.66s
[INFO] [stdout] 
[INFO] [stderr] error: doctest failed, to rerun pass `--doc`
[INFO] running `Command { std: "docker" "inspect" "c87ef1495c92861ddce153454684e8b099c214444f069c1829e31869994aa91d", kill_on_drop: false }`
[INFO] running `Command { std: "docker" "rm" "-f" "c87ef1495c92861ddce153454684e8b099c214444f069c1829e31869994aa91d", kill_on_drop: false }`
[INFO] [stdout] c87ef1495c92861ddce153454684e8b099c214444f069c1829e31869994aa91d
