[INFO] fetching crate binstalk-git-repo-api 0.5.7...
[INFO] testing binstalk-git-repo-api-0.5.7 against 1.83.0 for beta-1.84.0-4-retry
[INFO] extracting crate binstalk-git-repo-api 0.5.7 into /workspace/builds/worker-6-tc1/source
[INFO] validating manifest of crates.io crate binstalk-git-repo-api 0.5.7 on toolchain 1.83.0
[INFO] running `Command { std: CARGO_HOME="/workspace/cargo-home" RUSTUP_HOME="/workspace/rustup-home" "/workspace/cargo-home/bin/cargo" "+1.83.0" "metadata" "--manifest-path" "Cargo.toml" "--no-deps", kill_on_drop: false }`
[INFO] started tweaking crates.io crate binstalk-git-repo-api 0.5.7
[INFO] finished tweaking crates.io crate binstalk-git-repo-api 0.5.7
[INFO] tweaked toml for crates.io crate binstalk-git-repo-api 0.5.7 written to /workspace/builds/worker-6-tc1/source/Cargo.toml
[INFO] running `Command { std: CARGO_HOME="/workspace/cargo-home" RUSTUP_HOME="/workspace/rustup-home" "/workspace/cargo-home/bin/cargo" "+1.83.0" "generate-lockfile" "--manifest-path" "Cargo.toml", kill_on_drop: false }`
[INFO] [stderr]     Updating crates.io index
[INFO] [stderr]      Locking 307 packages to latest compatible versions
[INFO] [stderr]       Adding triomphe v0.1.11 (available: v0.1.14)
[INFO] running `Command { std: CARGO_HOME="/workspace/cargo-home" RUSTUP_HOME="/workspace/rustup-home" "/workspace/cargo-home/bin/cargo" "+1.83.0" "fetch" "--manifest-path" "Cargo.toml", kill_on_drop: false }`
[INFO] [stderr]  Downloading crates ...
[INFO] [stderr]   Downloaded ownable v0.6.2
[INFO] [stderr]   Downloaded rc-zip v5.1.3
[INFO] [stderr]   Downloaded oem_cp v2.0.0
[INFO] [stderr]   Downloaded h3-quinn v0.0.7
[INFO] [stderr]   Downloaded binstalk-types v0.9.2
[INFO] [stderr]   Downloaded binstalk-downloader v0.13.6
[INFO] [stderr]   Downloaded ownable-macro v0.6.0
[INFO] [stderr]   Downloaded hickory-resolver v0.25.0-alpha.4
[INFO] [stderr]   Downloaded serde-tuple-vec-map v1.0.1
[INFO] [stderr]   Downloaded h3 v0.0.6
[INFO] [stderr]   Downloaded binstall-tar v0.4.42
[INFO] [stderr]   Downloaded bzip2 v0.5.0
[INFO] [stderr]   Downloaded oval v2.0.0
[INFO] [stderr]   Downloaded rc-zip-sync v4.2.3
[INFO] [stderr]   Downloaded hickory-proto v0.25.0-alpha.4
[INFO] running `Command { std: "docker" "create" "-v" "/var/lib/crater-agent-workspace/builds/worker-6-tc1/target:/opt/rustwide/target:rw,Z" "-v" "/var/lib/crater-agent-workspace/builds/worker-6-tc1/source:/opt/rustwide/workdir:ro,Z" "-v" "/var/lib/crater-agent-workspace/cargo-home:/opt/rustwide/cargo-home:ro,Z" "-v" "/var/lib/crater-agent-workspace/rustup-home:/opt/rustwide/rustup-home:ro,Z" "-e" "SOURCE_DIR=/opt/rustwide/workdir" "-e" "CARGO_TARGET_DIR=/opt/rustwide/target" "-e" "CARGO_HOME=/opt/rustwide/cargo-home" "-e" "RUSTUP_HOME=/opt/rustwide/rustup-home" "-w" "/opt/rustwide/workdir" "-m" "1610612736" "--user" "0:0" "--network" "none" "ghcr.io/rust-lang/crates-build-env/linux@sha256:f3a9d4ad9d972b27faf3965f35b62e55ba32bbce8f20bc8fe909558a86702fde" "/opt/rustwide/cargo-home/bin/cargo" "+1.83.0" "metadata" "--no-deps" "--format-version=1", kill_on_drop: false }`
[INFO] [stdout] fd326c54a1bbe09e0af6101c20a2d2191c5241d56ab4f5c91c9979df21ee9465
[INFO] running `Command { std: "docker" "start" "-a" "fd326c54a1bbe09e0af6101c20a2d2191c5241d56ab4f5c91c9979df21ee9465", kill_on_drop: false }`
[INFO] running `Command { std: "docker" "inspect" "fd326c54a1bbe09e0af6101c20a2d2191c5241d56ab4f5c91c9979df21ee9465", kill_on_drop: false }`
[INFO] running `Command { std: "docker" "rm" "-f" "fd326c54a1bbe09e0af6101c20a2d2191c5241d56ab4f5c91c9979df21ee9465", kill_on_drop: false }`
[INFO] [stdout] fd326c54a1bbe09e0af6101c20a2d2191c5241d56ab4f5c91c9979df21ee9465
[INFO] running `Command { std: "docker" "create" "-v" "/var/lib/crater-agent-workspace/builds/worker-6-tc1/target:/opt/rustwide/target:rw,Z" "-v" "/var/lib/crater-agent-workspace/builds/worker-6-tc1/source:/opt/rustwide/workdir:ro,Z" "-v" "/var/lib/crater-agent-workspace/cargo-home:/opt/rustwide/cargo-home:ro,Z" "-v" "/var/lib/crater-agent-workspace/rustup-home:/opt/rustwide/rustup-home:ro,Z" "-e" "SOURCE_DIR=/opt/rustwide/workdir" "-e" "CARGO_TARGET_DIR=/opt/rustwide/target" "-e" "CARGO_INCREMENTAL=0" "-e" "RUST_BACKTRACE=full" "-e" "RUSTFLAGS=--cap-lints=warn" "-e" "RUSTDOCFLAGS=--cap-lints=warn" "-e" "CARGO_HOME=/opt/rustwide/cargo-home" "-e" "RUSTUP_HOME=/opt/rustwide/rustup-home" "-w" "/opt/rustwide/workdir" "-m" "1610612736" "--user" "0:0" "--network" "none" "ghcr.io/rust-lang/crates-build-env/linux@sha256:f3a9d4ad9d972b27faf3965f35b62e55ba32bbce8f20bc8fe909558a86702fde" "/opt/rustwide/cargo-home/bin/cargo" "+1.83.0" "build" "--frozen" "--message-format=json", kill_on_drop: false }`
[INFO] [stdout] ab86d3c9339450fedf90d986502b23013d74d953552e00a5cd2d7f2181af88fe
[INFO] running `Command { std: "docker" "start" "-a" "ab86d3c9339450fedf90d986502b23013d74d953552e00a5cd2d7f2181af88fe", kill_on_drop: false }`
[INFO] [stderr]    Compiling proc-macro2 v1.0.92
[INFO] [stderr]    Compiling unicode-ident v1.0.14
[INFO] [stderr]    Compiling libc v0.2.168
[INFO] [stderr]    Compiling shlex v1.3.0
[INFO] [stderr]    Compiling pkg-config v0.3.31
[INFO] [stderr]    Compiling itoa v1.0.14
[INFO] [stderr]    Compiling autocfg v1.4.0
[INFO] [stderr]    Compiling pin-project-lite v0.2.15
[INFO] [stderr]    Compiling stable_deref_trait v1.2.0
[INFO] [stderr]    Compiling cfg-if v1.0.0
[INFO] [stderr]    Compiling bytes v1.9.0
[INFO] [stderr]    Compiling futures-core v0.3.31
[INFO] [stderr]    Compiling equivalent v1.0.1
[INFO] [stderr]    Compiling serde v1.0.216
[INFO] [stderr]    Compiling hashbrown v0.15.2
[INFO] [stderr]    Compiling ryu v1.0.18
[INFO] [stderr]    Compiling version_check v0.9.5
[INFO] [stderr]    Compiling writeable v0.5.5
[INFO] [stderr]    Compiling siphasher v0.3.11
[INFO] [stderr]    Compiling litemap v0.7.4
[INFO] [stderr]    Compiling once_cell v1.20.2
[INFO] [stderr]    Compiling serde_json v1.0.133
[INFO] [stderr]    Compiling rand_core v0.6.4
[INFO] [stderr]    Compiling icu_locid_transform_data v1.5.0
[INFO] [stderr]    Compiling smallvec v1.13.2
[INFO] [stderr]    Compiling phf_shared v0.11.2
[INFO] [stderr]    Compiling icu_properties_data v1.5.0
[INFO] [stderr]    Compiling rand v0.8.5
[INFO] [stderr]    Compiling fnv v1.0.7
[INFO] [stderr]    Compiling tracing-core v0.1.33
[INFO] [stderr]    Compiling zstd-safe v7.2.1
[INFO] [stderr]    Compiling slab v0.4.9
[INFO] [stderr]    Compiling http v1.2.0
[INFO] [stderr]    Compiling proc-macro-error-attr v1.0.4
[INFO] [stderr]    Compiling proc-macro-error v1.0.4
[INFO] [stderr]    Compiling utf8_iter v1.0.4
[INFO] [stderr]    Compiling write16 v1.0.0
[INFO] [stderr]    Compiling memchr v2.7.4
[INFO] [stderr]    Compiling rustix v0.38.42
[INFO] [stderr]    Compiling winnow v0.6.20
[INFO] [stderr]    Compiling icu_normalizer_data v1.5.0
[INFO] [stderr]    Compiling rustversion v1.0.18
[INFO] [stderr]    Compiling utf16_iter v1.0.5
[INFO] [stderr]    Compiling toml_datetime v0.6.8
[INFO] [stderr]    Compiling num-traits v0.2.19
[INFO] [stderr]    Compiling crc32fast v1.4.2
[INFO] [stderr]    Compiling linux-raw-sys v0.4.14
[INFO] [stderr]    Compiling pin-utils v0.1.0
[INFO] [stderr]    Compiling alloc-no-stdlib v2.0.4
[INFO] [stderr]    Compiling percent-encoding v2.3.1
[INFO] [stderr]    Compiling futures-task v0.3.31
[INFO] [stderr]    Compiling quote v1.0.37
[INFO] [stderr]    Compiling futures-sink v0.3.31
[INFO] [stderr]    Compiling httparse v1.9.5
[INFO] [stderr]    Compiling bitflags v2.6.0
[INFO] [stderr]    Compiling form_urlencoded v1.2.1
[INFO] [stderr]    Compiling syn v2.0.90
[INFO] [stderr]    Compiling alloc-stdlib v0.2.2
[INFO] [stderr]    Compiling atomic-waker v1.1.2
[INFO] [stderr]    Compiling byteorder v1.5.0
[INFO] [stderr]    Compiling thiserror v1.0.69
[INFO] [stderr]    Compiling indexmap v2.7.0
[INFO] [stderr]    Compiling jobserver v0.1.32
[INFO] [stderr]    Compiling mio v1.0.3
[INFO] [stderr]    Compiling socket2 v0.5.8
[INFO] [stderr]    Compiling phf_generator v0.11.2
[INFO] [stderr]    Compiling try-lock v0.2.5
[INFO] [stderr]    Compiling cc v1.2.4
[INFO] [stderr]    Compiling phf_codegen v0.11.2
[INFO] [stderr]    Compiling adler2 v2.0.0
[INFO] [stderr]    Compiling crc-catalog v2.4.0
[INFO] [stderr]    Compiling crc v3.2.1
[INFO] [stderr]    Compiling miniz_oxide v0.8.0
[INFO] [stderr]    Compiling want v0.3.1
[INFO] [stderr]    Compiling http-body v1.0.1
[INFO] [stderr]    Compiling phf v0.11.2
[INFO] [stderr]    Compiling brotli-decompressor v4.0.1
[INFO] [stderr]    Compiling futures-channel v0.3.31
[INFO] [stderr]    Compiling encoding_rs v0.8.35
[INFO] [stderr]    Compiling toml_edit v0.22.22
[INFO] [stderr]    Compiling iana-time-zone v0.1.61
[INFO] [stderr]    Compiling semver v1.0.24
[INFO] [stderr]    Compiling adler v1.0.2
[INFO] [stderr]    Compiling miniz_oxide v0.7.4
[INFO] [stderr]    Compiling castaway v0.2.3
[INFO] [stderr]    Compiling lzma-rs v0.3.0
[INFO] [stderr]    Compiling filetime v0.2.25
[INFO] [stderr]    Compiling static_assertions v1.1.0
[INFO] [stderr]    Compiling winnow v0.5.40
[INFO] [stderr]    Compiling thiserror v2.0.7
[INFO] [stderr]    Compiling oval v2.0.0
[INFO] [stderr]    Compiling heck v0.5.0
[INFO] [stderr]    Compiling tower-service v0.3.3
[INFO] [stderr]    Compiling deflate64 v0.1.9
[INFO] [stderr]    Compiling positioned-io v0.3.3
[INFO] [stderr]    Compiling flate2 v1.0.35
[INFO] [stderr]    Compiling sync_wrapper v1.0.2
[INFO] [stderr]    Compiling base64 v0.22.1
[INFO] [stderr]    Compiling log v0.4.22
[INFO] [stderr]    Compiling brotli v7.0.0
[INFO] [stderr]    Compiling fastrand v2.3.0
[INFO] [stderr]    Compiling strum v0.26.3
[INFO] [stderr]    Compiling ipnet v2.10.1
[INFO] [stderr]    Compiling mime v0.3.17
[INFO] [stderr]    Compiling futures-io v0.3.31
[INFO] [stderr]    Compiling httpdate v1.0.3
[INFO] [stderr]    Compiling chrono v0.4.39
[INFO] [stderr]    Compiling zeroize v1.8.1
[INFO] [stderr]    Compiling xattr v1.3.1
[INFO] [stderr]    Compiling tempfile v3.14.0
[INFO] [stderr]    Compiling chardetng v0.1.17
[INFO] [stderr]    Compiling binstall-tar v0.4.42
[INFO] [stderr]    Compiling zstd-sys v2.0.13+zstd.1.5.6
[INFO] [stderr]    Compiling bzip2-sys v0.1.11+1.0.8
[INFO] [stderr]    Compiling lzma-sys v0.1.20
[INFO] [stderr]    Compiling xz2 v0.1.7
[INFO] [stderr]    Compiling bzip2 v0.4.4
[INFO] [stderr]    Compiling bzip2 v0.5.0
[INFO] [stderr]    Compiling proc-macro-crate v3.2.0
[INFO] [stderr]    Compiling zstd v0.13.2
[INFO] [stderr]    Compiling synstructure v0.13.1
[INFO] [stderr]    Compiling serde_derive v1.0.216
[INFO] [stderr]    Compiling zerofrom-derive v0.1.5
[INFO] [stderr]    Compiling yoke-derive v0.7.5
[INFO] [stderr]    Compiling zerovec-derive v0.10.3
[INFO] [stderr]    Compiling displaydoc v0.2.5
[INFO] [stderr]    Compiling tokio-macros v2.4.0
[INFO] [stderr]    Compiling icu_provider_macros v1.5.0
[INFO] [stderr]    Compiling tracing-attributes v0.1.28
[INFO] [stderr]    Compiling futures-macro v0.3.31
[INFO] [stderr]    Compiling num_enum_derive v0.7.3
[INFO] [stderr]    Compiling ownable-macro v0.6.0
[INFO] [stderr]    Compiling thiserror-impl v1.0.69
[INFO] [stderr]    Compiling strum_macros v0.26.4
[INFO] [stderr]    Compiling thiserror-impl v2.0.7
[INFO] [stderr]    Compiling async-trait v0.1.83
[INFO] [stderr]    Compiling num_enum v0.7.3
[INFO] [stderr]    Compiling futures-util v0.3.31
[INFO] [stderr]    Compiling ownable v0.6.2
[INFO] [stderr]    Compiling tokio v1.42.0
[INFO] [stderr]    Compiling tracing v0.1.41
[INFO] [stderr]    Compiling zerofrom v0.1.5
[INFO] [stderr]    Compiling yoke v0.7.5
[INFO] [stderr]    Compiling zerovec v0.10.4
[INFO] [stderr]    Compiling tinystr v0.7.6
[INFO] [stderr]    Compiling icu_collections v1.5.0
[INFO] [stderr]    Compiling icu_locid v1.5.0
[INFO] [stderr]    Compiling http-body-util v0.1.2
[INFO] [stderr]    Compiling icu_provider v1.5.0
[INFO] [stderr]    Compiling icu_locid_transform v1.5.0
[INFO] [stderr]    Compiling compact_str v0.8.0
[INFO] [stderr]    Compiling maybe-owned v0.3.4
[INFO] [stderr]    Compiling serde_urlencoded v0.7.1
[INFO] [stderr]    Compiling serde-tuple-vec-map v1.0.1
[INFO] [stderr]    Compiling icu_properties v1.5.1
[INFO] [stderr]    Compiling tokio-util v0.7.13
[INFO] [stderr]    Compiling async-compression v0.4.18
[INFO] [stderr]    Compiling tokio-stream v0.1.17
[INFO] [stderr]    Compiling tokio-tar v0.3.1
[INFO] [stderr]    Compiling h2 v0.4.7
[INFO] [stderr]    Compiling oem_cp v2.0.0
[INFO] [stderr]    Compiling icu_normalizer v1.5.0
[INFO] [stderr]    Compiling rc-zip v5.1.3
[INFO] [stderr]    Compiling idna_adapter v1.2.0
[INFO] [stderr]    Compiling idna v1.0.3
[INFO] [stderr]    Compiling url v2.5.4
[INFO] [stderr]    Compiling binstalk-types v0.9.2
[INFO] [stderr]    Compiling rc-zip-sync v4.2.3
[INFO] [stderr]    Compiling hyper v1.5.1
[INFO] [stderr]    Compiling hyper-util v0.1.10
[INFO] [stderr]    Compiling reqwest v0.12.9
[INFO] [stderr]    Compiling binstalk-downloader v0.13.6
[INFO] [stderr]    Compiling binstalk-git-repo-api v0.5.7 (/opt/rustwide/workdir)
[INFO] [stderr]     Finished `dev` profile [unoptimized + debuginfo] target(s) in 59.24s
[INFO] running `Command { std: "docker" "inspect" "ab86d3c9339450fedf90d986502b23013d74d953552e00a5cd2d7f2181af88fe", kill_on_drop: false }`
[INFO] running `Command { std: "docker" "rm" "-f" "ab86d3c9339450fedf90d986502b23013d74d953552e00a5cd2d7f2181af88fe", kill_on_drop: false }`
[INFO] [stdout] ab86d3c9339450fedf90d986502b23013d74d953552e00a5cd2d7f2181af88fe
[INFO] running `Command { std: "docker" "create" "-v" "/var/lib/crater-agent-workspace/builds/worker-6-tc1/target:/opt/rustwide/target:rw,Z" "-v" "/var/lib/crater-agent-workspace/builds/worker-6-tc1/source:/opt/rustwide/workdir:ro,Z" "-v" "/var/lib/crater-agent-workspace/cargo-home:/opt/rustwide/cargo-home:ro,Z" "-v" "/var/lib/crater-agent-workspace/rustup-home:/opt/rustwide/rustup-home:ro,Z" "-e" "SOURCE_DIR=/opt/rustwide/workdir" "-e" "CARGO_TARGET_DIR=/opt/rustwide/target" "-e" "CARGO_INCREMENTAL=0" "-e" "RUST_BACKTRACE=full" "-e" "RUSTFLAGS=--cap-lints=warn" "-e" "RUSTDOCFLAGS=--cap-lints=warn" "-e" "CARGO_HOME=/opt/rustwide/cargo-home" "-e" "RUSTUP_HOME=/opt/rustwide/rustup-home" "-w" "/opt/rustwide/workdir" "-m" "1610612736" "--user" "0:0" "--network" "none" "ghcr.io/rust-lang/crates-build-env/linux@sha256:f3a9d4ad9d972b27faf3965f35b62e55ba32bbce8f20bc8fe909558a86702fde" "/opt/rustwide/cargo-home/bin/cargo" "+1.83.0" "test" "--frozen" "--no-run" "--message-format=json", kill_on_drop: false }`
[INFO] [stdout] 8ac8c22ba0e32b670ae499822b37fc94f9ae57f82c3fb95597b9ef5805c83c2a
[INFO] running `Command { std: "docker" "start" "-a" "8ac8c22ba0e32b670ae499822b37fc94f9ae57f82c3fb95597b9ef5805c83c2a", kill_on_drop: false }`
[INFO] [stderr]    Compiling tracing-core v0.1.33
[INFO] [stderr]    Compiling rustls-pki-types v1.10.1
[INFO] [stderr]    Compiling getrandom v0.2.15
[INFO] [stderr]    Compiling untrusted v0.9.0
[INFO] [stderr]    Compiling bzip2-sys v0.1.11+1.0.8
[INFO] [stderr]    Compiling ring v0.17.8
[INFO] [stderr]    Compiling spin v0.9.8
[INFO] [stderr]    Compiling lzma-sys v0.1.20
[INFO] [stderr]    Compiling rustls v0.23.20
[INFO] [stderr]    Compiling subtle v2.6.1
[INFO] [stderr]    Compiling log v0.4.22
[INFO] [stderr]    Compiling openssl-probe v0.1.5
[INFO] [stderr]    Compiling lazy_static v1.5.0
[INFO] [stderr]    Compiling overload v0.1.1
[INFO] [stderr]    Compiling thread_local v1.1.8
[INFO] [stderr]    Compiling nu-ansi-term v0.46.0
[INFO] [stderr]    Compiling sharded-slab v0.1.7
[INFO] [stderr]    Compiling webpki-roots v0.26.7
[INFO] [stderr]    Compiling rustls-native-certs v0.8.1
[INFO] [stderr]    Compiling rustls-pemfile v2.2.0
[INFO] [stderr]    Compiling tracing v0.1.41
[INFO] [stderr]    Compiling tracing-log v0.2.0
[INFO] [stderr]    Compiling h2 v0.4.7
[INFO] [stderr]    Compiling bzip2 v0.4.4
[INFO] [stderr]    Compiling bzip2 v0.5.0
[INFO] [stderr]    Compiling tracing-subscriber v0.3.19
[INFO] [stderr]    Compiling rc-zip v5.1.3
[INFO] [stderr]    Compiling xz2 v0.1.7
[INFO] [stderr]    Compiling async-compression v0.4.18
[INFO] [stderr]    Compiling rc-zip-sync v4.2.3
[INFO] [stderr]    Compiling rustls-webpki v0.102.8
[INFO] [stderr]    Compiling hyper v1.5.1
[INFO] [stderr]    Compiling hyper-util v0.1.10
[INFO] [stderr]    Compiling tokio-rustls v0.26.1
[INFO] [stderr]    Compiling hyper-rustls v0.27.3
[INFO] [stderr]    Compiling reqwest v0.12.9
[INFO] [stderr]    Compiling binstalk-downloader v0.13.6
[INFO] [stderr]    Compiling binstalk-git-repo-api v0.5.7 (/opt/rustwide/workdir)
[INFO] [stderr]     Finished `test` profile [unoptimized + debuginfo] target(s) in 27.93s
[INFO] running `Command { std: "docker" "inspect" "8ac8c22ba0e32b670ae499822b37fc94f9ae57f82c3fb95597b9ef5805c83c2a", kill_on_drop: false }`
[INFO] running `Command { std: "docker" "rm" "-f" "8ac8c22ba0e32b670ae499822b37fc94f9ae57f82c3fb95597b9ef5805c83c2a", kill_on_drop: false }`
[INFO] [stdout] 8ac8c22ba0e32b670ae499822b37fc94f9ae57f82c3fb95597b9ef5805c83c2a
[INFO] running `Command { std: "docker" "create" "-v" "/var/lib/crater-agent-workspace/builds/worker-6-tc1/target:/opt/rustwide/target:rw,Z" "-v" "/var/lib/crater-agent-workspace/builds/worker-6-tc1/source:/opt/rustwide/workdir:ro,Z" "-v" "/var/lib/crater-agent-workspace/cargo-home:/opt/rustwide/cargo-home:ro,Z" "-v" "/var/lib/crater-agent-workspace/rustup-home:/opt/rustwide/rustup-home:ro,Z" "-e" "SOURCE_DIR=/opt/rustwide/workdir" "-e" "CARGO_TARGET_DIR=/opt/rustwide/target" "-e" "CARGO_INCREMENTAL=0" "-e" "RUST_BACKTRACE=full" "-e" "RUSTFLAGS=--cap-lints=warn" "-e" "RUSTDOCFLAGS=--cap-lints=warn" "-e" "CARGO_HOME=/opt/rustwide/cargo-home" "-e" "RUSTUP_HOME=/opt/rustwide/rustup-home" "-w" "/opt/rustwide/workdir" "-m" "1610612736" "--user" "0:0" "--network" "none" "ghcr.io/rust-lang/crates-build-env/linux@sha256:f3a9d4ad9d972b27faf3965f35b62e55ba32bbce8f20bc8fe909558a86702fde" "/opt/rustwide/cargo-home/bin/cargo" "+1.83.0" "test" "--frozen", kill_on_drop: false }`
[INFO] [stdout] fe5dc980f866bbd9cbef34a587fa1af0c377a0b01e15c6462e5e5a78fae0f04f
[INFO] running `Command { std: "docker" "start" "-a" "fe5dc980f866bbd9cbef34a587fa1af0c377a0b01e15c6462e5e5a78fae0f04f", kill_on_drop: false }`
[INFO] [stderr]     Finished `test` profile [unoptimized + debuginfo] target(s) in 0.29s
[INFO] [stderr]      Running unittests src/lib.rs (/opt/rustwide/target/debug/deps/binstalk_git_repo_api-8ab7a3f9252d93a2)
[INFO] [stdout] 
[INFO] [stdout] running 7 tests
[INFO] [stdout] test gh_api_client::error::test::test_graph_ql_error_type ... ok
[INFO] [stdout] test gh_api_client::test::extract_gh_release_artifacts_failure ... ok
[INFO] [stdout] test gh_api_client::test::cargo_audit_v_0_17_6::extract_with_escaped_characters ... ok
[INFO] [stdout] test gh_api_client::test::gh_repo_extract_from_and_to_url ... ok
[INFO] [stdout] test gh_api_client::test::extract_gh_release_artifacts_success ... ok
[INFO] [stdout] test gh_api_client::test::rate_limited_test_get_repo_info ... FAILED
[INFO] [stdout] test gh_api_client::test::rate_limited_test_has_release_artifact_and_download_artifacts ... FAILED
[INFO] [stdout] 
[INFO] [stdout] failures:
[INFO] [stdout] 
[INFO] [stdout] ---- gh_api_client::test::rate_limited_test_get_repo_info stdout ----
[INFO] [stdout] [34mDEBUG[0m [1mget_repo_info[0m[1m{[0m[3mrepo[0m[2m=[0mGhRepo { owner: "cargo-bins", repo: "cargo-binstall" }[1m}[0m[2m:[0m Getting restful API: https://api.github.com/repos/cargo-bins/cargo-binstall
[INFO] [stdout] [34mDEBUG[0m [1mget_repo_info[0m[1m{[0m[3mrepo[0m[2m=[0mGhRepo { owner: "cargo-bins", repo: "cargo-binstall" }[1m}[0m[2m:[0m Downloading from: 'https://api.github.com/repos/cargo-bins/cargo-binstall'
[INFO] [stdout] [34mDEBUG[0m [1mget_repo_info[0m[1m{[0m[3mrepo[0m[2m=[0mGhRepo { owner: "cargo-bins", repo: "ttt" }[1m}[0m[2m:[0m Getting restful API: https://api.github.com/repos/cargo-bins/ttt
[INFO] [stdout] [34mDEBUG[0m [1mget_repo_info[0m[1m{[0m[3mrepo[0m[2m=[0mGhRepo { owner: "cargo-bins", repo: "ttt" }[1m}[0m[2m:[0m Downloading from: 'https://api.github.com/repos/cargo-bins/ttt'
[INFO] [stdout] [32m INFO[0m [1mget_repo_info[0m[1m{[0m[3mrepo[0m[2m=[0mGhRepo { owner: "cargo-bins", repo: "cargo-binstall" }[1m}[0m[2m:[0m[1mdo_send_request[0m[1m{[0m[3mrequest[0m[2m=[0mRequest { method: GET, url: Url { scheme: "https", cannot_be_a_base: false, username: "", password: None, host: Some(Domain("api.github.com")), port: None, path: "/repos/cargo-bins/cargo-binstall", query: None, fragment: None }, headers: {"accept": "application/vnd.github+json", "x-github-api-version": "2022-11-28"} } [3murl[0m[2m=[0mhttps://api.github.com/repos/cargo-bins/cargo-binstall[1m}[0m[2m:[0m Received timeout error from reqwest. Delay future request by 200ms
[INFO] [stdout] [32m INFO[0m [1mget_repo_info[0m[1m{[0m[3mrepo[0m[2m=[0mGhRepo { owner: "cargo-bins", repo: "ttt" }[1m}[0m[2m:[0m[1mdo_send_request[0m[1m{[0m[3mrequest[0m[2m=[0mRequest { method: GET, url: Url { scheme: "https", cannot_be_a_base: false, username: "", password: None, host: Some(Domain("api.github.com")), port: None, path: "/repos/cargo-bins/ttt", query: None, fragment: None }, headers: {"accept": "application/vnd.github+json", "x-github-api-version": "2022-11-28"} } [3murl[0m[2m=[0mhttps://api.github.com/repos/cargo-bins/ttt[1m}[0m[2m:[0m Received timeout error from reqwest. Delay future request by 200ms
[INFO] [stdout] [32m INFO[0m [1mget_repo_info[0m[1m{[0m[3mrepo[0m[2m=[0mGhRepo { owner: "cargo-bins", repo: "cargo-binstall" }[1m}[0m[2m:[0m[1mdo_send_request[0m[1m{[0m[3mrequest[0m[2m=[0mRequest { method: GET, url: Url { scheme: "https", cannot_be_a_base: false, username: "", password: None, host: Some(Domain("api.github.com")), port: None, path: "/repos/cargo-bins/cargo-binstall", query: None, fragment: None }, headers: {"accept": "application/vnd.github+json", "x-github-api-version": "2022-11-28"} } [3murl[0m[2m=[0mhttps://api.github.com/repos/cargo-bins/cargo-binstall[1m}[0m[2m:[0m Received timeout error from reqwest. Delay future request by 200ms
[INFO] [stdout] [32m INFO[0m [1mget_repo_info[0m[1m{[0m[3mrepo[0m[2m=[0mGhRepo { owner: "cargo-bins", repo: "cargo-binstall" }[1m}[0m[2m:[0m[1mdo_send_request[0m[1m{[0m[3mrequest[0m[2m=[0mRequest { method: GET, url: Url { scheme: "https", cannot_be_a_base: false, username: "", password: None, host: Some(Domain("api.github.com")), port: None, path: "/repos/cargo-bins/cargo-binstall", query: None, fragment: None }, headers: {"accept": "application/vnd.github+json", "x-github-api-version": "2022-11-28"} } [3murl[0m[2m=[0mhttps://api.github.com/repos/cargo-bins/cargo-binstall[1m}[0m[2m:[0m Received timeout error from reqwest. Delay future request by 200ms
[INFO] [stdout] [34mDEBUG[0m [1mget_repo_info[0m[1m{[0m[3mrepo[0m[2m=[0mGhRepo { owner: "cargo-bins", repo: "cargo-binstall" }[1m}[0m[2m:[0m [3mreturn[0m[2m=[0mErr(Context(GhApiContextError { context: "Restful API", err: Remote(Http(HttpError { method: GET, url: Url { scheme: "https", cannot_be_a_base: false, username: "", password: None, host: Some(Domain("api.github.com")), port: None, path: "/repos/cargo-bins/cargo-binstall", query: None, fragment: None }, err: reqwest::Error { kind: Request, url: "https://api.github.com/repos/cargo-bins/cargo-binstall", source: hyper_util::client::legacy::Error(Connect, ConnectError("dns error", Custom { kind: Uncategorized, error: "failed to lookup address information: Temporary failure in name resolution" })) } })) }))
[INFO] [stdout] thread 'gh_api_client::test::rate_limited_test_get_repo_info' panicked at src/gh_api_client.rs:598:44:
[INFO] [stdout] called `Result::unwrap()` on an `Err` value: Context(GhApiContextError { context: "Restful API", err: Remote(Http(HttpError { method: GET, url: Url { scheme: "https", cannot_be_a_base: false, username: "", password: None, host: Some(Domain("api.github.com")), port: None, path: "/repos/cargo-bins/cargo-binstall", query: None, fragment: None }, err: reqwest::Error { kind: Request, url: "https://api.github.com/repos/cargo-bins/cargo-binstall", source: hyper_util::client::legacy::Error(Connect, ConnectError("dns error", Custom { kind: Uncategorized, error: "failed to lookup address information: Temporary failure in name resolution" })) } })) })
[INFO] [stdout] stack backtrace:
[INFO] [stdout]    0:     0x62851f0b580a - std::backtrace_rs::backtrace::libunwind::trace::h5a5b8284f2d0c266
[INFO] [stdout]                                at /rustc/90b35a6239c3d8bdabc530a6a0816f7ff89a0aaf/library/std/src/../../backtrace/src/backtrace/libunwind.rs:116:5
[INFO] [stdout]    1:     0x62851f0b580a - std::backtrace_rs::backtrace::trace_unsynchronized::h76d4f1c9b0b875e3
[INFO] [stdout]                                at /rustc/90b35a6239c3d8bdabc530a6a0816f7ff89a0aaf/library/std/src/../../backtrace/src/backtrace/mod.rs:66:5
[INFO] [stdout]    2:     0x62851f0b580a - std::sys::backtrace::_print_fmt::hc4546b8364a537c6
[INFO] [stdout]                                at /rustc/90b35a6239c3d8bdabc530a6a0816f7ff89a0aaf/library/std/src/sys/backtrace.rs:66:9
[INFO] [stdout]    3:     0x62851f0b580a - <std::sys::backtrace::BacktraceLock::print::DisplayBacktrace as core::fmt::Display>::fmt::h5b6bd5631a6d1f6b
[INFO] [stdout]                                at /rustc/90b35a6239c3d8bdabc530a6a0816f7ff89a0aaf/library/std/src/sys/backtrace.rs:39:26
[INFO] [stdout]    4:     0x62851f0dea83 - core::fmt::rt::Argument::fmt::h270f6602a2b96f62
[INFO] [stdout]                                at /rustc/90b35a6239c3d8bdabc530a6a0816f7ff89a0aaf/library/core/src/fmt/rt.rs:177:76
[INFO] [stdout]    5:     0x62851f0dea83 - core::fmt::write::h7550c97b06c86515
[INFO] [stdout]                                at /rustc/90b35a6239c3d8bdabc530a6a0816f7ff89a0aaf/library/core/src/fmt/mod.rs:1186:21
[INFO] [stdout]    6:     0x62851f0b1dd3 - std::io::Write::write_fmt::h509ff860e5956e5e
[INFO] [stdout]                                at /rustc/90b35a6239c3d8bdabc530a6a0816f7ff89a0aaf/library/std/src/io/mod.rs:1839:15
[INFO] [stdout]    7:     0x62851f0b5652 - std::sys::backtrace::BacktraceLock::print::h2395ccd2c84ba3aa
[INFO] [stdout]                                at /rustc/90b35a6239c3d8bdabc530a6a0816f7ff89a0aaf/library/std/src/sys/backtrace.rs:42:9
[INFO] [stdout]    8:     0x62851f0b6c6a - std::panicking::default_hook::{{closure}}::he19d4c7230e07961
[INFO] [stdout]                                at /rustc/90b35a6239c3d8bdabc530a6a0816f7ff89a0aaf/library/std/src/panicking.rs:268:22
[INFO] [stdout]    9:     0x62851f0b6a74 - std::panicking::default_hook::hf614597d3c67bbdb
[INFO] [stdout]                                at /rustc/90b35a6239c3d8bdabc530a6a0816f7ff89a0aaf/library/std/src/panicking.rs:292:9
[INFO] [stdout]   10:     0x62851e9b8da9 - <alloc::boxed::Box<F,A> as core::ops::function::Fn<Args>>::call::h39b51ce4599c23d1
[INFO] [stdout]                                at /rustc/90b35a6239c3d8bdabc530a6a0816f7ff89a0aaf/library/alloc/src/boxed.rs:2468:9
[INFO] [stdout]   11:     0x62851e9b8da9 - test::test_main::{{closure}}::he977ae839a582784
[INFO] [stdout]                                at /rustc/90b35a6239c3d8bdabc530a6a0816f7ff89a0aaf/library/test/src/lib.rs:133:21
[INFO] [stdout]   12:     0x62851f0b7308 - <alloc::boxed::Box<F,A> as core::ops::function::Fn<Args>>::call::h9455091b6b06f9fb
[INFO] [stdout]                                at /rustc/90b35a6239c3d8bdabc530a6a0816f7ff89a0aaf/library/alloc/src/boxed.rs:2468:9
[INFO] [stdout]   13:     0x62851f0b7308 - std::panicking::rust_panic_with_hook::h8942133a8b252070
[INFO] [stdout]                                at /rustc/90b35a6239c3d8bdabc530a6a0816f7ff89a0aaf/library/std/src/panicking.rs:809:13
[INFO] [stdout]   14:     0x62851f0b70ca - std::panicking::begin_panic_handler::{{closure}}::hb5f5963570096b29
[INFO] [stdout]                                at /rustc/90b35a6239c3d8bdabc530a6a0816f7ff89a0aaf/library/std/src/panicking.rs:674:13
[INFO] [stdout]   15:     0x62851f0b5ce9 - std::sys::backtrace::__rust_end_short_backtrace::h6208cedc1922feda
[INFO] [stdout]                                at /rustc/90b35a6239c3d8bdabc530a6a0816f7ff89a0aaf/library/std/src/sys/backtrace.rs:170:18
[INFO] [stdout]   16:     0x62851f0b6d5c - rust_begin_unwind
[INFO] [stdout]                                at /rustc/90b35a6239c3d8bdabc530a6a0816f7ff89a0aaf/library/std/src/panicking.rs:665:5
[INFO] [stdout]   17:     0x62851e8ba370 - core::panicking::panic_fmt::h0c3082644d1bf418
[INFO] [stdout]                                at /rustc/90b35a6239c3d8bdabc530a6a0816f7ff89a0aaf/library/core/src/panicking.rs:74:14
[INFO] [stdout]   18:     0x62851e8ba856 - core::result::unwrap_failed::hd20b4aa073bda1e2
[INFO] [stdout]                                at /rustc/90b35a6239c3d8bdabc530a6a0816f7ff89a0aaf/library/core/src/result.rs:1700:5
[INFO] [stdout]   19:     0x62851e94d8b6 - core::result::Result<T,E>::unwrap::he1c22bb38fb0caca
[INFO] [stdout]                                at /rustc/90b35a6239c3d8bdabc530a6a0816f7ff89a0aaf/library/core/src/result.rs:1104:23
[INFO] [stdout]   20:     0x62851e94d8b6 - binstalk_git_repo_api::gh_api_client::test::rate_limited_test_get_repo_info::{{closure}}::h3e4cb333860ba90e
[INFO] [stdout]                                at /opt/rustwide/workdir/src/gh_api_client.rs:598:24
[INFO] [stdout]   21:     0x62851e90aed2 - <core::pin::Pin<P> as core::future::future::Future>::poll::heaeb6e7fd5400583
[INFO] [stdout]                                at /rustc/90b35a6239c3d8bdabc530a6a0816f7ff89a0aaf/library/core/src/future/future.rs:123:9
[INFO] [stdout]   22:     0x62851e90aced - <core::pin::Pin<P> as core::future::future::Future>::poll::h5542436858f55b8f
[INFO] [stdout]                                at /rustc/90b35a6239c3d8bdabc530a6a0816f7ff89a0aaf/library/core/src/future/future.rs:123:9
[INFO] [stdout]   23:     0x62851e90aa1f - tokio::runtime::scheduler::current_thread::CoreGuard::block_on::{{closure}}::{{closure}}::{{closure}}::hf9e5b0f160ac6364
[INFO] [stdout]                                at /opt/rustwide/cargo-home/registry/src/index.crates.io-6f17d22bba15001f/tokio-1.42.0/src/runtime/scheduler/current_thread/mod.rs:729:57
[INFO] [stdout]   24:     0x62851e90a775 - tokio::runtime::coop::with_budget::h87637d7b258f0134
[INFO] [stdout]                                at /opt/rustwide/cargo-home/registry/src/index.crates.io-6f17d22bba15001f/tokio-1.42.0/src/runtime/coop.rs:107:5
[INFO] [stdout]   25:     0x62851e90a775 - tokio::runtime::coop::budget::h8aac11345f32bdf0
[INFO] [stdout]                                at /opt/rustwide/cargo-home/registry/src/index.crates.io-6f17d22bba15001f/tokio-1.42.0/src/runtime/coop.rs:73:5
[INFO] [stdout]   26:     0x62851e90a775 - tokio::runtime::scheduler::current_thread::CoreGuard::block_on::{{closure}}::{{closure}}::h83898039b761316c
[INFO] [stdout]                                at /opt/rustwide/cargo-home/registry/src/index.crates.io-6f17d22bba15001f/tokio-1.42.0/src/runtime/scheduler/current_thread/mod.rs:729:25
[INFO] [stdout]   27:     0x62851e908290 - tokio::runtime::scheduler::current_thread::Context::enter::h77f3362c2c713e7c
[INFO] [stdout]                                at /opt/rustwide/cargo-home/registry/src/index.crates.io-6f17d22bba15001f/tokio-1.42.0/src/runtime/scheduler/current_thread/mod.rs:428:19
[INFO] [stdout]   28:     0x62851e909feb - tokio::runtime::scheduler::current_thread::CoreGuard::block_on::{{closure}}::hc58a5a5accb328ce
[INFO] [stdout]                                at /opt/rustwide/cargo-home/registry/src/index.crates.io-6f17d22bba15001f/tokio-1.42.0/src/runtime/scheduler/current_thread/mod.rs:728:36
[INFO] [stdout]   29:     0x62851e909484 - tokio::runtime::scheduler::current_thread::CoreGuard::enter::{{closure}}::h7428eedee65ee0b2
[INFO] [stdout]                                at /opt/rustwide/cargo-home/registry/src/index.crates.io-6f17d22bba15001f/tokio-1.42.0/src/runtime/scheduler/current_thread/mod.rs:807:68
[INFO] [stdout]   30:     0x62851e8f60fb - tokio::runtime::context::scoped::Scoped<T>::set::h30b114a2dc00b32a
[INFO] [stdout]                                at /opt/rustwide/cargo-home/registry/src/index.crates.io-6f17d22bba15001f/tokio-1.42.0/src/runtime/context/scoped.rs:40:9
[INFO] [stdout]   31:     0x62851e93d599 - tokio::runtime::context::set_scheduler::{{closure}}::h72ec94f005b1ee69
[INFO] [stdout]                                at /opt/rustwide/cargo-home/registry/src/index.crates.io-6f17d22bba15001f/tokio-1.42.0/src/runtime/context.rs:180:26
[INFO] [stdout]   32:     0x62851e97a5bd - std::thread::local::LocalKey<T>::try_with::h96680f1c6b52502c
[INFO] [stdout]                                at /rustc/90b35a6239c3d8bdabc530a6a0816f7ff89a0aaf/library/std/src/thread/local.rs:283:12
[INFO] [stdout]   33:     0x62851e97947a - std::thread::local::LocalKey<T>::with::h0db0fe07c3189c86
[INFO] [stdout]                                at /rustc/90b35a6239c3d8bdabc530a6a0816f7ff89a0aaf/library/std/src/thread/local.rs:260:9
[INFO] [stdout]   34:     0x62851e93d54d - tokio::runtime::context::set_scheduler::h2edcdfeefa1b396f
[INFO] [stdout]                                at /opt/rustwide/cargo-home/registry/src/index.crates.io-6f17d22bba15001f/tokio-1.42.0/src/runtime/context.rs:180:9
[INFO] [stdout]   35:     0x62851e908df0 - tokio::runtime::scheduler::current_thread::CoreGuard::enter::h2c78dcc09b4ff811
[INFO] [stdout]                                at /opt/rustwide/cargo-home/registry/src/index.crates.io-6f17d22bba15001f/tokio-1.42.0/src/runtime/scheduler/current_thread/mod.rs:807:27
[INFO] [stdout]   36:     0x62851e909503 - tokio::runtime::scheduler::current_thread::CoreGuard::block_on::ha546e8edb91caa17
[INFO] [stdout]                                at /opt/rustwide/cargo-home/registry/src/index.crates.io-6f17d22bba15001f/tokio-1.42.0/src/runtime/scheduler/current_thread/mod.rs:716:19
[INFO] [stdout]   37:     0x62851e9059ca - tokio::runtime::scheduler::current_thread::CurrentThread::block_on::{{closure}}::h648b3f8dbe3f43a1
[INFO] [stdout]                                at /opt/rustwide/cargo-home/registry/src/index.crates.io-6f17d22bba15001f/tokio-1.42.0/src/runtime/scheduler/current_thread/mod.rs:196:28
[INFO] [stdout]   38:     0x62851e93dc66 - tokio::runtime::context::runtime::enter_runtime::h725650ca1806cfa6
[INFO] [stdout]                                at /opt/rustwide/cargo-home/registry/src/index.crates.io-6f17d22bba15001f/tokio-1.42.0/src/runtime/context/runtime.rs:65:16
[INFO] [stdout]   39:     0x62851e905241 - tokio::runtime::scheduler::current_thread::CurrentThread::block_on::h2eb090de27e3e834
[INFO] [stdout]                                at /opt/rustwide/cargo-home/registry/src/index.crates.io-6f17d22bba15001f/tokio-1.42.0/src/runtime/scheduler/current_thread/mod.rs:184:9
[INFO] [stdout]   40:     0x62851e943e53 - tokio::runtime::runtime::Runtime::block_on_inner::h5dc5307666605914
[INFO] [stdout]                                at /opt/rustwide/cargo-home/registry/src/index.crates.io-6f17d22bba15001f/tokio-1.42.0/src/runtime/runtime.rs:368:47
[INFO] [stdout]   41:     0x62851e944157 - tokio::runtime::runtime::Runtime::block_on::h020d1a6fce24bff5
[INFO] [stdout]                                at /opt/rustwide/cargo-home/registry/src/index.crates.io-6f17d22bba15001f/tokio-1.42.0/src/runtime/runtime.rs:342:13
[INFO] [stdout]   42:     0x62851e94ca81 - binstalk_git_repo_api::gh_api_client::test::rate_limited_test_get_repo_info::h3f0e6a37968a86db
[INFO] [stdout]                                at /opt/rustwide/workdir/src/gh_api_client.rs:561:9
[INFO] [stdout]   43:     0x62851e94c927 - binstalk_git_repo_api::gh_api_client::test::rate_limited_test_get_repo_info::{{closure}}::h0d8e3a6183b1221f
[INFO] [stdout]                                at /opt/rustwide/workdir/src/gh_api_client.rs:543:47
[INFO] [stdout]   44:     0x62851e8e6b36 - core::ops::function::FnOnce::call_once::h382aba0926ccb91e
[INFO] [stdout]                                at /rustc/90b35a6239c3d8bdabc530a6a0816f7ff89a0aaf/library/core/src/ops/function.rs:250:5
[INFO] [stdout]   45:     0x62851e9bd76b - core::ops::function::FnOnce::call_once::h109cf8051a59b34e
[INFO] [stdout]                                at /rustc/90b35a6239c3d8bdabc530a6a0816f7ff89a0aaf/library/core/src/ops/function.rs:250:5
[INFO] [stdout]   46:     0x62851e9bd76b - test::__rust_begin_short_backtrace::hf4fff89d377446ba
[INFO] [stdout]                                at /rustc/90b35a6239c3d8bdabc530a6a0816f7ff89a0aaf/library/test/src/lib.rs:621:18
[INFO] [stdout]   47:     0x62851e9bcfa7 - test::run_test_in_process::{{closure}}::h0e39181dd7ee5a43
[INFO] [stdout]                                at /rustc/90b35a6239c3d8bdabc530a6a0816f7ff89a0aaf/library/test/src/lib.rs:644:60
[INFO] [stdout]   48:     0x62851e9bcfa7 - <core::panic::unwind_safe::AssertUnwindSafe<F> as core::ops::function::FnOnce<()>>::call_once::hc5a66a30f0bdfd1f
[INFO] [stdout]                                at /rustc/90b35a6239c3d8bdabc530a6a0816f7ff89a0aaf/library/core/src/panic/unwind_safe.rs:272:9
[INFO] [stdout]   49:     0x62851e9bcfa7 - std::panicking::try::do_call::h873b7cf639554a5e
[INFO] [stdout]                                at /rustc/90b35a6239c3d8bdabc530a6a0816f7ff89a0aaf/library/std/src/panicking.rs:557:40
[INFO] [stdout]   50:     0x62851e9bcfa7 - std::panicking::try::hdb19862fad9c8bd1
[INFO] [stdout]                                at /rustc/90b35a6239c3d8bdabc530a6a0816f7ff89a0aaf/library/std/src/panicking.rs:520:19
[INFO] [stdout]   51:     0x62851e9bcfa7 - std::panic::catch_unwind::h281fe732d236d260
[INFO] [stdout]                                at /rustc/90b35a6239c3d8bdabc530a6a0816f7ff89a0aaf/library/std/src/panic.rs:358:14
[INFO] [stdout]   52:     0x62851e9bcfa7 - test::run_test_in_process::h949b6df8457ed338
[INFO] [stdout]                                at /rustc/90b35a6239c3d8bdabc530a6a0816f7ff89a0aaf/library/test/src/lib.rs:644:27
[INFO] [stdout]   53:     0x62851e9bcfa7 - test::run_test::{{closure}}::h52c556a6d4740e10
[INFO] [stdout]                                at /rustc/90b35a6239c3d8bdabc530a6a0816f7ff89a0aaf/library/test/src/lib.rs:565:43
[INFO] [stdout]   54:     0x62851e982284 - test::run_test::{{closure}}::h4237f6381c45ccb9
[INFO] [stdout]                                at /rustc/90b35a6239c3d8bdabc530a6a0816f7ff89a0aaf/library/test/src/lib.rs:595:41
[INFO] [stdout]   55:     0x62851e982284 - std::sys::backtrace::__rust_begin_short_backtrace::h505c97a579eca628
[INFO] [stdout]                                at /rustc/90b35a6239c3d8bdabc530a6a0816f7ff89a0aaf/library/std/src/sys/backtrace.rs:154:18
[INFO] [stdout]   56:     0x62851e98594e - std::thread::Builder::spawn_unchecked_::{{closure}}::{{closure}}::h9e86b2e2bc107ea3
[INFO] [stdout]                                at /rustc/90b35a6239c3d8bdabc530a6a0816f7ff89a0aaf/library/std/src/thread/mod.rs:538:17
[INFO] [stdout]   57:     0x62851e98594e - <core::panic::unwind_safe::AssertUnwindSafe<F> as core::ops::function::FnOnce<()>>::call_once::h8b06ddb275ff4a25
[INFO] [stdout]                                at /rustc/90b35a6239c3d8bdabc530a6a0816f7ff89a0aaf/library/core/src/panic/unwind_safe.rs:272:9
[INFO] [stdout]   58:     0x62851e98594e - std::panicking::try::do_call::hb26ecd7cd9a9355d
[INFO] [stdout]                                at /rustc/90b35a6239c3d8bdabc530a6a0816f7ff89a0aaf/library/std/src/panicking.rs:557:40
[INFO] [stdout]   59:     0x62851e98594e - std::panicking::try::h8ddeca9d705f9069
[INFO] [stdout]                                at /rustc/90b35a6239c3d8bdabc530a6a0816f7ff89a0aaf/library/std/src/panicking.rs:520:19
[INFO] [stdout]   60:     0x62851e98594e - std::panic::catch_unwind::h49e1c33078844c46
[INFO] [stdout]                                at /rustc/90b35a6239c3d8bdabc530a6a0816f7ff89a0aaf/library/std/src/panic.rs:358:14
[INFO] [stdout]   61:     0x62851e98594e - std::thread::Builder::spawn_unchecked_::{{closure}}::h6073db6ff56ad35d
[INFO] [stdout]                                at /rustc/90b35a6239c3d8bdabc530a6a0816f7ff89a0aaf/library/std/src/thread/mod.rs:537:30
[INFO] [stdout]   62:     0x62851e98594e - core::ops::function::FnOnce::call_once{{vtable.shim}}::h2c5a5f3779c774f1
[INFO] [stdout]                                at /rustc/90b35a6239c3d8bdabc530a6a0816f7ff89a0aaf/library/core/src/ops/function.rs:250:5
[INFO] [stdout]   63:     0x62851f0bb67b - <alloc::boxed::Box<F,A> as core::ops::function::FnOnce<Args>>::call_once::hf75717d9f28faebf
[INFO] [stdout]                                at /rustc/90b35a6239c3d8bdabc530a6a0816f7ff89a0aaf/library/alloc/src/boxed.rs:2454:9
[INFO] [stdout]   64:     0x62851f0bb67b - <alloc::boxed::Box<F,A> as core::ops::function::FnOnce<Args>>::call_once::h7bd883a5f3c5f3c1
[INFO] [stdout]                                at /rustc/90b35a6239c3d8bdabc530a6a0816f7ff89a0aaf/library/alloc/src/boxed.rs:2454:9
[INFO] [stdout]   65:     0x62851f0bb67b - std::sys::pal::unix::thread::Thread::new::thread_start::hcc78f3943333fa94
[INFO] [stdout]                                at /rustc/90b35a6239c3d8bdabc530a6a0816f7ff89a0aaf/library/std/src/sys/pal/unix/thread.rs:105:17
[INFO] [stdout]   66:     0x71eeb5249ac3 - <unknown>
[INFO] [stdout]   67:     0x71eeb52daa04 - clone
[INFO] [stdout]   68:                0x0 - <unknown>
[INFO] [stdout] 
[INFO] [stdout] ---- gh_api_client::test::rate_limited_test_has_release_artifact_and_download_artifacts stdout ----
[INFO] [stdout] [34mDEBUG[0m [1mhas_release_artifact[0m[1m{[0m[3mrelease[0m[2m=[0mGhRelease { repo: GhRepo { owner: "cargo-bins", repo: "cargo-binstall" }, tag: "v0.20.1" } [3martifact_name[0m[2m=[0m"cargo-binstall-aarch64-apple-darwin.full.zip"[1m}[0m[2m:[0m Getting restful API: https://api.github.com/repos/cargo-bins/cargo-binstall/releases/tags/v0.20.1
[INFO] [stdout] [34mDEBUG[0m [1mhas_release_artifact[0m[1m{[0m[3mrelease[0m[2m=[0mGhRelease { repo: GhRepo { owner: "cargo-bins", repo: "cargo-binstall" }, tag: "v0.20.1" } [3martifact_name[0m[2m=[0m"cargo-binstall-aarch64-apple-darwin.full.zip"[1m}[0m[2m:[0m Downloading from: 'https://api.github.com/repos/cargo-bins/cargo-binstall/releases/tags/v0.20.1'
[INFO] [stdout] [34mDEBUG[0m [1mhas_release_artifact[0m[1m{[0m[3mrelease[0m[2m=[0mGhRelease { repo: GhRepo { owner: "cargo-bins", repo: "cargo-binstall" }, tag: "v0.18.2" } [3martifact_name[0m[2m=[0m"1234"[1m}[0m[2m:[0m Getting restful API: https://api.github.com/repos/cargo-bins/cargo-binstall/releases/tags/v0.18.2
[INFO] [stdout] [34mDEBUG[0m [1mhas_release_artifact[0m[1m{[0m[3mrelease[0m[2m=[0mGhRelease { repo: GhRepo { owner: "cargo-bins", repo: "cargo-binstall" }, tag: "v0.18.2" } [3martifact_name[0m[2m=[0m"1234"[1m}[0m[2m:[0m Downloading from: 'https://api.github.com/repos/cargo-bins/cargo-binstall/releases/tags/v0.18.2'
[INFO] [stdout] [32m INFO[0m [1mhas_release_artifact[0m[1m{[0m[3mrelease[0m[2m=[0mGhRelease { repo: GhRepo { owner: "cargo-bins", repo: "cargo-binstall" }, tag: "v0.20.1" } [3martifact_name[0m[2m=[0m"cargo-binstall-aarch64-apple-darwin.full.zip"[1m}[0m[2m:[0m[1mdo_send_request[0m[1m{[0m[3mrequest[0m[2m=[0mRequest { method: GET, url: Url { scheme: "https", cannot_be_a_base: false, username: "", password: None, host: Some(Domain("api.github.com")), port: None, path: "/repos/cargo-bins/cargo-binstall/releases/tags/v0.20.1", query: None, fragment: None }, headers: {"accept": "application/vnd.github+json", "x-github-api-version": "2022-11-28"} } [3murl[0m[2m=[0mhttps://api.github.com/repos/cargo-bins/cargo-binstall/releases/tags/v0.20.1[1m}[0m[2m:[0m Received timeout error from reqwest. Delay future request by 200ms
[INFO] [stdout] [32m INFO[0m [1mhas_release_artifact[0m[1m{[0m[3mrelease[0m[2m=[0mGhRelease { repo: GhRepo { owner: "cargo-bins", repo: "cargo-binstall" }, tag: "v0.18.2" } [3martifact_name[0m[2m=[0m"1234"[1m}[0m[2m:[0m[1mdo_send_request[0m[1m{[0m[3mrequest[0m[2m=[0mRequest { method: GET, url: Url { scheme: "https", cannot_be_a_base: false, username: "", password: None, host: Some(Domain("api.github.com")), port: None, path: "/repos/cargo-bins/cargo-binstall/releases/tags/v0.18.2", query: None, fragment: None }, headers: {"accept": "application/vnd.github+json", "x-github-api-version": "2022-11-28"} } [3murl[0m[2m=[0mhttps://api.github.com/repos/cargo-bins/cargo-binstall/releases/tags/v0.18.2[1m}[0m[2m:[0m Received timeout error from reqwest. Delay future request by 200ms
[INFO] [stdout] [32m INFO[0m [1mhas_release_artifact[0m[1m{[0m[3mrelease[0m[2m=[0mGhRelease { repo: GhRepo { owner: "cargo-bins", repo: "cargo-binstall" }, tag: "v0.20.1" } [3martifact_name[0m[2m=[0m"cargo-binstall-aarch64-apple-darwin.full.zip"[1m}[0m[2m:[0m[1mdo_send_request[0m[1m{[0m[3mrequest[0m[2m=[0mRequest { method: GET, url: Url { scheme: "https", cannot_be_a_base: false, username: "", password: None, host: Some(Domain("api.github.com")), port: None, path: "/repos/cargo-bins/cargo-binstall/releases/tags/v0.20.1", query: None, fragment: None }, headers: {"accept": "application/vnd.github+json", "x-github-api-version": "2022-11-28"} } [3murl[0m[2m=[0mhttps://api.github.com/repos/cargo-bins/cargo-binstall/releases/tags/v0.20.1[1m}[0m[2m:[0m Received timeout error from reqwest. Delay future request by 200ms
[INFO] [stdout] [32m INFO[0m [1mhas_release_artifact[0m[1m{[0m[3mrelease[0m[2m=[0mGhRelease { repo: GhRepo { owner: "cargo-bins", repo: "cargo-binstall" }, tag: "v0.18.2" } [3martifact_name[0m[2m=[0m"1234"[1m}[0m[2m:[0m[1mdo_send_request[0m[1m{[0m[3mrequest[0m[2m=[0mRequest { method: GET, url: Url { scheme: "https", cannot_be_a_base: false, username: "", password: None, host: Some(Domain("api.github.com")), port: None, path: "/repos/cargo-bins/cargo-binstall/releases/tags/v0.18.2", query: None, fragment: None }, headers: {"accept": "application/vnd.github+json", "x-github-api-version": "2022-11-28"} } [3murl[0m[2m=[0mhttps://api.github.com/repos/cargo-bins/cargo-binstall/releases/tags/v0.18.2[1m}[0m[2m:[0m Received timeout error from reqwest. Delay future request by 200ms
[INFO] [stdout] [32m INFO[0m [1mhas_release_artifact[0m[1m{[0m[3mrelease[0m[2m=[0mGhRelease { repo: GhRepo { owner: "cargo-bins", repo: "cargo-binstall" }, tag: "v0.20.1" } [3martifact_name[0m[2m=[0m"cargo-binstall-aarch64-apple-darwin.full.zip"[1m}[0m[2m:[0m[1mdo_send_request[0m[1m{[0m[3mrequest[0m[2m=[0mRequest { method: GET, url: Url { scheme: "https", cannot_be_a_base: false, username: "", password: None, host: Some(Domain("api.github.com")), port: None, path: "/repos/cargo-bins/cargo-binstall/releases/tags/v0.20.1", query: None, fragment: None }, headers: {"accept": "application/vnd.github+json", "x-github-api-version": "2022-11-28"} } [3murl[0m[2m=[0mhttps://api.github.com/repos/cargo-bins/cargo-binstall/releases/tags/v0.20.1[1m}[0m[2m:[0m Received timeout error from reqwest. Delay future request by 200ms
[INFO] [stdout] [34mDEBUG[0m [1mhas_release_artifact[0m[1m{[0m[3mrelease[0m[2m=[0mGhRelease { repo: GhRepo { owner: "cargo-bins", repo: "cargo-binstall" }, tag: "v0.20.1" } [3martifact_name[0m[2m=[0m"cargo-binstall-aarch64-apple-darwin.full.zip"[1m}[0m[2m:[0m [3mreturn[0m[2m=[0mErr(Context(GhApiContextError { context: "Restful API", err: Remote(Http(HttpError { method: GET, url: Url { scheme: "https", cannot_be_a_base: false, username: "", password: None, host: Some(Domain("api.github.com")), port: None, path: "/repos/cargo-bins/cargo-binstall/releases/tags/v0.20.1", query: None, fragment: None }, err: reqwest::Error { kind: Request, url: "https://api.github.com/repos/cargo-bins/cargo-binstall/releases/tags/v0.20.1", source: hyper_util::client::legacy::Error(Connect, ConnectError("dns error", Custom { kind: Uncategorized, error: "failed to lookup address information: Temporary failure in name resolution" })) } })) }))
[INFO] [stdout] thread 'gh_api_client::test::rate_limited_test_has_release_artifact_and_download_artifacts' panicked at src/gh_api_client.rs:665:30:
[INFO] [stdout] called `Result::unwrap()` on an `Err` value: Context(GhApiContextError { context: "Restful API", err: Remote(Http(HttpError { method: GET, url: Url { scheme: "https", cannot_be_a_base: false, username: "", password: None, host: Some(Domain("api.github.com")), port: None, path: "/repos/cargo-bins/cargo-binstall/releases/tags/v0.20.1", query: None, fragment: None }, err: reqwest::Error { kind: Request, url: "https://api.github.com/repos/cargo-bins/cargo-binstall/releases/tags/v0.20.1", source: hyper_util::client::legacy::Error(Connect, ConnectError("dns error", Custom { kind: Uncategorized, error: "failed to lookup address information: Temporary failure in name resolution" })) } })) })
[INFO] [stdout] stack backtrace:
[INFO] [stdout]    0:     0x62851f0b580a - std::backtrace_rs::backtrace::libunwind::trace::h5a5b8284f2d0c266
[INFO] [stdout]                                at /rustc/90b35a6239c3d8bdabc530a6a0816f7ff89a0aaf/library/std/src/../../backtrace/src/backtrace/libunwind.rs:116:5
[INFO] [stdout]    1:     0x62851f0b580a - std::backtrace_rs::backtrace::trace_unsynchronized::h76d4f1c9b0b875e3
[INFO] [stdout]                                at /rustc/90b35a6239c3d8bdabc530a6a0816f7ff89a0aaf/library/std/src/../../backtrace/src/backtrace/mod.rs:66:5
[INFO] [stdout]    2:     0x62851f0b580a - std::sys::backtrace::_print_fmt::hc4546b8364a537c6
[INFO] [stdout]                                at /rustc/90b35a6239c3d8bdabc530a6a0816f7ff89a0aaf/library/std/src/sys/backtrace.rs:66:9
[INFO] [stdout]    3:     0x62851f0b580a - <std::sys::backtrace::BacktraceLock::print::DisplayBacktrace as core::fmt::Display>::fmt::h5b6bd5631a6d1f6b
[INFO] [stdout]                                at /rustc/90b35a6239c3d8bdabc530a6a0816f7ff89a0aaf/library/std/src/sys/backtrace.rs:39:26
[INFO] [stdout]    4:     0x62851f0dea83 - core::fmt::rt::Argument::fmt::h270f6602a2b96f62
[INFO] [stdout]                                at /rustc/90b35a6239c3d8bdabc530a6a0816f7ff89a0aaf/library/core/src/fmt/rt.rs:177:76
[INFO] [stdout]    5:     0x62851f0dea83 - core::fmt::write::h7550c97b06c86515
[INFO] [stdout]                                at /rustc/90b35a6239c3d8bdabc530a6a0816f7ff89a0aaf/library/core/src/fmt/mod.rs:1186:21
[INFO] [stdout]    6:     0x62851f0b1dd3 - std::io::Write::write_fmt::h509ff860e5956e5e
[INFO] [stdout]                                at /rustc/90b35a6239c3d8bdabc530a6a0816f7ff89a0aaf/library/std/src/io/mod.rs:1839:15
[INFO] [stdout]    7:     0x62851f0b5652 - std::sys::backtrace::BacktraceLock::print::h2395ccd2c84ba3aa
[INFO] [stdout]                                at /rustc/90b35a6239c3d8bdabc530a6a0816f7ff89a0aaf/library/std/src/sys/backtrace.rs:42:9
[INFO] [stdout]    8:     0x62851f0b6c6a - std::panicking::default_hook::{{closure}}::he19d4c7230e07961
[INFO] [stdout]                                at /rustc/90b35a6239c3d8bdabc530a6a0816f7ff89a0aaf/library/std/src/panicking.rs:268:22
[INFO] [stdout]    9:     0x62851f0b6a74 - std::panicking::default_hook::hf614597d3c67bbdb
[INFO] [stdout]                                at /rustc/90b35a6239c3d8bdabc530a6a0816f7ff89a0aaf/library/std/src/panicking.rs:292:9
[INFO] [stdout]   10:     0x62851e9b8da9 - <alloc::boxed::Box<F,A> as core::ops::function::Fn<Args>>::call::h39b51ce4599c23d1
[INFO] [stdout]                                at /rustc/90b35a6239c3d8bdabc530a6a0816f7ff89a0aaf/library/alloc/src/boxed.rs:2468:9
[INFO] [stdout]   11:     0x62851e9b8da9 - test::test_main::{{closure}}::he977ae839a582784
[INFO] [stdout]                                at /rustc/90b35a6239c3d8bdabc530a6a0816f7ff89a0aaf/library/test/src/lib.rs:133:21
[INFO] [stdout]   12:     0x62851f0b7308 - <alloc::boxed::Box<F,A> as core::ops::function::Fn<Args>>::call::h9455091b6b06f9fb
[INFO] [stdout]                                at /rustc/90b35a6239c3d8bdabc530a6a0816f7ff89a0aaf/library/alloc/src/boxed.rs:2468:9
[INFO] [stdout]   13:     0x62851f0b7308 - std::panicking::rust_panic_with_hook::h8942133a8b252070
[INFO] [stdout]                                at /rustc/90b35a6239c3d8bdabc530a6a0816f7ff89a0aaf/library/std/src/panicking.rs:809:13
[INFO] [stdout]   14:     0x62851f0b70ca - std::panicking::begin_panic_handler::{{closure}}::hb5f5963570096b29
[INFO] [stdout]                                at /rustc/90b35a6239c3d8bdabc530a6a0816f7ff89a0aaf/library/std/src/panicking.rs:674:13
[INFO] [stdout]   15:     0x62851f0b5ce9 - std::sys::backtrace::__rust_end_short_backtrace::h6208cedc1922feda
[INFO] [stdout]                                at /rustc/90b35a6239c3d8bdabc530a6a0816f7ff89a0aaf/library/std/src/sys/backtrace.rs:170:18
[INFO] [stdout]   16:     0x62851f0b6d5c - rust_begin_unwind
[INFO] [stdout]                                at /rustc/90b35a6239c3d8bdabc530a6a0816f7ff89a0aaf/library/std/src/panicking.rs:665:5
[INFO] [stdout]   17:     0x62851e8ba370 - core::panicking::panic_fmt::h0c3082644d1bf418
[INFO] [stdout]                                at /rustc/90b35a6239c3d8bdabc530a6a0816f7ff89a0aaf/library/core/src/panicking.rs:74:14
[INFO] [stdout]   18:     0x62851e8ba856 - core::result::unwrap_failed::hd20b4aa073bda1e2
[INFO] [stdout]                                at /rustc/90b35a6239c3d8bdabc530a6a0816f7ff89a0aaf/library/core/src/result.rs:1700:5
[INFO] [stdout]   19:     0x62851e94fabf - core::result::Result<T,E>::unwrap::h5a0d2890247cc952
[INFO] [stdout]                                at /rustc/90b35a6239c3d8bdabc530a6a0816f7ff89a0aaf/library/core/src/result.rs:1104:23
[INFO] [stdout]   20:     0x62851e94fabf - binstalk_git_repo_api::gh_api_client::test::rate_limited_test_has_release_artifact_and_download_artifacts::{{closure}}::{{closure}}::h4cec4a254aad0f79
[INFO] [stdout]                                at /opt/rustwide/workdir/src/gh_api_client.rs:663:44
[INFO] [stdout]   21:     0x62851e90ad2d - <core::pin::Pin<P> as core::future::future::Future>::poll::h7ba756ebc65ff442
[INFO] [stdout]                                at /rustc/90b35a6239c3d8bdabc530a6a0816f7ff89a0aaf/library/core/src/future/future.rs:123:9
[INFO] [stdout]   22:     0x62851e9330df - tokio::runtime::task::core::Core<T,S>::poll::{{closure}}::h644d73d5547dea6a
[INFO] [stdout]                                at /opt/rustwide/cargo-home/registry/src/index.crates.io-6f17d22bba15001f/tokio-1.42.0/src/runtime/task/core.rs:331:17
[INFO] [stdout]   23:     0x62851e93248d - tokio::loom::std::unsafe_cell::UnsafeCell<T>::with_mut::h63cfb823a4b162cc
[INFO] [stdout]                                at /opt/rustwide/cargo-home/registry/src/index.crates.io-6f17d22bba15001f/tokio-1.42.0/src/loom/std/unsafe_cell.rs:16:9
[INFO] [stdout]   24:     0x62851e93248d - tokio::runtime::task::core::Core<T,S>::poll::hb30534b10d9b8c3e
[INFO] [stdout]                                at /opt/rustwide/cargo-home/registry/src/index.crates.io-6f17d22bba15001f/tokio-1.42.0/src/runtime/task/core.rs:320:13
[INFO] [stdout]   25:     0x62851e8d717a - tokio::runtime::task::harness::poll_future::{{closure}}::h37347af8ac0ce5b8
[INFO] [stdout]                                at /opt/rustwide/cargo-home/registry/src/index.crates.io-6f17d22bba15001f/tokio-1.42.0/src/runtime/task/harness.rs:499:19
[INFO] [stdout]   26:     0x62851e8f0fb0 - <core::panic::unwind_safe::AssertUnwindSafe<F> as core::ops::function::FnOnce<()>>::call_once::h929d4570906ff078
[INFO] [stdout]                                at /rustc/90b35a6239c3d8bdabc530a6a0816f7ff89a0aaf/library/core/src/panic/unwind_safe.rs:272:9
[INFO] [stdout]   27:     0x62851e90de98 - std::panicking::try::do_call::h20d655f17a149a1e
[INFO] [stdout]                                at /rustc/90b35a6239c3d8bdabc530a6a0816f7ff89a0aaf/library/std/src/panicking.rs:557:40
[INFO] [stdout]   28:     0x62851e8e621b - __rust_try
[INFO] [stdout]   29:     0x62851e8e3f46 - std::panicking::try::h553f408a97a61c52
[INFO] [stdout]                                at /rustc/90b35a6239c3d8bdabc530a6a0816f7ff89a0aaf/library/std/src/panicking.rs:520:19
[INFO] [stdout]   30:     0x62851e8e3f46 - std::panic::catch_unwind::h7e8219c145b14687
[INFO] [stdout]                                at /rustc/90b35a6239c3d8bdabc530a6a0816f7ff89a0aaf/library/std/src/panic.rs:358:14
[INFO] [stdout]   31:     0x62851e8d68bf - tokio::runtime::task::harness::poll_future::hf45c0cac49949b46
[INFO] [stdout]                                at /opt/rustwide/cargo-home/registry/src/index.crates.io-6f17d22bba15001f/tokio-1.42.0/src/runtime/task/harness.rs:487:18
[INFO] [stdout]   32:     0x62851e8d9917 - tokio::runtime::task::harness::Harness<T,S>::poll_inner::he99fca10089851ef
[INFO] [stdout]                                at /opt/rustwide/cargo-home/registry/src/index.crates.io-6f17d22bba15001f/tokio-1.42.0/src/runtime/task/harness.rs:209:27
[INFO] [stdout]   33:     0x62851e8dc953 - tokio::runtime::task::harness::Harness<T,S>::poll::hb72c054896a71483
[INFO] [stdout]                                at /opt/rustwide/cargo-home/registry/src/index.crates.io-6f17d22bba15001f/tokio-1.42.0/src/runtime/task/harness.rs:154:15
[INFO] [stdout]   34:     0x62851e9148ab - tokio::runtime::task::raw::poll::h39e812cb13e246d8
[INFO] [stdout]                                at /opt/rustwide/cargo-home/registry/src/index.crates.io-6f17d22bba15001f/tokio-1.42.0/src/runtime/task/raw.rs:271:5
[INFO] [stdout]   35:     0x62851ef2f817 - tokio::runtime::task::raw::RawTask::poll::h9b6ebb4755f44c40
[INFO] [stdout]                                at /opt/rustwide/cargo-home/registry/src/index.crates.io-6f17d22bba15001f/tokio-1.42.0/src/runtime/task/raw.rs:201:18
[INFO] [stdout]   36:     0x62851e9299d1 - tokio::runtime::task::LocalNotified<S>::run::h50cc39f349a964f9
[INFO] [stdout]                                at /opt/rustwide/cargo-home/registry/src/index.crates.io-6f17d22bba15001f/tokio-1.42.0/src/runtime/task/mod.rs:435:9
[INFO] [stdout]   37:     0x62851e90a65a - tokio::runtime::scheduler::current_thread::CoreGuard::block_on::{{closure}}::{{closure}}::h4e8d81d8ca3363ec
[INFO] [stdout]                                at /opt/rustwide/cargo-home/registry/src/index.crates.io-6f17d22bba15001f/tokio-1.42.0/src/runtime/scheduler/current_thread/mod.rs:770:25
[INFO] [stdout]   38:     0x62851e908b89 - tokio::runtime::coop::with_budget::h1a65497863ef8f49
[INFO] [stdout]                                at /opt/rustwide/cargo-home/registry/src/index.crates.io-6f17d22bba15001f/tokio-1.42.0/src/runtime/coop.rs:107:5
[INFO] [stdout]   39:     0x62851e908b89 - tokio::runtime::coop::budget::h63fbbc628a9bc31c
[INFO] [stdout]                                at /opt/rustwide/cargo-home/registry/src/index.crates.io-6f17d22bba15001f/tokio-1.42.0/src/runtime/coop.rs:73:5
[INFO] [stdout]   40:     0x62851e908b89 - tokio::runtime::scheduler::current_thread::Context::run_task::{{closure}}::h80af7b89945da0c3
[INFO] [stdout]                                at /opt/rustwide/cargo-home/registry/src/index.crates.io-6f17d22bba15001f/tokio-1.42.0/src/runtime/scheduler/current_thread/mod.rs:364:43
[INFO] [stdout]   41:     0x62851e907f86 - tokio::runtime::scheduler::current_thread::Context::enter::h74a530a13493e289
[INFO] [stdout]                                at /opt/rustwide/cargo-home/registry/src/index.crates.io-6f17d22bba15001f/tokio-1.42.0/src/runtime/scheduler/current_thread/mod.rs:428:19
[INFO] [stdout]   42:     0x62851e9088ce - tokio::runtime::scheduler::current_thread::Context::run_task::hcc4e8725aecf1688
[INFO] [stdout]                                at /opt/rustwide/cargo-home/registry/src/index.crates.io-6f17d22bba15001f/tokio-1.42.0/src/runtime/scheduler/current_thread/mod.rs:364:23
[INFO] [stdout]   43:     0x62851e90a5c3 - tokio::runtime::scheduler::current_thread::CoreGuard::block_on::{{closure}}::hc58a5a5accb328ce
[INFO] [stdout]                                at /opt/rustwide/cargo-home/registry/src/index.crates.io-6f17d22bba15001f/tokio-1.42.0/src/runtime/scheduler/current_thread/mod.rs:769:35
[INFO] [stdout]   44:     0x62851e909484 - tokio::runtime::scheduler::current_thread::CoreGuard::enter::{{closure}}::h7428eedee65ee0b2
[INFO] [stdout]                                at /opt/rustwide/cargo-home/registry/src/index.crates.io-6f17d22bba15001f/tokio-1.42.0/src/runtime/scheduler/current_thread/mod.rs:807:68
[INFO] [stdout]   45:     0x62851e8f60fb - tokio::runtime::context::scoped::Scoped<T>::set::h30b114a2dc00b32a
[INFO] [stdout]                                at /opt/rustwide/cargo-home/registry/src/index.crates.io-6f17d22bba15001f/tokio-1.42.0/src/runtime/context/scoped.rs:40:9
[INFO] [stdout]   46:     0x62851e93d599 - tokio::runtime::context::set_scheduler::{{closure}}::h72ec94f005b1ee69
[INFO] [stdout]                                at /opt/rustwide/cargo-home/registry/src/index.crates.io-6f17d22bba15001f/tokio-1.42.0/src/runtime/context.rs:180:26
[INFO] [stdout]   47:     0x62851e97a5bd - std::thread::local::LocalKey<T>::try_with::h96680f1c6b52502c
[INFO] [stdout]                                at /rustc/90b35a6239c3d8bdabc530a6a0816f7ff89a0aaf/library/std/src/thread/local.rs:283:12
[INFO] [stdout]   48:     0x62851e97947a - std::thread::local::LocalKey<T>::with::h0db0fe07c3189c86
[INFO] [stdout]                                at /rustc/90b35a6239c3d8bdabc530a6a0816f7ff89a0aaf/library/std/src/thread/local.rs:260:9
[INFO] [stdout]   49:     0x62851e93d54d - tokio::runtime::context::set_scheduler::h2edcdfeefa1b396f
[INFO] [stdout]                                at /opt/rustwide/cargo-home/registry/src/index.crates.io-6f17d22bba15001f/tokio-1.42.0/src/runtime/context.rs:180:9
[INFO] [stdout]   50:     0x62851e908df0 - tokio::runtime::scheduler::current_thread::CoreGuard::enter::h2c78dcc09b4ff811
[INFO] [stdout]                                at /opt/rustwide/cargo-home/registry/src/index.crates.io-6f17d22bba15001f/tokio-1.42.0/src/runtime/scheduler/current_thread/mod.rs:807:27
[INFO] [stdout]   51:     0x62851e909503 - tokio::runtime::scheduler::current_thread::CoreGuard::block_on::ha546e8edb91caa17
[INFO] [stdout]                                at /opt/rustwide/cargo-home/registry/src/index.crates.io-6f17d22bba15001f/tokio-1.42.0/src/runtime/scheduler/current_thread/mod.rs:716:19
[INFO] [stdout]   52:     0x62851e9059ca - tokio::runtime::scheduler::current_thread::CurrentThread::block_on::{{closure}}::h648b3f8dbe3f43a1
[INFO] [stdout]                                at /opt/rustwide/cargo-home/registry/src/index.crates.io-6f17d22bba15001f/tokio-1.42.0/src/runtime/scheduler/current_thread/mod.rs:196:28
[INFO] [stdout]   53:     0x62851e93dc66 - tokio::runtime::context::runtime::enter_runtime::h725650ca1806cfa6
[INFO] [stdout]                                at /opt/rustwide/cargo-home/registry/src/index.crates.io-6f17d22bba15001f/tokio-1.42.0/src/runtime/context/runtime.rs:65:16
[INFO] [stdout]   54:     0x62851e905241 - tokio::runtime::scheduler::current_thread::CurrentThread::block_on::h2eb090de27e3e834
[INFO] [stdout]                                at /opt/rustwide/cargo-home/registry/src/index.crates.io-6f17d22bba15001f/tokio-1.42.0/src/runtime/scheduler/current_thread/mod.rs:184:9
[INFO] [stdout]   55:     0x62851e943e53 - tokio::runtime::runtime::Runtime::block_on_inner::h5dc5307666605914
[INFO] [stdout]                                at /opt/rustwide/cargo-home/registry/src/index.crates.io-6f17d22bba15001f/tokio-1.42.0/src/runtime/runtime.rs:368:47
[INFO] [stdout]   56:     0x62851e944157 - tokio::runtime::runtime::Runtime::block_on::h020d1a6fce24bff5
[INFO] [stdout]                                at /opt/rustwide/cargo-home/registry/src/index.crates.io-6f17d22bba15001f/tokio-1.42.0/src/runtime/runtime.rs:342:13
[INFO] [stdout]   57:     0x62851e94e27f - binstalk_git_repo_api::gh_api_client::test::rate_limited_test_has_release_artifact_and_download_artifacts::he3e92061ac3807d1
[INFO] [stdout]                                at /opt/rustwide/workdir/src/gh_api_client.rs:622:9
[INFO] [stdout]   58:     0x62851e94e137 - binstalk_git_repo_api::gh_api_client::test::rate_limited_test_has_release_artifact_and_download_artifacts::{{closure}}::h72b91106116baf79
[INFO] [stdout]                                at /opt/rustwide/workdir/src/gh_api_client.rs:603:77
[INFO] [stdout]   59:     0x62851e8e7106 - core::ops::function::FnOnce::call_once::h77086e347a6181ce
[INFO] [stdout]                                at /rustc/90b35a6239c3d8bdabc530a6a0816f7ff89a0aaf/library/core/src/ops/function.rs:250:5
[INFO] [stdout]   60:     0x62851e9bd76b - core::ops::function::FnOnce::call_once::h109cf8051a59b34e
[INFO] [stdout]                                at /rustc/90b35a6239c3d8bdabc530a6a0816f7ff89a0aaf/library/core/src/ops/function.rs:250:5
[INFO] [stdout]   61:     0x62851e9bd76b - test::__rust_begin_short_backtrace::hf4fff89d377446ba
[INFO] [stdout]                                at /rustc/90b35a6239c3d8bdabc530a6a0816f7ff89a0aaf/library/test/src/lib.rs:621:18
[INFO] [stdout]   62:     0x62851e9bcfa7 - test::run_test_in_process::{{closure}}::h0e39181dd7ee5a43
[INFO] [stdout]                                at /rustc/90b35a6239c3d8bdabc530a6a0816f7ff89a0aaf/library/test/src/lib.rs:644:60
[INFO] [stdout]   63:     0x62851e9bcfa7 - <core::panic::unwind_safe::AssertUnwindSafe<F> as core::ops::function::FnOnce<()>>::call_once::hc5a66a30f0bdfd1f
[INFO] [stdout]                                at /rustc/90b35a6239c3d8bdabc530a6a0816f7ff89a0aaf/library/core/src/panic/unwind_safe.rs:272:9
[INFO] [stdout]   64:     0x62851e9bcfa7 - std::panicking::try::do_call::h873b7cf639554a5e
[INFO] [stdout]                                at /rustc/90b35a6239c3d8bdabc530a6a0816f7ff89a0aaf/library/std/src/panicking.rs:557:40
[INFO] [stdout]   65:     0x62851e9bcfa7 - std::panicking::try::hdb19862fad9c8bd1
[INFO] [stdout]                                at /rustc/90b35a6239c3d8bdabc530a6a0816f7ff89a0aaf/library/std/src/panicking.rs:520:19
[INFO] [stdout]   66:     0x62851e9bcfa7 - std::panic::catch_unwind::h281fe732d236d260
[INFO] [stdout]                                at /rustc/90b35a6239c3d8bdabc530a6a0816f7ff89a0aaf/library/std/src/panic.rs:358:14
[INFO] [stdout]   67:     0x62851e9bcfa7 - test::run_test_in_process::h949b6df8457ed338
[INFO] [stdout]                                at /rustc/90b35a6239c3d8bdabc530a6a0816f7ff89a0aaf/library/test/src/lib.rs:644:27
[INFO] [stdout]   68:     0x62851e9bcfa7 - test::run_test::{{closure}}::h52c556a6d4740e10
[INFO] [stdout]                                at /rustc/90b35a6239c3d8bdabc530a6a0816f7ff89a0aaf/library/test/src/lib.rs:565:43
[INFO] [stdout]   69:     0x62851e982284 - test::run_test::{{closure}}::h4237f6381c45ccb9
[INFO] [stdout]                                at /rustc/90b35a6239c3d8bdabc530a6a0816f7ff89a0aaf/library/test/src/lib.rs:595:41
[INFO] [stdout]   70:     0x62851e982284 - std::sys::backtrace::__rust_begin_short_backtrace::h505c97a579eca628
[INFO] [stdout]                                at /rustc/90b35a6239c3d8bdabc530a6a0816f7ff89a0aaf/library/std/src/sys/backtrace.rs:154:18
[INFO] [stdout]   71:     0x62851e98594e - std::thread::Builder::spawn_unchecked_::{{closure}}::{{closure}}::h9e86b2e2bc107ea3
[INFO] [stdout]                                at /rustc/90b35a6239c3d8bdabc530a6a0816f7ff89a0aaf/library/std/src/thread/mod.rs:538:17
[INFO] [stdout]   72:     0x62851e98594e - <core::panic::unwind_safe::AssertUnwindSafe<F> as core::ops::function::FnOnce<()>>::call_once::h8b06ddb275ff4a25
[INFO] [stdout]                                at /rustc/90b35a6239c3d8bdabc530a6a0816f7ff89a0aaf/library/core/src/panic/unwind_safe.rs:272:9
[INFO] [stdout]   73:     0x62851e98594e - std::panicking::try::do_call::hb26ecd7cd9a9355d
[INFO] [stdout]                                at /rustc/90b35a6239c3d8bdabc530a6a0816f7ff89a0aaf/library/std/src/panicking.rs:557:40
[INFO] [stdout]   74:     0x62851e98594e - std::panicking::try::h8ddeca9d705f9069
[INFO] [stdout]                                at /rustc/90b35a6239c3d8bdabc530a6a0816f7ff89a0aaf/library/std/src/panicking.rs:520:19
[INFO] [stdout]   75:     0x62851e98594e - std::panic::catch_unwind::h49e1c33078844c46
[INFO] [stdout]                                at /rustc/90b35a6239c3d8bdabc530a6a0816f7ff89a0aaf/library/std/src/panic.rs:358:14
[INFO] [stdout]   76:     0x62851e98594e - std::thread::Builder::spawn_unchecked_::{{closure}}::h6073db6ff56ad35d
[INFO] [stdout]                                at /rustc/90b35a6239c3d8bdabc530a6a0816f7ff89a0aaf/library/std/src/thread/mod.rs:537:30
[INFO] [stdout]   77:     0x62851e98594e - core::ops::function::FnOnce::call_once{{vtable.shim}}::h2c5a5f3779c774f1
[INFO] [stdout]                                at /rustc/90b35a6239c3d8bdabc530a6a0816f7ff89a0aaf/library/core/src/ops/function.rs:250:5
[INFO] [stdout]   78:     0x62851f0bb67b - <alloc::boxed::Box<F,A> as core::ops::function::FnOnce<Args>>::call_once::hf75717d9f28faebf
[INFO] [stdout]                                at /rustc/90b35a6239c3d8bdabc530a6a0816f7ff89a0aaf/library/alloc/src/boxed.rs:2454:9
[INFO] [stdout]   79:     0x62851f0bb67b - <alloc::boxed::Box<F,A> as core::ops::function::FnOnce<Args>>::call_once::h7bd883a5f3c5f3c1
[INFO] [stdout]                                at /rustc/90b35a6239c3d8bdabc530a6a0816f7ff89a0aaf/library/alloc/src/boxed.rs:2454:9
[INFO] [stdout]   80:     0x62851f0bb67b - std::sys::pal::unix::thread::Thread::new::thread_start::hcc78f3943333fa94
[INFO] [stdout]                                at /rustc/90b35a6239c3d8bdabc530a6a0816f7ff89a0aaf/library/std/src/sys/pal/unix/thread.rs:105:17
[INFO] [stdout]   81:     0x71eeb5249ac3 - <unknown>
[INFO] [stdout]   82:     0x71eeb52daa04 - clone
[INFO] [stdout]   83:                0x0 - <unknown>
[INFO] [stdout] [34mDEBUG[0m [1mhas_release_artifact[0m[1m{[0m[3mrelease[0m[2m=[0mGhRelease { repo: GhRepo { owner: "cargo-bins", repo: "cargo-binstall" }, tag: "v0.20.1" } [3martifact_name[0m[2m=[0m"cargo-binstall-aarch64-apple-darwin.zip"[1m}[0m[2m:[0m Getting restful API: https://api.github.com/repos/cargo-bins/cargo-binstall/releases/tags/v0.20.1
[INFO] [stdout] [34mDEBUG[0m [1mhas_release_artifact[0m[1m{[0m[3mrelease[0m[2m=[0mGhRelease { repo: GhRepo { owner: "cargo-bins", repo: "cargo-binstall" }, tag: "v0.20.1" } [3martifact_name[0m[2m=[0m"cargo-binstall-aarch64-apple-darwin.zip"[1m}[0m[2m:[0m Downloading from: 'https://api.github.com/repos/cargo-bins/cargo-binstall/releases/tags/v0.20.1'
[INFO] [stdout] thread 'gh_api_client::test::rate_limited_test_has_release_artifact_and_download_artifacts' panicked at src/gh_api_client.rs:727:24:
[INFO] [stdout] called `Result::unwrap()` on an `Err` value: JoinError::Panic(Id(1), "called `Result::unwrap()` on an `Err` value: Context(GhApiContextError { context: \"Restful API\", err: Remote(Http(HttpError { method: GET, url: Url { scheme: \"https\", cannot_be_a_base: false, username: \"\", password: None, host: Some(Domain(\"api.github.com\")), port: None, path: \"/repos/cargo-bins/cargo-binstall/releases/tags/v0.20.1\", query: None, fragment: None }, err: reqwest::Error { kind: Request, url: \"https://api.github.com/repos/cargo-bins/cargo-binstall/releases/tags/v0.20.1\", source: hyper_util::client::legacy::Error(Connect, ConnectError(\"dns error\", Custom { kind: Uncategorized, error: \"failed to lookup address information: Temporary failure in name resolution\" })) } })) })", ...)
[INFO] [stdout] stack backtrace:
[INFO] [stdout]    0:     0x62851f0b580a - std::backtrace_rs::backtrace::libunwind::trace::h5a5b8284f2d0c266
[INFO] [stdout]                                at /rustc/90b35a6239c3d8bdabc530a6a0816f7ff89a0aaf/library/std/src/../../backtrace/src/backtrace/libunwind.rs:116:5
[INFO] [stdout]    1:     0x62851f0b580a - std::backtrace_rs::backtrace::trace_unsynchronized::h76d4f1c9b0b875e3
[INFO] [stdout]                                at /rustc/90b35a6239c3d8bdabc530a6a0816f7ff89a0aaf/library/std/src/../../backtrace/src/backtrace/mod.rs:66:5
[INFO] [stdout]    2:     0x62851f0b580a - std::sys::backtrace::_print_fmt::hc4546b8364a537c6
[INFO] [stdout]                                at /rustc/90b35a6239c3d8bdabc530a6a0816f7ff89a0aaf/library/std/src/sys/backtrace.rs:66:9
[INFO] [stdout]    3:     0x62851f0b580a - <std::sys::backtrace::BacktraceLock::print::DisplayBacktrace as core::fmt::Display>::fmt::h5b6bd5631a6d1f6b
[INFO] [stdout]                                at /rustc/90b35a6239c3d8bdabc530a6a0816f7ff89a0aaf/library/std/src/sys/backtrace.rs:39:26
[INFO] [stdout]    4:     0x62851f0dea83 - core::fmt::rt::Argument::fmt::h270f6602a2b96f62
[INFO] [stdout]                                at /rustc/90b35a6239c3d8bdabc530a6a0816f7ff89a0aaf/library/core/src/fmt/rt.rs:177:76
[INFO] [stdout]    5:     0x62851f0dea83 - core::fmt::write::h7550c97b06c86515
[INFO] [stdout]                                at /rustc/90b35a6239c3d8bdabc530a6a0816f7ff89a0aaf/library/core/src/fmt/mod.rs:1186:21
[INFO] [stdout]    6:     0x62851f0b1dd3 - std::io::Write::write_fmt::h509ff860e5956e5e
[INFO] [stdout]                                at /rustc/90b35a6239c3d8bdabc530a6a0816f7ff89a0aaf/library/std/src/io/mod.rs:1839:15
[INFO] [stdout]    7:     0x62851f0b5652 - std::sys::backtrace::BacktraceLock::print::h2395ccd2c84ba3aa
[INFO] [stdout]                                at /rustc/90b35a6239c3d8bdabc530a6a0816f7ff89a0aaf/library/std/src/sys/backtrace.rs:42:9
[INFO] [stdout]    8:     0x62851f0b6c6a - std::panicking::default_hook::{{closure}}::he19d4c7230e07961
[INFO] [stdout]                                at /rustc/90b35a6239c3d8bdabc530a6a0816f7ff89a0aaf/library/std/src/panicking.rs:268:22
[INFO] [stdout]    9:     0x62851f0b6a74 - std::panicking::default_hook::hf614597d3c67bbdb
[INFO] [stdout]                                at /rustc/90b35a6239c3d8bdabc530a6a0816f7ff89a0aaf/library/std/src/panicking.rs:292:9
[INFO] [stdout]   10:     0x62851e9b8da9 - <alloc::boxed::Box<F,A> as core::ops::function::Fn<Args>>::call::h39b51ce4599c23d1
[INFO] [stdout]                                at /rustc/90b35a6239c3d8bdabc530a6a0816f7ff89a0aaf/library/alloc/src/boxed.rs:2468:9
[INFO] [stdout]   11:     0x62851e9b8da9 - test::test_main::{{closure}}::he977ae839a582784
[INFO] [stdout]                                at /rustc/90b35a6239c3d8bdabc530a6a0816f7ff89a0aaf/library/test/src/lib.rs:133:21
[INFO] [stdout]   12:     0x62851f0b7308 - <alloc::boxed::Box<F,A> as core::ops::function::Fn<Args>>::call::h9455091b6b06f9fb
[INFO] [stdout]                                at /rustc/90b35a6239c3d8bdabc530a6a0816f7ff89a0aaf/library/alloc/src/boxed.rs:2468:9
[INFO] [stdout]   13:     0x62851f0b7308 - std::panicking::rust_panic_with_hook::h8942133a8b252070
[INFO] [stdout]                                at /rustc/90b35a6239c3d8bdabc530a6a0816f7ff89a0aaf/library/std/src/panicking.rs:809:13
[INFO] [stdout]   14:     0x62851f0b70ca - std::panicking::begin_panic_handler::{{closure}}::hb5f5963570096b29
[INFO] [stdout]                                at /rustc/90b35a6239c3d8bdabc530a6a0816f7ff89a0aaf/library/std/src/panicking.rs:674:13
[INFO] [stdout]   15:     0x62851f0b5ce9 - std::sys::backtrace::__rust_end_short_backtrace::h6208cedc1922feda
[INFO] [stdout]                                at /rustc/90b35a6239c3d8bdabc530a6a0816f7ff89a0aaf/library/std/src/sys/backtrace.rs:170:18
[INFO] [stdout]   16:     0x62851f0b6d5c - rust_begin_unwind
[INFO] [stdout]                                at /rustc/90b35a6239c3d8bdabc530a6a0816f7ff89a0aaf/library/std/src/panicking.rs:665:5
[INFO] [stdout]   17:     0x62851e8ba370 - core::panicking::panic_fmt::h0c3082644d1bf418
[INFO] [stdout]                                at /rustc/90b35a6239c3d8bdabc530a6a0816f7ff89a0aaf/library/core/src/panicking.rs:74:14
[INFO] [stdout]   18:     0x62851e8ba856 - core::result::unwrap_failed::hd20b4aa073bda1e2
[INFO] [stdout]                                at /rustc/90b35a6239c3d8bdabc530a6a0816f7ff89a0aaf/library/core/src/result.rs:1700:5
[INFO] [stdout]   19:     0x62851e94ee9c - core::result::Result<T,E>::unwrap::h31a501e348d4721c
[INFO] [stdout]                                at /rustc/90b35a6239c3d8bdabc530a6a0816f7ff89a0aaf/library/core/src/result.rs:1104:23
[INFO] [stdout]   20:     0x62851e94ee9c - binstalk_git_repo_api::gh_api_client::test::rate_limited_test_has_release_artifact_and_download_artifacts::{{closure}}::hc1ea02c618b740f1
[INFO] [stdout]                                at /opt/rustwide/workdir/src/gh_api_client.rs:727:13
[INFO] [stdout]   21:     0x62851e90aed2 - <core::pin::Pin<P> as core::future::future::Future>::poll::heaeb6e7fd5400583
[INFO] [stdout]                                at /rustc/90b35a6239c3d8bdabc530a6a0816f7ff89a0aaf/library/core/src/future/future.rs:123:9
[INFO] [stdout]   22:     0x62851e90aced - <core::pin::Pin<P> as core::future::future::Future>::poll::h5542436858f55b8f
[INFO] [stdout]                                at /rustc/90b35a6239c3d8bdabc530a6a0816f7ff89a0aaf/library/core/src/future/future.rs:123:9
[INFO] [stdout]   23:     0x62851e90aa1f - tokio::runtime::scheduler::current_thread::CoreGuard::block_on::{{closure}}::{{closure}}::{{closure}}::hf9e5b0f160ac6364
[INFO] [stdout]                                at /opt/rustwide/cargo-home/registry/src/index.crates.io-6f17d22bba15001f/tokio-1.42.0/src/runtime/scheduler/current_thread/mod.rs:729:57
[INFO] [stdout]   24:     0x62851e90a775 - tokio::runtime::coop::with_budget::h87637d7b258f0134
[INFO] [stdout]                                at /opt/rustwide/cargo-home/registry/src/index.crates.io-6f17d22bba15001f/tokio-1.42.0/src/runtime/coop.rs:107:5
[INFO] [stdout]   25:     0x62851e90a775 - tokio::runtime::coop::budget::h8aac11345f32bdf0
[INFO] [stdout]                                at /opt/rustwide/cargo-home/registry/src/index.crates.io-6f17d22bba15001f/tokio-1.42.0/src/runtime/coop.rs:73:5
[INFO] [stdout]   26:     0x62851e90a775 - tokio::runtime::scheduler::current_thread::CoreGuard::block_on::{{closure}}::{{closure}}::h83898039b761316c
[INFO] [stdout]                                at /opt/rustwide/cargo-home/registry/src/index.crates.io-6f17d22bba15001f/tokio-1.42.0/src/runtime/scheduler/current_thread/mod.rs:729:25
[INFO] [stdout]   27:     0x62851e908290 - tokio::runtime::scheduler::current_thread::Context::enter::h77f3362c2c713e7c
[INFO] [stdout]                                at /opt/rustwide/cargo-home/registry/src/index.crates.io-6f17d22bba15001f/tokio-1.42.0/src/runtime/scheduler/current_thread/mod.rs:428:19
[INFO] [stdout]   28:     0x62851e909feb - tokio::runtime::scheduler::current_thread::CoreGuard::block_on::{{closure}}::hc58a5a5accb328ce
[INFO] [stdout]                                at /opt/rustwide/cargo-home/registry/src/index.crates.io-6f17d22bba15001f/tokio-1.42.0/src/runtime/scheduler/current_thread/mod.rs:728:36
[INFO] [stdout]   29:     0x62851e909484 - tokio::runtime::scheduler::current_thread::CoreGuard::enter::{{closure}}::h7428eedee65ee0b2
[INFO] [stdout]                                at /opt/rustwide/cargo-home/registry/src/index.crates.io-6f17d22bba15001f/tokio-1.42.0/src/runtime/scheduler/current_thread/mod.rs:807:68
[INFO] [stdout]   30:     0x62851e8f60fb - tokio::runtime::context::scoped::Scoped<T>::set::h30b114a2dc00b32a
[INFO] [stdout]                                at /opt/rustwide/cargo-home/registry/src/index.crates.io-6f17d22bba15001f/tokio-1.42.0/src/runtime/context/scoped.rs:40:9
[INFO] [stdout]   31:     0x62851e93d599 - tokio::runtime::context::set_scheduler::{{closure}}::h72ec94f005b1ee69
[INFO] [stdout]                                at /opt/rustwide/cargo-home/registry/src/index.crates.io-6f17d22bba15001f/tokio-1.42.0/src/runtime/context.rs:180:26
[INFO] [stdout]   32:     0x62851e97a5bd - std::thread::local::LocalKey<T>::try_with::h96680f1c6b52502c
[INFO] [stdout]                                at /rustc/90b35a6239c3d8bdabc530a6a0816f7ff89a0aaf/library/std/src/thread/local.rs:283:12
[INFO] [stdout]   33:     0x62851e97947a - std::thread::local::LocalKey<T>::with::h0db0fe07c3189c86
[INFO] [stdout]                                at /rustc/90b35a6239c3d8bdabc530a6a0816f7ff89a0aaf/library/std/src/thread/local.rs:260:9
[INFO] [stdout]   34:     0x62851e93d54d - tokio::runtime::context::set_scheduler::h2edcdfeefa1b396f
[INFO] [stdout]                                at /opt/rustwide/cargo-home/registry/src/index.crates.io-6f17d22bba15001f/tokio-1.42.0/src/runtime/context.rs:180:9
[INFO] [stdout]   35:     0x62851e908df0 - tokio::runtime::scheduler::current_thread::CoreGuard::enter::h2c78dcc09b4ff811
[INFO] [stdout]                                at /opt/rustwide/cargo-home/registry/src/index.crates.io-6f17d22bba15001f/tokio-1.42.0/src/runtime/scheduler/current_thread/mod.rs:807:27
[INFO] [stdout]   36:     0x62851e909503 - tokio::runtime::scheduler::current_thread::CoreGuard::block_on::ha546e8edb91caa17
[INFO] [stdout]                                at /opt/rustwide/cargo-home/registry/src/index.crates.io-6f17d22bba15001f/tokio-1.42.0/src/runtime/scheduler/current_thread/mod.rs:716:19
[INFO] [stdout]   37:     0x62851e9059ca - tokio::runtime::scheduler::current_thread::CurrentThread::block_on::{{closure}}::h648b3f8dbe3f43a1
[INFO] [stdout]                                at /opt/rustwide/cargo-home/registry/src/index.crates.io-6f17d22bba15001f/tokio-1.42.0/src/runtime/scheduler/current_thread/mod.rs:196:28
[INFO] [stdout]   38:     0x62851e93dc66 - tokio::runtime::context::runtime::enter_runtime::h725650ca1806cfa6
[INFO] [stdout]                                at /opt/rustwide/cargo-home/registry/src/index.crates.io-6f17d22bba15001f/tokio-1.42.0/src/runtime/context/runtime.rs:65:16
[INFO] [stdout]   39:     0x62851e905241 - tokio::runtime::scheduler::current_thread::CurrentThread::block_on::h2eb090de27e3e834
[INFO] [stdout]                                at /opt/rustwide/cargo-home/registry/src/index.crates.io-6f17d22bba15001f/tokio-1.42.0/src/runtime/scheduler/current_thread/mod.rs:184:9
[INFO] [stdout]   40:     0x62851e943e53 - tokio::runtime::runtime::Runtime::block_on_inner::h5dc5307666605914
[INFO] [stdout]                                at /opt/rustwide/cargo-home/registry/src/index.crates.io-6f17d22bba15001f/tokio-1.42.0/src/runtime/runtime.rs:368:47
[INFO] [stdout]   41:     0x62851e944157 - tokio::runtime::runtime::Runtime::block_on::h020d1a6fce24bff5
[INFO] [stdout]                                at /opt/rustwide/cargo-home/registry/src/index.crates.io-6f17d22bba15001f/tokio-1.42.0/src/runtime/runtime.rs:342:13
[INFO] [stdout]   42:     0x62851e94e27f - binstalk_git_repo_api::gh_api_client::test::rate_limited_test_has_release_artifact_and_download_artifacts::he3e92061ac3807d1
[INFO] [stdout]                                at /opt/rustwide/workdir/src/gh_api_client.rs:622:9
[INFO] [stdout]   43:     0x62851e94e137 - binstalk_git_repo_api::gh_api_client::test::rate_limited_test_has_release_artifact_and_download_artifacts::{{closure}}::h72b91106116baf79
[INFO] [stdout]                                at /opt/rustwide/workdir/src/gh_api_client.rs:603:77
[INFO] [stdout]   44:     0x62851e8e7106 - core::ops::function::FnOnce::call_once::h77086e347a6181ce
[INFO] [stdout]                                at /rustc/90b35a6239c3d8bdabc530a6a0816f7ff89a0aaf/library/core/src/ops/function.rs:250:5
[INFO] [stdout]   45:     0x62851e9bd76b - core::ops::function::FnOnce::call_once::h109cf8051a59b34e
[INFO] [stdout]                                at /rustc/90b35a6239c3d8bdabc530a6a0816f7ff89a0aaf/library/core/src/ops/function.rs:250:5
[INFO] [stdout]   46:     0x62851e9bd76b - test::__rust_begin_short_backtrace::hf4fff89d377446ba
[INFO] [stdout]                                at /rustc/90b35a6239c3d8bdabc530a6a0816f7ff89a0aaf/library/test/src/lib.rs:621:18
[INFO] [stdout]   47:     0x62851e9bcfa7 - test::run_test_in_process::{{closure}}::h0e39181dd7ee5a43
[INFO] [stdout]                                at /rustc/90b35a6239c3d8bdabc530a6a0816f7ff89a0aaf/library/test/src/lib.rs:644:60
[INFO] [stdout]   48:     0x62851e9bcfa7 - <core::panic::unwind_safe::AssertUnwindSafe<F> as core::ops::function::FnOnce<()>>::call_once::hc5a66a30f0bdfd1f
[INFO] [stdout]                                at /rustc/90b35a6239c3d8bdabc530a6a0816f7ff89a0aaf/library/core/src/panic/unwind_safe.rs:272:9
[INFO] [stdout]   49:     0x62851e9bcfa7 - std::panicking::try::do_call::h873b7cf639554a5e
[INFO] [stdout]                                at /rustc/90b35a6239c3d8bdabc530a6a0816f7ff89a0aaf/library/std/src/panicking.rs:557:40
[INFO] [stdout]   50:     0x62851e9bcfa7 - std::panicking::try::hdb19862fad9c8bd1
[INFO] [stdout]                                at /rustc/90b35a6239c3d8bdabc530a6a0816f7ff89a0aaf/library/std/src/panicking.rs:520:19
[INFO] [stdout]   51:     0x62851e9bcfa7 - std::panic::catch_unwind::h281fe732d236d260
[INFO] [stdout]                                at /rustc/90b35a6239c3d8bdabc530a6a0816f7ff89a0aaf/library/std/src/panic.rs:358:14
[INFO] [stdout]   52:     0x62851e9bcfa7 - test::run_test_in_process::h949b6df8457ed338
[INFO] [stdout]                                at /rustc/90b35a6239c3d8bdabc530a6a0816f7ff89a0aaf/library/test/src/lib.rs:644:27
[INFO] [stdout]   53:     0x62851e9bcfa7 - test::run_test::{{closure}}::h52c556a6d4740e10
[INFO] [stdout]                                at /rustc/90b35a6239c3d8bdabc530a6a0816f7ff89a0aaf/library/test/src/lib.rs:565:43
[INFO] [stdout]   54:     0x62851e982284 - test::run_test::{{closure}}::h4237f6381c45ccb9
[INFO] [stdout]                                at /rustc/90b35a6239c3d8bdabc530a6a0816f7ff89a0aaf/library/test/src/lib.rs:595:41
[INFO] [stdout]   55:     0x62851e982284 - std::sys::backtrace::__rust_begin_short_backtrace::h505c97a579eca628
[INFO] [stdout]                                at /rustc/90b35a6239c3d8bdabc530a6a0816f7ff89a0aaf/library/std/src/sys/backtrace.rs:154:18
[INFO] [stdout]   56:     0x62851e98594e - std::thread::Builder::spawn_unchecked_::{{closure}}::{{closure}}::h9e86b2e2bc107ea3
[INFO] [stdout]                                at /rustc/90b35a6239c3d8bdabc530a6a0816f7ff89a0aaf/library/std/src/thread/mod.rs:538:17
[INFO] [stdout]   57:     0x62851e98594e - <core::panic::unwind_safe::AssertUnwindSafe<F> as core::ops::function::FnOnce<()>>::call_once::h8b06ddb275ff4a25
[INFO] [stdout]                                at /rustc/90b35a6239c3d8bdabc530a6a0816f7ff89a0aaf/library/core/src/panic/unwind_safe.rs:272:9
[INFO] [stdout]   58:     0x62851e98594e - std::panicking::try::do_call::hb26ecd7cd9a9355d
[INFO] [stdout]                                at /rustc/90b35a6239c3d8bdabc530a6a0816f7ff89a0aaf/library/std/src/panicking.rs:557:40
[INFO] [stdout]   59:     0x62851e98594e - std::panicking::try::h8ddeca9d705f9069
[INFO] [stdout]                                at /rustc/90b35a6239c3d8bdabc530a6a0816f7ff89a0aaf/library/std/src/panicking.rs:520:19
[INFO] [stdout]   60:     0x62851e98594e - std::panic::catch_unwind::h49e1c33078844c46
[INFO] [stdout]                                at /rustc/90b35a6239c3d8bdabc530a6a0816f7ff89a0aaf/library/std/src/panic.rs:358:14
[INFO] [stdout]   61:     0x62851e98594e - std::thread::Builder::spawn_unchecked_::{{closure}}::h6073db6ff56ad35d
[INFO] [stdout]                                at /rustc/90b35a6239c3d8bdabc530a6a0816f7ff89a0aaf/library/std/src/thread/mod.rs:537:30
[INFO] [stdout]   62:     0x62851e98594e - core::ops::function::FnOnce::call_once{{vtable.shim}}::h2c5a5f3779c774f1
[INFO] [stdout]                                at /rustc/90b35a6239c3d8bdabc530a6a0816f7ff89a0aaf/library/core/src/ops/function.rs:250:5
[INFO] [stdout]   63:     0x62851f0bb67b - <alloc::boxed::Box<F,A> as core::ops::function::FnOnce<Args>>::call_once::hf75717d9f28faebf
[INFO] [stdout]                                at /rustc/90b35a6239c3d8bdabc530a6a0816f7ff89a0aaf/library/alloc/src/boxed.rs:2454:9
[INFO] [stdout]   64:     0x62851f0bb67b - <alloc::boxed::Box<F,A> as core::ops::function::FnOnce<Args>>::call_once::h7bd883a5f3c5f3c1
[INFO] [stdout]                                at /rustc/90b35a6239c3d8bdabc530a6a0816f7ff89a0aaf/library/alloc/src/boxed.rs:2454:9
[INFO] [stdout]   65:     0x62851f0bb67b - std::sys::pal::unix::thread::Thread::new::thread_start::hcc78f3943333fa94
[INFO] [stdout]                                at /rustc/90b35a6239c3d8bdabc530a6a0816f7ff89a0aaf/library/std/src/sys/pal/unix/thread.rs:105:17
[INFO] [stdout]   66:     0x71eeb5249ac3 - <unknown>
[INFO] [stdout]   67:     0x71eeb52daa04 - clone
[INFO] [stdout]   68:                0x0 - <unknown>
[INFO] [stdout] 
[INFO] [stdout] 
[INFO] [stdout] failures:
[INFO] [stdout]     gh_api_client::test::rate_limited_test_get_repo_info
[INFO] [stdout]     gh_api_client::test::rate_limited_test_has_release_artifact_and_download_artifacts
[INFO] [stdout] 
[INFO] [stdout] test result: FAILED. 5 passed; 2 failed; 0 ignored; 0 measured; 0 filtered out; finished in 1.38s
[INFO] [stdout] 
[INFO] [stderr] error: test failed, to rerun pass `--lib`
[INFO] running `Command { std: "docker" "inspect" "fe5dc980f866bbd9cbef34a587fa1af0c377a0b01e15c6462e5e5a78fae0f04f", kill_on_drop: false }`
[INFO] running `Command { std: "docker" "rm" "-f" "fe5dc980f866bbd9cbef34a587fa1af0c377a0b01e15c6462e5e5a78fae0f04f", kill_on_drop: false }`
[INFO] [stdout] fe5dc980f866bbd9cbef34a587fa1af0c377a0b01e15c6462e5e5a78fae0f04f
