[INFO] fetching crate binrw 0.14.1...
[INFO] testing binrw-0.14.1 against beta-2024-12-08 for beta-1.84.0-4-retry
[INFO] extracting crate binrw 0.14.1 into /workspace/builds/worker-4-tc2/source
[INFO] validating manifest of crates.io crate binrw 0.14.1 on toolchain beta-2024-12-08
[INFO] running `Command { std: CARGO_HOME="/workspace/cargo-home" RUSTUP_HOME="/workspace/rustup-home" "/workspace/cargo-home/bin/cargo" "+beta-2024-12-08" "metadata" "--manifest-path" "Cargo.toml" "--no-deps", kill_on_drop: false }`
[INFO] started tweaking crates.io crate binrw 0.14.1
[INFO] removed 0 missing tests
[INFO] finished tweaking crates.io crate binrw 0.14.1
[INFO] tweaked toml for crates.io crate binrw 0.14.1 written to /workspace/builds/worker-4-tc2/source/Cargo.toml
[INFO] running `Command { std: CARGO_HOME="/workspace/cargo-home" RUSTUP_HOME="/workspace/rustup-home" "/workspace/cargo-home/bin/cargo" "+beta-2024-12-08" "generate-lockfile" "--manifest-path" "Cargo.toml", kill_on_drop: false }`
[INFO] [stderr]     Updating crates.io index
[INFO] [stderr]      Locking 35 packages to latest compatible versions
[INFO] [stderr]       Adding trybuild v1.0.89 (available: v1.0.101)
[INFO] running `Command { std: CARGO_HOME="/workspace/cargo-home" RUSTUP_HOME="/workspace/rustup-home" "/workspace/cargo-home/bin/cargo" "+beta-2024-12-08" "fetch" "--manifest-path" "Cargo.toml", kill_on_drop: false }`
[INFO] running `Command { std: "docker" "create" "-v" "/var/lib/crater-agent-workspace/builds/worker-4-tc2/target:/opt/rustwide/target:rw,Z" "-v" "/var/lib/crater-agent-workspace/builds/worker-4-tc2/source:/opt/rustwide/workdir:ro,Z" "-v" "/var/lib/crater-agent-workspace/cargo-home:/opt/rustwide/cargo-home:ro,Z" "-v" "/var/lib/crater-agent-workspace/rustup-home:/opt/rustwide/rustup-home:ro,Z" "-e" "SOURCE_DIR=/opt/rustwide/workdir" "-e" "CARGO_TARGET_DIR=/opt/rustwide/target" "-e" "CARGO_HOME=/opt/rustwide/cargo-home" "-e" "RUSTUP_HOME=/opt/rustwide/rustup-home" "-w" "/opt/rustwide/workdir" "-m" "1610612736" "--user" "0:0" "--network" "none" "ghcr.io/rust-lang/crates-build-env/linux@sha256:f3a9d4ad9d972b27faf3965f35b62e55ba32bbce8f20bc8fe909558a86702fde" "/opt/rustwide/cargo-home/bin/cargo" "+beta-2024-12-08" "metadata" "--no-deps" "--format-version=1", kill_on_drop: false }`
[INFO] [stdout] 8c254e6bb12f8e277a674d4ebb711114820e1fa94381af8ed2fabbe14ea09c0e
[INFO] running `Command { std: "docker" "start" "-a" "8c254e6bb12f8e277a674d4ebb711114820e1fa94381af8ed2fabbe14ea09c0e", kill_on_drop: false }`
[INFO] running `Command { std: "docker" "inspect" "8c254e6bb12f8e277a674d4ebb711114820e1fa94381af8ed2fabbe14ea09c0e", kill_on_drop: false }`
[INFO] running `Command { std: "docker" "rm" "-f" "8c254e6bb12f8e277a674d4ebb711114820e1fa94381af8ed2fabbe14ea09c0e", kill_on_drop: false }`
[INFO] [stdout] 8c254e6bb12f8e277a674d4ebb711114820e1fa94381af8ed2fabbe14ea09c0e
[INFO] running `Command { std: "docker" "create" "-v" "/var/lib/crater-agent-workspace/builds/worker-4-tc2/target:/opt/rustwide/target:rw,Z" "-v" "/var/lib/crater-agent-workspace/builds/worker-4-tc2/source:/opt/rustwide/workdir:ro,Z" "-v" "/var/lib/crater-agent-workspace/cargo-home:/opt/rustwide/cargo-home:ro,Z" "-v" "/var/lib/crater-agent-workspace/rustup-home:/opt/rustwide/rustup-home:ro,Z" "-e" "SOURCE_DIR=/opt/rustwide/workdir" "-e" "CARGO_TARGET_DIR=/opt/rustwide/target" "-e" "CARGO_INCREMENTAL=0" "-e" "RUST_BACKTRACE=full" "-e" "RUSTFLAGS=--cap-lints=warn" "-e" "RUSTDOCFLAGS=--cap-lints=warn" "-e" "CARGO_HOME=/opt/rustwide/cargo-home" "-e" "RUSTUP_HOME=/opt/rustwide/rustup-home" "-w" "/opt/rustwide/workdir" "-m" "1610612736" "--user" "0:0" "--network" "none" "ghcr.io/rust-lang/crates-build-env/linux@sha256:f3a9d4ad9d972b27faf3965f35b62e55ba32bbce8f20bc8fe909558a86702fde" "/opt/rustwide/cargo-home/bin/cargo" "+beta-2024-12-08" "build" "--frozen" "--message-format=json", kill_on_drop: false }`
[INFO] [stdout] bbb63e0f11d85f77214774607fe55ed03ddd6d9604e3a59cad15f2d47f365d0d
[INFO] running `Command { std: "docker" "start" "-a" "bbb63e0f11d85f77214774607fe55ed03ddd6d9604e3a59cad15f2d47f365d0d", kill_on_drop: false }`
[INFO] [stderr]    Compiling proc-macro2 v1.0.92
[INFO] [stderr]    Compiling unicode-ident v1.0.14
[INFO] [stderr]    Compiling syn v1.0.109
[INFO] [stderr]    Compiling binrw_derive v0.14.1
[INFO] [stderr]    Compiling binrw v0.14.1 (/opt/rustwide/workdir)
[INFO] [stderr]    Compiling either v1.13.0
[INFO] [stderr]    Compiling owo-colors v3.5.0
[INFO] [stderr]    Compiling array-init v2.1.0
[INFO] [stderr]    Compiling bytemuck v1.20.0
[INFO] [stderr]    Compiling quote v1.0.37
[INFO] [stderr]     Finished `dev` profile [unoptimized + debuginfo] target(s) in 20.68s
[INFO] running `Command { std: "docker" "inspect" "bbb63e0f11d85f77214774607fe55ed03ddd6d9604e3a59cad15f2d47f365d0d", kill_on_drop: false }`
[INFO] running `Command { std: "docker" "rm" "-f" "bbb63e0f11d85f77214774607fe55ed03ddd6d9604e3a59cad15f2d47f365d0d", kill_on_drop: false }`
[INFO] [stdout] bbb63e0f11d85f77214774607fe55ed03ddd6d9604e3a59cad15f2d47f365d0d
[INFO] running `Command { std: "docker" "create" "-v" "/var/lib/crater-agent-workspace/builds/worker-4-tc2/target:/opt/rustwide/target:rw,Z" "-v" "/var/lib/crater-agent-workspace/builds/worker-4-tc2/source:/opt/rustwide/workdir:ro,Z" "-v" "/var/lib/crater-agent-workspace/cargo-home:/opt/rustwide/cargo-home:ro,Z" "-v" "/var/lib/crater-agent-workspace/rustup-home:/opt/rustwide/rustup-home:ro,Z" "-e" "SOURCE_DIR=/opt/rustwide/workdir" "-e" "CARGO_TARGET_DIR=/opt/rustwide/target" "-e" "CARGO_INCREMENTAL=0" "-e" "RUST_BACKTRACE=full" "-e" "RUSTFLAGS=--cap-lints=warn" "-e" "RUSTDOCFLAGS=--cap-lints=warn" "-e" "CARGO_HOME=/opt/rustwide/cargo-home" "-e" "RUSTUP_HOME=/opt/rustwide/rustup-home" "-w" "/opt/rustwide/workdir" "-m" "1610612736" "--user" "0:0" "--network" "none" "ghcr.io/rust-lang/crates-build-env/linux@sha256:f3a9d4ad9d972b27faf3965f35b62e55ba32bbce8f20bc8fe909558a86702fde" "/opt/rustwide/cargo-home/bin/cargo" "+beta-2024-12-08" "test" "--frozen" "--no-run" "--message-format=json", kill_on_drop: false }`
[INFO] [stdout] 90ec11abda6eb6411cbb30d3f8390b081e21759d1f493549b1f4f6e8edf71c82
[INFO] running `Command { std: "docker" "start" "-a" "90ec11abda6eb6411cbb30d3f8390b081e21759d1f493549b1f4f6e8edf71c82", kill_on_drop: false }`
[INFO] [stderr]    Compiling serde v1.0.216
[INFO] [stderr]    Compiling serde_json v1.0.133
[INFO] [stderr]    Compiling memchr v2.7.4
[INFO] [stderr]    Compiling itoa v1.0.14
[INFO] [stderr]    Compiling ryu v1.0.18
[INFO] [stderr]    Compiling syn v2.0.90
[INFO] [stderr]    Compiling trybuild v1.0.89
[INFO] [stderr]    Compiling modular-bitfield-impl v0.11.2
[INFO] [stderr]    Compiling once_cell v1.20.2
[INFO] [stderr]    Compiling static_assertions v1.1.0
[INFO] [stderr]    Compiling glob v0.3.1
[INFO] [stderr]    Compiling termcolor v1.4.1
[INFO] [stderr]    Compiling modular-bitfield v0.11.2
[INFO] [stderr]    Compiling serde_derive v1.0.216
[INFO] [stderr]    Compiling basic-toml v0.1.9
[INFO] [stderr]    Compiling binrw v0.14.1 (/opt/rustwide/workdir)
[INFO] [stderr]     Finished `test` profile [unoptimized + debuginfo] target(s) in 36.47s
[INFO] running `Command { std: "docker" "inspect" "90ec11abda6eb6411cbb30d3f8390b081e21759d1f493549b1f4f6e8edf71c82", kill_on_drop: false }`
[INFO] running `Command { std: "docker" "rm" "-f" "90ec11abda6eb6411cbb30d3f8390b081e21759d1f493549b1f4f6e8edf71c82", kill_on_drop: false }`
[INFO] [stdout] 90ec11abda6eb6411cbb30d3f8390b081e21759d1f493549b1f4f6e8edf71c82
[INFO] running `Command { std: "docker" "create" "-v" "/var/lib/crater-agent-workspace/builds/worker-4-tc2/target:/opt/rustwide/target:rw,Z" "-v" "/var/lib/crater-agent-workspace/builds/worker-4-tc2/source:/opt/rustwide/workdir:ro,Z" "-v" "/var/lib/crater-agent-workspace/cargo-home:/opt/rustwide/cargo-home:ro,Z" "-v" "/var/lib/crater-agent-workspace/rustup-home:/opt/rustwide/rustup-home:ro,Z" "-e" "SOURCE_DIR=/opt/rustwide/workdir" "-e" "CARGO_TARGET_DIR=/opt/rustwide/target" "-e" "CARGO_INCREMENTAL=0" "-e" "RUST_BACKTRACE=full" "-e" "RUSTFLAGS=--cap-lints=warn" "-e" "RUSTDOCFLAGS=--cap-lints=warn" "-e" "CARGO_HOME=/opt/rustwide/cargo-home" "-e" "RUSTUP_HOME=/opt/rustwide/rustup-home" "-w" "/opt/rustwide/workdir" "-m" "1610612736" "--user" "0:0" "--network" "none" "ghcr.io/rust-lang/crates-build-env/linux@sha256:f3a9d4ad9d972b27faf3965f35b62e55ba32bbce8f20bc8fe909558a86702fde" "/opt/rustwide/cargo-home/bin/cargo" "+beta-2024-12-08" "test" "--frozen", kill_on_drop: false }`
[INFO] [stdout] 6d558899312d193ec81a950d0702b0b1320e66e840cb2a9827e110f7bffc8135
[INFO] running `Command { std: "docker" "start" "-a" "6d558899312d193ec81a950d0702b0b1320e66e840cb2a9827e110f7bffc8135", kill_on_drop: false }`
[INFO] [stderr]     Finished `test` profile [unoptimized + debuginfo] target(s) in 0.08s
[INFO] [stderr]      Running unittests src/lib.rs (/opt/rustwide/target/debug/deps/binrw-ef697d260c8f1dda)
[INFO] [stdout] 
[INFO] [stdout] running 1 test
[INFO] [stdout] test error::backtrace::tests::backtrace ... ok
[INFO] [stdout] 
[INFO] [stdout] test result: ok. 1 passed; 0 failed; 0 ignored; 0 measured; 0 filtered out; finished in 0.01s
[INFO] [stdout] 
[INFO] [stderr]      Running tests/binread_impls.rs (/opt/rustwide/target/debug/deps/binread_impls-22975232c36aabae)
[INFO] [stdout] 
[INFO] [stdout] running 7 tests
[INFO] [stdout] test boxed ... ok
[INFO] [stdout] test clone_args ... ok
[INFO] [stdout] test non_zero ... ok
[INFO] [stdout] test phantom_data ... ok
[INFO] [stdout] test vec_u8 ... ok
[INFO] [stdout] test convenience_endian ... ok
[INFO] [stdout] test tuple ... ok
[INFO] [stdout] 
[INFO] [stdout] test result: ok. 7 passed; 0 failed; 0 ignored; 0 measured; 0 filtered out; finished in 0.01s
[INFO] [stdout] 
[INFO] [stderr]      Running tests/binwrite_impls.rs (/opt/rustwide/target/debug/deps/binwrite_impls-1309a3be504ff116)
[INFO] [stdout] 
[INFO] [stdout] running 7 tests
[INFO] [stdout] test boxed ... ok
[INFO] [stdout] test phantom_data ... ok
[INFO] [stdout] test tuple ... ok
[INFO] [stdout] test vec_i8 ... ok
[INFO] [stdout] test option ... ok
[INFO] [stdout] test clone_args ... ok
[INFO] [stdout] test non_zero ... ok
[INFO] [stdout] 
[INFO] [stdout] test result: ok. 7 passed; 0 failed; 0 ignored; 0 measured; 0 filtered out; finished in 0.01s
[INFO] [stdout] 
[INFO] [stderr]      Running tests/dbg.rs (/opt/rustwide/target/debug/deps/dbg-dfb6bb2d093c995a)
[INFO] [stdout] 
[INFO] [stdout] running 1 test
[INFO] [stdout] test dbg ... ok
[INFO] [stdout] 
[INFO] [stdout] test result: ok. 1 passed; 0 failed; 0 ignored; 0 measured; 0 filtered out; finished in 0.72s
[INFO] [stdout] 
[INFO] [stderr]      Running tests/endian.rs (/opt/rustwide/target/debug/deps/endian-7484fae42332b393)
[INFO] [stdout] 
[INFO] [stdout] running 2 tests
[INFO] [stdout] test endian_bom ... ok
[INFO] [stderr]      Running tests/error.rs (/opt/rustwide/target/debug/deps/error-b7861b335357ca6e)
[INFO] [stdout] test endian_to_string ... ok
[INFO] [stdout] 
[INFO] [stdout] test result: ok. 2 passed; 0 failed; 0 ignored; 0 measured; 0 filtered out; finished in 0.00s
[INFO] [stdout] 
[INFO] [stdout] 
[INFO] [stdout] running 12 tests
[INFO] [stdout] test custom_err_context ... ok
[INFO] [stdout] test custom_error_trait ... ok
[INFO] [stdout] test is_eof ... ok
[INFO] [stdout] test no_seek_data_enum ... ok
[INFO] [stdout] test no_seek_struct ... ok
[INFO] [stdout] test no_seek_unit_enum ... ok
[INFO] [stdout] test not_custom_error ... ok
[INFO] [stdout] test display ... ok
[INFO] [stdout] test enum_is_eol ... ok
[INFO] [stdout] test parse_backtrace_with_empty_comment_lines ... ok
[INFO] [stdout] test show_backtrace ... FAILED
[INFO] [stdout] test show_backtrace_2 ... FAILED
[INFO] [stdout] 
[INFO] [stdout] failures:
[INFO] [stdout] 
[INFO] [stdout] ---- show_backtrace stdout ----
[INFO] [stdout] 
[INFO] [stdout]  ╺━━━━━━━━━━━━━━━━━━━━┅ Backtrace ┅━━━━━━━━━━━━━━━━━━━━╸
[INFO] [stdout] 
[INFO] [stdout]  0: [1m[1mError: no variants matched at 0x0...[22m
[INFO] [stdout]    ╭───────────────────────┄ OnlyOption ┄────────────────────┄
[INFO] [stdout]    ┆
[INFO] [stdout]    ┆ 0: [1m[1mError: failed to fill whole buffer[22m
[INFO] [stdout]    ┆           [1mWhile parsing field '_items' in InnerMostStruct[22m[22m
[INFO] [stdout]    ┆     at tests/error/backtrace.rs:9
[INFO] [stdout]    ┆ 1: [1mWhile parsing field 'inner' in MiddleEnum::OnlyOption[22m
[INFO] [stdout]    ┆     at tests/error/backtrace.rs:18
[INFO] [stdout]    ┆
[INFO] [stdout]    ╰─────────────────────────────────────────────────────────┄
[INFO] [stdout]    ╭───────────────────────┄ OtherOption ┄────────────────────┄
[INFO] [stdout]    ┆
[INFO] [stdout]    ┆ 0: [1m[1mError: failed to fill whole buffer[22m
[INFO] [stdout]    ┆           [1mWhile parsing field 'self_1' in MiddleEnum::OtherOption[22m[22m
[INFO] [stdout]    ┆     at tests/error/backtrace.rs:13
[INFO] [stdout]    ┆
[INFO] [stdout]    ╰──────────────────────────────────────────────────────────┄[22m
[INFO] [stdout]     ...[1mWhile parsing field '_middle' in MiddleStruct[22m[22m
[INFO] [stdout]      at tests/error/backtrace.rs:27
[INFO] [stdout]  1: [1mWhile parsing field '_middle' in OutermostStruct[22m
[INFO] [stdout]      at tests/error/backtrace.rs:33
[INFO] [stdout] 
[INFO] [stdout]  ╺━━━━━━━━━━━━━━━━━━━━━━━━━━━━━━━━━━━━━━━━━━━━━━━━━━━━━╸
[INFO] [stdout] 
[INFO] [stdout] 
[INFO] [stdout] thread 'show_backtrace' panicked at tests/error.rs:321:5:
[INFO] [stdout] assertion `left == right` failed
[INFO] [stdout]   left: "\n ╺━━━━━━━━━━━━━━━━━━━━┅ Backtrace ┅━━━━━━━━━━━━━━━━━━━━╸\n\n 0: \u{1b}[1m\u{1b}[1mError: no variants matched at 0x0...\u{1b}[22m\n   ╭───────────────────────┄ OnlyOption ┄────────────────────┄\n   ┆\n   ┆ 0: \u{1b}[1m\u{1b}[1mError: failed to fill whole buffer\u{1b}[22m\n   ┆           \u{1b}[1mWhile parsing field '_items' in InnerMostStruct\u{1b}[22m\u{1b}[22m\n   ┆     at tests/error/backtrace.rs:9\n   ┆ 1: \u{1b}[1mWhile parsing field 'inner' in MiddleEnum::OnlyOption\u{1b}[22m\n   ┆     at tests/error/backtrace.rs:18\n   ┆\n   ╰─────────────────────────────────────────────────────────┄\n   ╭───────────────────────┄ OtherOption ┄────────────────────┄\n   ┆\n   ┆ 0: \u{1b}[1m\u{1b}[1mError: failed to fill whole buffer\u{1b}[22m\n   ┆           \u{1b}[1mWhile parsing field 'self_1' in MiddleEnum::OtherOption\u{1b}[22m\u{1b}[22m\n   ┆     at tests/error/backtrace.rs:13\n   ┆\n   ╰──────────────────────────────────────────────────────────┄\u{1b}[22m\n    ...\u{1b}[1mWhile parsing field '_middle' in MiddleStruct\u{1b}[22m\u{1b}[22m\n     at tests/error/backtrace.rs:27\n 1: \u{1b}[1mWhile parsing field '_middle' in OutermostStruct\u{1b}[22m\n     at tests/error/backtrace.rs:33\n\n ╺━━━━━━━━━━━━━━━━━━━━━━━━━━━━━━━━━━━━━━━━━━━━━━━━━━━━━╸\n\n"
[INFO] [stdout]  right: "\n ╺━━━━━━━━━━━━━━━━━━━━┅ Backtrace ┅━━━━━━━━━━━━━━━━━━━━╸\n\n 0: \u{1b}[1m\u{1b}[1mError: no variants matched at 0x0...\u{1b}[22m\n   ╭───────────────────────┄ OnlyOption ┄────────────────────┄\n   ┆\n   ┆ 0: \u{1b}[1m\u{1b}[1mError: failed to fill whole buffer\u{1b}[22m\n   ┆           \u{1b}[1mWhile parsing field '_items' in InnerMostStruct\u{1b}[22m\u{1b}[22m\n   ┆     at binrw/tests/error/backtrace.rs:9\n   ┆ 1: \u{1b}[1mWhile parsing field 'inner' in MiddleEnum::OnlyOption\u{1b}[22m\n   ┆     at binrw/tests/error/backtrace.rs:18\n   ┆\n   ╰─────────────────────────────────────────────────────────┄\n   ╭───────────────────────┄ OtherOption ┄────────────────────┄\n   ┆\n   ┆ 0: \u{1b}[1m\u{1b}[1mError: failed to fill whole buffer\u{1b}[22m\n   ┆           \u{1b}[1mWhile parsing field 'self_1' in MiddleEnum::OtherOption\u{1b}[22m\u{1b}[22m\n   ┆     at binrw/tests/error/backtrace.rs:13\n   ┆\n   ╰──────────────────────────────────────────────────────────┄\u{1b}[22m\n    ...\u{1b}[1mWhile parsing field '_middle' in MiddleStruct\u{1b}[22m\u{1b}[22m\n     at binrw/tests/error/backtrace.rs:27\n 1: \u{1b}[1mWhile parsing field '_middle' in OutermostStruct\u{1b}[22m\n     at binrw/tests/error/backtrace.rs:33\n\n ╺━━━━━━━━━━━━━━━━━━━━━━━━━━━━━━━━━━━━━━━━━━━━━━━━━━━━━╸\n\n"
[INFO] [stdout] stack backtrace:
[INFO] [stdout]    0:     0x63d796a0ed7a - std::backtrace_rs::backtrace::libunwind::trace::h8810477743020387
[INFO] [stdout]                                at /rustc/202008a1b8de96d2e5b6bc02d379db03a877d34d/library/std/src/../../backtrace/src/backtrace/libunwind.rs:116:5
[INFO] [stdout]    1:     0x63d796a0ed7a - std::backtrace_rs::backtrace::trace_unsynchronized::h3aa55355dd6c54a6
[INFO] [stdout]                                at /rustc/202008a1b8de96d2e5b6bc02d379db03a877d34d/library/std/src/../../backtrace/src/backtrace/mod.rs:66:5
[INFO] [stdout]    2:     0x63d796a0ed7a - std::sys::backtrace::_print_fmt::h8588b0f62410823f
[INFO] [stdout]                                at /rustc/202008a1b8de96d2e5b6bc02d379db03a877d34d/library/std/src/sys/backtrace.rs:66:9
[INFO] [stdout]    3:     0x63d796a0ed7a - <std::sys::backtrace::BacktraceLock::print::DisplayBacktrace as core::fmt::Display>::fmt::h98c26ac25ffe89bb
[INFO] [stdout]                                at /rustc/202008a1b8de96d2e5b6bc02d379db03a877d34d/library/std/src/sys/backtrace.rs:39:26
[INFO] [stdout]    4:     0x63d796a348a3 - core::fmt::rt::Argument::fmt::hf95377f4aebd453b
[INFO] [stdout]                                at /rustc/202008a1b8de96d2e5b6bc02d379db03a877d34d/library/core/src/fmt/rt.rs:177:76
[INFO] [stdout]    5:     0x63d796a348a3 - core::fmt::write::h0dd5f6e2238c7982
[INFO] [stdout]                                at /rustc/202008a1b8de96d2e5b6bc02d379db03a877d34d/library/core/src/fmt/mod.rs:1189:21
[INFO] [stdout]    6:     0x63d796a0bf13 - std::io::Write::write_fmt::h03bb0ca26e6faf8c
[INFO] [stdout]                                at /rustc/202008a1b8de96d2e5b6bc02d379db03a877d34d/library/std/src/io/mod.rs:1884:15
[INFO] [stdout]    7:     0x63d796a0ebc2 - std::sys::backtrace::BacktraceLock::print::h5c19c1c038ee186d
[INFO] [stdout]                                at /rustc/202008a1b8de96d2e5b6bc02d379db03a877d34d/library/std/src/sys/backtrace.rs:42:9
[INFO] [stdout]    8:     0x63d796a101fd - std::panicking::default_hook::{{closure}}::h77172f079a1fcb13
[INFO] [stdout]                                at /rustc/202008a1b8de96d2e5b6bc02d379db03a877d34d/library/std/src/panicking.rs:268:22
[INFO] [stdout]    9:     0x63d796a10007 - std::panicking::default_hook::he5f8e3b203ccddba
[INFO] [stdout]                                at /rustc/202008a1b8de96d2e5b6bc02d379db03a877d34d/library/std/src/panicking.rs:292:9
[INFO] [stdout]   10:     0x63d7969ce367 - <alloc::boxed::Box<F,A> as core::ops::function::Fn<Args>>::call::h7a3c7b4a1ae77f2f
[INFO] [stdout]                                at /rustc/202008a1b8de96d2e5b6bc02d379db03a877d34d/library/alloc/src/boxed.rs:1986:9
[INFO] [stdout]   11:     0x63d7969ce367 - test::test_main::{{closure}}::hf0d3b69ae9b353d1
[INFO] [stdout]                                at /rustc/202008a1b8de96d2e5b6bc02d379db03a877d34d/library/test/src/lib.rs:134:21
[INFO] [stdout]   12:     0x63d796a108a8 - <alloc::boxed::Box<F,A> as core::ops::function::Fn<Args>>::call::h6332e82e7b189abd
[INFO] [stdout]                                at /rustc/202008a1b8de96d2e5b6bc02d379db03a877d34d/library/alloc/src/boxed.rs:1986:9
[INFO] [stdout]   13:     0x63d796a108a8 - std::panicking::rust_panic_with_hook::h53863d4e9018df39
[INFO] [stdout]                                at /rustc/202008a1b8de96d2e5b6bc02d379db03a877d34d/library/std/src/panicking.rs:809:13
[INFO] [stdout]   14:     0x63d796a1066a - std::panicking::begin_panic_handler::{{closure}}::h67280e6fa0757873
[INFO] [stdout]                                at /rustc/202008a1b8de96d2e5b6bc02d379db03a877d34d/library/std/src/panicking.rs:674:13
[INFO] [stdout]   15:     0x63d796a0f259 - std::sys::backtrace::__rust_end_short_backtrace::h1dac3f54d6fbbeb2
[INFO] [stdout]                                at /rustc/202008a1b8de96d2e5b6bc02d379db03a877d34d/library/std/src/sys/backtrace.rs:170:18
[INFO] [stdout]   16:     0x63d796a102fc - rust_begin_unwind
[INFO] [stdout]                                at /rustc/202008a1b8de96d2e5b6bc02d379db03a877d34d/library/std/src/panicking.rs:665:5
[INFO] [stdout]   17:     0x63d796964b00 - core::panicking::panic_fmt::h6792bd1b2bf01041
[INFO] [stdout]                                at /rustc/202008a1b8de96d2e5b6bc02d379db03a877d34d/library/core/src/panicking.rs:76:14
[INFO] [stdout]   18:     0x63d796964ecb - core::panicking::assert_failed_inner::hf2c17e6d30928787
[INFO] [stdout]   19:     0x63d79698082c - core::panicking::assert_failed::h3c404246abaf9b7b
[INFO] [stdout]                                at /rustc/202008a1b8de96d2e5b6bc02d379db03a877d34d/library/core/src/panicking.rs:373:5
[INFO] [stdout]   20:     0x63d7969908e1 - error::show_backtrace::had9d83feb7e798cf
[INFO] [stdout]                                at /opt/rustwide/workdir/tests/error.rs:321:5
[INFO] [stdout]   21:     0x63d796990577 - error::show_backtrace::{{closure}}::h37fc2ce83569b427
[INFO] [stdout]                                at /opt/rustwide/workdir/tests/error.rs:309:20
[INFO] [stdout]   22:     0x63d79697f956 - core::ops::function::FnOnce::call_once::h33694e2edeae3f91
[INFO] [stdout]                                at /rustc/202008a1b8de96d2e5b6bc02d379db03a877d34d/library/core/src/ops/function.rs:250:5
[INFO] [stdout]   23:     0x63d7969d2e8b - core::ops::function::FnOnce::call_once::h871bf86719ec9aa4
[INFO] [stdout]                                at /rustc/202008a1b8de96d2e5b6bc02d379db03a877d34d/library/core/src/ops/function.rs:250:5
[INFO] [stdout]   24:     0x63d7969d2e8b - test::__rust_begin_short_backtrace::h2167df1e2b7d76fd
[INFO] [stdout]                                at /rustc/202008a1b8de96d2e5b6bc02d379db03a877d34d/library/test/src/lib.rs:632:18
[INFO] [stdout]   25:     0x63d7969d2878 - test::run_test_in_process::{{closure}}::h15d92f75a3adfb79
[INFO] [stdout]                                at /rustc/202008a1b8de96d2e5b6bc02d379db03a877d34d/library/test/src/lib.rs:655:60
[INFO] [stdout]   26:     0x63d7969d2878 - <core::panic::unwind_safe::AssertUnwindSafe<F> as core::ops::function::FnOnce<()>>::call_once::hb6c8955835a8dbbb
[INFO] [stdout]                                at /rustc/202008a1b8de96d2e5b6bc02d379db03a877d34d/library/core/src/panic/unwind_safe.rs:272:9
[INFO] [stdout]   27:     0x63d7969d2878 - std::panicking::try::do_call::hc79d0fc888a0bd30
[INFO] [stdout]                                at /rustc/202008a1b8de96d2e5b6bc02d379db03a877d34d/library/std/src/panicking.rs:557:40
[INFO] [stdout]   28:     0x63d7969d2878 - std::panicking::try::hb8a7878e3a8589d6
[INFO] [stdout]                                at /rustc/202008a1b8de96d2e5b6bc02d379db03a877d34d/library/std/src/panicking.rs:520:19
[INFO] [stdout]   29:     0x63d7969d2878 - std::panic::catch_unwind::hb8e4600ff0ff5cfa
[INFO] [stdout]                                at /rustc/202008a1b8de96d2e5b6bc02d379db03a877d34d/library/std/src/panic.rs:358:14
[INFO] [stdout]   30:     0x63d7969d2878 - test::run_test_in_process::hc2900b0b18688dd6
[INFO] [stdout]                                at /rustc/202008a1b8de96d2e5b6bc02d379db03a877d34d/library/test/src/lib.rs:655:27
[INFO] [stdout]   31:     0x63d7969d2878 - test::run_test::{{closure}}::hac2a9cb07be3d48d
[INFO] [stdout]                                at /rustc/202008a1b8de96d2e5b6bc02d379db03a877d34d/library/test/src/lib.rs:576:43
[INFO] [stdout]   32:     0x63d79699631a - test::run_test::{{closure}}::h4a5b729e66a38cd8
[INFO] [stdout]                                at /rustc/202008a1b8de96d2e5b6bc02d379db03a877d34d/library/test/src/lib.rs:606:41
[INFO] [stdout]   33:     0x63d79699631a - std::sys::backtrace::__rust_begin_short_backtrace::h0496fb742492f573
[INFO] [stdout]                                at /rustc/202008a1b8de96d2e5b6bc02d379db03a877d34d/library/std/src/sys/backtrace.rs:154:18
[INFO] [stdout]   34:     0x63d796999c94 - std::thread::Builder::spawn_unchecked_::{{closure}}::{{closure}}::hbb6d257c550a54bd
[INFO] [stdout]                                at /rustc/202008a1b8de96d2e5b6bc02d379db03a877d34d/library/std/src/thread/mod.rs:561:17
[INFO] [stdout]   35:     0x63d796999c94 - <core::panic::unwind_safe::AssertUnwindSafe<F> as core::ops::function::FnOnce<()>>::call_once::h46696fe4a6832328
[INFO] [stdout]                                at /rustc/202008a1b8de96d2e5b6bc02d379db03a877d34d/library/core/src/panic/unwind_safe.rs:272:9
[INFO] [stdout]   36:     0x63d796999c94 - std::panicking::try::do_call::h2625a51b667bfb64
[INFO] [stdout]                                at /rustc/202008a1b8de96d2e5b6bc02d379db03a877d34d/library/std/src/panicking.rs:557:40
[INFO] [stdout]   37:     0x63d796999c94 - std::panicking::try::hb956a59a1973aa4c
[INFO] [stdout]                                at /rustc/202008a1b8de96d2e5b6bc02d379db03a877d34d/library/std/src/panicking.rs:520:19
[INFO] [stdout]   38:     0x63d796999c94 - std::panic::catch_unwind::h64f3b9d1067ef6a0
[INFO] [stdout]                                at /rustc/202008a1b8de96d2e5b6bc02d379db03a877d34d/library/std/src/panic.rs:358:14
[INFO] [stdout]   39:     0x63d796999c94 - std::thread::Builder::spawn_unchecked_::{{closure}}::h42b2841295b6c0b2
[INFO] [stdout]                                at /rustc/202008a1b8de96d2e5b6bc02d379db03a877d34d/library/std/src/thread/mod.rs:559:30
[INFO] [stdout]   40:     0x63d796999c94 - core::ops::function::FnOnce::call_once{{vtable.shim}}::h6127de71b8124639
[INFO] [stdout]                                at /rustc/202008a1b8de96d2e5b6bc02d379db03a877d34d/library/core/src/ops/function.rs:250:5
[INFO] [stdout]   41:     0x63d796a147eb - <alloc::boxed::Box<F,A> as core::ops::function::FnOnce<Args>>::call_once::h42f0ba71002a1b2c
[INFO] [stdout]                                at /rustc/202008a1b8de96d2e5b6bc02d379db03a877d34d/library/alloc/src/boxed.rs:1972:9
[INFO] [stdout]   42:     0x63d796a147eb - <alloc::boxed::Box<F,A> as core::ops::function::FnOnce<Args>>::call_once::had9e47d7a3dcecb8
[INFO] [stdout]                                at /rustc/202008a1b8de96d2e5b6bc02d379db03a877d34d/library/alloc/src/boxed.rs:1972:9
[INFO] [stdout]   43:     0x63d796a147eb - std::sys::pal::unix::thread::Thread::new::thread_start::h48cf765408f6f5f2
[INFO] [stdout]                                at /rustc/202008a1b8de96d2e5b6bc02d379db03a877d34d/library/std/src/sys/pal/unix/thread.rs:105:17
[INFO] [stdout]   44:     0x739ff33eeac3 - <unknown>
[INFO] [stdout]   45:     0x739ff347fa04 - clone
[INFO] [stdout]   46:                0x0 - <unknown>
[INFO] [stdout] 
[INFO] [stdout] ---- show_backtrace_2 stdout ----
[INFO] [stdout] 
[INFO] [stdout]  ╺━━━━━━━━━━━━━━━━━━━━┅ Backtrace ┅━━━━━━━━━━━━━━━━━━━━╸
[INFO] [stdout] 
[INFO] [stdout]  0: [1m[1mError: failed to fill whole buffer[22m
[INFO] [stdout]            [1mlen = 6[22m[22m
[INFO] [stdout]      at tests/error/backtrace_2.rs:10
[INFO] [stdout]  1: [1mWhile parsing the innerest most struct[22m
[INFO] [stdout]      at tests/error/backtrace_2.rs:17
[INFO] [stdout]  2: [1mWhile parsing field '_middle' in OutermostStruct[22m
[INFO] [stdout]      at tests/error/backtrace_2.rs:23
[INFO] [stdout] 
[INFO] [stdout]  ╺━━━━━━━━━━━━━━━━━━━━━━━━━━━━━━━━━━━━━━━━━━━━━━━━━━━━━╸
[INFO] [stdout] 
[INFO] [stdout] 
[INFO] [stdout] thread 'show_backtrace_2' panicked at tests/error.rs:353:5:
[INFO] [stdout] assertion `left == right` failed
[INFO] [stdout]   left: "\n ╺━━━━━━━━━━━━━━━━━━━━┅ Backtrace ┅━━━━━━━━━━━━━━━━━━━━╸\n\n 0: \u{1b}[1m\u{1b}[1mError: failed to fill whole buffer\u{1b}[22m\n           \u{1b}[1mlen = 6\u{1b}[22m\u{1b}[22m\n     at tests/error/backtrace_2.rs:10\n 1: \u{1b}[1mWhile parsing the innerest most struct\u{1b}[22m\n     at tests/error/backtrace_2.rs:17\n 2: \u{1b}[1mWhile parsing field '_middle' in OutermostStruct\u{1b}[22m\n     at tests/error/backtrace_2.rs:23\n\n ╺━━━━━━━━━━━━━━━━━━━━━━━━━━━━━━━━━━━━━━━━━━━━━━━━━━━━━╸\n\n"
[INFO] [stdout]  right: "\n ╺━━━━━━━━━━━━━━━━━━━━┅ Backtrace ┅━━━━━━━━━━━━━━━━━━━━╸\n\n 0: \u{1b}[1m\u{1b}[1mError: failed to fill whole buffer\u{1b}[22m\n           \u{1b}[1mlen = 6\u{1b}[22m\u{1b}[22m\n     at binrw/tests/error/backtrace_2.rs:10\n 1: \u{1b}[1mWhile parsing the innerest most struct\u{1b}[22m\n     at binrw/tests/error/backtrace_2.rs:17\n 2: \u{1b}[1mWhile parsing field '_middle' in OutermostStruct\u{1b}[22m\n     at binrw/tests/error/backtrace_2.rs:23\n\n ╺━━━━━━━━━━━━━━━━━━━━━━━━━━━━━━━━━━━━━━━━━━━━━━━━━━━━━╸\n\n"
[INFO] [stdout] stack backtrace:
[INFO] [stdout]    0:     0x63d796a0ed7a - std::backtrace_rs::backtrace::libunwind::trace::h8810477743020387
[INFO] [stdout]                                at /rustc/202008a1b8de96d2e5b6bc02d379db03a877d34d/library/std/src/../../backtrace/src/backtrace/libunwind.rs:116:5
[INFO] [stdout]    1:     0x63d796a0ed7a - std::backtrace_rs::backtrace::trace_unsynchronized::h3aa55355dd6c54a6
[INFO] [stdout]                                at /rustc/202008a1b8de96d2e5b6bc02d379db03a877d34d/library/std/src/../../backtrace/src/backtrace/mod.rs:66:5
[INFO] [stdout]    2:     0x63d796a0ed7a - std::sys::backtrace::_print_fmt::h8588b0f62410823f
[INFO] [stdout]                                at /rustc/202008a1b8de96d2e5b6bc02d379db03a877d34d/library/std/src/sys/backtrace.rs:66:9
[INFO] [stdout]    3:     0x63d796a0ed7a - <std::sys::backtrace::BacktraceLock::print::DisplayBacktrace as core::fmt::Display>::fmt::h98c26ac25ffe89bb
[INFO] [stdout]                                at /rustc/202008a1b8de96d2e5b6bc02d379db03a877d34d/library/std/src/sys/backtrace.rs:39:26
[INFO] [stdout]    4:     0x63d796a348a3 - core::fmt::rt::Argument::fmt::hf95377f4aebd453b
[INFO] [stdout]                                at /rustc/202008a1b8de96d2e5b6bc02d379db03a877d34d/library/core/src/fmt/rt.rs:177:76
[INFO] [stdout]    5:     0x63d796a348a3 - core::fmt::write::h0dd5f6e2238c7982
[INFO] [stdout]                                at /rustc/202008a1b8de96d2e5b6bc02d379db03a877d34d/library/core/src/fmt/mod.rs:1189:21
[INFO] [stdout]    6:     0x63d796a0bf13 - std::io::Write::write_fmt::h03bb0ca26e6faf8c
[INFO] [stdout]                                at /rustc/202008a1b8de96d2e5b6bc02d379db03a877d34d/library/std/src/io/mod.rs:1884:15
[INFO] [stdout]    7:     0x63d796a0ebc2 - std::sys::backtrace::BacktraceLock::print::h5c19c1c038ee186d
[INFO] [stdout]                                at /rustc/202008a1b8de96d2e5b6bc02d379db03a877d34d/library/std/src/sys/backtrace.rs:42:9
[INFO] [stdout]    8:     0x63d796a101fd - std::panicking::default_hook::{{closure}}::h77172f079a1fcb13
[INFO] [stdout]                                at /rustc/202008a1b8de96d2e5b6bc02d379db03a877d34d/library/std/src/panicking.rs:268:22
[INFO] [stdout]    9:     0x63d796a10007 - std::panicking::default_hook::he5f8e3b203ccddba
[INFO] [stdout]                                at /rustc/202008a1b8de96d2e5b6bc02d379db03a877d34d/library/std/src/panicking.rs:292:9
[INFO] [stdout]   10:     0x63d7969ce367 - <alloc::boxed::Box<F,A> as core::ops::function::Fn<Args>>::call::h7a3c7b4a1ae77f2f
[INFO] [stdout]                                at /rustc/202008a1b8de96d2e5b6bc02d379db03a877d34d/library/alloc/src/boxed.rs:1986:9
[INFO] [stdout]   11:     0x63d7969ce367 - test::test_main::{{closure}}::hf0d3b69ae9b353d1
[INFO] [stdout]                                at /rustc/202008a1b8de96d2e5b6bc02d379db03a877d34d/library/test/src/lib.rs:134:21
[INFO] [stdout]   12:     0x63d796a108a8 - <alloc::boxed::Box<F,A> as core::ops::function::Fn<Args>>::call::h6332e82e7b189abd
[INFO] [stdout]                                at /rustc/202008a1b8de96d2e5b6bc02d379db03a877d34d/library/alloc/src/boxed.rs:1986:9
[INFO] [stdout]   13:     0x63d796a108a8 - std::panicking::rust_panic_with_hook::h53863d4e9018df39
[INFO] [stdout]                                at /rustc/202008a1b8de96d2e5b6bc02d379db03a877d34d/library/std/src/panicking.rs:809:13
[INFO] [stdout]   14:     0x63d796a1066a - std::panicking::begin_panic_handler::{{closure}}::h67280e6fa0757873
[INFO] [stdout]                                at /rustc/202008a1b8de96d2e5b6bc02d379db03a877d34d/library/std/src/panicking.rs:674:13
[INFO] [stdout]   15:     0x63d796a0f259 - std::sys::backtrace::__rust_end_short_backtrace::h1dac3f54d6fbbeb2
[INFO] [stdout]                                at /rustc/202008a1b8de96d2e5b6bc02d379db03a877d34d/library/std/src/sys/backtrace.rs:170:18
[INFO] [stdout]   16:     0x63d796a102fc - rust_begin_unwind
[INFO] [stdout]                                at /rustc/202008a1b8de96d2e5b6bc02d379db03a877d34d/library/std/src/panicking.rs:665:5
[INFO] [stdout]   17:     0x63d796964b00 - core::panicking::panic_fmt::h6792bd1b2bf01041
[INFO] [stdout]                                at /rustc/202008a1b8de96d2e5b6bc02d379db03a877d34d/library/core/src/panicking.rs:76:14
[INFO] [stdout]   18:     0x63d796964ecb - core::panicking::assert_failed_inner::hf2c17e6d30928787
[INFO] [stdout]   19:     0x63d79698082c - core::panicking::assert_failed::h3c404246abaf9b7b
[INFO] [stdout]                                at /rustc/202008a1b8de96d2e5b6bc02d379db03a877d34d/library/core/src/panicking.rs:373:5
[INFO] [stdout]   20:     0x63d796990cc1 - error::show_backtrace_2::he0ba61a1defbacfb
[INFO] [stdout]                                at /opt/rustwide/workdir/tests/error.rs:353:5
[INFO] [stdout]   21:     0x63d796990957 - error::show_backtrace_2::{{closure}}::hdc614cf7a3c3eeb5
[INFO] [stdout]                                at /opt/rustwide/workdir/tests/error.rs:341:22
[INFO] [stdout]   22:     0x63d79697f9f6 - core::ops::function::FnOnce::call_once::h72f8910f80ffa4af
[INFO] [stdout]                                at /rustc/202008a1b8de96d2e5b6bc02d379db03a877d34d/library/core/src/ops/function.rs:250:5
[INFO] [stdout]   23:     0x63d7969d2e8b - core::ops::function::FnOnce::call_once::h871bf86719ec9aa4
[INFO] [stdout]                                at /rustc/202008a1b8de96d2e5b6bc02d379db03a877d34d/library/core/src/ops/function.rs:250:5
[INFO] [stdout]   24:     0x63d7969d2e8b - test::__rust_begin_short_backtrace::h2167df1e2b7d76fd
[INFO] [stdout]                                at /rustc/202008a1b8de96d2e5b6bc02d379db03a877d34d/library/test/src/lib.rs:632:18
[INFO] [stdout]   25:     0x63d7969d2878 - test::run_test_in_process::{{closure}}::h15d92f75a3adfb79
[INFO] [stdout]                                at /rustc/202008a1b8de96d2e5b6bc02d379db03a877d34d/library/test/src/lib.rs:655:60
[INFO] [stdout]   26:     0x63d7969d2878 - <core::panic::unwind_safe::AssertUnwindSafe<F> as core::ops::function::FnOnce<()>>::call_once::hb6c8955835a8dbbb
[INFO] [stdout]                                at /rustc/202008a1b8de96d2e5b6bc02d379db03a877d34d/library/core/src/panic/unwind_safe.rs:272:9
[INFO] [stdout]   27:     0x63d7969d2878 - std::panicking::try::do_call::hc79d0fc888a0bd30
[INFO] [stdout]                                at /rustc/202008a1b8de96d2e5b6bc02d379db03a877d34d/library/std/src/panicking.rs:557:40
[INFO] [stdout]   28:     0x63d7969d2878 - std::panicking::try::hb8a7878e3a8589d6
[INFO] [stdout]                                at /rustc/202008a1b8de96d2e5b6bc02d379db03a877d34d/library/std/src/panicking.rs:520:19
[INFO] [stdout]   29:     0x63d7969d2878 - std::panic::catch_unwind::hb8e4600ff0ff5cfa
[INFO] [stdout]                                at /rustc/202008a1b8de96d2e5b6bc02d379db03a877d34d/library/std/src/panic.rs:358:14
[INFO] [stdout]   30:     0x63d7969d2878 - test::run_test_in_process::hc2900b0b18688dd6
[INFO] [stdout]                                at /rustc/202008a1b8de96d2e5b6bc02d379db03a877d34d/library/test/src/lib.rs:655:27
[INFO] [stdout]   31:     0x63d7969d2878 - test::run_test::{{closure}}::hac2a9cb07be3d48d
[INFO] [stdout]                                at /rustc/202008a1b8de96d2e5b6bc02d379db03a877d34d/library/test/src/lib.rs:576:43
[INFO] [stdout]   32:     0x63d79699631a - test::run_test::{{closure}}::h4a5b729e66a38cd8
[INFO] [stdout]                                at /rustc/202008a1b8de96d2e5b6bc02d379db03a877d34d/library/test/src/lib.rs:606:41
[INFO] [stdout]   33:     0x63d79699631a - std::sys::backtrace::__rust_begin_short_backtrace::h0496fb742492f573
[INFO] [stdout]                                at /rustc/202008a1b8de96d2e5b6bc02d379db03a877d34d/library/std/src/sys/backtrace.rs:154:18
[INFO] [stdout]   34:     0x63d796999c94 - std::thread::Builder::spawn_unchecked_::{{closure}}::{{closure}}::hbb6d257c550a54bd
[INFO] [stdout]                                at /rustc/202008a1b8de96d2e5b6bc02d379db03a877d34d/library/std/src/thread/mod.rs:561:17
[INFO] [stdout]   35:     0x63d796999c94 - <core::panic::unwind_safe::AssertUnwindSafe<F> as core::ops::function::FnOnce<()>>::call_once::h46696fe4a6832328
[INFO] [stdout]                                at /rustc/202008a1b8de96d2e5b6bc02d379db03a877d34d/library/core/src/panic/unwind_safe.rs:272:9
[INFO] [stdout]   36:     0x63d796999c94 - std::panicking::try::do_call::h2625a51b667bfb64
[INFO] [stdout]                                at /rustc/202008a1b8de96d2e5b6bc02d379db03a877d34d/library/std/src/panicking.rs:557:40
[INFO] [stdout]   37:     0x63d796999c94 - std::panicking::try::hb956a59a1973aa4c
[INFO] [stdout]                                at /rustc/202008a1b8de96d2e5b6bc02d379db03a877d34d/library/std/src/panicking.rs:520:19
[INFO] [stdout]   38:     0x63d796999c94 - std::panic::catch_unwind::h64f3b9d1067ef6a0
[INFO] [stdout]                                at /rustc/202008a1b8de96d2e5b6bc02d379db03a877d34d/library/std/src/panic.rs:358:14
[INFO] [stdout]   39:     0x63d796999c94 - std::thread::Builder::spawn_unchecked_::{{closure}}::h42b2841295b6c0b2
[INFO] [stdout]                                at /rustc/202008a1b8de96d2e5b6bc02d379db03a877d34d/library/std/src/thread/mod.rs:559:30
[INFO] [stdout]   40:     0x63d796999c94 - core::ops::function::FnOnce::call_once{{vtable.shim}}::h6127de71b8124639
[INFO] [stdout]                                at /rustc/202008a1b8de96d2e5b6bc02d379db03a877d34d/library/core/src/ops/function.rs:250:5
[INFO] [stdout]   41:     0x63d796a147eb - <alloc::boxed::Box<F,A> as core::ops::function::FnOnce<Args>>::call_once::h42f0ba71002a1b2c
[INFO] [stdout]                                at /rustc/202008a1b8de96d2e5b6bc02d379db03a877d34d/library/alloc/src/boxed.rs:1972:9
[INFO] [stdout]   42:     0x63d796a147eb - <alloc::boxed::Box<F,A> as core::ops::function::FnOnce<Args>>::call_once::had9e47d7a3dcecb8
[INFO] [stdout]                                at /rustc/202008a1b8de96d2e5b6bc02d379db03a877d34d/library/alloc/src/boxed.rs:1972:9
[INFO] [stdout]   43:     0x63d796a147eb - std::sys::pal::unix::thread::Thread::new::thread_start::h48cf765408f6f5f2
[INFO] [stdout]                                at /rustc/202008a1b8de96d2e5b6bc02d379db03a877d34d/library/std/src/sys/pal/unix/thread.rs:105:17
[INFO] [stdout]   44:     0x739ff33eeac3 - <unknown>
[INFO] [stdout]   45:     0x739ff347fa04 - clone
[INFO] [stdout]   46:                0x0 - <unknown>
[INFO] [stdout] 
[INFO] [stdout] 
[INFO] [stdout] failures:
[INFO] [stdout]     show_backtrace
[INFO] [stdout]     show_backtrace_2
[INFO] [stdout] 
[INFO] [stdout] test result: FAILED. 10 passed; 2 failed; 0 ignored; 0 measured; 0 filtered out; finished in 0.03s
[INFO] [stdout] 
[INFO] [stderr] error: test failed, to rerun pass `--test error`
[INFO] running `Command { std: "docker" "inspect" "6d558899312d193ec81a950d0702b0b1320e66e840cb2a9827e110f7bffc8135", kill_on_drop: false }`
[INFO] running `Command { std: "docker" "rm" "-f" "6d558899312d193ec81a950d0702b0b1320e66e840cb2a9827e110f7bffc8135", kill_on_drop: false }`
[INFO] [stdout] 6d558899312d193ec81a950d0702b0b1320e66e840cb2a9827e110f7bffc8135
