[INFO] fetching crate binext 1.0.0...
[INFO] testing binext-1.0.0 against 1.83.0 for beta-1.84.0-4-retry
[INFO] extracting crate binext 1.0.0 into /workspace/builds/worker-4-tc1/source
[INFO] validating manifest of crates.io crate binext 1.0.0 on toolchain 1.83.0
[INFO] running `Command { std: CARGO_HOME="/workspace/cargo-home" RUSTUP_HOME="/workspace/rustup-home" "/workspace/cargo-home/bin/cargo" "+1.83.0" "metadata" "--manifest-path" "Cargo.toml" "--no-deps", kill_on_drop: false }`
[INFO] started tweaking crates.io crate binext 1.0.0
[INFO] finished tweaking crates.io crate binext 1.0.0
[INFO] tweaked toml for crates.io crate binext 1.0.0 written to /workspace/builds/worker-4-tc1/source/Cargo.toml
[INFO] running `Command { std: CARGO_HOME="/workspace/cargo-home" RUSTUP_HOME="/workspace/rustup-home" "/workspace/cargo-home/bin/cargo" "+1.83.0" "generate-lockfile" "--manifest-path" "Cargo.toml", kill_on_drop: false }`
[INFO] [stderr]     Updating crates.io index
[INFO] [stderr]      Locking 84 packages to latest compatible versions
[INFO] [stderr]       Adding criterion v0.4.0 (available: v0.5.1)
[INFO] running `Command { std: CARGO_HOME="/workspace/cargo-home" RUSTUP_HOME="/workspace/rustup-home" "/workspace/cargo-home/bin/cargo" "+1.83.0" "fetch" "--manifest-path" "Cargo.toml", kill_on_drop: false }`
[INFO] running `Command { std: "docker" "create" "-v" "/var/lib/crater-agent-workspace/builds/worker-4-tc1/target:/opt/rustwide/target:rw,Z" "-v" "/var/lib/crater-agent-workspace/builds/worker-4-tc1/source:/opt/rustwide/workdir:ro,Z" "-v" "/var/lib/crater-agent-workspace/cargo-home:/opt/rustwide/cargo-home:ro,Z" "-v" "/var/lib/crater-agent-workspace/rustup-home:/opt/rustwide/rustup-home:ro,Z" "-e" "SOURCE_DIR=/opt/rustwide/workdir" "-e" "CARGO_TARGET_DIR=/opt/rustwide/target" "-e" "CARGO_HOME=/opt/rustwide/cargo-home" "-e" "RUSTUP_HOME=/opt/rustwide/rustup-home" "-w" "/opt/rustwide/workdir" "-m" "1610612736" "--user" "0:0" "--network" "none" "ghcr.io/rust-lang/crates-build-env/linux@sha256:f3a9d4ad9d972b27faf3965f35b62e55ba32bbce8f20bc8fe909558a86702fde" "/opt/rustwide/cargo-home/bin/cargo" "+1.83.0" "metadata" "--no-deps" "--format-version=1", kill_on_drop: false }`
[INFO] [stdout] e67a1d704257ad0a96598c5e85290247a80cbe1aa89c4428b42699a5f018dad8
[INFO] running `Command { std: "docker" "start" "-a" "e67a1d704257ad0a96598c5e85290247a80cbe1aa89c4428b42699a5f018dad8", kill_on_drop: false }`
[INFO] running `Command { std: "docker" "inspect" "e67a1d704257ad0a96598c5e85290247a80cbe1aa89c4428b42699a5f018dad8", kill_on_drop: false }`
[INFO] running `Command { std: "docker" "rm" "-f" "e67a1d704257ad0a96598c5e85290247a80cbe1aa89c4428b42699a5f018dad8", kill_on_drop: false }`
[INFO] [stdout] e67a1d704257ad0a96598c5e85290247a80cbe1aa89c4428b42699a5f018dad8
[INFO] running `Command { std: "docker" "create" "-v" "/var/lib/crater-agent-workspace/builds/worker-4-tc1/target:/opt/rustwide/target:rw,Z" "-v" "/var/lib/crater-agent-workspace/builds/worker-4-tc1/source:/opt/rustwide/workdir:ro,Z" "-v" "/var/lib/crater-agent-workspace/cargo-home:/opt/rustwide/cargo-home:ro,Z" "-v" "/var/lib/crater-agent-workspace/rustup-home:/opt/rustwide/rustup-home:ro,Z" "-e" "SOURCE_DIR=/opt/rustwide/workdir" "-e" "CARGO_TARGET_DIR=/opt/rustwide/target" "-e" "CARGO_INCREMENTAL=0" "-e" "RUST_BACKTRACE=full" "-e" "RUSTFLAGS=--cap-lints=warn" "-e" "RUSTDOCFLAGS=--cap-lints=warn" "-e" "CARGO_HOME=/opt/rustwide/cargo-home" "-e" "RUSTUP_HOME=/opt/rustwide/rustup-home" "-w" "/opt/rustwide/workdir" "-m" "1610612736" "--user" "0:0" "--network" "none" "ghcr.io/rust-lang/crates-build-env/linux@sha256:f3a9d4ad9d972b27faf3965f35b62e55ba32bbce8f20bc8fe909558a86702fde" "/opt/rustwide/cargo-home/bin/cargo" "+1.83.0" "build" "--frozen" "--message-format=json", kill_on_drop: false }`
[INFO] [stdout] 4b1ed7decfb3e957b2894f7fc8e1a1bae6acfc17b5371154663ca06d44a9f11c
[INFO] running `Command { std: "docker" "start" "-a" "4b1ed7decfb3e957b2894f7fc8e1a1bae6acfc17b5371154663ca06d44a9f11c", kill_on_drop: false }`
[INFO] [stderr]    Compiling binext v1.0.0 (/opt/rustwide/workdir)
[INFO] [stderr]     Finished `dev` profile [unoptimized + debuginfo] target(s) in 0.27s
[INFO] running `Command { std: "docker" "inspect" "4b1ed7decfb3e957b2894f7fc8e1a1bae6acfc17b5371154663ca06d44a9f11c", kill_on_drop: false }`
[INFO] running `Command { std: "docker" "rm" "-f" "4b1ed7decfb3e957b2894f7fc8e1a1bae6acfc17b5371154663ca06d44a9f11c", kill_on_drop: false }`
[INFO] [stdout] 4b1ed7decfb3e957b2894f7fc8e1a1bae6acfc17b5371154663ca06d44a9f11c
[INFO] running `Command { std: "docker" "create" "-v" "/var/lib/crater-agent-workspace/builds/worker-4-tc1/target:/opt/rustwide/target:rw,Z" "-v" "/var/lib/crater-agent-workspace/builds/worker-4-tc1/source:/opt/rustwide/workdir:ro,Z" "-v" "/var/lib/crater-agent-workspace/cargo-home:/opt/rustwide/cargo-home:ro,Z" "-v" "/var/lib/crater-agent-workspace/rustup-home:/opt/rustwide/rustup-home:ro,Z" "-e" "SOURCE_DIR=/opt/rustwide/workdir" "-e" "CARGO_TARGET_DIR=/opt/rustwide/target" "-e" "CARGO_INCREMENTAL=0" "-e" "RUST_BACKTRACE=full" "-e" "RUSTFLAGS=--cap-lints=warn" "-e" "RUSTDOCFLAGS=--cap-lints=warn" "-e" "CARGO_HOME=/opt/rustwide/cargo-home" "-e" "RUSTUP_HOME=/opt/rustwide/rustup-home" "-w" "/opt/rustwide/workdir" "-m" "1610612736" "--user" "0:0" "--network" "none" "ghcr.io/rust-lang/crates-build-env/linux@sha256:f3a9d4ad9d972b27faf3965f35b62e55ba32bbce8f20bc8fe909558a86702fde" "/opt/rustwide/cargo-home/bin/cargo" "+1.83.0" "test" "--frozen" "--no-run" "--message-format=json", kill_on_drop: false }`
[INFO] [stdout] d34e847afcfe563ea84fa1872dc3a9c9055934525f8419ac69778218cc94ca9d
[INFO] running `Command { std: "docker" "start" "-a" "d34e847afcfe563ea84fa1872dc3a9c9055934525f8419ac69778218cc94ca9d", kill_on_drop: false }`
[INFO] [stderr]    Compiling proc-macro2 v1.0.92
[INFO] [stderr]    Compiling unicode-ident v1.0.14
[INFO] [stderr]    Compiling autocfg v1.4.0
[INFO] [stderr]    Compiling libc v0.2.168
[INFO] [stderr]    Compiling cfg-if v1.0.0
[INFO] [stderr]    Compiling crossbeam-utils v0.8.20
[INFO] [stderr]    Compiling serde v1.0.216
[INFO] [stderr]    Compiling byteorder v1.5.0
[INFO] [stderr]    Compiling rayon-core v1.12.1
[INFO] [stderr]    Compiling serde_json v1.0.133
[INFO] [stderr]    Compiling either v1.13.0
[INFO] [stderr]    Compiling half v2.4.1
[INFO] [stderr]    Compiling ryu v1.0.18
[INFO] [stderr]    Compiling memchr v2.7.4
[INFO] [stderr]    Compiling regex-syntax v0.8.5
[INFO] [stderr]    Compiling indexmap v1.9.3
[INFO] [stderr]    Compiling num-traits v0.2.19
[INFO] [stderr]    Compiling hashbrown v0.12.3
[INFO] [stderr]    Compiling os_str_bytes v6.6.1
[INFO] [stderr]    Compiling itoa v1.0.14
[INFO] [stderr]    Compiling crossbeam-epoch v0.9.18
[INFO] [stderr]    Compiling plotters-backend v0.3.7
[INFO] [stderr]    Compiling quote v1.0.37
[INFO] [stderr]    Compiling crossbeam-deque v0.8.5
[INFO] [stderr]    Compiling getrandom v0.2.15
[INFO] [stderr]    Compiling ciborium-io v0.2.2
[INFO] [stderr]    Compiling plotters-svg v0.3.7
[INFO] [stderr]    Compiling ciborium-ll v0.2.2
[INFO] [stderr]    Compiling syn v2.0.90
[INFO] [stderr]    Compiling rand_core v0.6.4
[INFO] [stderr]    Compiling clap_lex v0.2.4
[INFO] [stderr]    Compiling itertools v0.10.5
[INFO] [stderr]    Compiling textwrap v0.16.1
[INFO] [stderr]    Compiling cast v0.3.0
[INFO] [stderr]    Compiling same-file v1.0.6
[INFO] [stderr]    Compiling regex-automata v0.4.9
[INFO] [stderr]    Compiling bitflags v1.3.2
[INFO] [stderr]    Compiling clap v3.2.25
[INFO] [stderr]    Compiling walkdir v2.5.0
[INFO] [stderr]    Compiling rayon v1.10.0
[INFO] [stderr]    Compiling plotters v0.3.7
[INFO] [stderr]    Compiling atty v0.2.14
[INFO] [stderr]    Compiling anes v0.1.6
[INFO] [stderr]    Compiling lazy_static v1.5.0
[INFO] [stderr]    Compiling oorandom v11.1.4
[INFO] [stderr]    Compiling criterion-plot v0.5.0
[INFO] [stderr]    Compiling regex v1.11.1
[INFO] [stderr]    Compiling serde_derive v1.0.216
[INFO] [stderr]    Compiling zerocopy-derive v0.7.35
[INFO] [stderr]    Compiling zerocopy v0.7.35
[INFO] [stderr]    Compiling ppv-lite86 v0.2.20
[INFO] [stderr]    Compiling rand_chacha v0.3.1
[INFO] [stderr]    Compiling rand v0.8.5
[INFO] [stderr]    Compiling ciborium v0.2.2
[INFO] [stderr]    Compiling tinytemplate v1.2.1
[INFO] [stderr]    Compiling criterion v0.4.0
[INFO] [stderr]    Compiling binext v1.0.0 (/opt/rustwide/workdir)
[INFO] [stderr]     Finished `test` profile [unoptimized + debuginfo] target(s) in 45.30s
[INFO] running `Command { std: "docker" "inspect" "d34e847afcfe563ea84fa1872dc3a9c9055934525f8419ac69778218cc94ca9d", kill_on_drop: false }`
[INFO] running `Command { std: "docker" "rm" "-f" "d34e847afcfe563ea84fa1872dc3a9c9055934525f8419ac69778218cc94ca9d", kill_on_drop: false }`
[INFO] [stdout] d34e847afcfe563ea84fa1872dc3a9c9055934525f8419ac69778218cc94ca9d
[INFO] running `Command { std: "docker" "create" "-v" "/var/lib/crater-agent-workspace/builds/worker-4-tc1/target:/opt/rustwide/target:rw,Z" "-v" "/var/lib/crater-agent-workspace/builds/worker-4-tc1/source:/opt/rustwide/workdir:ro,Z" "-v" "/var/lib/crater-agent-workspace/cargo-home:/opt/rustwide/cargo-home:ro,Z" "-v" "/var/lib/crater-agent-workspace/rustup-home:/opt/rustwide/rustup-home:ro,Z" "-e" "SOURCE_DIR=/opt/rustwide/workdir" "-e" "CARGO_TARGET_DIR=/opt/rustwide/target" "-e" "CARGO_INCREMENTAL=0" "-e" "RUST_BACKTRACE=full" "-e" "RUSTFLAGS=--cap-lints=warn" "-e" "RUSTDOCFLAGS=--cap-lints=warn" "-e" "CARGO_HOME=/opt/rustwide/cargo-home" "-e" "RUSTUP_HOME=/opt/rustwide/rustup-home" "-w" "/opt/rustwide/workdir" "-m" "1610612736" "--user" "0:0" "--network" "none" "ghcr.io/rust-lang/crates-build-env/linux@sha256:f3a9d4ad9d972b27faf3965f35b62e55ba32bbce8f20bc8fe909558a86702fde" "/opt/rustwide/cargo-home/bin/cargo" "+1.83.0" "test" "--frozen", kill_on_drop: false }`
[INFO] [stdout] 42c79e948991b422abe3296f86e3b7fca4284d72186017595576d51d3b5adaf4
[INFO] running `Command { std: "docker" "start" "-a" "42c79e948991b422abe3296f86e3b7fca4284d72186017595576d51d3b5adaf4", kill_on_drop: false }`
[INFO] [stderr]     Finished `test` profile [unoptimized + debuginfo] target(s) in 0.11s
[INFO] [stderr]      Running unittests src/lib.rs (/opt/rustwide/target/debug/deps/binext-88633da53c678f5e)
[INFO] [stdout] 
[INFO] [stdout] running 3 tests
[INFO] [stdout] test tests::read_write_buffer ... ok
[INFO] [stdout] test tests::write_file ... FAILED
[INFO] [stdout] test tests::read_file ... FAILED
[INFO] [stdout] 
[INFO] [stdout] failures:
[INFO] [stdout] 
[INFO] [stdout] ---- tests::write_file stdout ----
[INFO] [stdout] Error: Os { code: 30, kind: ReadOnlyFilesystem, message: "Read-only file system" }
[INFO] [stdout] 
[INFO] [stdout] ---- tests::read_file stdout ----
[INFO] [stdout] Error: Os { code: 2, kind: NotFound, message: "No such file or directory" }
[INFO] [stdout] 
[INFO] [stdout] 
[INFO] [stdout] failures:
[INFO] [stdout]     tests::read_file
[INFO] [stdout]     tests::write_file
[INFO] [stdout] 
[INFO] [stdout] test result: FAILED. 1 passed; 2 failed; 0 ignored; 0 measured; 0 filtered out; finished in 0.01s
[INFO] [stdout] 
[INFO] [stderr] error: test failed, to rerun pass `--lib`
[INFO] running `Command { std: "docker" "inspect" "42c79e948991b422abe3296f86e3b7fca4284d72186017595576d51d3b5adaf4", kill_on_drop: false }`
[INFO] running `Command { std: "docker" "rm" "-f" "42c79e948991b422abe3296f86e3b7fca4284d72186017595576d51d3b5adaf4", kill_on_drop: false }`
[INFO] [stdout] 42c79e948991b422abe3296f86e3b7fca4284d72186017595576d51d3b5adaf4
