[INFO] fetching crate binder_ndk_sys 0.2.0...
[INFO] testing binder_ndk_sys-0.2.0 against beta-2024-12-08 for beta-1.84.0-4-retry
[INFO] extracting crate binder_ndk_sys 0.2.0 into /workspace/builds/worker-2-tc2/source
[INFO] validating manifest of crates.io crate binder_ndk_sys 0.2.0 on toolchain beta-2024-12-08
[INFO] running `Command { std: CARGO_HOME="/workspace/cargo-home" RUSTUP_HOME="/workspace/rustup-home" "/workspace/cargo-home/bin/cargo" "+beta-2024-12-08" "metadata" "--manifest-path" "Cargo.toml" "--no-deps", kill_on_drop: false }`
[INFO] started tweaking crates.io crate binder_ndk_sys 0.2.0
[INFO] finished tweaking crates.io crate binder_ndk_sys 0.2.0
[INFO] tweaked toml for crates.io crate binder_ndk_sys 0.2.0 written to /workspace/builds/worker-2-tc2/source/Cargo.toml
[INFO] running `Command { std: CARGO_HOME="/workspace/cargo-home" RUSTUP_HOME="/workspace/rustup-home" "/workspace/cargo-home/bin/cargo" "+beta-2024-12-08" "generate-lockfile" "--manifest-path" "Cargo.toml", kill_on_drop: false }`
[INFO] [stderr]     Updating crates.io index
[INFO] [stderr]      Locking 45 packages to latest compatible versions
[INFO] [stderr]       Adding bindgen v0.64.0 (available: v0.71.1)
[INFO] running `Command { std: CARGO_HOME="/workspace/cargo-home" RUSTUP_HOME="/workspace/rustup-home" "/workspace/cargo-home/bin/cargo" "+beta-2024-12-08" "fetch" "--manifest-path" "Cargo.toml", kill_on_drop: false }`
[INFO] running `Command { std: "docker" "create" "-v" "/var/lib/crater-agent-workspace/builds/worker-2-tc2/target:/opt/rustwide/target:rw,Z" "-v" "/var/lib/crater-agent-workspace/builds/worker-2-tc2/source:/opt/rustwide/workdir:ro,Z" "-v" "/var/lib/crater-agent-workspace/cargo-home:/opt/rustwide/cargo-home:ro,Z" "-v" "/var/lib/crater-agent-workspace/rustup-home:/opt/rustwide/rustup-home:ro,Z" "-e" "SOURCE_DIR=/opt/rustwide/workdir" "-e" "CARGO_TARGET_DIR=/opt/rustwide/target" "-e" "CARGO_HOME=/opt/rustwide/cargo-home" "-e" "RUSTUP_HOME=/opt/rustwide/rustup-home" "-w" "/opt/rustwide/workdir" "-m" "1610612736" "--user" "0:0" "--network" "none" "ghcr.io/rust-lang/crates-build-env/linux@sha256:f3a9d4ad9d972b27faf3965f35b62e55ba32bbce8f20bc8fe909558a86702fde" "/opt/rustwide/cargo-home/bin/cargo" "+beta-2024-12-08" "metadata" "--no-deps" "--format-version=1", kill_on_drop: false }`
[INFO] [stdout] b376dc1f851043eade98c8b9f2c9137078bd7062e3dc37e4b77af419da610c74
[INFO] running `Command { std: "docker" "start" "-a" "b376dc1f851043eade98c8b9f2c9137078bd7062e3dc37e4b77af419da610c74", kill_on_drop: false }`
[INFO] running `Command { std: "docker" "inspect" "b376dc1f851043eade98c8b9f2c9137078bd7062e3dc37e4b77af419da610c74", kill_on_drop: false }`
[INFO] running `Command { std: "docker" "rm" "-f" "b376dc1f851043eade98c8b9f2c9137078bd7062e3dc37e4b77af419da610c74", kill_on_drop: false }`
[INFO] [stdout] b376dc1f851043eade98c8b9f2c9137078bd7062e3dc37e4b77af419da610c74
[INFO] running `Command { std: "docker" "create" "-v" "/var/lib/crater-agent-workspace/builds/worker-2-tc2/target:/opt/rustwide/target:rw,Z" "-v" "/var/lib/crater-agent-workspace/builds/worker-2-tc2/source:/opt/rustwide/workdir:ro,Z" "-v" "/var/lib/crater-agent-workspace/cargo-home:/opt/rustwide/cargo-home:ro,Z" "-v" "/var/lib/crater-agent-workspace/rustup-home:/opt/rustwide/rustup-home:ro,Z" "-e" "SOURCE_DIR=/opt/rustwide/workdir" "-e" "CARGO_TARGET_DIR=/opt/rustwide/target" "-e" "CARGO_INCREMENTAL=0" "-e" "RUST_BACKTRACE=full" "-e" "RUSTFLAGS=--cap-lints=warn" "-e" "RUSTDOCFLAGS=--cap-lints=warn" "-e" "CARGO_HOME=/opt/rustwide/cargo-home" "-e" "RUSTUP_HOME=/opt/rustwide/rustup-home" "-w" "/opt/rustwide/workdir" "-m" "1610612736" "--user" "0:0" "--network" "none" "ghcr.io/rust-lang/crates-build-env/linux@sha256:f3a9d4ad9d972b27faf3965f35b62e55ba32bbce8f20bc8fe909558a86702fde" "/opt/rustwide/cargo-home/bin/cargo" "+beta-2024-12-08" "build" "--frozen" "--message-format=json", kill_on_drop: false }`
[INFO] [stdout] 9f5f722191b17e0bae121657262c34a7978b6e892946f3f89766b1bade99ff75
[INFO] running `Command { std: "docker" "start" "-a" "9f5f722191b17e0bae121657262c34a7978b6e892946f3f89766b1bade99ff75", kill_on_drop: false }`
[INFO] [stderr]    Compiling glob v0.3.1
[INFO] [stderr]    Compiling proc-macro2 v1.0.92
[INFO] [stderr]    Compiling libc v0.2.168
[INFO] [stderr]    Compiling unicode-ident v1.0.14
[INFO] [stderr]    Compiling rustix v0.38.42
[INFO] [stderr]    Compiling minimal-lexical v0.2.1
[INFO] [stderr]    Compiling linux-raw-sys v0.4.14
[INFO] [stderr]    Compiling cfg-if v1.0.0
[INFO] [stderr]    Compiling syn v1.0.109
[INFO] [stderr]    Compiling bitflags v2.6.0
[INFO] [stderr]    Compiling memchr v2.7.4
[INFO] [stderr]    Compiling regex-syntax v0.8.5
[INFO] [stderr]    Compiling anyhow v1.0.94
[INFO] [stderr]    Compiling either v1.13.0
[INFO] [stderr]    Compiling home v0.5.9
[INFO] [stderr]    Compiling bindgen v0.64.0
[INFO] [stderr]    Compiling libloading v0.8.6
[INFO] [stderr]    Compiling lazycell v1.3.0
[INFO] [stderr]    Compiling shlex v1.3.0
[INFO] [stderr]    Compiling bitflags v1.3.2
[INFO] [stderr]    Compiling rustc-hash v1.1.0
[INFO] [stderr]    Compiling peeking_take_while v0.1.2
[INFO] [stderr]    Compiling lazy_static v1.5.0
[INFO] [stderr]    Compiling log v0.4.22
[INFO] [stderr]    Compiling clang-sys v1.8.1
[INFO] [stderr]    Compiling nom v7.1.3
[INFO] [stderr]    Compiling quote v1.0.37
[INFO] [stderr]    Compiling regex-automata v0.4.9
[INFO] [stderr]    Compiling which v4.4.2
[INFO] [stderr]    Compiling cexpr v0.6.0
[INFO] [stderr]    Compiling regex v1.11.1
[INFO] [stderr]    Compiling binder_ndk_sys v0.2.0 (/opt/rustwide/workdir)
[INFO] [stderr]     Finished `dev` profile [unoptimized + debuginfo] target(s) in 13.63s
[INFO] running `Command { std: "docker" "inspect" "9f5f722191b17e0bae121657262c34a7978b6e892946f3f89766b1bade99ff75", kill_on_drop: false }`
[INFO] running `Command { std: "docker" "rm" "-f" "9f5f722191b17e0bae121657262c34a7978b6e892946f3f89766b1bade99ff75", kill_on_drop: false }`
[INFO] [stdout] 9f5f722191b17e0bae121657262c34a7978b6e892946f3f89766b1bade99ff75
[INFO] running `Command { std: "docker" "create" "-v" "/var/lib/crater-agent-workspace/builds/worker-2-tc2/target:/opt/rustwide/target:rw,Z" "-v" "/var/lib/crater-agent-workspace/builds/worker-2-tc2/source:/opt/rustwide/workdir:ro,Z" "-v" "/var/lib/crater-agent-workspace/cargo-home:/opt/rustwide/cargo-home:ro,Z" "-v" "/var/lib/crater-agent-workspace/rustup-home:/opt/rustwide/rustup-home:ro,Z" "-e" "SOURCE_DIR=/opt/rustwide/workdir" "-e" "CARGO_TARGET_DIR=/opt/rustwide/target" "-e" "CARGO_INCREMENTAL=0" "-e" "RUST_BACKTRACE=full" "-e" "RUSTFLAGS=--cap-lints=warn" "-e" "RUSTDOCFLAGS=--cap-lints=warn" "-e" "CARGO_HOME=/opt/rustwide/cargo-home" "-e" "RUSTUP_HOME=/opt/rustwide/rustup-home" "-w" "/opt/rustwide/workdir" "-m" "1610612736" "--user" "0:0" "--network" "none" "ghcr.io/rust-lang/crates-build-env/linux@sha256:f3a9d4ad9d972b27faf3965f35b62e55ba32bbce8f20bc8fe909558a86702fde" "/opt/rustwide/cargo-home/bin/cargo" "+beta-2024-12-08" "test" "--frozen" "--no-run" "--message-format=json", kill_on_drop: false }`
[INFO] [stdout] ef99947648400c28854c2220859f756f38a7f995b3cdb043802bef1986410681
[INFO] running `Command { std: "docker" "start" "-a" "ef99947648400c28854c2220859f756f38a7f995b3cdb043802bef1986410681", kill_on_drop: false }`
[INFO] [stderr]    Compiling binder_ndk_sys v0.2.0 (/opt/rustwide/workdir)
[INFO] [stderr]     Finished `test` profile [unoptimized + debuginfo] target(s) in 0.31s
[INFO] running `Command { std: "docker" "inspect" "ef99947648400c28854c2220859f756f38a7f995b3cdb043802bef1986410681", kill_on_drop: false }`
[INFO] running `Command { std: "docker" "rm" "-f" "ef99947648400c28854c2220859f756f38a7f995b3cdb043802bef1986410681", kill_on_drop: false }`
[INFO] [stdout] ef99947648400c28854c2220859f756f38a7f995b3cdb043802bef1986410681
[INFO] running `Command { std: "docker" "create" "-v" "/var/lib/crater-agent-workspace/builds/worker-2-tc2/target:/opt/rustwide/target:rw,Z" "-v" "/var/lib/crater-agent-workspace/builds/worker-2-tc2/source:/opt/rustwide/workdir:ro,Z" "-v" "/var/lib/crater-agent-workspace/cargo-home:/opt/rustwide/cargo-home:ro,Z" "-v" "/var/lib/crater-agent-workspace/rustup-home:/opt/rustwide/rustup-home:ro,Z" "-e" "SOURCE_DIR=/opt/rustwide/workdir" "-e" "CARGO_TARGET_DIR=/opt/rustwide/target" "-e" "CARGO_INCREMENTAL=0" "-e" "RUST_BACKTRACE=full" "-e" "RUSTFLAGS=--cap-lints=warn" "-e" "RUSTDOCFLAGS=--cap-lints=warn" "-e" "CARGO_HOME=/opt/rustwide/cargo-home" "-e" "RUSTUP_HOME=/opt/rustwide/rustup-home" "-w" "/opt/rustwide/workdir" "-m" "1610612736" "--user" "0:0" "--network" "none" "ghcr.io/rust-lang/crates-build-env/linux@sha256:f3a9d4ad9d972b27faf3965f35b62e55ba32bbce8f20bc8fe909558a86702fde" "/opt/rustwide/cargo-home/bin/cargo" "+beta-2024-12-08" "test" "--frozen", kill_on_drop: false }`
[INFO] [stdout] 6a73d08494b34ae1246e3896cc1d1d80357ce9bb581425f932c5a91e8bbaa134
[INFO] running `Command { std: "docker" "start" "-a" "6a73d08494b34ae1246e3896cc1d1d80357ce9bb581425f932c5a91e8bbaa134", kill_on_drop: false }`
[INFO] [stderr]     Finished `test` profile [unoptimized + debuginfo] target(s) in 0.05s
[INFO] [stderr]      Running unittests src/lib.rs (/opt/rustwide/target/debug/deps/binder_ndk_sys-bac14177026f32a4)
[INFO] [stdout] 
[INFO] [stdout] running 4 tests
[INFO] [stdout] test bindgen_test_layout___sigset_t ... ok
[INFO] [stdout] test bindgen_test_layout_fd_set ... ok
[INFO] [stdout] test bindgen_test_layout_timespec ... ok
[INFO] [stdout] test bindgen_test_layout_timeval ... ok
[INFO] [stdout] 
[INFO] [stdout] test result: ok. 4 passed; 0 failed; 0 ignored; 0 measured; 0 filtered out; finished in 0.00s
[INFO] [stdout] 
[INFO] [stderr]    Doc-tests binder_ndk_sys
[INFO] [stdout] 
[INFO] [stdout] running 4 tests
[INFO] [stdout] test /opt/rustwide/target/debug/build/binder_ndk_sys-23b6d073b6afa4a6/out/bindings.rs - AIBinder (line 16) ... FAILED
[INFO] [stdout] test /opt/rustwide/target/debug/build/binder_ndk_sys-23b6d073b6afa4a6/out/bindings.rs - AIBinder_setExtension (line 25) ... FAILED
[INFO] [stdout] test /opt/rustwide/target/debug/build/binder_ndk_sys-23b6d073b6afa4a6/out/bindings.rs - AIBinder_forceDowngradeToSystemStability (line 13) ... FAILED
[INFO] [stdout] test /opt/rustwide/target/debug/build/binder_ndk_sys-23b6d073b6afa4a6/out/bindings.rs - AIBinder_Weak_lt (line 15) ... FAILED
[INFO] [stdout] 
[INFO] [stdout] failures:
[INFO] [stdout] 
[INFO] [stdout] ---- /opt/rustwide/target/debug/build/binder_ndk_sys-23b6d073b6afa4a6/out/bindings.rs - AIBinder (line 16) stdout ----
[INFO] [stdout] error: expected one of `!`, `)`, `,`, `.`, `::`, `?`, `{`, or an operator, found `boundary`
[INFO] [stdout]  --> /opt/rustwide/target/debug/build/binder_ndk_sys-23b6d073b6afa4a6/out/bindings.rs:17:10
[INFO] [stdout]   |
[INFO] [stdout] 3 | (process boundary)
[INFO] [stdout]   |         -^^^^^^^^ expected one of 8 possible tokens
[INFO] [stdout]   |         |
[INFO] [stdout]   |         help: missing `,`
[INFO] [stdout] 
[INFO] [stdout] error: expected expression, found `}`
[INFO] [stdout]  --> /opt/rustwide/target/debug/build/binder_ndk_sys-23b6d073b6afa4a6/out/bindings.rs:19:1
[INFO] [stdout]   |
[INFO] [stdout] 5 | } _doctest_main__opt_rustwide_target_debug_build_binder_ndk_sys_23b6d073b6afa4a6_out_bindings_rs_16_0() }
[INFO] [stdout]   | ^ expected expression
[INFO] [stdout] 
[INFO] [stdout] error: aborting due to 2 previous errors
[INFO] [stdout] 
[INFO] [stdout] Couldn't compile the test.
[INFO] [stdout] ---- /opt/rustwide/target/debug/build/binder_ndk_sys-23b6d073b6afa4a6/out/bindings.rs - AIBinder_setExtension (line 25) stdout ----
[INFO] [stdout] error: expected one of `!`, `.`, `::`, `;`, `?`, `{`, `}`, or an operator, found `com`
[INFO] [stdout]  --> /opt/rustwide/target/debug/build/binder_ndk_sys-23b6d073b6afa4a6/out/bindings.rs:26:9
[INFO] [stdout]   |
[INFO] [stdout] 3 | package com.<name>; // new functionality in a new package
[INFO] [stdout]   |         ^^^ expected one of 8 possible tokens
[INFO] [stdout] 
[INFO] [stdout] error: aborting due to 1 previous error
[INFO] [stdout] 
[INFO] [stdout] Couldn't compile the test.
[INFO] [stdout] ---- /opt/rustwide/target/debug/build/binder_ndk_sys-23b6d073b6afa4a6/out/bindings.rs - AIBinder_forceDowngradeToSystemStability (line 13) stdout ----
[INFO] [stdout] error: unexpected token: `...`
[INFO] [stdout]  --> /opt/rustwide/target/debug/build/binder_ndk_sys-23b6d073b6afa4a6/out/bindings.rs:14:15
[INFO] [stdout]   |
[INFO] [stdout] 3 | auto binder = ...->asBinder();
[INFO] [stdout]   |               ^^^
[INFO] [stdout]   |
[INFO] [stdout] help: use `..` for an exclusive range
[INFO] [stdout]   |
[INFO] [stdout] 3 | auto binder = ..->asBinder();
[INFO] [stdout]   |               ~~
[INFO] [stdout] help: or `..=` for an inclusive range
[INFO] [stdout]   |
[INFO] [stdout] 3 | auto binder = ..=->asBinder();
[INFO] [stdout]   |               ~~~
[INFO] [stdout] 
[INFO] [stdout] error[E0586]: inclusive range with no end
[INFO] [stdout]  --> /opt/rustwide/target/debug/build/binder_ndk_sys-23b6d073b6afa4a6/out/bindings.rs:14:15
[INFO] [stdout]   |
[INFO] [stdout] 3 | auto binder = ...->asBinder();
[INFO] [stdout]   |               ^^^
[INFO] [stdout]   |
[INFO] [stdout]   = note: inclusive ranges must be bounded at the end (`..=b` or `a..=b`)
[INFO] [stdout] help: use `..` instead
[INFO] [stdout]   |
[INFO] [stdout] 3 - auto binder = ...->asBinder();
[INFO] [stdout] 3 + auto binder = ..->asBinder();
[INFO] [stdout]   |
[INFO] [stdout] 
[INFO] [stdout] error: invalid variable declaration
[INFO] [stdout]  --> /opt/rustwide/target/debug/build/binder_ndk_sys-23b6d073b6afa4a6/out/bindings.rs:14:1
[INFO] [stdout]   |
[INFO] [stdout] 3 | auto binder = ...->asBinder();
[INFO] [stdout]   | ^^^^
[INFO] [stdout]   |
[INFO] [stdout] help: write `let` instead of `auto` to introduce a new variable
[INFO] [stdout]   |
[INFO] [stdout] 3 | let binder = ...->asBinder();
[INFO] [stdout]   | ~~~
[INFO] [stdout] 
[INFO] [stdout] error: expected one of `;` or `else`, found `->`
[INFO] [stdout]  --> /opt/rustwide/target/debug/build/binder_ndk_sys-23b6d073b6afa4a6/out/bindings.rs:14:18
[INFO] [stdout]   |
[INFO] [stdout] 3 | auto binder = ...->asBinder();
[INFO] [stdout]   |                  ^^ expected one of `;` or `else`
[INFO] [stdout] 
[INFO] [stdout] error: aborting due to 4 previous errors
[INFO] [stdout] 
[INFO] [stdout] For more information about this error, try `rustc --explain E0586`.
[INFO] [stdout] Couldn't compile the test.
[INFO] [stdout] ---- /opt/rustwide/target/debug/build/binder_ndk_sys-23b6d073b6afa4a6/out/bindings.rs - AIBinder_Weak_lt (line 15) stdout ----
[INFO] [stdout] error: unexpected token: `...`
[INFO] [stdout]  --> /opt/rustwide/target/debug/build/binder_ndk_sys-23b6d073b6afa4a6/out/bindings.rs:16:15
[INFO] [stdout]   |
[INFO] [stdout] 3 | AIBinder* a = ...; // imagine this has address 0x8
[INFO] [stdout]   |               ^^^
[INFO] [stdout]   |
[INFO] [stdout] help: use `..` for an exclusive range
[INFO] [stdout]   |
[INFO] [stdout] 3 | AIBinder* a = ..; // imagine this has address 0x8
[INFO] [stdout]   |               ~~
[INFO] [stdout] help: or `..=` for an inclusive range
[INFO] [stdout]   |
[INFO] [stdout] 3 | AIBinder* a = ..=; // imagine this has address 0x8
[INFO] [stdout]   |               ~~~
[INFO] [stdout] 
[INFO] [stdout] error[E0586]: inclusive range with no end
[INFO] [stdout]  --> /opt/rustwide/target/debug/build/binder_ndk_sys-23b6d073b6afa4a6/out/bindings.rs:16:15
[INFO] [stdout]   |
[INFO] [stdout] 3 | AIBinder* a = ...; // imagine this has address 0x8
[INFO] [stdout]   |               ^^^
[INFO] [stdout]   |
[INFO] [stdout]   = note: inclusive ranges must be bounded at the end (`..=b` or `a..=b`)
[INFO] [stdout] help: use `..` instead
[INFO] [stdout]   |
[INFO] [stdout] 3 - AIBinder* a = ...; // imagine this has address 0x8
[INFO] [stdout] 3 + AIBinder* a = ..; // imagine this has address 0x8
[INFO] [stdout]   |
[INFO] [stdout] 
[INFO] [stdout] error: unexpected token: `...`
[INFO] [stdout]  --> /opt/rustwide/target/debug/build/binder_ndk_sys-23b6d073b6afa4a6/out/bindings.rs:19:15
[INFO] [stdout]   |
[INFO] [stdout] 6 | AIBinder* b = ...; // imagine this has address 0x8 (same address as b)
[INFO] [stdout]   |               ^^^
[INFO] [stdout]   |
[INFO] [stdout] help: use `..` for an exclusive range
[INFO] [stdout]   |
[INFO] [stdout] 6 | AIBinder* b = ..; // imagine this has address 0x8 (same address as b)
[INFO] [stdout]   |               ~~
[INFO] [stdout] help: or `..=` for an inclusive range
[INFO] [stdout]   |
[INFO] [stdout] 6 | AIBinder* b = ..=; // imagine this has address 0x8 (same address as b)
[INFO] [stdout]   |               ~~~
[INFO] [stdout] 
[INFO] [stdout] error[E0586]: inclusive range with no end
[INFO] [stdout]  --> /opt/rustwide/target/debug/build/binder_ndk_sys-23b6d073b6afa4a6/out/bindings.rs:19:15
[INFO] [stdout]   |
[INFO] [stdout] 6 | AIBinder* b = ...; // imagine this has address 0x8 (same address as b)
[INFO] [stdout]   |               ^^^
[INFO] [stdout]   |
[INFO] [stdout]   = note: inclusive ranges must be bounded at the end (`..=b` or `a..=b`)
[INFO] [stdout] help: use `..` instead
[INFO] [stdout]   |
[INFO] [stdout] 6 - AIBinder* b = ...; // imagine this has address 0x8 (same address as b)
[INFO] [stdout] 6 + AIBinder* b = ..; // imagine this has address 0x8 (same address as b)
[INFO] [stdout]   |
[INFO] [stdout] 
[INFO] [stdout] error[E0425]: cannot find value `AIBinder` in this scope
[INFO] [stdout]  --> /opt/rustwide/target/debug/build/binder_ndk_sys-23b6d073b6afa4a6/out/bindings.rs:16:1
[INFO] [stdout]   |
[INFO] [stdout] 3 | AIBinder* a = ...; // imagine this has address 0x8
[INFO] [stdout]   | ^^^^^^^^ not found in this scope
[INFO] [stdout] 
[INFO] [stdout] error[E0425]: cannot find value `a` in this scope
[INFO] [stdout]  --> /opt/rustwide/target/debug/build/binder_ndk_sys-23b6d073b6afa4a6/out/bindings.rs:16:11
[INFO] [stdout]   |
[INFO] [stdout] 3 | AIBinder* a = ...; // imagine this has address 0x8
[INFO] [stdout]   |           ^ not found in this scope
[INFO] [stdout] 
[INFO] [stdout] error[E0425]: cannot find value `AIBinder_Weak` in this scope
[INFO] [stdout]  --> /opt/rustwide/target/debug/build/binder_ndk_sys-23b6d073b6afa4a6/out/bindings.rs:17:1
[INFO] [stdout]   |
[INFO] [stdout] 4 | AIBinder_Weak* bWeak = AIBinder_Weak_new(a);
[INFO] [stdout]   | ^^^^^^^^^^^^^ not found in this scope
[INFO] [stdout] 
[INFO] [stdout] error[E0425]: cannot find value `bWeak` in this scope
[INFO] [stdout]  --> /opt/rustwide/target/debug/build/binder_ndk_sys-23b6d073b6afa4a6/out/bindings.rs:17:16
[INFO] [stdout]   |
[INFO] [stdout] 4 | AIBinder_Weak* bWeak = AIBinder_Weak_new(a);
[INFO] [stdout]   |                ^^^^^ not found in this scope
[INFO] [stdout] 
[INFO] [stdout] error[E0425]: cannot find function, tuple struct or tuple variant `AIBinder_Weak_new` in this scope
[INFO] [stdout]  --> /opt/rustwide/target/debug/build/binder_ndk_sys-23b6d073b6afa4a6/out/bindings.rs:17:24
[INFO] [stdout]   |
[INFO] [stdout] 4 | AIBinder_Weak* bWeak = AIBinder_Weak_new(a);
[INFO] [stdout]   |                        ^^^^^^^^^^^^^^^^^ not found in this scope
[INFO] [stdout]   |
[INFO] [stdout] help: consider importing this function
[INFO] [stdout]   |
[INFO] [stdout] 2 + use binder_ndk_sys::AIBinder_Weak_new;
[INFO] [stdout]   |
[INFO] [stdout] 
[INFO] [stdout] error[E0425]: cannot find value `a` in this scope
[INFO] [stdout]  --> /opt/rustwide/target/debug/build/binder_ndk_sys-23b6d073b6afa4a6/out/bindings.rs:17:42
[INFO] [stdout]   |
[INFO] [stdout] 4 | AIBinder_Weak* bWeak = AIBinder_Weak_new(a);
[INFO] [stdout]   |                                          ^ not found in this scope
[INFO] [stdout] 
[INFO] [stdout] error[E0425]: cannot find function, tuple struct or tuple variant `AIBinder_decStrong` in this scope
[INFO] [stdout]  --> /opt/rustwide/target/debug/build/binder_ndk_sys-23b6d073b6afa4a6/out/bindings.rs:18:1
[INFO] [stdout]   |
[INFO] [stdout] 5 | AIBinder_decStrong(a); // a may be deleted, if this is the last reference
[INFO] [stdout]   | ^^^^^^^^^^^^^^^^^^ not found in this scope
[INFO] [stdout]   |
[INFO] [stdout] help: consider importing this function
[INFO] [stdout]   |
[INFO] [stdout] 2 + use binder_ndk_sys::AIBinder_decStrong;
[INFO] [stdout]   |
[INFO] [stdout] 
[INFO] [stdout] error[E0425]: cannot find value `a` in this scope
[INFO] [stdout]  --> /opt/rustwide/target/debug/build/binder_ndk_sys-23b6d073b6afa4a6/out/bindings.rs:18:20
[INFO] [stdout]   |
[INFO] [stdout] 5 | AIBinder_decStrong(a); // a may be deleted, if this is the last reference
[INFO] [stdout]   |                    ^ not found in this scope
[INFO] [stdout] 
[INFO] [stdout] error[E0425]: cannot find value `AIBinder` in this scope
[INFO] [stdout]  --> /opt/rustwide/target/debug/build/binder_ndk_sys-23b6d073b6afa4a6/out/bindings.rs:19:1
[INFO] [stdout]   |
[INFO] [stdout] 6 | AIBinder* b = ...; // imagine this has address 0x8 (same address as b)
[INFO] [stdout]   | ^^^^^^^^ not found in this scope
[INFO] [stdout] 
[INFO] [stdout] error[E0425]: cannot find value `b` in this scope
[INFO] [stdout]  --> /opt/rustwide/target/debug/build/binder_ndk_sys-23b6d073b6afa4a6/out/bindings.rs:19:11
[INFO] [stdout]   |
[INFO] [stdout] 6 | AIBinder* b = ...; // imagine this has address 0x8 (same address as b)
[INFO] [stdout]   |           ^ not found in this scope
[INFO] [stdout] 
[INFO] [stdout] error[E0425]: cannot find value `AIBinder_Weak` in this scope
[INFO] [stdout]  --> /opt/rustwide/target/debug/build/binder_ndk_sys-23b6d073b6afa4a6/out/bindings.rs:20:1
[INFO] [stdout]   |
[INFO] [stdout] 7 | AIBinder_Weak* bWeak = AIBinder_Weak_new(b);
[INFO] [stdout]   | ^^^^^^^^^^^^^ not found in this scope
[INFO] [stdout] 
[INFO] [stdout] error[E0425]: cannot find value `bWeak` in this scope
[INFO] [stdout]  --> /opt/rustwide/target/debug/build/binder_ndk_sys-23b6d073b6afa4a6/out/bindings.rs:20:16
[INFO] [stdout]   |
[INFO] [stdout] 7 | AIBinder_Weak* bWeak = AIBinder_Weak_new(b);
[INFO] [stdout]   |                ^^^^^ not found in this scope
[INFO] [stdout] 
[INFO] [stdout] error[E0425]: cannot find function, tuple struct or tuple variant `AIBinder_Weak_new` in this scope
[INFO] [stdout]  --> /opt/rustwide/target/debug/build/binder_ndk_sys-23b6d073b6afa4a6/out/bindings.rs:20:24
[INFO] [stdout]   |
[INFO] [stdout] 7 | AIBinder_Weak* bWeak = AIBinder_Weak_new(b);
[INFO] [stdout]   |                        ^^^^^^^^^^^^^^^^^ not found in this scope
[INFO] [stdout]   |
[INFO] [stdout] help: consider importing this function
[INFO] [stdout]   |
[INFO] [stdout] 2 + use binder_ndk_sys::AIBinder_Weak_new;
[INFO] [stdout]   |
[INFO] [stdout] 
[INFO] [stdout] error[E0425]: cannot find value `b` in this scope
[INFO] [stdout]  --> /opt/rustwide/target/debug/build/binder_ndk_sys-23b6d073b6afa4a6/out/bindings.rs:20:42
[INFO] [stdout]   |
[INFO] [stdout] 7 | AIBinder_Weak* bWeak = AIBinder_Weak_new(b);
[INFO] [stdout]   |                                          ^ not found in this scope
[INFO] [stdout] 
[INFO] [stdout] error[E0070]: invalid left-hand side of assignment
[INFO] [stdout]  --> /opt/rustwide/target/debug/build/binder_ndk_sys-23b6d073b6afa4a6/out/bindings.rs:16:13
[INFO] [stdout]   |
[INFO] [stdout] 3 | AIBinder* a = ...; // imagine this has address 0x8
[INFO] [stdout]   | ----------- ^
[INFO] [stdout]   | |
[INFO] [stdout]   | cannot assign to this expression
[INFO] [stdout] 
[INFO] [stdout] error[E0070]: invalid left-hand side of assignment
[INFO] [stdout]  --> /opt/rustwide/target/debug/build/binder_ndk_sys-23b6d073b6afa4a6/out/bindings.rs:17:22
[INFO] [stdout]   |
[INFO] [stdout] 4 | AIBinder_Weak* bWeak = AIBinder_Weak_new(a);
[INFO] [stdout]   | -------------------- ^
[INFO] [stdout]   | |
[INFO] [stdout]   | cannot assign to this expression
[INFO] [stdout] 
[INFO] [stdout] error[E0070]: invalid left-hand side of assignment
[INFO] [stdout]  --> /opt/rustwide/target/debug/build/binder_ndk_sys-23b6d073b6afa4a6/out/bindings.rs:19:13
[INFO] [stdout]   |
[INFO] [stdout] 6 | AIBinder* b = ...; // imagine this has address 0x8 (same address as b)
[INFO] [stdout]   | ----------- ^
[INFO] [stdout]   | |
[INFO] [stdout]   | cannot assign to this expression
[INFO] [stdout] 
[INFO] [stdout] error[E0070]: invalid left-hand side of assignment
[INFO] [stdout]  --> /opt/rustwide/target/debug/build/binder_ndk_sys-23b6d073b6afa4a6/out/bindings.rs:20:22
[INFO] [stdout]   |
[INFO] [stdout] 7 | AIBinder_Weak* bWeak = AIBinder_Weak_new(b);
[INFO] [stdout]   | -------------------- ^
[INFO] [stdout]   | |
[INFO] [stdout]   | cannot assign to this expression
[INFO] [stdout] 
[INFO] [stdout] error: aborting due to 22 previous errors
[INFO] [stdout] 
[INFO] [stdout] Some errors have detailed explanations: E0070, E0425, E0586.
[INFO] [stdout] For more information about an error, try `rustc --explain E0070`.
[INFO] [stdout] Couldn't compile the test.
[INFO] [stdout] 
[INFO] [stdout] failures:
[INFO] [stdout]     /opt/rustwide/target/debug/build/binder_ndk_sys-23b6d073b6afa4a6/out/bindings.rs - AIBinder (line 16)
[INFO] [stdout]     /opt/rustwide/target/debug/build/binder_ndk_sys-23b6d073b6afa4a6/out/bindings.rs - AIBinder_Weak_lt (line 15)
[INFO] [stdout]     /opt/rustwide/target/debug/build/binder_ndk_sys-23b6d073b6afa4a6/out/bindings.rs - AIBinder_forceDowngradeToSystemStability (line 13)
[INFO] [stdout]     /opt/rustwide/target/debug/build/binder_ndk_sys-23b6d073b6afa4a6/out/bindings.rs - AIBinder_setExtension (line 25)
[INFO] [stdout] 
[INFO] [stdout] test result: FAILED. 0 passed; 4 failed; 0 ignored; 0 measured; 0 filtered out; finished in 0.07s
[INFO] [stdout] 
[INFO] [stderr] error: doctest failed, to rerun pass `--doc`
[INFO] running `Command { std: "docker" "inspect" "6a73d08494b34ae1246e3896cc1d1d80357ce9bb581425f932c5a91e8bbaa134", kill_on_drop: false }`
[INFO] running `Command { std: "docker" "rm" "-f" "6a73d08494b34ae1246e3896cc1d1d80357ce9bb581425f932c5a91e8bbaa134", kill_on_drop: false }`
[INFO] [stdout] 6a73d08494b34ae1246e3896cc1d1d80357ce9bb581425f932c5a91e8bbaa134
