[INFO] fetching crate bh1750 0.1.0...
[INFO] testing bh1750-0.1.0 against 1.83.0 for beta-1.84.0-4-retry
[INFO] extracting crate bh1750 0.1.0 into /workspace/builds/worker-3-tc1/source
[INFO] validating manifest of crates.io crate bh1750 0.1.0 on toolchain 1.83.0
[INFO] running `Command { std: CARGO_HOME="/workspace/cargo-home" RUSTUP_HOME="/workspace/rustup-home" "/workspace/cargo-home/bin/cargo" "+1.83.0" "metadata" "--manifest-path" "Cargo.toml" "--no-deps", kill_on_drop: false }`
[INFO] started tweaking crates.io crate bh1750 0.1.0
[INFO] finished tweaking crates.io crate bh1750 0.1.0
[INFO] tweaked toml for crates.io crate bh1750 0.1.0 written to /workspace/builds/worker-3-tc1/source/Cargo.toml
[INFO] running `Command { std: CARGO_HOME="/workspace/cargo-home" RUSTUP_HOME="/workspace/rustup-home" "/workspace/cargo-home/bin/cargo" "+1.83.0" "generate-lockfile" "--manifest-path" "Cargo.toml", kill_on_drop: false }`
[INFO] [stderr]     Updating crates.io index
[INFO] [stderr]      Locking 1 package to latest compatible version
[INFO] running `Command { std: CARGO_HOME="/workspace/cargo-home" RUSTUP_HOME="/workspace/rustup-home" "/workspace/cargo-home/bin/cargo" "+1.83.0" "fetch" "--manifest-path" "Cargo.toml", kill_on_drop: false }`
[INFO] running `Command { std: "docker" "create" "-v" "/var/lib/crater-agent-workspace/builds/worker-3-tc1/target:/opt/rustwide/target:rw,Z" "-v" "/var/lib/crater-agent-workspace/builds/worker-3-tc1/source:/opt/rustwide/workdir:ro,Z" "-v" "/var/lib/crater-agent-workspace/cargo-home:/opt/rustwide/cargo-home:ro,Z" "-v" "/var/lib/crater-agent-workspace/rustup-home:/opt/rustwide/rustup-home:ro,Z" "-e" "SOURCE_DIR=/opt/rustwide/workdir" "-e" "CARGO_TARGET_DIR=/opt/rustwide/target" "-e" "CARGO_HOME=/opt/rustwide/cargo-home" "-e" "RUSTUP_HOME=/opt/rustwide/rustup-home" "-w" "/opt/rustwide/workdir" "-m" "1610612736" "--user" "0:0" "--network" "none" "ghcr.io/rust-lang/crates-build-env/linux@sha256:f3a9d4ad9d972b27faf3965f35b62e55ba32bbce8f20bc8fe909558a86702fde" "/opt/rustwide/cargo-home/bin/cargo" "+1.83.0" "metadata" "--no-deps" "--format-version=1", kill_on_drop: false }`
[INFO] [stdout] 4929dec4e7e91968bc45b535490afea00a9aee616c571c781a3f17d3d31b0dee
[INFO] running `Command { std: "docker" "start" "-a" "4929dec4e7e91968bc45b535490afea00a9aee616c571c781a3f17d3d31b0dee", kill_on_drop: false }`
[INFO] running `Command { std: "docker" "inspect" "4929dec4e7e91968bc45b535490afea00a9aee616c571c781a3f17d3d31b0dee", kill_on_drop: false }`
[INFO] running `Command { std: "docker" "rm" "-f" "4929dec4e7e91968bc45b535490afea00a9aee616c571c781a3f17d3d31b0dee", kill_on_drop: false }`
[INFO] [stdout] 4929dec4e7e91968bc45b535490afea00a9aee616c571c781a3f17d3d31b0dee
[INFO] running `Command { std: "docker" "create" "-v" "/var/lib/crater-agent-workspace/builds/worker-3-tc1/target:/opt/rustwide/target:rw,Z" "-v" "/var/lib/crater-agent-workspace/builds/worker-3-tc1/source:/opt/rustwide/workdir:ro,Z" "-v" "/var/lib/crater-agent-workspace/cargo-home:/opt/rustwide/cargo-home:ro,Z" "-v" "/var/lib/crater-agent-workspace/rustup-home:/opt/rustwide/rustup-home:ro,Z" "-e" "SOURCE_DIR=/opt/rustwide/workdir" "-e" "CARGO_TARGET_DIR=/opt/rustwide/target" "-e" "CARGO_INCREMENTAL=0" "-e" "RUST_BACKTRACE=full" "-e" "RUSTFLAGS=--cap-lints=warn" "-e" "RUSTDOCFLAGS=--cap-lints=warn" "-e" "CARGO_HOME=/opt/rustwide/cargo-home" "-e" "RUSTUP_HOME=/opt/rustwide/rustup-home" "-w" "/opt/rustwide/workdir" "-m" "1610612736" "--user" "0:0" "--network" "none" "ghcr.io/rust-lang/crates-build-env/linux@sha256:f3a9d4ad9d972b27faf3965f35b62e55ba32bbce8f20bc8fe909558a86702fde" "/opt/rustwide/cargo-home/bin/cargo" "+1.83.0" "build" "--frozen" "--message-format=json", kill_on_drop: false }`
[INFO] [stdout] b59aadc7d5498f49f8d442aae095c13084a660293aeb647d1ac970e65ac46cb2
[INFO] running `Command { std: "docker" "start" "-a" "b59aadc7d5498f49f8d442aae095c13084a660293aeb647d1ac970e65ac46cb2", kill_on_drop: false }`
[INFO] [stderr]    Compiling embedded-hal v1.0.0
[INFO] [stderr]    Compiling bh1750 v0.1.0 (/opt/rustwide/workdir)
[INFO] [stderr]     Finished `dev` profile [unoptimized + debuginfo] target(s) in 0.33s
[INFO] running `Command { std: "docker" "inspect" "b59aadc7d5498f49f8d442aae095c13084a660293aeb647d1ac970e65ac46cb2", kill_on_drop: false }`
[INFO] running `Command { std: "docker" "rm" "-f" "b59aadc7d5498f49f8d442aae095c13084a660293aeb647d1ac970e65ac46cb2", kill_on_drop: false }`
[INFO] [stdout] b59aadc7d5498f49f8d442aae095c13084a660293aeb647d1ac970e65ac46cb2
[INFO] running `Command { std: "docker" "create" "-v" "/var/lib/crater-agent-workspace/builds/worker-3-tc1/target:/opt/rustwide/target:rw,Z" "-v" "/var/lib/crater-agent-workspace/builds/worker-3-tc1/source:/opt/rustwide/workdir:ro,Z" "-v" "/var/lib/crater-agent-workspace/cargo-home:/opt/rustwide/cargo-home:ro,Z" "-v" "/var/lib/crater-agent-workspace/rustup-home:/opt/rustwide/rustup-home:ro,Z" "-e" "SOURCE_DIR=/opt/rustwide/workdir" "-e" "CARGO_TARGET_DIR=/opt/rustwide/target" "-e" "CARGO_INCREMENTAL=0" "-e" "RUST_BACKTRACE=full" "-e" "RUSTFLAGS=--cap-lints=warn" "-e" "RUSTDOCFLAGS=--cap-lints=warn" "-e" "CARGO_HOME=/opt/rustwide/cargo-home" "-e" "RUSTUP_HOME=/opt/rustwide/rustup-home" "-w" "/opt/rustwide/workdir" "-m" "1610612736" "--user" "0:0" "--network" "none" "ghcr.io/rust-lang/crates-build-env/linux@sha256:f3a9d4ad9d972b27faf3965f35b62e55ba32bbce8f20bc8fe909558a86702fde" "/opt/rustwide/cargo-home/bin/cargo" "+1.83.0" "test" "--frozen" "--no-run" "--message-format=json", kill_on_drop: false }`
[INFO] [stdout] 0503d095bc289689dd978bd03a03e315433319e545c5aeaaca5c154971363716
[INFO] running `Command { std: "docker" "start" "-a" "0503d095bc289689dd978bd03a03e315433319e545c5aeaaca5c154971363716", kill_on_drop: false }`
[INFO] [stderr]    Compiling bh1750 v0.1.0 (/opt/rustwide/workdir)
[INFO] [stderr]     Finished `test` profile [unoptimized + debuginfo] target(s) in 0.37s
[INFO] running `Command { std: "docker" "inspect" "0503d095bc289689dd978bd03a03e315433319e545c5aeaaca5c154971363716", kill_on_drop: false }`
[INFO] running `Command { std: "docker" "rm" "-f" "0503d095bc289689dd978bd03a03e315433319e545c5aeaaca5c154971363716", kill_on_drop: false }`
[INFO] [stdout] 0503d095bc289689dd978bd03a03e315433319e545c5aeaaca5c154971363716
[INFO] running `Command { std: "docker" "create" "-v" "/var/lib/crater-agent-workspace/builds/worker-3-tc1/target:/opt/rustwide/target:rw,Z" "-v" "/var/lib/crater-agent-workspace/builds/worker-3-tc1/source:/opt/rustwide/workdir:ro,Z" "-v" "/var/lib/crater-agent-workspace/cargo-home:/opt/rustwide/cargo-home:ro,Z" "-v" "/var/lib/crater-agent-workspace/rustup-home:/opt/rustwide/rustup-home:ro,Z" "-e" "SOURCE_DIR=/opt/rustwide/workdir" "-e" "CARGO_TARGET_DIR=/opt/rustwide/target" "-e" "CARGO_INCREMENTAL=0" "-e" "RUST_BACKTRACE=full" "-e" "RUSTFLAGS=--cap-lints=warn" "-e" "RUSTDOCFLAGS=--cap-lints=warn" "-e" "CARGO_HOME=/opt/rustwide/cargo-home" "-e" "RUSTUP_HOME=/opt/rustwide/rustup-home" "-w" "/opt/rustwide/workdir" "-m" "1610612736" "--user" "0:0" "--network" "none" "ghcr.io/rust-lang/crates-build-env/linux@sha256:f3a9d4ad9d972b27faf3965f35b62e55ba32bbce8f20bc8fe909558a86702fde" "/opt/rustwide/cargo-home/bin/cargo" "+1.83.0" "test" "--frozen", kill_on_drop: false }`
[INFO] [stdout] 03d8c22d713e08cfbce7c3788ee7455b1e3db555f086e1ea33bbebf19e839482
[INFO] running `Command { std: "docker" "start" "-a" "03d8c22d713e08cfbce7c3788ee7455b1e3db555f086e1ea33bbebf19e839482", kill_on_drop: false }`
[INFO] [stderr]     Finished `test` profile [unoptimized + debuginfo] target(s) in 0.02s
[INFO] [stderr]      Running unittests src/lib.rs (/opt/rustwide/target/debug/deps/bh1750-3afda5ccc1616981)
[INFO] [stdout] 
[INFO] [stdout] running 0 tests
[INFO] [stdout] 
[INFO] [stdout] test result: ok. 0 passed; 0 failed; 0 ignored; 0 measured; 0 filtered out; finished in 0.00s
[INFO] [stdout] 
[INFO] [stderr]    Doc-tests bh1750
[INFO] [stdout] 
[INFO] [stdout] running 1 test
[INFO] [stdout] test src/lib.rs - (line 19) - compile ... FAILED
[INFO] [stdout] 
[INFO] [stdout] failures:
[INFO] [stdout] 
[INFO] [stdout] ---- src/lib.rs - (line 19) stdout ----
[INFO] [stdout] error[E0433]: failed to resolve: use of undeclared crate or module `esp_hal`
[INFO] [stdout]  --> src/lib.rs:26:5
[INFO] [stdout]   |
[INFO] [stdout] 9 | use esp_hal::{
[INFO] [stdout]   |     ^^^^^^^ use of undeclared crate or module `esp_hal`
[INFO] [stdout] 
[INFO] [stdout] error[E0433]: failed to resolve: use of undeclared crate or module `esp_hal`
[INFO] [stdout]   --> src/lib.rs:34:5
[INFO] [stdout]    |
[INFO] [stdout] 17 | use esp_hal::i2c::I2C;
[INFO] [stdout]    |     ^^^^^^^ use of undeclared crate or module `esp_hal`
[INFO] [stdout] 
[INFO] [stdout] error[E0432]: unresolved import `esp_backtrace`
[INFO] [stdout]  --> src/lib.rs:24:5
[INFO] [stdout]   |
[INFO] [stdout] 7 | use esp_backtrace as _;
[INFO] [stdout]   |     ^^^^^^^^^^^^^^^^^^ no external crate `esp_backtrace`
[INFO] [stdout] 
[INFO] [stderr] error: doctest failed, to rerun pass `--doc`
[INFO] [stdout] error[E0433]: failed to resolve: use of undeclared crate or module `log`
[INFO] [stdout]   --> src/lib.rs:62:9
[INFO] [stdout]    |
[INFO] [stdout] 45 |         log::info!("Lux = {:.2}", lux);
[INFO] [stdout]    |         ^^^ use of undeclared crate or module `log`
[INFO] [stdout] 
[INFO] [stdout] error: cannot find attribute `entry` in this scope
[INFO] [stdout]   --> src/lib.rs:36:3
[INFO] [stdout]    |
[INFO] [stdout] 19 | #[entry]
[INFO] [stdout]    |   ^^^^^
[INFO] [stdout] 
[INFO] [stdout] error[E0433]: failed to resolve: use of undeclared crate or module `esp_println`
[INFO] [stdout]   --> src/lib.rs:38:5
[INFO] [stdout]    |
[INFO] [stdout] 21 |     esp_println::logger::init_logger_from_env();
[INFO] [stdout]    |     ^^^^^^^^^^^ use of undeclared crate or module `esp_println`
[INFO] [stdout] 
[INFO] [stdout] error: `#[panic_handler]` function required, but not found
[INFO] [stdout] 
[INFO] [stdout] error: unwinding panics are not supported without std
[INFO] [stdout]   |
[INFO] [stdout]   = help: using nightly cargo, use -Zbuild-std with panic="abort" to avoid unwinding
[INFO] [stdout]   = note: since the core library is usually precompiled with panic="unwind", rebuilding your crate with panic="abort" may not be enough to fix the problem
[INFO] [stdout] 
[INFO] [stdout] error[E0599]: no method named `kHz` found for type `{integer}` in the current scope
[INFO] [stdout]   --> src/lib.rs:51:13
[INFO] [stdout]    |
[INFO] [stdout] 34 |         100.kHz(),
[INFO] [stdout]    |             ^^^ method not found in `{integer}`
[INFO] [stdout] 
[INFO] [stdout] error[E0599]: no method named `millis` found for type `{integer}` in the current scope
[INFO] [stdout]   --> src/lib.rs:64:26
[INFO] [stdout]    |
[INFO] [stdout] 47 |         delay.delay(1000.millis());
[INFO] [stdout]    |                          ^^^^^^ method not found in `{integer}`
[INFO] [stdout] 
[INFO] [stdout] error: aborting due to 10 previous errors
[INFO] [stdout] 
[INFO] [stdout] Some errors have detailed explanations: E0432, E0433, E0599.
[INFO] [stdout] For more information about an error, try `rustc --explain E0432`.
[INFO] [stdout] Couldn't compile the test.
[INFO] [stdout] 
[INFO] [stdout] failures:
[INFO] [stdout]     src/lib.rs - (line 19)
[INFO] [stdout] 
[INFO] [stdout] test result: FAILED. 0 passed; 1 failed; 0 ignored; 0 measured; 0 filtered out; finished in 0.12s
[INFO] [stdout] 
[INFO] running `Command { std: "docker" "inspect" "03d8c22d713e08cfbce7c3788ee7455b1e3db555f086e1ea33bbebf19e839482", kill_on_drop: false }`
[INFO] running `Command { std: "docker" "rm" "-f" "03d8c22d713e08cfbce7c3788ee7455b1e3db555f086e1ea33bbebf19e839482", kill_on_drop: false }`
[INFO] [stdout] 03d8c22d713e08cfbce7c3788ee7455b1e3db555f086e1ea33bbebf19e839482
