[INFO] fetching crate bflib_proc_macro 0.1.9...
[INFO] testing bflib_proc_macro-0.1.9 against 1.83.0 for beta-1.84.0-4-retry
[INFO] extracting crate bflib_proc_macro 0.1.9 into /workspace/builds/worker-1-tc1/source
[INFO] validating manifest of crates.io crate bflib_proc_macro 0.1.9 on toolchain 1.83.0
[INFO] running `Command { std: CARGO_HOME="/workspace/cargo-home" RUSTUP_HOME="/workspace/rustup-home" "/workspace/cargo-home/bin/cargo" "+1.83.0" "metadata" "--manifest-path" "Cargo.toml" "--no-deps", kill_on_drop: false }`
[INFO] started tweaking crates.io crate bflib_proc_macro 0.1.9
[INFO] finished tweaking crates.io crate bflib_proc_macro 0.1.9
[INFO] tweaked toml for crates.io crate bflib_proc_macro 0.1.9 written to /workspace/builds/worker-1-tc1/source/Cargo.toml
[INFO] running `Command { std: CARGO_HOME="/workspace/cargo-home" RUSTUP_HOME="/workspace/rustup-home" "/workspace/cargo-home/bin/cargo" "+1.83.0" "generate-lockfile" "--manifest-path" "Cargo.toml", kill_on_drop: false }`
[INFO] [stderr]     Updating crates.io index
[INFO] [stderr]      Locking 4 packages to latest compatible versions
[INFO] [stderr]       Adding syn v1.0.109 (available: v2.0.90)
[INFO] running `Command { std: CARGO_HOME="/workspace/cargo-home" RUSTUP_HOME="/workspace/rustup-home" "/workspace/cargo-home/bin/cargo" "+1.83.0" "fetch" "--manifest-path" "Cargo.toml", kill_on_drop: false }`
[INFO] running `Command { std: "docker" "create" "-v" "/var/lib/crater-agent-workspace/builds/worker-1-tc1/target:/opt/rustwide/target:rw,Z" "-v" "/var/lib/crater-agent-workspace/builds/worker-1-tc1/source:/opt/rustwide/workdir:ro,Z" "-v" "/var/lib/crater-agent-workspace/cargo-home:/opt/rustwide/cargo-home:ro,Z" "-v" "/var/lib/crater-agent-workspace/rustup-home:/opt/rustwide/rustup-home:ro,Z" "-e" "SOURCE_DIR=/opt/rustwide/workdir" "-e" "CARGO_TARGET_DIR=/opt/rustwide/target" "-e" "CARGO_HOME=/opt/rustwide/cargo-home" "-e" "RUSTUP_HOME=/opt/rustwide/rustup-home" "-w" "/opt/rustwide/workdir" "-m" "1610612736" "--user" "0:0" "--network" "none" "ghcr.io/rust-lang/crates-build-env/linux@sha256:f3a9d4ad9d972b27faf3965f35b62e55ba32bbce8f20bc8fe909558a86702fde" "/opt/rustwide/cargo-home/bin/cargo" "+1.83.0" "metadata" "--no-deps" "--format-version=1", kill_on_drop: false }`
[INFO] [stdout] 0052fad3c156d74d7b1d64dd040c8a336ca156d9b17a12b6bba7849796903ee4
[INFO] running `Command { std: "docker" "start" "-a" "0052fad3c156d74d7b1d64dd040c8a336ca156d9b17a12b6bba7849796903ee4", kill_on_drop: false }`
[INFO] running `Command { std: "docker" "inspect" "0052fad3c156d74d7b1d64dd040c8a336ca156d9b17a12b6bba7849796903ee4", kill_on_drop: false }`
[INFO] running `Command { std: "docker" "rm" "-f" "0052fad3c156d74d7b1d64dd040c8a336ca156d9b17a12b6bba7849796903ee4", kill_on_drop: false }`
[INFO] [stdout] 0052fad3c156d74d7b1d64dd040c8a336ca156d9b17a12b6bba7849796903ee4
[INFO] running `Command { std: "docker" "create" "-v" "/var/lib/crater-agent-workspace/builds/worker-1-tc1/target:/opt/rustwide/target:rw,Z" "-v" "/var/lib/crater-agent-workspace/builds/worker-1-tc1/source:/opt/rustwide/workdir:ro,Z" "-v" "/var/lib/crater-agent-workspace/cargo-home:/opt/rustwide/cargo-home:ro,Z" "-v" "/var/lib/crater-agent-workspace/rustup-home:/opt/rustwide/rustup-home:ro,Z" "-e" "SOURCE_DIR=/opt/rustwide/workdir" "-e" "CARGO_TARGET_DIR=/opt/rustwide/target" "-e" "CARGO_INCREMENTAL=0" "-e" "RUST_BACKTRACE=full" "-e" "RUSTFLAGS=--cap-lints=warn" "-e" "RUSTDOCFLAGS=--cap-lints=warn" "-e" "CARGO_HOME=/opt/rustwide/cargo-home" "-e" "RUSTUP_HOME=/opt/rustwide/rustup-home" "-w" "/opt/rustwide/workdir" "-m" "1610612736" "--user" "0:0" "--network" "none" "ghcr.io/rust-lang/crates-build-env/linux@sha256:f3a9d4ad9d972b27faf3965f35b62e55ba32bbce8f20bc8fe909558a86702fde" "/opt/rustwide/cargo-home/bin/cargo" "+1.83.0" "build" "--frozen" "--message-format=json", kill_on_drop: false }`
[INFO] [stdout] 07db79d72f59676521a08ae5c82e36cda2be8ef518ffcbda70eaf6fd8ba95284
[INFO] running `Command { std: "docker" "start" "-a" "07db79d72f59676521a08ae5c82e36cda2be8ef518ffcbda70eaf6fd8ba95284", kill_on_drop: false }`
[INFO] [stderr]    Compiling proc-macro2 v1.0.92
[INFO] [stderr]    Compiling unicode-ident v1.0.14
[INFO] [stderr]    Compiling syn v1.0.109
[INFO] [stderr]    Compiling quote v1.0.37
[INFO] [stderr]    Compiling bflib_proc_macro v0.1.9 (/opt/rustwide/workdir)
[INFO] [stderr]     Finished `dev` profile [unoptimized + debuginfo] target(s) in 3.59s
[INFO] running `Command { std: "docker" "inspect" "07db79d72f59676521a08ae5c82e36cda2be8ef518ffcbda70eaf6fd8ba95284", kill_on_drop: false }`
[INFO] running `Command { std: "docker" "rm" "-f" "07db79d72f59676521a08ae5c82e36cda2be8ef518ffcbda70eaf6fd8ba95284", kill_on_drop: false }`
[INFO] [stdout] 07db79d72f59676521a08ae5c82e36cda2be8ef518ffcbda70eaf6fd8ba95284
[INFO] running `Command { std: "docker" "create" "-v" "/var/lib/crater-agent-workspace/builds/worker-1-tc1/target:/opt/rustwide/target:rw,Z" "-v" "/var/lib/crater-agent-workspace/builds/worker-1-tc1/source:/opt/rustwide/workdir:ro,Z" "-v" "/var/lib/crater-agent-workspace/cargo-home:/opt/rustwide/cargo-home:ro,Z" "-v" "/var/lib/crater-agent-workspace/rustup-home:/opt/rustwide/rustup-home:ro,Z" "-e" "SOURCE_DIR=/opt/rustwide/workdir" "-e" "CARGO_TARGET_DIR=/opt/rustwide/target" "-e" "CARGO_INCREMENTAL=0" "-e" "RUST_BACKTRACE=full" "-e" "RUSTFLAGS=--cap-lints=warn" "-e" "RUSTDOCFLAGS=--cap-lints=warn" "-e" "CARGO_HOME=/opt/rustwide/cargo-home" "-e" "RUSTUP_HOME=/opt/rustwide/rustup-home" "-w" "/opt/rustwide/workdir" "-m" "1610612736" "--user" "0:0" "--network" "none" "ghcr.io/rust-lang/crates-build-env/linux@sha256:f3a9d4ad9d972b27faf3965f35b62e55ba32bbce8f20bc8fe909558a86702fde" "/opt/rustwide/cargo-home/bin/cargo" "+1.83.0" "test" "--frozen" "--no-run" "--message-format=json", kill_on_drop: false }`
[INFO] [stdout] 222658cd97e22f249e7440d52cae084bafd83710a2bd42a62262be7395a89981
[INFO] running `Command { std: "docker" "start" "-a" "222658cd97e22f249e7440d52cae084bafd83710a2bd42a62262be7395a89981", kill_on_drop: false }`
[INFO] [stderr]    Compiling bflib_proc_macro v0.1.9 (/opt/rustwide/workdir)
[INFO] [stderr]     Finished `test` profile [unoptimized + debuginfo] target(s) in 0.37s
[INFO] running `Command { std: "docker" "inspect" "222658cd97e22f249e7440d52cae084bafd83710a2bd42a62262be7395a89981", kill_on_drop: false }`
[INFO] running `Command { std: "docker" "rm" "-f" "222658cd97e22f249e7440d52cae084bafd83710a2bd42a62262be7395a89981", kill_on_drop: false }`
[INFO] [stdout] 222658cd97e22f249e7440d52cae084bafd83710a2bd42a62262be7395a89981
[INFO] running `Command { std: "docker" "create" "-v" "/var/lib/crater-agent-workspace/builds/worker-1-tc1/target:/opt/rustwide/target:rw,Z" "-v" "/var/lib/crater-agent-workspace/builds/worker-1-tc1/source:/opt/rustwide/workdir:ro,Z" "-v" "/var/lib/crater-agent-workspace/cargo-home:/opt/rustwide/cargo-home:ro,Z" "-v" "/var/lib/crater-agent-workspace/rustup-home:/opt/rustwide/rustup-home:ro,Z" "-e" "SOURCE_DIR=/opt/rustwide/workdir" "-e" "CARGO_TARGET_DIR=/opt/rustwide/target" "-e" "CARGO_INCREMENTAL=0" "-e" "RUST_BACKTRACE=full" "-e" "RUSTFLAGS=--cap-lints=warn" "-e" "RUSTDOCFLAGS=--cap-lints=warn" "-e" "CARGO_HOME=/opt/rustwide/cargo-home" "-e" "RUSTUP_HOME=/opt/rustwide/rustup-home" "-w" "/opt/rustwide/workdir" "-m" "1610612736" "--user" "0:0" "--network" "none" "ghcr.io/rust-lang/crates-build-env/linux@sha256:f3a9d4ad9d972b27faf3965f35b62e55ba32bbce8f20bc8fe909558a86702fde" "/opt/rustwide/cargo-home/bin/cargo" "+1.83.0" "test" "--frozen", kill_on_drop: false }`
[INFO] [stdout] 7665fb51b18d7d7d8bf34809cff285bb5786fb41551042f8da92b2525f5ef559
[INFO] running `Command { std: "docker" "start" "-a" "7665fb51b18d7d7d8bf34809cff285bb5786fb41551042f8da92b2525f5ef559", kill_on_drop: false }`
[INFO] [stderr]     Finished `test` profile [unoptimized + debuginfo] target(s) in 0.03s
[INFO] [stderr]      Running unittests src/lib.rs (/opt/rustwide/target/debug/deps/bflib_proc_macro-29866337b96da376)
[INFO] [stdout] 
[INFO] [stdout] running 0 tests
[INFO] [stdout] 
[INFO] [stdout] test result: ok. 0 passed; 0 failed; 0 ignored; 0 measured; 0 filtered out; finished in 0.00s
[INFO] [stdout] 
[INFO] [stderr]    Doc-tests bflib_proc_macro
[INFO] [stdout] 
[INFO] [stdout] running 4 tests
[INFO] [stdout] test src/lib.rs - brain_fuck (line 98) ... FAILED
[INFO] [stdout] test src/lib.rs - brain_fuck (line 125) ... FAILED
[INFO] [stdout] test src/lib.rs - brain_fuck (line 118) ... FAILED
[INFO] [stdout] test src/lib.rs - brain_fuck (line 106) ... FAILED
[INFO] [stdout] 
[INFO] [stdout] failures:
[INFO] [stdout] 
[INFO] [stdout] ---- src/lib.rs - brain_fuck (line 98) stdout ----
[INFO] [stdout] error: cannot find macro `brain_fuck` in this scope
[INFO] [stdout]  --> src/lib.rs:99:1
[INFO] [stdout]   |
[INFO] [stdout] 3 | brain_fuck!(
[INFO] [stdout]   | ^^^^^^^^^^
[INFO] [stdout]   |
[INFO] [stdout] help: consider importing this macro
[INFO] [stdout]   |
[INFO] [stdout] 2 + use bflib_proc_macro::brain_fuck;
[INFO] [stdout]   |
[INFO] [stdout] 
[INFO] [stdout] error: aborting due to 1 previous error
[INFO] [stdout] 
[INFO] [stdout] Couldn't compile the test.
[INFO] [stdout] ---- src/lib.rs - brain_fuck (line 125) stdout ----
[INFO] [stdout] error: cannot find macro `brain_fuck` in this scope
[INFO] [stdout]  --> src/lib.rs:126:17
[INFO] [stdout]   |
[INFO] [stdout] 3 | let (pc, mem) = brain_fuck!(
[INFO] [stdout]   |                 ^^^^^^^^^^
[INFO] [stdout]   |
[INFO] [stdout] help: consider importing this macro
[INFO] [stdout]   |
[INFO] [stdout] 2 + use bflib_proc_macro::brain_fuck;
[INFO] [stdout]   |
[INFO] [stdout] 
[INFO] [stdout] error: aborting due to 1 previous error
[INFO] [stdout] 
[INFO] [stdout] Couldn't compile the test.
[INFO] [stdout] ---- src/lib.rs - brain_fuck (line 118) stdout ----
[INFO] [stdout] error: cannot find macro `brain_fuck` in this scope
[INFO] [stdout]  --> src/lib.rs:119:1
[INFO] [stdout]   |
[INFO] [stdout] 3 | brain_fuck!(
[INFO] [stdout]   | ^^^^^^^^^^
[INFO] [stdout]   |
[INFO] [stdout] help: consider importing this macro
[INFO] [stdout]   |
[INFO] [stdout] 2 + use bflib_proc_macro::brain_fuck;
[INFO] [stdout]   |
[INFO] [stdout] 
[INFO] [stdout] error: aborting due to 1 previous error
[INFO] [stdout] 
[INFO] [stdout] Couldn't compile the test.
[INFO] [stdout] ---- src/lib.rs - brain_fuck (line 106) stdout ----
[INFO] [stdout] error: cannot find macro `brain_fuck` in this scope
[INFO] [stdout]  --> src/lib.rs:107:17
[INFO] [stdout]   |
[INFO] [stdout] 3 | let (pc, mem) = brain_fuck!(
[INFO] [stdout]   |                 ^^^^^^^^^^
[INFO] [stdout]   |
[INFO] [stdout] help: consider importing this macro
[INFO] [stdout]   |
[INFO] [stdout] 2 + use bflib_proc_macro::brain_fuck;
[INFO] [stdout]   |
[INFO] [stdout] 
[INFO] [stdout] error: aborting due to 1 previous error
[INFO] [stdout] 
[INFO] [stdout] Couldn't compile the test.
[INFO] [stdout] 
[INFO] [stdout] failures:
[INFO] [stdout]     src/lib.rs - brain_fuck (line 106)
[INFO] [stdout]     src/lib.rs - brain_fuck (line 118)
[INFO] [stdout]     src/lib.rs - brain_fuck (line 125)
[INFO] [stdout]     src/lib.rs - brain_fuck (line 98)
[INFO] [stdout] 
[INFO] [stdout] test result: FAILED. 0 passed; 4 failed; 0 ignored; 0 measured; 0 filtered out; finished in 0.18s
[INFO] [stdout] 
[INFO] [stderr] error: doctest failed, to rerun pass `--doc`
[INFO] running `Command { std: "docker" "inspect" "7665fb51b18d7d7d8bf34809cff285bb5786fb41551042f8da92b2525f5ef559", kill_on_drop: false }`
[INFO] running `Command { std: "docker" "rm" "-f" "7665fb51b18d7d7d8bf34809cff285bb5786fb41551042f8da92b2525f5ef559", kill_on_drop: false }`
[INFO] [stdout] 7665fb51b18d7d7d8bf34809cff285bb5786fb41551042f8da92b2525f5ef559
