[INFO] fetching crate bflib 0.1.9...
[INFO] testing bflib-0.1.9 against beta-2024-12-08 for beta-1.84.0-4-retry
[INFO] extracting crate bflib 0.1.9 into /workspace/builds/worker-7-tc2/source
[INFO] validating manifest of crates.io crate bflib 0.1.9 on toolchain beta-2024-12-08
[INFO] running `Command { std: CARGO_HOME="/workspace/cargo-home" RUSTUP_HOME="/workspace/rustup-home" "/workspace/cargo-home/bin/cargo" "+beta-2024-12-08" "metadata" "--manifest-path" "Cargo.toml" "--no-deps", kill_on_drop: false }`
[INFO] started tweaking crates.io crate bflib 0.1.9
[INFO] finished tweaking crates.io crate bflib 0.1.9
[INFO] tweaked toml for crates.io crate bflib 0.1.9 written to /workspace/builds/worker-7-tc2/source/Cargo.toml
[INFO] running `Command { std: CARGO_HOME="/workspace/cargo-home" RUSTUP_HOME="/workspace/rustup-home" "/workspace/cargo-home/bin/cargo" "+beta-2024-12-08" "generate-lockfile" "--manifest-path" "Cargo.toml", kill_on_drop: false }`
[INFO] [stderr]     Updating crates.io index
[INFO] [stderr]      Locking 5 packages to latest compatible versions
[INFO] running `Command { std: CARGO_HOME="/workspace/cargo-home" RUSTUP_HOME="/workspace/rustup-home" "/workspace/cargo-home/bin/cargo" "+beta-2024-12-08" "fetch" "--manifest-path" "Cargo.toml", kill_on_drop: false }`
[INFO] running `Command { std: "docker" "create" "-v" "/var/lib/crater-agent-workspace/builds/worker-7-tc2/target:/opt/rustwide/target:rw,Z" "-v" "/var/lib/crater-agent-workspace/builds/worker-7-tc2/source:/opt/rustwide/workdir:ro,Z" "-v" "/var/lib/crater-agent-workspace/cargo-home:/opt/rustwide/cargo-home:ro,Z" "-v" "/var/lib/crater-agent-workspace/rustup-home:/opt/rustwide/rustup-home:ro,Z" "-e" "SOURCE_DIR=/opt/rustwide/workdir" "-e" "CARGO_TARGET_DIR=/opt/rustwide/target" "-e" "CARGO_HOME=/opt/rustwide/cargo-home" "-e" "RUSTUP_HOME=/opt/rustwide/rustup-home" "-w" "/opt/rustwide/workdir" "-m" "1610612736" "--user" "0:0" "--network" "none" "ghcr.io/rust-lang/crates-build-env/linux@sha256:f3a9d4ad9d972b27faf3965f35b62e55ba32bbce8f20bc8fe909558a86702fde" "/opt/rustwide/cargo-home/bin/cargo" "+beta-2024-12-08" "metadata" "--no-deps" "--format-version=1", kill_on_drop: false }`
[INFO] [stdout] eb72ed60d54f2d6030de773e48bcbfcf4defa04587d5dad7aa3a92dacbace027
[INFO] running `Command { std: "docker" "start" "-a" "eb72ed60d54f2d6030de773e48bcbfcf4defa04587d5dad7aa3a92dacbace027", kill_on_drop: false }`
[INFO] running `Command { std: "docker" "inspect" "eb72ed60d54f2d6030de773e48bcbfcf4defa04587d5dad7aa3a92dacbace027", kill_on_drop: false }`
[INFO] running `Command { std: "docker" "rm" "-f" "eb72ed60d54f2d6030de773e48bcbfcf4defa04587d5dad7aa3a92dacbace027", kill_on_drop: false }`
[INFO] [stdout] eb72ed60d54f2d6030de773e48bcbfcf4defa04587d5dad7aa3a92dacbace027
[INFO] running `Command { std: "docker" "create" "-v" "/var/lib/crater-agent-workspace/builds/worker-7-tc2/target:/opt/rustwide/target:rw,Z" "-v" "/var/lib/crater-agent-workspace/builds/worker-7-tc2/source:/opt/rustwide/workdir:ro,Z" "-v" "/var/lib/crater-agent-workspace/cargo-home:/opt/rustwide/cargo-home:ro,Z" "-v" "/var/lib/crater-agent-workspace/rustup-home:/opt/rustwide/rustup-home:ro,Z" "-e" "SOURCE_DIR=/opt/rustwide/workdir" "-e" "CARGO_TARGET_DIR=/opt/rustwide/target" "-e" "CARGO_INCREMENTAL=0" "-e" "RUST_BACKTRACE=full" "-e" "RUSTFLAGS=--cap-lints=warn" "-e" "RUSTDOCFLAGS=--cap-lints=warn" "-e" "CARGO_HOME=/opt/rustwide/cargo-home" "-e" "RUSTUP_HOME=/opt/rustwide/rustup-home" "-w" "/opt/rustwide/workdir" "-m" "1610612736" "--user" "0:0" "--network" "none" "ghcr.io/rust-lang/crates-build-env/linux@sha256:f3a9d4ad9d972b27faf3965f35b62e55ba32bbce8f20bc8fe909558a86702fde" "/opt/rustwide/cargo-home/bin/cargo" "+beta-2024-12-08" "build" "--frozen" "--message-format=json", kill_on_drop: false }`
[INFO] [stdout] 6e8338d91e9332caeda16ad07a418d097cf92f179bc987b2062d066c3db91e6c
[INFO] running `Command { std: "docker" "start" "-a" "6e8338d91e9332caeda16ad07a418d097cf92f179bc987b2062d066c3db91e6c", kill_on_drop: false }`
[INFO] [stderr]    Compiling proc-macro2 v1.0.92
[INFO] [stderr]    Compiling unicode-ident v1.0.14
[INFO] [stderr]    Compiling syn v1.0.109
[INFO] [stderr]    Compiling quote v1.0.37
[INFO] [stderr]    Compiling bflib_proc_macro v0.1.9
[INFO] [stderr]    Compiling bflib v0.1.9 (/opt/rustwide/workdir)
[INFO] [stderr]     Finished `dev` profile [unoptimized + debuginfo] target(s) in 5.02s
[INFO] running `Command { std: "docker" "inspect" "6e8338d91e9332caeda16ad07a418d097cf92f179bc987b2062d066c3db91e6c", kill_on_drop: false }`
[INFO] running `Command { std: "docker" "rm" "-f" "6e8338d91e9332caeda16ad07a418d097cf92f179bc987b2062d066c3db91e6c", kill_on_drop: false }`
[INFO] [stdout] 6e8338d91e9332caeda16ad07a418d097cf92f179bc987b2062d066c3db91e6c
[INFO] running `Command { std: "docker" "create" "-v" "/var/lib/crater-agent-workspace/builds/worker-7-tc2/target:/opt/rustwide/target:rw,Z" "-v" "/var/lib/crater-agent-workspace/builds/worker-7-tc2/source:/opt/rustwide/workdir:ro,Z" "-v" "/var/lib/crater-agent-workspace/cargo-home:/opt/rustwide/cargo-home:ro,Z" "-v" "/var/lib/crater-agent-workspace/rustup-home:/opt/rustwide/rustup-home:ro,Z" "-e" "SOURCE_DIR=/opt/rustwide/workdir" "-e" "CARGO_TARGET_DIR=/opt/rustwide/target" "-e" "CARGO_INCREMENTAL=0" "-e" "RUST_BACKTRACE=full" "-e" "RUSTFLAGS=--cap-lints=warn" "-e" "RUSTDOCFLAGS=--cap-lints=warn" "-e" "CARGO_HOME=/opt/rustwide/cargo-home" "-e" "RUSTUP_HOME=/opt/rustwide/rustup-home" "-w" "/opt/rustwide/workdir" "-m" "1610612736" "--user" "0:0" "--network" "none" "ghcr.io/rust-lang/crates-build-env/linux@sha256:f3a9d4ad9d972b27faf3965f35b62e55ba32bbce8f20bc8fe909558a86702fde" "/opt/rustwide/cargo-home/bin/cargo" "+beta-2024-12-08" "test" "--frozen" "--no-run" "--message-format=json", kill_on_drop: false }`
[INFO] [stdout] 9bcef4527e7b472d4872d0b247d8af7db3b80d2e5fec8a6edfdbae53f7504f41
[INFO] running `Command { std: "docker" "start" "-a" "9bcef4527e7b472d4872d0b247d8af7db3b80d2e5fec8a6edfdbae53f7504f41", kill_on_drop: false }`
[INFO] [stderr]    Compiling bflib v0.1.9 (/opt/rustwide/workdir)
[INFO] [stderr]     Finished `test` profile [unoptimized + debuginfo] target(s) in 0.42s
[INFO] running `Command { std: "docker" "inspect" "9bcef4527e7b472d4872d0b247d8af7db3b80d2e5fec8a6edfdbae53f7504f41", kill_on_drop: false }`
[INFO] running `Command { std: "docker" "rm" "-f" "9bcef4527e7b472d4872d0b247d8af7db3b80d2e5fec8a6edfdbae53f7504f41", kill_on_drop: false }`
[INFO] [stdout] 9bcef4527e7b472d4872d0b247d8af7db3b80d2e5fec8a6edfdbae53f7504f41
[INFO] running `Command { std: "docker" "create" "-v" "/var/lib/crater-agent-workspace/builds/worker-7-tc2/target:/opt/rustwide/target:rw,Z" "-v" "/var/lib/crater-agent-workspace/builds/worker-7-tc2/source:/opt/rustwide/workdir:ro,Z" "-v" "/var/lib/crater-agent-workspace/cargo-home:/opt/rustwide/cargo-home:ro,Z" "-v" "/var/lib/crater-agent-workspace/rustup-home:/opt/rustwide/rustup-home:ro,Z" "-e" "SOURCE_DIR=/opt/rustwide/workdir" "-e" "CARGO_TARGET_DIR=/opt/rustwide/target" "-e" "CARGO_INCREMENTAL=0" "-e" "RUST_BACKTRACE=full" "-e" "RUSTFLAGS=--cap-lints=warn" "-e" "RUSTDOCFLAGS=--cap-lints=warn" "-e" "CARGO_HOME=/opt/rustwide/cargo-home" "-e" "RUSTUP_HOME=/opt/rustwide/rustup-home" "-w" "/opt/rustwide/workdir" "-m" "1610612736" "--user" "0:0" "--network" "none" "ghcr.io/rust-lang/crates-build-env/linux@sha256:f3a9d4ad9d972b27faf3965f35b62e55ba32bbce8f20bc8fe909558a86702fde" "/opt/rustwide/cargo-home/bin/cargo" "+beta-2024-12-08" "test" "--frozen", kill_on_drop: false }`
[INFO] [stdout] 7b01a25c13e636b4b5c24afec608e2c8562ca24bacb549e92bd0ded67257295e
[INFO] running `Command { std: "docker" "start" "-a" "7b01a25c13e636b4b5c24afec608e2c8562ca24bacb549e92bd0ded67257295e", kill_on_drop: false }`
[INFO] [stderr]     Finished `test` profile [unoptimized + debuginfo] target(s) in 0.02s
[INFO] [stderr]      Running unittests src/lib.rs (/opt/rustwide/target/debug/deps/bflib-f2e2b8b4fa1d88ba)
[INFO] [stdout] 
[INFO] [stderr]    Doc-tests bflib
[INFO] [stdout] running 0 tests
[INFO] [stdout] 
[INFO] [stdout] test result: ok. 0 passed; 0 failed; 0 ignored; 0 measured; 0 filtered out; finished in 0.00s
[INFO] [stdout] 
[INFO] [stdout] 
[INFO] [stdout] running 6 tests
[INFO] [stdout] test src/lib.rs - BrainfuckBlock (line 232) ... FAILED
[INFO] [stdout] test src/lib.rs - (line 8) ... FAILED
[INFO] [stdout] test src/lib.rs - (line 56) ... FAILED
[INFO] [stdout] test src/lib.rs - (line 35) ... FAILED
[INFO] [stdout] test src/lib.rs - (line 28) ... FAILED
[INFO] [stdout] test src/lib.rs - (line 16) ... FAILED
[INFO] [stdout] 
[INFO] [stdout] failures:
[INFO] [stdout] 
[INFO] [stdout] ---- src/lib.rs - BrainfuckBlock (line 232) stdout ----
[INFO] [stdout] error: cannot find macro `brain_fuck` in this scope
[INFO] [stdout]  --> src/lib.rs:233:1
[INFO] [stdout]   |
[INFO] [stdout] 3 | brain_fuck!(
[INFO] [stdout]   | ^^^^^^^^^^
[INFO] [stdout]   |
[INFO] [stdout] help: consider importing one of these macros
[INFO] [stdout]   |
[INFO] [stdout] 2 + use bflib::brain_fuck;
[INFO] [stdout]   |
[INFO] [stdout] 2 + use bflib_proc_macro::brain_fuck;
[INFO] [stdout]   |
[INFO] [stdout] 
[INFO] [stdout] error: aborting due to 1 previous error
[INFO] [stdout] 
[INFO] [stdout] Couldn't compile the test.
[INFO] [stdout] ---- src/lib.rs - (line 8) stdout ----
[INFO] [stdout] error: cannot find macro `brain_fuck` in this scope
[INFO] [stdout]  --> src/lib.rs:9:1
[INFO] [stdout]   |
[INFO] [stdout] 3 | brain_fuck!(
[INFO] [stdout]   | ^^^^^^^^^^
[INFO] [stdout]   |
[INFO] [stdout] help: consider importing one of these macros
[INFO] [stdout]   |
[INFO] [stdout] 2 + use bflib::brain_fuck;
[INFO] [stdout]   |
[INFO] [stdout] 2 + use bflib_proc_macro::brain_fuck;
[INFO] [stdout]   |
[INFO] [stdout] 
[INFO] [stdout] error: aborting due to 1 previous error
[INFO] [stdout] 
[INFO] [stdout] Couldn't compile the test.
[INFO] [stdout] ---- src/lib.rs - (line 56) stdout ----
[INFO] [stdout] error[E0308]: mismatched types
[INFO] [stdout]    --> src/lib.rs:58:1
[INFO] [stdout]     |
[INFO] [stdout] 5   | / ::bflib::BrainfuckBlock::new(&|pc: &mut usize, mem: &mut Vec<u8>| {
[INFO] [stdout] 6   | |     if mem.len() <= *pc {
[INFO] [stdout] 7   | |         mem.append(&mut vec![0; *pc - mem.len() + 1]);
[INFO] [stdout] 8   | |     }
[INFO] [stdout] ...   |
[INFO] [stdout] 172 | |     }
[INFO] [stdout] 173 | | })
[INFO] [stdout]     | |__^ expected `()`, found `BrainfuckBlock`
[INFO] [stdout]     |
[INFO] [stdout] help: consider using a semicolon here
[INFO] [stdout]     |
[INFO] [stdout] 173 | });
[INFO] [stdout]     |   +
[INFO] [stdout] help: try adding a return type
[INFO] [stdout]     |
[INFO] [stdout] 4   | fn main() { #[allow(non_snake_case)] fn _doctest_main_src_lib_rs_56_0() -> BrainfuckBlock {
[INFO] [stdout]     |                                                                         +++++++++++++++++
[INFO] [stdout] 
[INFO] [stdout] error: aborting due to 1 previous error
[INFO] [stdout] 
[INFO] [stdout] For more information about this error, try `rustc --explain E0308`.
[INFO] [stdout] Couldn't compile the test.
[INFO] [stdout] ---- src/lib.rs - (line 35) stdout ----
[INFO] [stdout] error: cannot find macro `brain_fuck` in this scope
[INFO] [stdout]  --> src/lib.rs:36:17
[INFO] [stdout]   |
[INFO] [stdout] 3 | let (pc, mem) = brain_fuck!(
[INFO] [stdout]   |                 ^^^^^^^^^^
[INFO] [stdout]   |
[INFO] [stdout] help: consider importing one of these macros
[INFO] [stdout]   |
[INFO] [stdout] 2 + use bflib::brain_fuck;
[INFO] [stdout]   |
[INFO] [stdout] 2 + use bflib_proc_macro::brain_fuck;
[INFO] [stdout]   |
[INFO] [stdout] 
[INFO] [stdout] error: aborting due to 1 previous error
[INFO] [stdout] 
[INFO] [stdout] Couldn't compile the test.
[INFO] [stdout] ---- src/lib.rs - (line 28) stdout ----
[INFO] [stdout] error: cannot find macro `brain_fuck` in this scope
[INFO] [stdout]  --> src/lib.rs:29:1
[INFO] [stdout]   |
[INFO] [stdout] 3 | brain_fuck!(
[INFO] [stdout]   | ^^^^^^^^^^
[INFO] [stdout]   |
[INFO] [stdout] help: consider importing one of these macros
[INFO] [stdout]   |
[INFO] [stdout] 2 + use bflib::brain_fuck;
[INFO] [stdout]   |
[INFO] [stdout] 2 + use bflib_proc_macro::brain_fuck;
[INFO] [stdout]   |
[INFO] [stdout] 
[INFO] [stdout] error: aborting due to 1 previous error
[INFO] [stdout] 
[INFO] [stdout] Couldn't compile the test.
[INFO] [stdout] ---- src/lib.rs - (line 16) stdout ----
[INFO] [stdout] error: cannot find macro `brain_fuck` in this scope
[INFO] [stdout]  --> src/lib.rs:17:17
[INFO] [stdout]   |
[INFO] [stdout] 3 | let (pc, mem) = brain_fuck!(
[INFO] [stdout]   |                 ^^^^^^^^^^
[INFO] [stdout]   |
[INFO] [stdout] help: consider importing one of these macros
[INFO] [stdout]   |
[INFO] [stdout] 2 + use bflib::brain_fuck;
[INFO] [stdout]   |
[INFO] [stdout] 2 + use bflib_proc_macro::brain_fuck;
[INFO] [stdout]   |
[INFO] [stdout] 
[INFO] [stdout] error: aborting due to 1 previous error
[INFO] [stdout] 
[INFO] [stdout] Couldn't compile the test.
[INFO] [stdout] 
[INFO] [stdout] failures:
[INFO] [stdout]     src/lib.rs - (line 16)
[INFO] [stdout]     src/lib.rs - (line 28)
[INFO] [stdout]     src/lib.rs - (line 35)
[INFO] [stdout]     src/lib.rs - (line 56)
[INFO] [stdout]     src/lib.rs - (line 8)
[INFO] [stdout]     src/lib.rs - BrainfuckBlock (line 232)
[INFO] [stdout] 
[INFO] [stdout] test result: FAILED. 0 passed; 6 failed; 0 ignored; 0 measured; 0 filtered out; finished in 0.23s
[INFO] [stdout] 
[INFO] [stderr] error: doctest failed, to rerun pass `--doc`
[INFO] running `Command { std: "docker" "inspect" "7b01a25c13e636b4b5c24afec608e2c8562ca24bacb549e92bd0ded67257295e", kill_on_drop: false }`
[INFO] running `Command { std: "docker" "rm" "-f" "7b01a25c13e636b4b5c24afec608e2c8562ca24bacb549e92bd0ded67257295e", kill_on_drop: false }`
[INFO] [stdout] 7b01a25c13e636b4b5c24afec608e2c8562ca24bacb549e92bd0ded67257295e
