[INFO] fetching crate bevy_wasm_sys 0.10.1...
[INFO] testing bevy_wasm_sys-0.10.1 against beta-2024-12-08 for beta-1.84.0-4-retry
[INFO] extracting crate bevy_wasm_sys 0.10.1 into /workspace/builds/worker-0-tc2/source
[INFO] validating manifest of crates.io crate bevy_wasm_sys 0.10.1 on toolchain beta-2024-12-08
[INFO] running `Command { std: CARGO_HOME="/workspace/cargo-home" RUSTUP_HOME="/workspace/rustup-home" "/workspace/cargo-home/bin/cargo" "+beta-2024-12-08" "metadata" "--manifest-path" "Cargo.toml" "--no-deps", kill_on_drop: false }`
[INFO] started tweaking crates.io crate bevy_wasm_sys 0.10.1
[INFO] finished tweaking crates.io crate bevy_wasm_sys 0.10.1
[INFO] tweaked toml for crates.io crate bevy_wasm_sys 0.10.1 written to /workspace/builds/worker-0-tc2/source/Cargo.toml
[INFO] running `Command { std: CARGO_HOME="/workspace/cargo-home" RUSTUP_HOME="/workspace/rustup-home" "/workspace/cargo-home/bin/cargo" "+beta-2024-12-08" "generate-lockfile" "--manifest-path" "Cargo.toml", kill_on_drop: false }`
[INFO] [stderr]     Updating crates.io index
[INFO] [stderr]      Locking 121 packages to latest compatible versions
[INFO] [stderr]       Adding bevy_app v0.10.1 (available: v0.15.0)
[INFO] [stderr]       Adding bevy_derive v0.10.1 (available: v0.15.0)
[INFO] [stderr]       Adding bevy_ecs v0.10.1 (available: v0.15.0)
[INFO] [stderr]       Adding bevy_math v0.10.1 (available: v0.15.0)
[INFO] [stderr]       Adding bevy_reflect v0.10.1 (available: v0.15.0)
[INFO] [stderr]       Adding bevy_transform v0.10.1 (available: v0.15.0)
[INFO] running `Command { std: CARGO_HOME="/workspace/cargo-home" RUSTUP_HOME="/workspace/rustup-home" "/workspace/cargo-home/bin/cargo" "+beta-2024-12-08" "fetch" "--manifest-path" "Cargo.toml", kill_on_drop: false }`
[INFO] running `Command { std: "docker" "create" "-v" "/var/lib/crater-agent-workspace/builds/worker-0-tc2/target:/opt/rustwide/target:rw,Z" "-v" "/var/lib/crater-agent-workspace/builds/worker-0-tc2/source:/opt/rustwide/workdir:ro,Z" "-v" "/var/lib/crater-agent-workspace/cargo-home:/opt/rustwide/cargo-home:ro,Z" "-v" "/var/lib/crater-agent-workspace/rustup-home:/opt/rustwide/rustup-home:ro,Z" "-e" "SOURCE_DIR=/opt/rustwide/workdir" "-e" "CARGO_TARGET_DIR=/opt/rustwide/target" "-e" "CARGO_HOME=/opt/rustwide/cargo-home" "-e" "RUSTUP_HOME=/opt/rustwide/rustup-home" "-w" "/opt/rustwide/workdir" "-m" "1610612736" "--user" "0:0" "--network" "none" "ghcr.io/rust-lang/crates-build-env/linux@sha256:f3a9d4ad9d972b27faf3965f35b62e55ba32bbce8f20bc8fe909558a86702fde" "/opt/rustwide/cargo-home/bin/cargo" "+beta-2024-12-08" "metadata" "--no-deps" "--format-version=1", kill_on_drop: false }`
[INFO] [stdout] 65d633907fa71e7cf187c025a806cafdb40f5d0abdeaa50438881da3ec16773f
[INFO] running `Command { std: "docker" "start" "-a" "65d633907fa71e7cf187c025a806cafdb40f5d0abdeaa50438881da3ec16773f", kill_on_drop: false }`
[INFO] running `Command { std: "docker" "inspect" "65d633907fa71e7cf187c025a806cafdb40f5d0abdeaa50438881da3ec16773f", kill_on_drop: false }`
[INFO] running `Command { std: "docker" "rm" "-f" "65d633907fa71e7cf187c025a806cafdb40f5d0abdeaa50438881da3ec16773f", kill_on_drop: false }`
[INFO] [stdout] 65d633907fa71e7cf187c025a806cafdb40f5d0abdeaa50438881da3ec16773f
[INFO] running `Command { std: "docker" "create" "-v" "/var/lib/crater-agent-workspace/builds/worker-0-tc2/target:/opt/rustwide/target:rw,Z" "-v" "/var/lib/crater-agent-workspace/builds/worker-0-tc2/source:/opt/rustwide/workdir:ro,Z" "-v" "/var/lib/crater-agent-workspace/cargo-home:/opt/rustwide/cargo-home:ro,Z" "-v" "/var/lib/crater-agent-workspace/rustup-home:/opt/rustwide/rustup-home:ro,Z" "-e" "SOURCE_DIR=/opt/rustwide/workdir" "-e" "CARGO_TARGET_DIR=/opt/rustwide/target" "-e" "CARGO_INCREMENTAL=0" "-e" "RUST_BACKTRACE=full" "-e" "RUSTFLAGS=--cap-lints=warn" "-e" "RUSTDOCFLAGS=--cap-lints=warn" "-e" "CARGO_HOME=/opt/rustwide/cargo-home" "-e" "RUSTUP_HOME=/opt/rustwide/rustup-home" "-w" "/opt/rustwide/workdir" "-m" "1610612736" "--user" "0:0" "--network" "none" "ghcr.io/rust-lang/crates-build-env/linux@sha256:f3a9d4ad9d972b27faf3965f35b62e55ba32bbce8f20bc8fe909558a86702fde" "/opt/rustwide/cargo-home/bin/cargo" "+beta-2024-12-08" "build" "--frozen" "--message-format=json", kill_on_drop: false }`
[INFO] [stdout] dfb2c83cef37677ee60cceae48909c0696db4b34372f35986f30fc28b0242e5e
[INFO] running `Command { std: "docker" "start" "-a" "dfb2c83cef37677ee60cceae48909c0696db4b34372f35986f30fc28b0242e5e", kill_on_drop: false }`
[INFO] [stderr]    Compiling proc-macro2 v1.0.92
[INFO] [stderr]    Compiling unicode-ident v1.0.14
[INFO] [stderr]    Compiling serde v1.0.216
[INFO] [stderr]    Compiling cfg-if v1.0.0
[INFO] [stderr]    Compiling once_cell v1.20.2
[INFO] [stderr]    Compiling libc v0.2.168
[INFO] [stderr]    Compiling autocfg v1.4.0
[INFO] [stderr]    Compiling syn v1.0.109
[INFO] [stderr]    Compiling hashbrown v0.15.2
[INFO] [stderr]    Compiling equivalent v1.0.1
[INFO] [stderr]    Compiling pin-project-lite v0.2.15
[INFO] [stderr]    Compiling tracing-core v0.1.33
[INFO] [stderr]    Compiling winnow v0.5.40
[INFO] [stderr]    Compiling crossbeam-utils v0.8.20
[INFO] [stderr]    Compiling version_check v0.9.5
[INFO] [stderr]    Compiling toml_datetime v0.6.8
[INFO] [stderr]    Compiling indexmap v2.7.0
[INFO] [stderr]    Compiling ahash v0.7.8
[INFO] [stderr]    Compiling futures-core v0.3.31
[INFO] [stderr]    Compiling quote v1.0.37
[INFO] [stderr]    Compiling lock_api v0.4.12
[INFO] [stderr]    Compiling syn v2.0.90
[INFO] [stderr]    Compiling slab v0.4.9
[INFO] [stderr]    Compiling parking_lot_core v0.9.10
[INFO] [stderr]    Compiling thiserror v1.0.69
[INFO] [stderr]    Compiling getrandom v0.2.15
[INFO] [stderr]    Compiling concurrent-queue v2.5.0
[INFO] [stderr]    Compiling tracing v0.1.41
[INFO] [stderr]    Compiling bit-vec v0.6.3
[INFO] [stderr]    Compiling fixedbitset v0.4.2
[INFO] [stderr]    Compiling bytemuck v1.20.0
[INFO] [stderr]    Compiling scopeguard v1.2.0
[INFO] [stderr]    Compiling bit-set v0.5.3
[INFO] [stderr]    Compiling petgraph v0.6.5
[INFO] [stderr]    Compiling uuid v1.11.0
[INFO] [stderr]    Compiling futures-lite v2.5.0
[INFO] [stderr]    Compiling instant v0.1.13
[INFO] [stderr]    Compiling futures-io v0.3.31
[INFO] [stderr]    Compiling memchr v2.7.4
[INFO] [stderr]    Compiling toml_edit v0.19.15
[INFO] [stderr]    Compiling event-listener v2.5.3
[INFO] [stderr]    Compiling parking v2.2.1
[INFO] [stderr]    Compiling async-task v4.7.1
[INFO] [stderr]    Compiling fastrand v2.3.0
[INFO] [stderr]    Compiling fastrand v1.9.0
[INFO] [stderr]    Compiling waker-fn v1.2.0
[INFO] [stderr]    Compiling async-channel v1.9.0
[INFO] [stderr]    Compiling futures-lite v1.13.0
[INFO] [stderr]    Compiling async-executor v1.13.1
[INFO] [stderr]    Compiling thread_local v1.1.8
[INFO] [stderr]    Compiling downcast-rs v1.2.1
[INFO] [stderr]    Compiling bevy_ptr v0.10.1
[INFO] [stderr]    Compiling regex-syntax v0.6.29
[INFO] [stderr]    Compiling rustc-hash v1.1.0
[INFO] [stderr]    Compiling regex-syntax v0.8.5
[INFO] [stderr]    Compiling log v0.4.22
[INFO] [stderr]    Compiling overload v0.1.1
[INFO] [stderr]    Compiling bevy_tasks v0.10.1
[INFO] [stderr]    Compiling lazy_static v1.5.0
[INFO] [stderr]    Compiling sharded-slab v0.1.7
[INFO] [stderr]    Compiling nu-ansi-term v0.46.0
[INFO] [stderr]    Compiling bevy_macro_utils v0.10.1
[INFO] [stderr]    Compiling regex-automata v0.4.9
[INFO] [stderr]    Compiling tracing-log v0.2.0
[INFO] [stderr]    Compiling serde_derive v1.0.216
[INFO] [stderr]    Compiling thiserror-impl v1.0.69
[INFO] [stderr]    Compiling tracing-log v0.1.4
[INFO] [stderr]    Compiling regex-automata v0.1.10
[INFO] [stderr]    Compiling bevy_wasm_shared v0.10.1
[INFO] [stderr]    Compiling bevy_utils_proc_macros v0.10.1
[INFO] [stderr]    Compiling bevy_reflect_derive v0.10.1
[INFO] [stderr]    Compiling bevy_ecs_macros v0.10.1
[INFO] [stderr]    Compiling bevy_derive v0.10.1
[INFO] [stderr]    Compiling regex v1.11.1
[INFO] [stderr]    Compiling matchers v0.1.0
[INFO] [stderr]    Compiling smallvec v1.13.2
[INFO] [stderr]    Compiling hashbrown v0.12.3
[INFO] [stderr]    Compiling glam v0.23.0
[INFO] [stderr]    Compiling erased-serde v0.3.31
[INFO] [stderr]    Compiling bincode v1.3.3
[INFO] [stderr]    Compiling tracing-subscriber v0.3.19
[INFO] [stderr]    Compiling parking_lot v0.12.3
[INFO] [stderr]    Compiling bevy_utils v0.10.1
[INFO] [stderr]    Compiling bevy_math v0.10.1
[INFO] [stderr]    Compiling bevy_reflect v0.10.1
[INFO] [stderr]    Compiling bevy_ecs v0.10.1
[INFO] [stderr]    Compiling bevy_app v0.10.1
[INFO] [stderr]    Compiling bevy_core v0.10.1
[INFO] [stderr]    Compiling bevy_log v0.10.1
[INFO] [stderr]    Compiling bevy_hierarchy v0.10.1
[INFO] [stderr]    Compiling bevy_transform v0.10.1
[INFO] [stderr]    Compiling bevy_wasm_sys v0.10.1 (/opt/rustwide/workdir)
[INFO] [stdout] warning: unused import: `crate::macros::*`
[INFO] [stdout]   --> src/lib.rs:26:13
[INFO] [stdout]    |
[INFO] [stdout] 26 |     pub use crate::macros::*;
[INFO] [stdout]    |             ^^^^^^^^^^^^^^^^
[INFO] [stdout]    |
[INFO] [stdout]    = note: `#[warn(unused_imports)]` on by default
[INFO] [stdout] 
[INFO] [stdout] 
[INFO] [stderr]     Finished `dev` profile [unoptimized + debuginfo] target(s) in 1m 32s
[INFO] running `Command { std: "docker" "inspect" "dfb2c83cef37677ee60cceae48909c0696db4b34372f35986f30fc28b0242e5e", kill_on_drop: false }`
[INFO] running `Command { std: "docker" "rm" "-f" "dfb2c83cef37677ee60cceae48909c0696db4b34372f35986f30fc28b0242e5e", kill_on_drop: false }`
[INFO] [stdout] dfb2c83cef37677ee60cceae48909c0696db4b34372f35986f30fc28b0242e5e
[INFO] running `Command { std: "docker" "create" "-v" "/var/lib/crater-agent-workspace/builds/worker-0-tc2/target:/opt/rustwide/target:rw,Z" "-v" "/var/lib/crater-agent-workspace/builds/worker-0-tc2/source:/opt/rustwide/workdir:ro,Z" "-v" "/var/lib/crater-agent-workspace/cargo-home:/opt/rustwide/cargo-home:ro,Z" "-v" "/var/lib/crater-agent-workspace/rustup-home:/opt/rustwide/rustup-home:ro,Z" "-e" "SOURCE_DIR=/opt/rustwide/workdir" "-e" "CARGO_TARGET_DIR=/opt/rustwide/target" "-e" "CARGO_INCREMENTAL=0" "-e" "RUST_BACKTRACE=full" "-e" "RUSTFLAGS=--cap-lints=warn" "-e" "RUSTDOCFLAGS=--cap-lints=warn" "-e" "CARGO_HOME=/opt/rustwide/cargo-home" "-e" "RUSTUP_HOME=/opt/rustwide/rustup-home" "-w" "/opt/rustwide/workdir" "-m" "1610612736" "--user" "0:0" "--network" "none" "ghcr.io/rust-lang/crates-build-env/linux@sha256:f3a9d4ad9d972b27faf3965f35b62e55ba32bbce8f20bc8fe909558a86702fde" "/opt/rustwide/cargo-home/bin/cargo" "+beta-2024-12-08" "test" "--frozen" "--no-run" "--message-format=json", kill_on_drop: false }`
[INFO] [stdout] ee144aaafdb800af6fc6c9bfbf5e94ccc2ddf3cfeff8c6ea3f9e92fedd89d7db
[INFO] running `Command { std: "docker" "start" "-a" "ee144aaafdb800af6fc6c9bfbf5e94ccc2ddf3cfeff8c6ea3f9e92fedd89d7db", kill_on_drop: false }`
[INFO] [stdout] warning: unused import: `crate::macros::*`
[INFO] [stdout]   --> src/lib.rs:26:13
[INFO] [stdout]    |
[INFO] [stdout] 26 |     pub use crate::macros::*;
[INFO] [stdout]    |             ^^^^^^^^^^^^^^^^
[INFO] [stdout]    |
[INFO] [stdout]    = note: `#[warn(unused_imports)]` on by default
[INFO] [stdout] 
[INFO] [stdout] 
[INFO] [stderr]    Compiling bevy_wasm_sys v0.10.1 (/opt/rustwide/workdir)
[INFO] [stdout] warning: unused import: `crate::macros::*`
[INFO] [stdout]   --> src/lib.rs:26:13
[INFO] [stdout]    |
[INFO] [stdout] 26 |     pub use crate::macros::*;
[INFO] [stdout]    |             ^^^^^^^^^^^^^^^^
[INFO] [stdout]    |
[INFO] [stdout]    = note: `#[warn(unused_imports)]` on by default
[INFO] [stdout] 
[INFO] [stdout] 
[INFO] [stderr]     Finished `test` profile [unoptimized + debuginfo] target(s) in 1.61s
[INFO] running `Command { std: "docker" "inspect" "ee144aaafdb800af6fc6c9bfbf5e94ccc2ddf3cfeff8c6ea3f9e92fedd89d7db", kill_on_drop: false }`
[INFO] running `Command { std: "docker" "rm" "-f" "ee144aaafdb800af6fc6c9bfbf5e94ccc2ddf3cfeff8c6ea3f9e92fedd89d7db", kill_on_drop: false }`
[INFO] [stdout] ee144aaafdb800af6fc6c9bfbf5e94ccc2ddf3cfeff8c6ea3f9e92fedd89d7db
[INFO] running `Command { std: "docker" "create" "-v" "/var/lib/crater-agent-workspace/builds/worker-0-tc2/target:/opt/rustwide/target:rw,Z" "-v" "/var/lib/crater-agent-workspace/builds/worker-0-tc2/source:/opt/rustwide/workdir:ro,Z" "-v" "/var/lib/crater-agent-workspace/cargo-home:/opt/rustwide/cargo-home:ro,Z" "-v" "/var/lib/crater-agent-workspace/rustup-home:/opt/rustwide/rustup-home:ro,Z" "-e" "SOURCE_DIR=/opt/rustwide/workdir" "-e" "CARGO_TARGET_DIR=/opt/rustwide/target" "-e" "CARGO_INCREMENTAL=0" "-e" "RUST_BACKTRACE=full" "-e" "RUSTFLAGS=--cap-lints=warn" "-e" "RUSTDOCFLAGS=--cap-lints=warn" "-e" "CARGO_HOME=/opt/rustwide/cargo-home" "-e" "RUSTUP_HOME=/opt/rustwide/rustup-home" "-w" "/opt/rustwide/workdir" "-m" "1610612736" "--user" "0:0" "--network" "none" "ghcr.io/rust-lang/crates-build-env/linux@sha256:f3a9d4ad9d972b27faf3965f35b62e55ba32bbce8f20bc8fe909558a86702fde" "/opt/rustwide/cargo-home/bin/cargo" "+beta-2024-12-08" "test" "--frozen", kill_on_drop: false }`
[INFO] [stdout] c7e8175599c7abec98d4a77f99e13adca140577d5e16af6c85a82e9298aa9e27
[INFO] running `Command { std: "docker" "start" "-a" "c7e8175599c7abec98d4a77f99e13adca140577d5e16af6c85a82e9298aa9e27", kill_on_drop: false }`
[INFO] [stderr] warning: unused import: `crate::macros::*`
[INFO] [stderr]   --> src/lib.rs:26:13
[INFO] [stderr]    |
[INFO] [stderr] 26 |     pub use crate::macros::*;
[INFO] [stderr]    |             ^^^^^^^^^^^^^^^^
[INFO] [stderr]    |
[INFO] [stderr]    = note: `#[warn(unused_imports)]` on by default
[INFO] [stderr] 
[INFO] [stderr] warning: `bevy_wasm_sys` (lib) generated 1 warning (run `cargo fix --lib -p bevy_wasm_sys` to apply 1 suggestion)
[INFO] [stderr] warning: `bevy_wasm_sys` (lib test) generated 1 warning (1 duplicate)
[INFO] [stderr]     Finished `test` profile [unoptimized + debuginfo] target(s) in 0.15s
[INFO] [stderr]      Running unittests src/lib.rs (/opt/rustwide/target/debug/deps/bevy_wasm_sys-e2a00074d9c86fcd)
[INFO] [stdout] 
[INFO] [stdout] running 0 tests
[INFO] [stdout] 
[INFO] [stdout] test result: ok. 0 passed; 0 failed; 0 ignored; 0 measured; 0 filtered out; finished in 0.00s
[INFO] [stdout] 
[INFO] [stderr]    Doc-tests bevy_wasm_sys
[INFO] [stdout] 
[INFO] [stdout] running 1 test
[INFO] [stdout] test src/time.rs - time::Time::update_with_instant (line 89) ... FAILED
[INFO] [stdout] 
[INFO] [stdout] failures:
[INFO] [stdout] 
[INFO] [stdout] ---- src/time.rs - time::Time::update_with_instant (line 89) stdout ----
[INFO] [stdout] error[E0433]: failed to resolve: use of undeclared crate or module `bevy_time`
[INFO] [stdout]  --> src/time.rs:90:5
[INFO] [stdout]   |
[INFO] [stdout] 2 | use bevy_time::prelude::*;
[INFO] [stdout]   |     ^^^^^^^^^ use of undeclared crate or module `bevy_time`
[INFO] [stdout] 
[INFO] [stdout] error[E0432]: unresolved import `bevy_utils`
[INFO] [stdout]  --> src/time.rs:92:5
[INFO] [stdout]   |
[INFO] [stdout] 4 | use bevy_utils::Duration;
[INFO] [stdout]   |     ^^^^^^^^^^ use of undeclared crate or module `bevy_utils`
[INFO] [stdout] 
[INFO] [stdout] error[E0412]: cannot find type `Time` in this scope
[INFO] [stdout]   --> src/time.rs:102:28
[INFO] [stdout]    |
[INFO] [stdout] 14 | fn health_system(time: Res<Time>, mut health: ResMut<Health>) {
[INFO] [stdout]    |                            ^^^^ not found in this scope
[INFO] [stdout]    |
[INFO] [stdout] help: consider importing this struct
[INFO] [stdout]    |
[INFO] [stdout] 2  + use bevy_wasm_sys::prelude::Time;
[INFO] [stdout]    |
[INFO] [stdout] 
[INFO] [stdout] error[E0433]: failed to resolve: use of undeclared type `Time`
[INFO] [stdout]   --> src/time.rs:111:20
[INFO] [stdout]    |
[INFO] [stdout] 23 |     let mut time = Time::default();
[INFO] [stdout]    |                    ^^^^ use of undeclared type `Time`
[INFO] [stdout]    |
[INFO] [stdout] help: consider importing this struct
[INFO] [stdout]    |
[INFO] [stdout] 2  + use bevy_wasm_sys::prelude::Time;
[INFO] [stdout]    |
[INFO] [stdout] 
[INFO] [stdout] error[E0412]: cannot find type `Time` in this scope
[INFO] [stdout]   --> src/time.rs:120:41
[INFO] [stdout]    |
[INFO] [stdout] 32 |     let mut time = world.resource_mut::<Time>();
[INFO] [stdout]    |                                         ^^^^ not found in this scope
[INFO] [stdout]    |
[INFO] [stdout] help: consider importing this struct
[INFO] [stdout]    |
[INFO] [stdout] 2  + use bevy_wasm_sys::prelude::Time;
[INFO] [stdout]    |
[INFO] [stdout] 
[INFO] [stdout] error[E0433]: failed to resolve: use of undeclared type `SystemStage`
[INFO] [stdout]   --> src/time.rs:116:28
[INFO] [stdout]    |
[INFO] [stdout] 28 |     let mut update_stage = SystemStage::parallel();
[INFO] [stdout]    |                            ^^^^^^^^^^^ use of undeclared type `SystemStage`
[INFO] [stdout] 
[INFO] [stdout] error: aborting due to 6 previous errors
[INFO] [stdout] 
[INFO] [stdout] Some errors have detailed explanations: E0412, E0432, E0433.
[INFO] [stdout] For more information about an error, try `rustc --explain E0412`.
[INFO] [stdout] Couldn't compile the test.
[INFO] [stdout] 
[INFO] [stdout] failures:
[INFO] [stdout]     src/time.rs - time::Time::update_with_instant (line 89)
[INFO] [stdout] 
[INFO] [stdout] test result: FAILED. 0 passed; 1 failed; 0 ignored; 0 measured; 0 filtered out; finished in 0.18s
[INFO] [stdout] 
[INFO] [stderr] error: doctest failed, to rerun pass `--doc`
[INFO] running `Command { std: "docker" "inspect" "c7e8175599c7abec98d4a77f99e13adca140577d5e16af6c85a82e9298aa9e27", kill_on_drop: false }`
[INFO] running `Command { std: "docker" "rm" "-f" "c7e8175599c7abec98d4a77f99e13adca140577d5e16af6c85a82e9298aa9e27", kill_on_drop: false }`
[INFO] [stdout] c7e8175599c7abec98d4a77f99e13adca140577d5e16af6c85a82e9298aa9e27
