[INFO] fetching crate bevy_ui_forms_form_proc 0.2.1...
[INFO] testing bevy_ui_forms_form_proc-0.2.1 against 1.83.0 for beta-1.84.0-4-retry
[INFO] extracting crate bevy_ui_forms_form_proc 0.2.1 into /workspace/builds/worker-0-tc1/source
[INFO] validating manifest of crates.io crate bevy_ui_forms_form_proc 0.2.1 on toolchain 1.83.0
[INFO] running `Command { std: CARGO_HOME="/workspace/cargo-home" RUSTUP_HOME="/workspace/rustup-home" "/workspace/cargo-home/bin/cargo" "+1.83.0" "metadata" "--manifest-path" "Cargo.toml" "--no-deps", kill_on_drop: false }`
[INFO] started tweaking crates.io crate bevy_ui_forms_form_proc 0.2.1
[INFO] finished tweaking crates.io crate bevy_ui_forms_form_proc 0.2.1
[INFO] tweaked toml for crates.io crate bevy_ui_forms_form_proc 0.2.1 written to /workspace/builds/worker-0-tc1/source/Cargo.toml
[INFO] running `Command { std: CARGO_HOME="/workspace/cargo-home" RUSTUP_HOME="/workspace/rustup-home" "/workspace/cargo-home/bin/cargo" "+1.83.0" "generate-lockfile" "--manifest-path" "Cargo.toml", kill_on_drop: false }`
[INFO] [stderr]     Updating crates.io index
[INFO] [stderr]      Locking 10 packages to latest compatible versions
[INFO] running `Command { std: CARGO_HOME="/workspace/cargo-home" RUSTUP_HOME="/workspace/rustup-home" "/workspace/cargo-home/bin/cargo" "+1.83.0" "fetch" "--manifest-path" "Cargo.toml", kill_on_drop: false }`
[INFO] running `Command { std: "docker" "create" "-v" "/var/lib/crater-agent-workspace/builds/worker-0-tc1/target:/opt/rustwide/target:rw,Z" "-v" "/var/lib/crater-agent-workspace/builds/worker-0-tc1/source:/opt/rustwide/workdir:ro,Z" "-v" "/var/lib/crater-agent-workspace/cargo-home:/opt/rustwide/cargo-home:ro,Z" "-v" "/var/lib/crater-agent-workspace/rustup-home:/opt/rustwide/rustup-home:ro,Z" "-e" "SOURCE_DIR=/opt/rustwide/workdir" "-e" "CARGO_TARGET_DIR=/opt/rustwide/target" "-e" "CARGO_HOME=/opt/rustwide/cargo-home" "-e" "RUSTUP_HOME=/opt/rustwide/rustup-home" "-w" "/opt/rustwide/workdir" "-m" "1610612736" "--user" "0:0" "--network" "none" "ghcr.io/rust-lang/crates-build-env/linux@sha256:f3a9d4ad9d972b27faf3965f35b62e55ba32bbce8f20bc8fe909558a86702fde" "/opt/rustwide/cargo-home/bin/cargo" "+1.83.0" "metadata" "--no-deps" "--format-version=1", kill_on_drop: false }`
[INFO] [stdout] 1617a6a6917ccb67539fdd1fd39024323c3a9d9996ad40e17bedd949fd56bcc1
[INFO] running `Command { std: "docker" "start" "-a" "1617a6a6917ccb67539fdd1fd39024323c3a9d9996ad40e17bedd949fd56bcc1", kill_on_drop: false }`
[INFO] running `Command { std: "docker" "inspect" "1617a6a6917ccb67539fdd1fd39024323c3a9d9996ad40e17bedd949fd56bcc1", kill_on_drop: false }`
[INFO] running `Command { std: "docker" "rm" "-f" "1617a6a6917ccb67539fdd1fd39024323c3a9d9996ad40e17bedd949fd56bcc1", kill_on_drop: false }`
[INFO] [stdout] 1617a6a6917ccb67539fdd1fd39024323c3a9d9996ad40e17bedd949fd56bcc1
[INFO] running `Command { std: "docker" "create" "-v" "/var/lib/crater-agent-workspace/builds/worker-0-tc1/target:/opt/rustwide/target:rw,Z" "-v" "/var/lib/crater-agent-workspace/builds/worker-0-tc1/source:/opt/rustwide/workdir:ro,Z" "-v" "/var/lib/crater-agent-workspace/cargo-home:/opt/rustwide/cargo-home:ro,Z" "-v" "/var/lib/crater-agent-workspace/rustup-home:/opt/rustwide/rustup-home:ro,Z" "-e" "SOURCE_DIR=/opt/rustwide/workdir" "-e" "CARGO_TARGET_DIR=/opt/rustwide/target" "-e" "CARGO_INCREMENTAL=0" "-e" "RUST_BACKTRACE=full" "-e" "RUSTFLAGS=--cap-lints=warn" "-e" "RUSTDOCFLAGS=--cap-lints=warn" "-e" "CARGO_HOME=/opt/rustwide/cargo-home" "-e" "RUSTUP_HOME=/opt/rustwide/rustup-home" "-w" "/opt/rustwide/workdir" "-m" "1610612736" "--user" "0:0" "--network" "none" "ghcr.io/rust-lang/crates-build-env/linux@sha256:f3a9d4ad9d972b27faf3965f35b62e55ba32bbce8f20bc8fe909558a86702fde" "/opt/rustwide/cargo-home/bin/cargo" "+1.83.0" "build" "--frozen" "--message-format=json", kill_on_drop: false }`
[INFO] [stdout] 1024abc9370bbc66e63f4d15535a6436345bcd33935cc9b0cbe20157b6405338
[INFO] running `Command { std: "docker" "start" "-a" "1024abc9370bbc66e63f4d15535a6436345bcd33935cc9b0cbe20157b6405338", kill_on_drop: false }`
[INFO] [stderr]    Compiling proc-macro2 v1.0.92
[INFO] [stderr]    Compiling unicode-ident v1.0.14
[INFO] [stderr]    Compiling fnv v1.0.7
[INFO] [stderr]    Compiling ident_case v1.0.1
[INFO] [stderr]    Compiling strsim v0.11.1
[INFO] [stderr]    Compiling quote v1.0.37
[INFO] [stderr]    Compiling syn v2.0.90
[INFO] [stderr]    Compiling darling_core v0.20.10
[INFO] [stderr]    Compiling darling_macro v0.20.10
[INFO] [stderr]    Compiling darling v0.20.10
[INFO] [stderr]    Compiling bevy_ui_forms_form_proc v0.2.1 (/opt/rustwide/workdir)
[INFO] [stderr]     Finished `dev` profile [unoptimized + debuginfo] target(s) in 11.02s
[INFO] running `Command { std: "docker" "inspect" "1024abc9370bbc66e63f4d15535a6436345bcd33935cc9b0cbe20157b6405338", kill_on_drop: false }`
[INFO] running `Command { std: "docker" "rm" "-f" "1024abc9370bbc66e63f4d15535a6436345bcd33935cc9b0cbe20157b6405338", kill_on_drop: false }`
[INFO] [stdout] 1024abc9370bbc66e63f4d15535a6436345bcd33935cc9b0cbe20157b6405338
[INFO] running `Command { std: "docker" "create" "-v" "/var/lib/crater-agent-workspace/builds/worker-0-tc1/target:/opt/rustwide/target:rw,Z" "-v" "/var/lib/crater-agent-workspace/builds/worker-0-tc1/source:/opt/rustwide/workdir:ro,Z" "-v" "/var/lib/crater-agent-workspace/cargo-home:/opt/rustwide/cargo-home:ro,Z" "-v" "/var/lib/crater-agent-workspace/rustup-home:/opt/rustwide/rustup-home:ro,Z" "-e" "SOURCE_DIR=/opt/rustwide/workdir" "-e" "CARGO_TARGET_DIR=/opt/rustwide/target" "-e" "CARGO_INCREMENTAL=0" "-e" "RUST_BACKTRACE=full" "-e" "RUSTFLAGS=--cap-lints=warn" "-e" "RUSTDOCFLAGS=--cap-lints=warn" "-e" "CARGO_HOME=/opt/rustwide/cargo-home" "-e" "RUSTUP_HOME=/opt/rustwide/rustup-home" "-w" "/opt/rustwide/workdir" "-m" "1610612736" "--user" "0:0" "--network" "none" "ghcr.io/rust-lang/crates-build-env/linux@sha256:f3a9d4ad9d972b27faf3965f35b62e55ba32bbce8f20bc8fe909558a86702fde" "/opt/rustwide/cargo-home/bin/cargo" "+1.83.0" "test" "--frozen" "--no-run" "--message-format=json", kill_on_drop: false }`
[INFO] [stdout] d51ad61069605e96863b81db91472e8fe5cd092e6b41f119a4227700ed3acd74
[INFO] running `Command { std: "docker" "start" "-a" "d51ad61069605e96863b81db91472e8fe5cd092e6b41f119a4227700ed3acd74", kill_on_drop: false }`
[INFO] [stderr]    Compiling bevy_ui_forms_form_proc v0.2.1 (/opt/rustwide/workdir)
[INFO] [stderr]     Finished `test` profile [unoptimized + debuginfo] target(s) in 1.42s
[INFO] running `Command { std: "docker" "inspect" "d51ad61069605e96863b81db91472e8fe5cd092e6b41f119a4227700ed3acd74", kill_on_drop: false }`
[INFO] running `Command { std: "docker" "rm" "-f" "d51ad61069605e96863b81db91472e8fe5cd092e6b41f119a4227700ed3acd74", kill_on_drop: false }`
[INFO] [stdout] d51ad61069605e96863b81db91472e8fe5cd092e6b41f119a4227700ed3acd74
[INFO] running `Command { std: "docker" "create" "-v" "/var/lib/crater-agent-workspace/builds/worker-0-tc1/target:/opt/rustwide/target:rw,Z" "-v" "/var/lib/crater-agent-workspace/builds/worker-0-tc1/source:/opt/rustwide/workdir:ro,Z" "-v" "/var/lib/crater-agent-workspace/cargo-home:/opt/rustwide/cargo-home:ro,Z" "-v" "/var/lib/crater-agent-workspace/rustup-home:/opt/rustwide/rustup-home:ro,Z" "-e" "SOURCE_DIR=/opt/rustwide/workdir" "-e" "CARGO_TARGET_DIR=/opt/rustwide/target" "-e" "CARGO_INCREMENTAL=0" "-e" "RUST_BACKTRACE=full" "-e" "RUSTFLAGS=--cap-lints=warn" "-e" "RUSTDOCFLAGS=--cap-lints=warn" "-e" "CARGO_HOME=/opt/rustwide/cargo-home" "-e" "RUSTUP_HOME=/opt/rustwide/rustup-home" "-w" "/opt/rustwide/workdir" "-m" "1610612736" "--user" "0:0" "--network" "none" "ghcr.io/rust-lang/crates-build-env/linux@sha256:f3a9d4ad9d972b27faf3965f35b62e55ba32bbce8f20bc8fe909558a86702fde" "/opt/rustwide/cargo-home/bin/cargo" "+1.83.0" "test" "--frozen", kill_on_drop: false }`
[INFO] [stdout] 20d5e3a7fc35ae76b28c29b78b8a03ba1a1f1a4853fb5b58e3dcf0d0f8945ac2
[INFO] running `Command { std: "docker" "start" "-a" "20d5e3a7fc35ae76b28c29b78b8a03ba1a1f1a4853fb5b58e3dcf0d0f8945ac2", kill_on_drop: false }`
[INFO] [stderr]     Finished `test` profile [unoptimized + debuginfo] target(s) in 0.02s
[INFO] [stderr]      Running unittests src/lib.rs (/opt/rustwide/target/debug/deps/bevy_ui_forms_form_proc-32a61868da5f475a)
[INFO] [stdout] 
[INFO] [stderr]    Doc-tests bevy_ui_forms_form_proc
[INFO] [stdout] running 0 tests
[INFO] [stdout] 
[INFO] [stdout] test result: ok. 0 passed; 0 failed; 0 ignored; 0 measured; 0 filtered out; finished in 0.00s
[INFO] [stdout] 
[INFO] [stdout] 
[INFO] [stdout] running 3 tests
[INFO] [stdout] test src/form_struct.rs - form_struct::TextBoxOpts (line 70) - compile ... FAILED
[INFO] [stdout] test src/form_struct.rs - form_struct::FormFieldOpts (line 37) - compile ... FAILED
[INFO] [stdout] test src/form_struct.rs - form_struct (line 4) - compile ... FAILED
[INFO] [stdout] 
[INFO] [stdout] failures:
[INFO] [stdout] 
[INFO] [stdout] ---- src/form_struct.rs - form_struct::TextBoxOpts (line 70) stdout ----
[INFO] [stdout] error: visibility `pub` is not followed by an item
[INFO] [stdout]  --> src/form_struct.rs:72:1
[INFO] [stdout]   |
[INFO] [stdout] 4 | pub password: String,
[INFO] [stdout]   | ^^^ the visibility
[INFO] [stdout]   |
[INFO] [stdout]   = help: you likely meant to define an item, e.g., `pub fn foo() {}`
[INFO] [stdout] 
[INFO] [stdout] error: expected identifier, found `:`
[INFO] [stdout]  --> src/form_struct.rs:72:13
[INFO] [stdout]   |
[INFO] [stdout] 4 | pub password: String,
[INFO] [stdout]   |             ^ expected identifier
[INFO] [stdout] 
[INFO] [stdout] error: aborting due to 2 previous errors
[INFO] [stdout] 
[INFO] [stdout] Couldn't compile the test.
[INFO] [stdout] ---- src/form_struct.rs - form_struct::FormFieldOpts (line 37) stdout ----
[INFO] [stdout] error: visibility `pub` is not followed by an item
[INFO] [stdout]  --> src/form_struct.rs:39:1
[INFO] [stdout]   |
[INFO] [stdout] 4 | pub foo: Option<String>,
[INFO] [stdout]   | ^^^ the visibility
[INFO] [stdout]   |
[INFO] [stdout]   = help: you likely meant to define an item, e.g., `pub fn foo() {}`
[INFO] [stdout] 
[INFO] [stdout] error: expected identifier, found `:`
[INFO] [stdout]  --> src/form_struct.rs:39:8
[INFO] [stdout]   |
[INFO] [stdout] 4 | pub foo: Option<String>,
[INFO] [stdout]   |        ^ expected identifier
[INFO] [stdout] 
[INFO] [stdout] error: aborting due to 2 previous errors
[INFO] [stdout] 
[INFO] [stdout] Couldn't compile the test.
[INFO] [stdout] ---- src/form_struct.rs - form_struct (line 4) stdout ----
[INFO] [stdout] error[E0433]: failed to resolve: use of undeclared crate or module `bevy`
[INFO] [stdout]  --> src/form_struct.rs:5:5
[INFO] [stdout]   |
[INFO] [stdout] 3 | use bevy::prelude::*;
[INFO] [stdout]   |     ^^^^ use of undeclared crate or module `bevy`
[INFO] [stdout] 
[INFO] [stdout] error[E0433]: failed to resolve: use of undeclared crate or module `bevy_ui_forms`
[INFO] [stdout]  --> src/form_struct.rs:6:5
[INFO] [stdout]   |
[INFO] [stdout] 4 | use bevy_ui_forms::prelude::*;
[INFO] [stdout]   |     ^^^^^^^^^^^^^ use of undeclared crate or module `bevy_ui_forms`
[INFO] [stdout] 
[INFO] [stdout] error[E0432]: unresolved imports `bevy::prelude::*`, `bevy_ui_forms::prelude::*`
[INFO] [stdout]  --> src/form_struct.rs:5:5
[INFO] [stdout]   |
[INFO] [stdout] 3 | use bevy::prelude::*;
[INFO] [stdout]   |     ^^^^^^^^^^^^^^^^
[INFO] [stdout] 4 | use bevy_ui_forms::prelude::*;
[INFO] [stdout]   |     ^^^^^^^^^^^^^^^^^^^^^^^^^
[INFO] [stdout] 
[INFO] [stdout] error: cannot find attribute `form_struct` in this scope
[INFO] [stdout]  --> src/form_struct.rs:8:3
[INFO] [stdout]   |
[INFO] [stdout] 6 | #[form_struct]
[INFO] [stdout]   |   ^^^^^^^^^^^
[INFO] [stdout]   |
[INFO] [stdout] help: consider importing this attribute macro
[INFO] [stdout]   |
[INFO] [stdout] 2 + use bevy_ui_forms_form_proc::form_struct;
[INFO] [stdout]   |
[INFO] [stdout] 
[INFO] [stdout] error: cannot find attribute `form_field` in this scope
[INFO] [stdout]  --> src/form_struct.rs:11:7
[INFO] [stdout]   |
[INFO] [stdout] 9 |     #[form_field(active)]
[INFO] [stdout]   |       ^^^^^^^^^^
[INFO] [stdout] 
[INFO] [stdout] error: cannot find attribute `text_box` in this scope
[INFO] [stdout]   --> src/form_struct.rs:12:7
[INFO] [stdout]    |
[INFO] [stdout] 10 |     #[text_box(placeholder = "Username")]
[INFO] [stdout]    |       ^^^^^^^^
[INFO] [stdout] 
[INFO] [stdout] error: cannot find attribute `text_box` in this scope
[INFO] [stdout]   --> src/form_struct.rs:14:7
[INFO] [stdout]    |
[INFO] [stdout] 12 |     #[text_box(placeholder = "Password", mask = '*')]
[INFO] [stdout]    |       ^^^^^^^^
[INFO] [stdout] 
[INFO] [stdout] error: aborting due to 7 previous errors
[INFO] [stdout] 
[INFO] [stdout] Some errors have detailed explanations: E0432, E0433.
[INFO] [stdout] For more information about an error, try `rustc --explain E0432`.
[INFO] [stdout] Couldn't compile the test.
[INFO] [stdout] 
[INFO] [stdout] failures:
[INFO] [stdout]     src/form_struct.rs - form_struct (line 4)
[INFO] [stdout]     src/form_struct.rs - form_struct::FormFieldOpts (line 37)
[INFO] [stdout]     src/form_struct.rs - form_struct::TextBoxOpts (line 70)
[INFO] [stdout] 
[INFO] [stdout] test result: FAILED. 0 passed; 3 failed; 0 ignored; 0 measured; 0 filtered out; finished in 0.13s
[INFO] [stdout] 
[INFO] [stderr] error: doctest failed, to rerun pass `--doc`
[INFO] running `Command { std: "docker" "inspect" "20d5e3a7fc35ae76b28c29b78b8a03ba1a1f1a4853fb5b58e3dcf0d0f8945ac2", kill_on_drop: false }`
[INFO] running `Command { std: "docker" "rm" "-f" "20d5e3a7fc35ae76b28c29b78b8a03ba1a1f1a4853fb5b58e3dcf0d0f8945ac2", kill_on_drop: false }`
[INFO] [stdout] 20d5e3a7fc35ae76b28c29b78b8a03ba1a1f1a4853fb5b58e3dcf0d0f8945ac2
