[INFO] fetching crate bevy_turborand 0.10.0...
[INFO] testing bevy_turborand-0.10.0 against beta-2024-12-08 for beta-1.84.0-4-retry
[INFO] extracting crate bevy_turborand 0.10.0 into /workspace/builds/worker-7-tc2/source
[INFO] validating manifest of crates.io crate bevy_turborand 0.10.0 on toolchain beta-2024-12-08
[INFO] running `Command { std: CARGO_HOME="/workspace/cargo-home" RUSTUP_HOME="/workspace/rustup-home" "/workspace/cargo-home/bin/cargo" "+beta-2024-12-08" "metadata" "--manifest-path" "Cargo.toml" "--no-deps", kill_on_drop: false }`
[INFO] started tweaking crates.io crate bevy_turborand 0.10.0
[INFO] removed 0 missing tests
[INFO] finished tweaking crates.io crate bevy_turborand 0.10.0
[INFO] tweaked toml for crates.io crate bevy_turborand 0.10.0 written to /workspace/builds/worker-7-tc2/source/Cargo.toml
[INFO] running `Command { std: CARGO_HOME="/workspace/cargo-home" RUSTUP_HOME="/workspace/rustup-home" "/workspace/cargo-home/bin/cargo" "+beta-2024-12-08" "generate-lockfile" "--manifest-path" "Cargo.toml", kill_on_drop: false }`
[INFO] [stderr]     Blocking waiting for file lock on package cache
[INFO] [stderr]     Updating crates.io index
[INFO] [stderr]     Blocking waiting for file lock on package cache
[INFO] [stderr]      Locking 170 packages to latest compatible versions
[INFO] running `Command { std: CARGO_HOME="/workspace/cargo-home" RUSTUP_HOME="/workspace/rustup-home" "/workspace/cargo-home/bin/cargo" "+beta-2024-12-08" "fetch" "--manifest-path" "Cargo.toml", kill_on_drop: false }`
[INFO] [stderr]     Blocking waiting for file lock on package cache
[INFO] [stderr]     Blocking waiting for file lock on package cache
[INFO] running `Command { std: "docker" "create" "-v" "/var/lib/crater-agent-workspace/builds/worker-7-tc2/target:/opt/rustwide/target:rw,Z" "-v" "/var/lib/crater-agent-workspace/builds/worker-7-tc2/source:/opt/rustwide/workdir:ro,Z" "-v" "/var/lib/crater-agent-workspace/cargo-home:/opt/rustwide/cargo-home:ro,Z" "-v" "/var/lib/crater-agent-workspace/rustup-home:/opt/rustwide/rustup-home:ro,Z" "-e" "SOURCE_DIR=/opt/rustwide/workdir" "-e" "CARGO_TARGET_DIR=/opt/rustwide/target" "-e" "CARGO_HOME=/opt/rustwide/cargo-home" "-e" "RUSTUP_HOME=/opt/rustwide/rustup-home" "-w" "/opt/rustwide/workdir" "-m" "1610612736" "--user" "0:0" "--network" "none" "ghcr.io/rust-lang/crates-build-env/linux@sha256:f3a9d4ad9d972b27faf3965f35b62e55ba32bbce8f20bc8fe909558a86702fde" "/opt/rustwide/cargo-home/bin/cargo" "+beta-2024-12-08" "metadata" "--no-deps" "--format-version=1", kill_on_drop: false }`
[INFO] [stdout] 9474c12db3b7e7aa8234a6b08e37255a0d9d54dcd818e2a3915d8b8ffa10c357
[INFO] running `Command { std: "docker" "start" "-a" "9474c12db3b7e7aa8234a6b08e37255a0d9d54dcd818e2a3915d8b8ffa10c357", kill_on_drop: false }`
[INFO] running `Command { std: "docker" "inspect" "9474c12db3b7e7aa8234a6b08e37255a0d9d54dcd818e2a3915d8b8ffa10c357", kill_on_drop: false }`
[INFO] running `Command { std: "docker" "rm" "-f" "9474c12db3b7e7aa8234a6b08e37255a0d9d54dcd818e2a3915d8b8ffa10c357", kill_on_drop: false }`
[INFO] [stdout] 9474c12db3b7e7aa8234a6b08e37255a0d9d54dcd818e2a3915d8b8ffa10c357
[INFO] running `Command { std: "docker" "create" "-v" "/var/lib/crater-agent-workspace/builds/worker-7-tc2/target:/opt/rustwide/target:rw,Z" "-v" "/var/lib/crater-agent-workspace/builds/worker-7-tc2/source:/opt/rustwide/workdir:ro,Z" "-v" "/var/lib/crater-agent-workspace/cargo-home:/opt/rustwide/cargo-home:ro,Z" "-v" "/var/lib/crater-agent-workspace/rustup-home:/opt/rustwide/rustup-home:ro,Z" "-e" "SOURCE_DIR=/opt/rustwide/workdir" "-e" "CARGO_TARGET_DIR=/opt/rustwide/target" "-e" "CARGO_INCREMENTAL=0" "-e" "RUST_BACKTRACE=full" "-e" "RUSTFLAGS=--cap-lints=warn" "-e" "RUSTDOCFLAGS=--cap-lints=warn" "-e" "CARGO_HOME=/opt/rustwide/cargo-home" "-e" "RUSTUP_HOME=/opt/rustwide/rustup-home" "-w" "/opt/rustwide/workdir" "-m" "1610612736" "--user" "0:0" "--network" "none" "ghcr.io/rust-lang/crates-build-env/linux@sha256:f3a9d4ad9d972b27faf3965f35b62e55ba32bbce8f20bc8fe909558a86702fde" "/opt/rustwide/cargo-home/bin/cargo" "+beta-2024-12-08" "build" "--frozen" "--message-format=json", kill_on_drop: false }`
[INFO] [stdout] f3b1a3cb3312c292d079080e53b49c44e8a4e82529f372ad0091dbe24ee09129
[INFO] running `Command { std: "docker" "start" "-a" "f3b1a3cb3312c292d079080e53b49c44e8a4e82529f372ad0091dbe24ee09129", kill_on_drop: false }`
[INFO] [stderr]    Compiling proc-macro2 v1.0.92
[INFO] [stderr]    Compiling unicode-ident v1.0.14
[INFO] [stderr]    Compiling cfg-if v1.0.0
[INFO] [stderr]    Compiling libc v0.2.168
[INFO] [stderr]    Compiling byteorder v1.5.0
[INFO] [stderr]    Compiling once_cell v1.20.2
[INFO] [stderr]    Compiling autocfg v1.4.0
[INFO] [stderr]    Compiling serde v1.0.216
[INFO] [stderr]    Compiling crunchy v0.2.2
[INFO] [stderr]    Compiling tiny-keccak v2.0.2
[INFO] [stderr]    Compiling hashbrown v0.15.2
[INFO] [stderr]    Compiling equivalent v1.0.1
[INFO] [stderr]    Compiling pin-project-lite v0.2.15
[INFO] [stderr]    Compiling winnow v0.6.20
[INFO] [stderr]    Compiling version_check v0.9.5
[INFO] [stderr]    Compiling toml_datetime v0.6.8
[INFO] [stderr]    Compiling crossbeam-utils v0.8.20
[INFO] [stderr]    Compiling typeid v1.0.2
[INFO] [stderr]    Compiling unicode-xid v0.2.6
[INFO] [stderr]    Compiling allocator-api2 v0.2.21
[INFO] [stderr]    Compiling bytemuck v1.20.0
[INFO] [stderr]    Compiling tracing-core v0.1.33
[INFO] [stderr]    Compiling thread_local v1.1.8
[INFO] [stderr]    Compiling fastrand v2.3.0
[INFO] [stderr]    Compiling futures-io v0.3.31
[INFO] [stderr]    Compiling parking v2.2.1
[INFO] [stderr]    Compiling cfg_aliases v0.2.1
[INFO] [stderr]    Compiling futures-core v0.3.31
[INFO] [stderr]    Compiling smallvec v1.13.2
[INFO] [stderr]    Compiling ahash v0.8.11
[INFO] [stderr]    Compiling nix v0.29.0
[INFO] [stderr]    Compiling futures-lite v2.5.0
[INFO] [stderr]    Compiling slab v0.4.9
[INFO] [stderr]    Compiling bitflags v2.6.0
[INFO] [stderr]    Compiling async-task v4.7.1
[INFO] [stderr]    Compiling downcast-rs v1.2.1
[INFO] [stderr]    Compiling indexmap v2.7.0
[INFO] [stderr]    Compiling disqualified v1.0.0
[INFO] [stderr]    Compiling bevy_ptr v0.15.0
[INFO] [stderr]    Compiling fixedbitset v0.4.2
[INFO] [stderr]    Compiling nonmax v0.5.5
[INFO] [stderr]    Compiling fixedbitset v0.5.7
[INFO] [stderr]    Compiling libm v0.2.11
[INFO] [stderr]    Compiling num-traits v0.2.19
[INFO] [stderr]    Compiling uuid v1.11.0
[INFO] [stderr]    Compiling tracing v0.1.41
[INFO] [stderr]    Compiling quote v1.0.37
[INFO] [stderr]    Compiling concurrent-queue v2.5.0
[INFO] [stderr]    Compiling regex-syntax v0.8.5
[INFO] [stderr]    Compiling either v1.13.0
[INFO] [stderr]    Compiling regex-syntax v0.6.29
[INFO] [stderr]    Compiling log v0.4.22
[INFO] [stderr]    Compiling overload v0.1.1
[INFO] [stderr]    Compiling lazy_static v1.5.0
[INFO] [stderr]    Compiling tracing-log v0.2.0
[INFO] [stderr]    Compiling crossbeam-channel v0.5.13
[INFO] [stderr]    Compiling sharded-slab v0.1.7
[INFO] [stderr]    Compiling nu-ansi-term v0.46.0
[INFO] [stderr]    Compiling syn v2.0.90
[INFO] [stderr]    Compiling petgraph v0.6.5
[INFO] [stderr]    Compiling const-fnv1a-hash v1.1.0
[INFO] [stderr]    Compiling itertools v0.13.0
[INFO] [stderr]    Compiling getrandom v0.2.15
[INFO] [stderr]    Compiling async-executor v1.13.1
[INFO] [stderr]    Compiling const-random-macro v0.1.16
[INFO] [stderr]    Compiling bevy_tasks v0.15.0
[INFO] [stderr]    Compiling rand_core v0.6.4
[INFO] [stderr]    Compiling const-random v0.1.18
[INFO] [stderr]    Compiling toml_edit v0.22.22
[INFO] [stderr]    Compiling regex-automata v0.4.9
[INFO] [stderr]    Compiling regex-automata v0.1.10
[INFO] [stderr]    Compiling ctrlc v3.4.5
[INFO] [stderr]    Compiling matchers v0.1.0
[INFO] [stderr]    Compiling regex v1.11.1
[INFO] [stderr]    Compiling tracing-subscriber v0.3.19
[INFO] [stderr]    Compiling bevy_macro_utils v0.15.0
[INFO] [stderr]    Compiling zerocopy-derive v0.7.35
[INFO] [stderr]    Compiling serde_derive v1.0.216
[INFO] [stderr]    Compiling derive_more-impl v1.0.0
[INFO] [stderr]    Compiling bevy_utils_proc_macros v0.15.0
[INFO] [stderr]    Compiling bevy_reflect_derive v0.15.0
[INFO] [stderr]    Compiling assert_type_match v0.1.1
[INFO] [stderr]    Compiling bevy_ecs_macros v0.15.0
[INFO] [stderr]    Compiling bevy_derive v0.15.0
[INFO] [stderr]    Compiling zerocopy v0.7.35
[INFO] [stderr]    Compiling ppv-lite86 v0.2.20
[INFO] [stderr]    Compiling rand_chacha v0.3.1
[INFO] [stderr]    Compiling rand v0.8.5
[INFO] [stderr]    Compiling rand_distr v0.4.3
[INFO] [stderr]    Compiling derive_more v1.0.0
[INFO] [stderr]    Compiling hashbrown v0.14.5
[INFO] [stderr]    Compiling smol_str v0.2.2
[INFO] [stderr]    Compiling glam v0.29.2
[INFO] [stderr]    Compiling erased-serde v0.4.5
[INFO] [stderr]    Compiling turborand v0.10.1
[INFO] [stderr]    Compiling bevy_utils v0.15.0
[INFO] [stderr]    Compiling bevy_reflect v0.15.0
[INFO] [stderr]    Compiling bevy_ecs v0.15.0
[INFO] [stderr]    Compiling bevy_math v0.15.0
[INFO] [stderr]    Compiling bevy_app v0.15.0
[INFO] [stderr]    Compiling bevy_core v0.15.0
[INFO] [stderr]    Compiling bevy_time v0.15.0
[INFO] [stderr]    Compiling bevy_log v0.15.0
[INFO] [stderr]    Compiling bevy_hierarchy v0.15.0
[INFO] [stderr]    Compiling bevy_input v0.15.0
[INFO] [stderr]    Compiling bevy_diagnostic v0.15.0
[INFO] [stderr]    Compiling bevy_transform v0.15.0
[INFO] [stderr]    Compiling bevy_internal v0.15.0
[INFO] [stderr]    Compiling bevy v0.15.0
[INFO] [stderr]    Compiling bevy_turborand v0.10.0 (/opt/rustwide/workdir)
[INFO] [stderr]     Finished `dev` profile [unoptimized + debuginfo] target(s) in 1m 28s
[INFO] running `Command { std: "docker" "inspect" "f3b1a3cb3312c292d079080e53b49c44e8a4e82529f372ad0091dbe24ee09129", kill_on_drop: false }`
[INFO] running `Command { std: "docker" "rm" "-f" "f3b1a3cb3312c292d079080e53b49c44e8a4e82529f372ad0091dbe24ee09129", kill_on_drop: false }`
[INFO] [stdout] f3b1a3cb3312c292d079080e53b49c44e8a4e82529f372ad0091dbe24ee09129
[INFO] running `Command { std: "docker" "create" "-v" "/var/lib/crater-agent-workspace/builds/worker-7-tc2/target:/opt/rustwide/target:rw,Z" "-v" "/var/lib/crater-agent-workspace/builds/worker-7-tc2/source:/opt/rustwide/workdir:ro,Z" "-v" "/var/lib/crater-agent-workspace/cargo-home:/opt/rustwide/cargo-home:ro,Z" "-v" "/var/lib/crater-agent-workspace/rustup-home:/opt/rustwide/rustup-home:ro,Z" "-e" "SOURCE_DIR=/opt/rustwide/workdir" "-e" "CARGO_TARGET_DIR=/opt/rustwide/target" "-e" "CARGO_INCREMENTAL=0" "-e" "RUST_BACKTRACE=full" "-e" "RUSTFLAGS=--cap-lints=warn" "-e" "RUSTDOCFLAGS=--cap-lints=warn" "-e" "CARGO_HOME=/opt/rustwide/cargo-home" "-e" "RUSTUP_HOME=/opt/rustwide/rustup-home" "-w" "/opt/rustwide/workdir" "-m" "1610612736" "--user" "0:0" "--network" "none" "ghcr.io/rust-lang/crates-build-env/linux@sha256:f3a9d4ad9d972b27faf3965f35b62e55ba32bbce8f20bc8fe909558a86702fde" "/opt/rustwide/cargo-home/bin/cargo" "+beta-2024-12-08" "test" "--frozen" "--no-run" "--message-format=json", kill_on_drop: false }`
[INFO] [stdout] 2b60c189f07363c3d70e67b5cea42f3838ee56c19edebcc624d0a3e9cf14b429
[INFO] running `Command { std: "docker" "start" "-a" "2b60c189f07363c3d70e67b5cea42f3838ee56c19edebcc624d0a3e9cf14b429", kill_on_drop: false }`
[INFO] [stderr]    Compiling bitflags v2.6.0
[INFO] [stderr]    Compiling base64 v0.21.7
[INFO] [stderr]    Compiling nix v0.29.0
[INFO] [stderr]    Compiling bevy_ecs v0.15.0
[INFO] [stderr]    Compiling ron v0.8.1
[INFO] [stderr]    Compiling ctrlc v3.4.5
[INFO] [stderr]    Compiling bevy_app v0.15.0
[INFO] [stderr]    Compiling bevy_core v0.15.0
[INFO] [stderr]    Compiling bevy_time v0.15.0
[INFO] [stderr]    Compiling bevy_log v0.15.0
[INFO] [stderr]    Compiling bevy_hierarchy v0.15.0
[INFO] [stderr]    Compiling bevy_input v0.15.0
[INFO] [stderr]    Compiling bevy_diagnostic v0.15.0
[INFO] [stderr]    Compiling bevy_transform v0.15.0
[INFO] [stderr]    Compiling bevy_internal v0.15.0
[INFO] [stderr]    Compiling bevy v0.15.0
[INFO] [stderr]    Compiling bevy_turborand v0.10.0 (/opt/rustwide/workdir)
[INFO] [stderr]     Finished `test` profile [unoptimized + debuginfo] target(s) in 30.50s
[INFO] running `Command { std: "docker" "inspect" "2b60c189f07363c3d70e67b5cea42f3838ee56c19edebcc624d0a3e9cf14b429", kill_on_drop: false }`
[INFO] running `Command { std: "docker" "rm" "-f" "2b60c189f07363c3d70e67b5cea42f3838ee56c19edebcc624d0a3e9cf14b429", kill_on_drop: false }`
[INFO] [stdout] 2b60c189f07363c3d70e67b5cea42f3838ee56c19edebcc624d0a3e9cf14b429
[INFO] running `Command { std: "docker" "create" "-v" "/var/lib/crater-agent-workspace/builds/worker-7-tc2/target:/opt/rustwide/target:rw,Z" "-v" "/var/lib/crater-agent-workspace/builds/worker-7-tc2/source:/opt/rustwide/workdir:ro,Z" "-v" "/var/lib/crater-agent-workspace/cargo-home:/opt/rustwide/cargo-home:ro,Z" "-v" "/var/lib/crater-agent-workspace/rustup-home:/opt/rustwide/rustup-home:ro,Z" "-e" "SOURCE_DIR=/opt/rustwide/workdir" "-e" "CARGO_TARGET_DIR=/opt/rustwide/target" "-e" "CARGO_INCREMENTAL=0" "-e" "RUST_BACKTRACE=full" "-e" "RUSTFLAGS=--cap-lints=warn" "-e" "RUSTDOCFLAGS=--cap-lints=warn" "-e" "CARGO_HOME=/opt/rustwide/cargo-home" "-e" "RUSTUP_HOME=/opt/rustwide/rustup-home" "-w" "/opt/rustwide/workdir" "-m" "1610612736" "--user" "0:0" "--network" "none" "ghcr.io/rust-lang/crates-build-env/linux@sha256:f3a9d4ad9d972b27faf3965f35b62e55ba32bbce8f20bc8fe909558a86702fde" "/opt/rustwide/cargo-home/bin/cargo" "+beta-2024-12-08" "test" "--frozen", kill_on_drop: false }`
[INFO] [stdout] 0b6102f98bcf618f0d7712dee0a0e7cac2169fb5a2c35bc0e790bed6a8f106df
[INFO] running `Command { std: "docker" "start" "-a" "0b6102f98bcf618f0d7712dee0a0e7cac2169fb5a2c35bc0e790bed6a8f106df", kill_on_drop: false }`
[INFO] [stderr]     Finished `test` profile [unoptimized + debuginfo] target(s) in 0.15s
[INFO] [stderr]      Running unittests src/lib.rs (/opt/rustwide/target/debug/deps/bevy_turborand-994e0cde0b458350)
[INFO] [stdout] 
[INFO] [stdout] running 0 tests
[INFO] [stdout] 
[INFO] [stdout] test result: ok. 0 passed; 0 failed; 0 ignored; 0 measured; 0 filtered out; finished in 0.00s
[INFO] [stdout] 
[INFO] [stderr]      Running tests/determinism.rs (/opt/rustwide/target/debug/deps/determinism-014b8e19c3c788bb)
[INFO] [stdout] 
[INFO] [stdout] running 4 tests
[INFO] [stdout] test load_rng_setup ... ok
[INFO] [stdout] test deterministic_setup ... ok
[INFO] [stdout] test rng_reflection ... ok
[INFO] [stdout] test deterministic_play_through ... ok
[INFO] [stdout] 
[INFO] [stdout] test result: ok. 4 passed; 0 failed; 0 ignored; 0 measured; 0 filtered out; finished in 0.01s
[INFO] [stdout] 
[INFO] [stderr]    Doc-tests bevy_turborand
[INFO] [stdout] 
[INFO] [stdout] running 10 tests
[INFO] [stdout] test src/component/rng.rs - component::rng::RngComponent (line 50) ... ok
[INFO] [stdout] test src/traits.rs - traits::DelegatedRng::get_mut (line 44) ... ok
[INFO] [stdout] test src/component/rng.rs - component::rng::RngComponent (line 33) ... ok
[INFO] [stdout] test src/global/rng.rs - global::rng::GlobalRng::get_mut (line 42) ... ok
[INFO] [stdout] test src/component/rng.rs - component::rng::RngComponent (line 16) ... ok
[INFO] [stdout] test src/lib.rs - rng (line 209) ... FAILED
[INFO] [stdout] test src/lib.rs - rng (line 221) ... ok
[INFO] [stdout] test src/lib.rs - rng (line 199) ... ok
[INFO] [stdout] test src/plugin.rs - plugin::RngPlugin (line 9) ... ok
[INFO] [stderr] error: doctest failed, to rerun pass `--doc`
[INFO] [stdout] test src/lib.rs - (line 77) ... ok
[INFO] [stdout] 
[INFO] [stdout] failures:
[INFO] [stdout] 
[INFO] [stdout] ---- src/lib.rs - rng (line 209) stdout ----
[INFO] [stdout] error: linking with `cc` failed: exit status: 1
[INFO] [stdout]   |
[INFO] [stdout]   = note: LC_ALL="C" PATH="/opt/rustwide/rustup-home/toolchains/beta-2024-12-08-x86_64-unknown-linux-gnu/lib/rustlib/x86_64-unknown-linux-gnu/bin:/opt/rustwide/cargo-home/bin:/usr/local/sbin:/usr/local/bin:/usr/sbin:/usr/bin:/sbin:/bin" VSLANG="1033" "cc" "-m64" "/tmp/rustcrPd1f3/symbols.o" "/tmp/rustdoctestNXvubI/rust_out.rust_out.9242fac72db2cd11-cgu.0.rcgu.o" "/tmp/rustdoctestNXvubI/rust_out.2hl2tb9xdtge7mguxzn2q1kvi.rcgu.o" "-Wl,--as-needed" "-Wl,-Bstatic" "/opt/rustwide/target/debug/deps/libbevy_turborand-a1e3db05d6e09de7.rlib" "/opt/rustwide/target/debug/deps/libturborand-2640628786cded73.rlib" "/opt/rustwide/target/debug/deps/libbevy-2dfad6eca37d19b8.rlib" "/opt/rustwide/target/debug/deps/libbevy_internal-083919dcfc250bbd.rlib" "/opt/rustwide/target/debug/deps/libbevy_transform-1e7261cc4f84e7ff.rlib" "/opt/rustwide/target/debug/deps/libbevy_log-6372f0c17b9268ee.rlib" "/opt/rustwide/target/debug/deps/libtracing_subscriber-3d0cb55f23350162.rlib" "/opt/rustwide/target/debug/deps/libsharded_slab-680c4c40c3a9749d.rlib" "/opt/rustwide/target/debug/deps/liblazy_static-34736fcc74b41a53.rlib" "/opt/rustwide/target/debug/deps/libmatchers-f3994c82d9bee3fc.rlib" "/opt/rustwide/target/debug/deps/libregex_automata-b9e0dbc04b6d3902.rlib" "/opt/rustwide/target/debug/deps/libregex_syntax-0ebc1de550429e3a.rlib" "/opt/rustwide/target/debug/deps/libregex-e260f541642f3cc4.rlib" "/opt/rustwide/target/debug/deps/libregex_automata-12253fe313d2c157.rlib" "/opt/rustwide/target/debug/deps/libregex_syntax-1d8110e2a68162ad.rlib" "/opt/rustwide/target/debug/deps/libnu_ansi_term-fd6be72aff03781b.rlib" "/opt/rustwide/target/debug/deps/liboverload-983ca80356c666b7.rlib" "/opt/rustwide/target/debug/deps/libtracing_log-90601bacbbd47cf6.rlib" "/opt/rustwide/target/debug/deps/liblog-e73d77c4679bb236.rlib" "/opt/rustwide/target/debug/deps/libbevy_input-32acb5878a9b609d.rlib" "/opt/rustwide/target/debug/deps/libbevy_math-545e50cff2a3fce8.rlib" "/opt/rustwide/target/debug/deps/librand_distr-d3cb673e5ac9214c.rlib" "/opt/rustwide/target/debug/deps/libnum_traits-74b037cf4d79c7bc.rlib" "/opt/rustwide/target/debug/deps/liblibm-e9e9318a5f576d42.rlib" "/opt/rustwide/target/debug/deps/libitertools-83a8314232268e94.rlib" "/opt/rustwide/target/debug/deps/libeither-715c6002fba7ac68.rlib" "/opt/rustwide/target/debug/deps/libbevy_hierarchy-596b1f2cde90084f.rlib" "/opt/rustwide/target/debug/deps/libbevy_diagnostic-cb1d6061113c6ed8.rlib" "/opt/rustwide/target/debug/deps/libbevy_time-3103b8f7ae62fba6.rlib" "/opt/rustwide/target/debug/deps/libcrossbeam_channel-15bcda920dd2a2b8.rlib" "/opt/rustwide/target/debug/deps/libconst_fnv1a_hash-d5ae8d809a7e70f8.rlib" "/opt/rustwide/target/debug/deps/libbevy_core-71ccd1bfc59e8711.rlib" "/opt/rustwide/target/debug/deps/libbevy_app-58db3d860d03c895.rlib" "/opt/rustwide/target/debug/deps/libctrlc-34ccd7d421ac2316.rlib" "/opt/rustwide/target/debug/deps/libnix-ba53518991db10c4.rlib" "/opt/rustwide/target/debug/deps/libbevy_ecs-4da2b2364f8a971b.rlib" "/opt/rustwide/target/debug/deps/libbitflags-3ae03fb2deaa8c00.rlib" "/opt/rustwide/target/debug/deps/libnonmax-61b0d0b436ade3ce.rlib" "/opt/rustwide/target/debug/deps/libdisqualified-e453f31e1f1fa50a.rlib" "/opt/rustwide/target/debug/deps/libpetgraph-682038fa3b744258.rlib" "/opt/rustwide/target/debug/deps/libindexmap-4adac39f4066dbcd.rlib" "/opt/rustwide/target/debug/deps/libequivalent-e4dc2e1acc32de2c.rlib" "/opt/rustwide/target/debug/deps/libhashbrown-d84fbfd56281ed8b.rlib" "/opt/rustwide/target/debug/deps/libfixedbitset-1e18bec89b8fbe9c.rlib" "/opt/rustwide/target/debug/deps/libbevy_tasks-7edf2ec87df45086.rlib" "/opt/rustwide/target/debug/deps/libasync_executor-723889264cc723c5.rlib" "/opt/rustwide/target/debug/deps/libslab-1467acbaaf6df1c2.rlib" "/opt/rustwide/target/debug/deps/libconcurrent_queue-fbbe5c4c09585478.rlib" "/opt/rustwide/target/debug/deps/libcrossbeam_utils-922404919385f485.rlib" "/opt/rustwide/target/debug/deps/libasync_task-31a78d450c373624.rlib" "/opt/rustwide/target/debug/deps/libfutures_lite-1a55c4680285371d.rlib" "/opt/rustwide/target/debug/deps/libfutures_io-21bfb1226bcc61eb.rlib" "/opt/rustwide/target/debug/deps/libfutures_core-fc53fa1edabb17b3.rlib" "/opt/rustwide/target/debug/deps/libparking-d55d0bf803eccf7e.rlib" "/opt/rustwide/target/debug/deps/libfastrand-97c3159d7ee7d95b.rlib" "/opt/rustwide/target/debug/deps/libfixedbitset-fb9d495ae8e42c3d.rlib" "/opt/rustwide/target/debug/deps/libbevy_reflect-f620df9428ffaf10.rlib" "/opt/rustwide/target/debug/deps/libsmol_str-a3b842110b15a9e5.rlib" "/opt/rustwide/target/debug/deps/liberased_serde-d3e6735f6d3110cd.rlib" "/opt/rustwide/target/debug/deps/libtypeid-3ac04df94cebc5d0.rlib" "/opt/rustwide/target/debug/deps/libsmallvec-bd1140c022c5ae24.rlib" "/opt/rustwide/target/debug/deps/libglam-05410136889d375d.rlib" "/opt/rustwide/target/debug/deps/librand-87ecdae4d357abb2.rlib" "/opt/rustwide/target/debug/deps/librand_chacha-55138b92610645cc.rlib" "/opt/rustwide/target/debug/deps/libppv_lite86-fc01fa724653ee8b.rlib" "/opt/rustwide/target/debug/deps/librand_core-a3baf49d196d5c8c.rlib" "/opt/rustwide/target/debug/deps/libbytemuck-c28762a43b3a108c.rlib" "/opt/rustwide/target/debug/deps/libdowncast_rs-230e47d6198bdcb6.rlib" "/opt/rustwide/target/debug/deps/libderive_more-635efc1d6e408d41.rlib" "/opt/rustwide/target/debug/deps/libbevy_ptr-55caf2813f46605b.rlib" "/opt/rustwide/target/debug/deps/libbevy_utils-0c8b02a11ebed197.rlib" "/opt/rustwide/target/debug/deps/libtracing-6180b81751dd27f9.rlib" "/opt/rustwide/target/debug/deps/libpin_project_lite-7402bb5815a515fa.rlib" "/opt/rustwide/target/debug/deps/libtracing_core-64d779e1fe82265f.rlib" "/opt/rustwide/target/debug/deps/libhashbrown-0eb1fa32809d4238.rlib" "/opt/rustwide/target/debug/deps/libserde-64c8dca6f10038c0.rlib" "/opt/rustwide/target/debug/deps/liballocator_api2-9346df930c30ea4a.rlib" "/opt/rustwide/target/debug/deps/libahash-d58fa19c8e89939b.rlib" "/opt/rustwide/target/debug/deps/libgetrandom-0a6cb97dd26f99dc.rlib" "/opt/rustwide/target/debug/deps/liblibc-e0480a2464fed25f.rlib" "/opt/rustwide/target/debug/deps/libzerocopy-bd1fdb5f799768a6.rlib" "/opt/rustwide/target/debug/deps/libbyteorder-1330d4a483bc0841.rlib" "/opt/rustwide/target/debug/deps/libthread_local-9f545f0a46f2aac3.rlib" "/opt/rustwide/target/debug/deps/libcfg_if-a3e7e701fcd1f47b.rlib" "/opt/rustwide/target/debug/deps/libonce_cell-0a05695a483fa658.rlib" "/opt/rustwide/rustup-home/toolchains/beta-2024-12-08-x86_64-unknown-linux-gnu/lib/rustlib/x86_64-unknown-linux-gnu/lib/libstd-02dc84f49135b6b8.rlib" "/opt/rustwide/rustup-home/toolchains/beta-2024-12-08-x86_64-unknown-linux-gnu/lib/rustlib/x86_64-unknown-linux-gnu/lib/libpanic_unwind-a8f45b397fae3f81.rlib" "/opt/rustwide/rustup-home/toolchains/beta-2024-12-08-x86_64-unknown-linux-gnu/lib/rustlib/x86_64-unknown-linux-gnu/lib/libobject-089607133c180609.rlib" "/opt/rustwide/rustup-home/toolchains/beta-2024-12-08-x86_64-unknown-linux-gnu/lib/rustlib/x86_64-unknown-linux-gnu/lib/libmemchr-fc89f091bcd86cbb.rlib" "/opt/rustwide/rustup-home/toolchains/beta-2024-12-08-x86_64-unknown-linux-gnu/lib/rustlib/x86_64-unknown-linux-gnu/lib/libaddr2line-5a60949f01c7340c.rlib" "/opt/rustwide/rustup-home/toolchains/beta-2024-12-08-x86_64-unknown-linux-gnu/lib/rustlib/x86_64-unknown-linux-gnu/lib/libgimli-d29e6a55ca253c8c.rlib" "/opt/rustwide/rustup-home/toolchains/beta-2024-12-08-x86_64-unknown-linux-gnu/lib/rustlib/x86_64-unknown-linux-gnu/lib/librustc_demangle-273c078d5f65de7a.rlib" "/opt/rustwide/rustup-home/toolchains/beta-2024-12-08-x86_64-unknown-linux-gnu/lib/rustlib/x86_64-unknown-linux-gnu/lib/libstd_detect-413c950ffbdd4454.rlib" "/opt/rustwide/rustup-home/toolchains/beta-2024-12-08-x86_64-unknown-linux-gnu/lib/rustlib/x86_64-unknown-linux-gnu/lib/libhashbrown-1853c0976a1d88a6.rlib" "/opt/rustwide/rustup-home/toolchains/beta-2024-12-08-x86_64-unknown-linux-gnu/lib/rustlib/x86_64-unknown-linux-gnu/lib/librustc_std_workspace_alloc-ccb3384ddacb0f9e.rlib" "/opt/rustwide/rustup-home/toolchains/beta-2024-12-08-x86_64-unknown-linux-gnu/lib/rustlib/x86_64-unknown-linux-gnu/lib/libminiz_oxide-0b901dfb0ca849e0.rlib" "/opt/rustwide/rustup-home/toolchains/beta-2024-12-08-x86_64-unknown-linux-gnu/lib/rustlib/x86_64-unknown-linux-gnu/lib/libadler-eebeb8d7c64543ad.rlib" "/opt/rustwide/rustup-home/toolchains/beta-2024-12-08-x86_64-unknown-linux-gnu/lib/rustlib/x86_64-unknown-linux-gnu/lib/libunwind-4723ef81d6079867.rlib" "/opt/rustwide/rustup-home/toolchains/beta-2024-12-08-x86_64-unknown-linux-gnu/lib/rustlib/x86_64-unknown-linux-gnu/lib/libcfg_if-54442f8b422f5a54.rlib" "/opt/rustwide/rustup-home/toolchains/beta-2024-12-08-x86_64-unknown-linux-gnu/lib/rustlib/x86_64-unknown-linux-gnu/lib/liblibc-e0bbe034b5282553.rlib" "/opt/rustwide/rustup-home/toolchains/beta-2024-12-08-x86_64-unknown-linux-gnu/lib/rustlib/x86_64-unknown-linux-gnu/lib/liballoc-d0febb68c1c37b90.rlib" "/opt/rustwide/rustup-home/toolchains/beta-2024-12-08-x86_64-unknown-linux-gnu/lib/rustlib/x86_64-unknown-linux-gnu/lib/librustc_std_workspace_core-4cf833632aafa84c.rlib" "/opt/rustwide/rustup-home/toolchains/beta-2024-12-08-x86_64-unknown-linux-gnu/lib/rustlib/x86_64-unknown-linux-gnu/lib/libcore-65c2c6d2d6ae570b.rlib" "/opt/rustwide/rustup-home/toolchains/beta-2024-12-08-x86_64-unknown-linux-gnu/lib/rustlib/x86_64-unknown-linux-gnu/lib/libcompiler_builtins-97929cee0dcfe424.rlib" "-Wl,-Bdynamic" "-lgcc_s" "-lutil" "-lrt" "-lpthread" "-lm" "-ldl" "-lc" "-Wl,--eh-frame-hdr" "-Wl,-z,noexecstack" "-L" "/opt/rustwide/rustup-home/toolchains/beta-2024-12-08-x86_64-unknown-linux-gnu/lib/rustlib/x86_64-unknown-linux-gnu/lib" "-o" "/tmp/rustdoctestNXvubI/rust_out" "-Wl,--gc-sections" "-pie" "-Wl,-z,relro,-z,now" "-nodefaultlibs"
[INFO] [stdout]   = note: collect2: fatal error: ld terminated with signal 9 [Killed]
[INFO] [stdout]           compilation terminated.
[INFO] [stdout]           
[INFO] [stdout] 
[INFO] [stdout] error: aborting due to 1 previous error
[INFO] [stdout] 
[INFO] [stdout] Couldn't compile the test.
[INFO] [stdout] 
[INFO] [stdout] failures:
[INFO] [stdout]     src/lib.rs - rng (line 209)
[INFO] [stdout] 
[INFO] [stdout] test result: FAILED. 9 passed; 1 failed; 0 ignored; 0 measured; 0 filtered out; finished in 6.03s
[INFO] [stdout] 
[INFO] running `Command { std: "docker" "inspect" "0b6102f98bcf618f0d7712dee0a0e7cac2169fb5a2c35bc0e790bed6a8f106df", kill_on_drop: false }`
[INFO] running `Command { std: "docker" "rm" "-f" "0b6102f98bcf618f0d7712dee0a0e7cac2169fb5a2c35bc0e790bed6a8f106df", kill_on_drop: false }`
[INFO] [stdout] 0b6102f98bcf618f0d7712dee0a0e7cac2169fb5a2c35bc0e790bed6a8f106df
