[INFO] fetching crate bevy_trait 0.2.0...
[INFO] testing bevy_trait-0.2.0 against 1.83.0 for beta-1.84.0-4-retry
[INFO] extracting crate bevy_trait 0.2.0 into /workspace/builds/worker-7-tc1/source
[INFO] validating manifest of crates.io crate bevy_trait 0.2.0 on toolchain 1.83.0
[INFO] running `Command { std: CARGO_HOME="/workspace/cargo-home" RUSTUP_HOME="/workspace/rustup-home" "/workspace/cargo-home/bin/cargo" "+1.83.0" "metadata" "--manifest-path" "Cargo.toml" "--no-deps", kill_on_drop: false }`
[INFO] started tweaking crates.io crate bevy_trait 0.2.0
[INFO] finished tweaking crates.io crate bevy_trait 0.2.0
[INFO] tweaked toml for crates.io crate bevy_trait 0.2.0 written to /workspace/builds/worker-7-tc1/source/Cargo.toml
[INFO] crate crates.io crate bevy_trait 0.2.0 already has a lockfile, it will not be regenerated
[INFO] running `Command { std: CARGO_HOME="/workspace/cargo-home" RUSTUP_HOME="/workspace/rustup-home" "/workspace/cargo-home/bin/cargo" "+1.83.0" "fetch" "--manifest-path" "Cargo.toml", kill_on_drop: false }`
[INFO] [stderr]  Downloading crates ...
[INFO] [stderr]   Downloaded bevy_winit v0.10.0
[INFO] [stderr]   Downloaded bevy_window v0.10.0
[INFO] [stderr]   Downloaded bevy_reflect v0.10.0
[INFO] [stderr]   Downloaded bevy_audio v0.10.0
[INFO] [stderr]   Downloaded bevy_asset v0.10.0
[INFO] [stderr]   Downloaded bevy_time v0.10.0
[INFO] [stderr]   Downloaded bevy_encase_derive v0.10.0
[INFO] [stderr]   Downloaded bevy_pbr v0.10.0
[INFO] [stderr]   Downloaded taffy v0.3.3
[INFO] [stderr]   Downloaded sysinfo v0.28.1
[INFO] [stderr]   Downloaded bevy_render v0.10.0
[INFO] [stderr]   Downloaded wgpu-hal v0.15.2
[INFO] [stderr]   Downloaded bevy_reflect_derive v0.10.0
[INFO] [stderr]   Downloaded bevy_render_macros v0.10.0
[INFO] [stderr]   Downloaded bevy_ecs v0.10.0
[INFO] [stderr]   Downloaded bevy v0.10.0
[INFO] [stderr]   Downloaded bevy_ui v0.10.0
[INFO] [stderr]   Downloaded bevy_core v0.10.0
[INFO] [stderr]   Downloaded bevy_log v0.10.0
[INFO] [stderr]   Downloaded bevy_app v0.10.0
[INFO] [stderr]   Downloaded wgpu-types v0.15.1
[INFO] [stderr]   Downloaded bevy_sprite v0.10.0
[INFO] [stderr]   Downloaded bevy_text v0.10.0
[INFO] [stderr]   Downloaded bevy_transform v0.10.0
[INFO] [stderr]   Downloaded accesskit_winit v0.12.3
[INFO] [stderr]   Downloaded bevy_a11y v0.10.0
[INFO] [stderr]   Downloaded bevy_hierarchy v0.10.0
[INFO] [stderr]   Downloaded bevy_ecs_macros v0.10.0
[INFO] [stderr]   Downloaded bevy_tasks v0.10.0
[INFO] [stderr]   Downloaded bevy_input v0.10.0
[INFO] [stderr]   Downloaded bevy_math v0.10.0
[INFO] [stderr]   Downloaded bevy_ptr v0.10.0
[INFO] [stderr]   Downloaded bevy_utils v0.10.0
[INFO] [stderr]   Downloaded bevy_internal v0.10.0
[INFO] [stderr]   Downloaded bevy_gilrs v0.10.0
[INFO] [stderr]   Downloaded bevy_animation v0.10.0
[INFO] [stderr]   Downloaded bevy_gltf v0.10.0
[INFO] [stderr]   Downloaded bevy_scene v0.10.0
[INFO] [stderr]   Downloaded bevy_diagnostic v0.10.0
[INFO] [stderr]   Downloaded bevy_mikktspace v0.10.0
[INFO] [stderr]   Downloaded accesskit_macos v0.6.1
[INFO] [stderr]   Downloaded bevy_derive v0.10.0
[INFO] [stderr]   Downloaded bevy_macro_utils v0.10.0
[INFO] [stderr]   Downloaded bevy_core_pipeline v0.10.0
[INFO] [stderr]   Downloaded bevy_utils_proc_macros v0.10.0
[INFO] running `Command { std: "docker" "create" "-v" "/var/lib/crater-agent-workspace/builds/worker-7-tc1/target:/opt/rustwide/target:rw,Z" "-v" "/var/lib/crater-agent-workspace/builds/worker-7-tc1/source:/opt/rustwide/workdir:ro,Z" "-v" "/var/lib/crater-agent-workspace/cargo-home:/opt/rustwide/cargo-home:ro,Z" "-v" "/var/lib/crater-agent-workspace/rustup-home:/opt/rustwide/rustup-home:ro,Z" "-e" "SOURCE_DIR=/opt/rustwide/workdir" "-e" "CARGO_TARGET_DIR=/opt/rustwide/target" "-e" "CARGO_HOME=/opt/rustwide/cargo-home" "-e" "RUSTUP_HOME=/opt/rustwide/rustup-home" "-w" "/opt/rustwide/workdir" "-m" "1610612736" "--user" "0:0" "--network" "none" "ghcr.io/rust-lang/crates-build-env/linux@sha256:f3a9d4ad9d972b27faf3965f35b62e55ba32bbce8f20bc8fe909558a86702fde" "/opt/rustwide/cargo-home/bin/cargo" "+1.83.0" "metadata" "--no-deps" "--format-version=1", kill_on_drop: false }`
[INFO] [stdout] ff639be6c15898a07a1a4082c26e152110010c16dc96432ee9e0a83862a93ff0
[INFO] running `Command { std: "docker" "start" "-a" "ff639be6c15898a07a1a4082c26e152110010c16dc96432ee9e0a83862a93ff0", kill_on_drop: false }`
[INFO] running `Command { std: "docker" "inspect" "ff639be6c15898a07a1a4082c26e152110010c16dc96432ee9e0a83862a93ff0", kill_on_drop: false }`
[INFO] running `Command { std: "docker" "rm" "-f" "ff639be6c15898a07a1a4082c26e152110010c16dc96432ee9e0a83862a93ff0", kill_on_drop: false }`
[INFO] [stdout] ff639be6c15898a07a1a4082c26e152110010c16dc96432ee9e0a83862a93ff0
[INFO] running `Command { std: "docker" "create" "-v" "/var/lib/crater-agent-workspace/builds/worker-7-tc1/target:/opt/rustwide/target:rw,Z" "-v" "/var/lib/crater-agent-workspace/builds/worker-7-tc1/source:/opt/rustwide/workdir:ro,Z" "-v" "/var/lib/crater-agent-workspace/cargo-home:/opt/rustwide/cargo-home:ro,Z" "-v" "/var/lib/crater-agent-workspace/rustup-home:/opt/rustwide/rustup-home:ro,Z" "-e" "SOURCE_DIR=/opt/rustwide/workdir" "-e" "CARGO_TARGET_DIR=/opt/rustwide/target" "-e" "CARGO_INCREMENTAL=0" "-e" "RUST_BACKTRACE=full" "-e" "RUSTFLAGS=--cap-lints=warn" "-e" "RUSTDOCFLAGS=--cap-lints=warn" "-e" "CARGO_HOME=/opt/rustwide/cargo-home" "-e" "RUSTUP_HOME=/opt/rustwide/rustup-home" "-w" "/opt/rustwide/workdir" "-m" "1610612736" "--user" "0:0" "--network" "none" "ghcr.io/rust-lang/crates-build-env/linux@sha256:f3a9d4ad9d972b27faf3965f35b62e55ba32bbce8f20bc8fe909558a86702fde" "/opt/rustwide/cargo-home/bin/cargo" "+1.83.0" "build" "--frozen" "--message-format=json", kill_on_drop: false }`
[INFO] [stdout] 73348e169fddd9b227ee2452dbe61f4a8c975606d4bbde09edcd731f0f46e1a7
[INFO] running `Command { std: "docker" "start" "-a" "73348e169fddd9b227ee2452dbe61f4a8c975606d4bbde09edcd731f0f46e1a7", kill_on_drop: false }`
[INFO] [stderr]    Compiling proc-macro2 v1.0.51
[INFO] [stderr]    Compiling unicode-ident v1.0.6
[INFO] [stderr]    Compiling quote v1.0.23
[INFO] [stderr]    Compiling syn v1.0.109
[INFO] [stderr]    Compiling bevy_trait v0.2.0 (/opt/rustwide/workdir)
[INFO] [stderr]     Finished `dev` profile [unoptimized + debuginfo] target(s) in 5.83s
[INFO] running `Command { std: "docker" "inspect" "73348e169fddd9b227ee2452dbe61f4a8c975606d4bbde09edcd731f0f46e1a7", kill_on_drop: false }`
[INFO] running `Command { std: "docker" "rm" "-f" "73348e169fddd9b227ee2452dbe61f4a8c975606d4bbde09edcd731f0f46e1a7", kill_on_drop: false }`
[INFO] [stdout] 73348e169fddd9b227ee2452dbe61f4a8c975606d4bbde09edcd731f0f46e1a7
[INFO] running `Command { std: "docker" "create" "-v" "/var/lib/crater-agent-workspace/builds/worker-7-tc1/target:/opt/rustwide/target:rw,Z" "-v" "/var/lib/crater-agent-workspace/builds/worker-7-tc1/source:/opt/rustwide/workdir:ro,Z" "-v" "/var/lib/crater-agent-workspace/cargo-home:/opt/rustwide/cargo-home:ro,Z" "-v" "/var/lib/crater-agent-workspace/rustup-home:/opt/rustwide/rustup-home:ro,Z" "-e" "SOURCE_DIR=/opt/rustwide/workdir" "-e" "CARGO_TARGET_DIR=/opt/rustwide/target" "-e" "CARGO_INCREMENTAL=0" "-e" "RUST_BACKTRACE=full" "-e" "RUSTFLAGS=--cap-lints=warn" "-e" "RUSTDOCFLAGS=--cap-lints=warn" "-e" "CARGO_HOME=/opt/rustwide/cargo-home" "-e" "RUSTUP_HOME=/opt/rustwide/rustup-home" "-w" "/opt/rustwide/workdir" "-m" "1610612736" "--user" "0:0" "--network" "none" "ghcr.io/rust-lang/crates-build-env/linux@sha256:f3a9d4ad9d972b27faf3965f35b62e55ba32bbce8f20bc8fe909558a86702fde" "/opt/rustwide/cargo-home/bin/cargo" "+1.83.0" "test" "--frozen" "--no-run" "--message-format=json", kill_on_drop: false }`
[INFO] [stdout] b19c7ceefe208e442954877e9ba8e13110e8d093d0916b8d1f47a36572923f8b
[INFO] running `Command { std: "docker" "start" "-a" "b19c7ceefe208e442954877e9ba8e13110e8d093d0916b8d1f47a36572923f8b", kill_on_drop: false }`
[INFO] [stderr]    Compiling proc-macro2 v1.0.51
[INFO] [stderr]    Compiling unicode-ident v1.0.6
[INFO] [stderr]    Compiling cfg-if v1.0.0
[INFO] [stderr]    Compiling quote v1.0.23
[INFO] [stderr]    Compiling autocfg v1.1.0
[INFO] [stderr]    Compiling libc v0.2.139
[INFO] [stderr]    Compiling serde_derive v1.0.152
[INFO] [stderr]    Compiling serde v1.0.152
[INFO] [stderr]    Compiling once_cell v1.17.1
[INFO] [stderr]    Compiling version_check v0.9.4
[INFO] [stderr]    Compiling bitflags v1.3.2
[INFO] [stderr]    Compiling thiserror v1.0.38
[INFO] [stderr]    Compiling memchr v2.5.0
[INFO] [stderr]    Compiling parking_lot_core v0.9.7
[INFO] [stderr]    Compiling toml_datetime v0.6.1
[INFO] [stderr]    Compiling syn v1.0.109
[INFO] [stderr]    Compiling winnow v0.3.3
[INFO] [stderr]    Compiling scopeguard v1.1.0
[INFO] [stderr]    Compiling pin-project-lite v0.2.9
[INFO] [stderr]    Compiling crossbeam-utils v0.8.15
[INFO] [stderr]    Compiling bit-vec v0.6.3
[INFO] [stderr]    Compiling futures-core v0.3.26
[INFO] [stderr]    Compiling fixedbitset v0.4.2
[INFO] [stderr]    Compiling ahash v0.7.6
[INFO] [stderr]    Compiling log v0.4.17
[INFO] [stderr]    Compiling bit-set v0.5.3
[INFO] [stderr]    Compiling tracing-core v0.1.30
[INFO] [stderr]    Compiling instant v0.1.12
[INFO] [stderr]    Compiling waker-fn v1.1.0
[INFO] [stderr]    Compiling futures-io v0.3.26
[INFO] [stderr]    Compiling rustc-hash v1.1.0
[INFO] [stderr]    Compiling parking v2.0.0
[INFO] [stderr]    Compiling fastrand v1.9.0
[INFO] [stderr]    Compiling event-listener v2.5.3
[INFO] [stderr]    Compiling erased-serde v0.3.24
[INFO] [stderr]    Compiling indexmap v1.9.2
[INFO] [stderr]    Compiling lock_api v0.4.9
[INFO] [stderr]    Compiling slab v0.4.8
[INFO] [stderr]    Compiling async-task v4.3.0
[INFO] [stderr]    Compiling thread_local v1.1.7
[INFO] [stderr]    Compiling bevy_ptr v0.10.0
[INFO] [stderr]    Compiling downcast-rs v1.2.0
[INFO] [stderr]    Compiling num-traits v0.2.15
[INFO] [stderr]    Compiling lazy_static v1.4.0
[INFO] [stderr]    Compiling regex-syntax v0.6.28
[INFO] [stderr]    Compiling concurrent-queue v2.1.0
[INFO] [stderr]    Compiling tracing v0.1.37
[INFO] [stderr]    Compiling futures-lite v1.12.0
[INFO] [stderr]    Compiling byteorder v1.4.3
[INFO] [stderr]    Compiling pkg-config v0.3.26
[INFO] [stderr]    Compiling aho-corasick v0.7.20
[INFO] [stderr]    Compiling overload v0.1.1
[INFO] [stderr]    Compiling async-channel v1.8.0
[INFO] [stderr]    Compiling nu-ansi-term v0.46.0
[INFO] [stderr]    Compiling tracing-log v0.1.3
[INFO] [stderr]    Compiling sharded-slab v0.1.4
[INFO] [stderr]    Compiling cty v0.2.2
[INFO] [stderr]    Compiling raw-window-handle v0.5.0
[INFO] [stderr]    Compiling crossbeam-channel v0.5.7
[INFO] [stderr]    Compiling libloading v0.7.4
[INFO] [stderr]    Compiling termcolor v1.2.0
[INFO] [stderr]    Compiling unicode-width v0.1.10
[INFO] [stderr]    Compiling crc32fast v1.3.2
[INFO] [stderr]    Compiling khronos-egl v4.1.0
[INFO] [stderr]    Compiling ash v0.37.2+1.3.238
[INFO] [stderr]    Compiling anyhow v1.0.69
[INFO] [stderr]    Compiling async-lock v2.6.0
[INFO] [stderr]    Compiling same-file v1.0.6
[INFO] [stderr]    Compiling unicode-xid v0.2.4
[INFO] [stderr]    Compiling pp-rs v0.2.1
[INFO] [stderr]    Compiling walkdir v2.3.2
[INFO] [stderr]    Compiling codespan-reporting v0.11.1
[INFO] [stderr]    Compiling num-integer v0.1.45
[INFO] [stderr]    Compiling gpu-descriptor-types v0.1.1
[INFO] [stderr]    Compiling gpu-alloc-types v0.2.0
[INFO] [stderr]    Compiling hexf-parse v0.2.1
[INFO] [stderr]    Compiling async-executor v1.5.0
[INFO] [stderr]    Compiling arrayvec v0.7.2
[INFO] [stderr]    Compiling adler v1.0.2
[INFO] [stderr]    Compiling gpu-alloc v0.5.3
[INFO] [stderr]    Compiling miniz_oxide v0.6.2
[INFO] [stderr]    Compiling spirv v0.2.0+1.5.4
[INFO] [stderr]    Compiling getrandom v0.2.8
[INFO] [stderr]    Compiling bevy_tasks v0.10.0
[INFO] [stderr]    Compiling mio v0.8.6
[INFO] [stderr]    Compiling inotify-sys v0.1.5
[INFO] [stderr]    Compiling inotify v0.9.6
[INFO] [stderr]    Compiling sysinfo v0.28.1
[INFO] [stderr]    Compiling filetime v0.2.20
[INFO] [stderr]    Compiling fxhash v0.2.1
[INFO] [stderr]    Compiling num-rational v0.4.1
[INFO] [stderr]    Compiling wgpu-types v0.15.1
[INFO] [stderr]    Compiling notify v5.1.0
[INFO] [stderr]    Compiling profiling v1.0.7
[INFO] [stderr]    Compiling static_assertions v1.1.0
[INFO] [stderr]    Compiling glow v0.12.1
[INFO] [stderr]    Compiling renderdoc-sys v0.7.1
[INFO] [stderr]    Compiling flate2 v1.0.25
[INFO] [stderr]    Compiling twox-hash v1.6.3
[INFO] [stderr]    Compiling color_quant v1.1.0
[INFO] [stderr]    Compiling scoped_threadpool v0.1.9
[INFO] [stderr]    Compiling const_panic v0.2.7
[INFO] [stderr]    Compiling ruzstd v0.2.4
[INFO] [stderr]    Compiling png v0.17.7
[INFO] [stderr]    Compiling ktx2 v0.3.0
[INFO] [stderr]    Compiling alsa-sys v0.3.1
[INFO] [stderr]    Compiling encase_derive_impl v0.5.0
[INFO] [stderr]    Compiling xml-rs v0.8.4
[INFO] [stderr]    Compiling radsort v0.1.0
[INFO] [stderr]    Compiling libudev-sys v0.1.4
[INFO] [stderr]    Compiling regex-automata v0.1.10
[INFO] [stderr]    Compiling regex v1.7.1
[INFO] [stderr]    Compiling x11-dl v2.21.0
[INFO] [stderr]    Compiling cfg_aliases v0.1.1
[INFO] [stderr]    Compiling serde_json v1.0.93
[INFO] [stderr]    Compiling ttf-parser v0.18.1
[INFO] [stderr]    Compiling wayland-scanner v0.29.5
[INFO] [stderr]    Compiling nix v0.24.3
[INFO] [stderr]    Compiling euclid v0.22.7
[INFO] [stderr]    Compiling approx v0.5.1
[INFO] [stderr]    Compiling slotmap v1.0.6
[INFO] [stderr]    Compiling itoa v1.0.5
[INFO] [stderr]    Compiling matchers v0.1.0
[INFO] [stderr]    Compiling ryu v1.0.12
[INFO] [stderr]    Compiling cpal v0.15.0
[INFO] [stderr]    Compiling percent-encoding v2.2.0
[INFO] [stderr]    Compiling tinyvec_macros v0.1.1
[INFO] [stderr]    Compiling accesskit v0.10.1
[INFO] [stderr]    Compiling inflections v1.1.1
[INFO] [stderr]    Compiling svg_fmt v0.4.1
[INFO] [stderr]    Compiling ab_glyph_rasterizer v0.1.8
[INFO] [stderr]    Compiling tinyvec v1.6.0
[INFO] [stderr]    Compiling alsa v0.7.0
[INFO] [stderr]    Compiling nix v0.25.1
[INFO] [stderr]    Compiling ogg v0.8.0
[INFO] [stderr]    Compiling rectangle-pack v0.4.2
[INFO] [stderr]    Compiling xi-unicode v0.3.0
[INFO] [stderr]    Compiling gilrs v0.10.1
[INFO] [stderr]    Compiling vec_map v0.8.2
[INFO] [stderr]    Compiling base64 v0.13.1
[INFO] [stderr]    Compiling dasp_sample v0.11.0
[INFO] [stderr]    Compiling fnv v1.0.7
[INFO] [stderr]    Compiling guillotiere v0.6.2
[INFO] [stderr]    Compiling urlencoding v2.1.2
[INFO] [stderr]    Compiling lewton v0.10.2
[INFO] [stderr]    Compiling winit v0.28.1
[INFO] [stderr]    Compiling owned_ttf_parser v0.18.1
[INFO] [stderr]    Compiling taffy v0.3.3
[INFO] [stderr]    Compiling ab_glyph v0.2.20
[INFO] [stderr]    Compiling glyph_brush_layout v0.2.3
[INFO] [stderr]    Compiling thiserror-impl v1.0.38
[INFO] [stderr]    Compiling bytemuck_derive v1.4.0
[INFO] [stderr]    Compiling bevy_utils_proc_macros v0.10.0
[INFO] [stderr]    Compiling encase_derive v0.5.0
[INFO] [stderr]    Compiling gltf-derive v1.1.0
[INFO] [stderr]    Compiling bevy_trait v0.2.0 (/opt/rustwide/workdir)
[INFO] [stderr]    Compiling bytemuck v1.13.1
[INFO] [stderr]    Compiling image v0.24.5
[INFO] [stderr]    Compiling accesskit_winit v0.12.3
[INFO] [stderr]    Compiling hashbrown v0.12.3
[INFO] [stderr]    Compiling smallvec v1.10.0
[INFO] [stderr]    Compiling glam v0.23.0
[INFO] [stderr]    Compiling uuid v1.3.0
[INFO] [stderr]    Compiling ron v0.8.0
[INFO] [stderr]    Compiling tracing-subscriber v0.3.16
[INFO] [stderr]    Compiling parking_lot v0.12.1
[INFO] [stderr]    Compiling gilrs-core v0.5.2
[INFO] [stderr]    Compiling gpu-descriptor v0.2.3
[INFO] [stderr]    Compiling rodio v0.17.1
[INFO] [stderr]    Compiling toml_edit v0.19.4
[INFO] [stderr]    Compiling petgraph v0.6.3
[INFO] [stderr]    Compiling gltf-json v1.1.0
[INFO] [stderr]    Compiling bevy_utils v0.10.0
[INFO] [stderr]    Compiling naga v0.11.0
[INFO] [stderr]    Compiling bevy_macro_utils v0.10.0
[INFO] [stderr]    Compiling bevy_math v0.10.0
[INFO] [stderr]    Compiling bevy_mikktspace v0.10.0
[INFO] [stderr]    Compiling encase v0.5.0
[INFO] [stderr]    Compiling hexasphere v8.1.0
[INFO] [stderr]    Compiling bevy_reflect_derive v0.10.0
[INFO] [stderr]    Compiling bevy_ecs_macros v0.10.0
[INFO] [stderr]    Compiling bevy_derive v0.10.0
[INFO] [stderr]    Compiling bevy_encase_derive v0.10.0
[INFO] [stderr]    Compiling bevy_render_macros v0.10.0
[INFO] [stderr]    Compiling gltf v1.1.0
[INFO] [stderr]    Compiling bevy_reflect v0.10.0
[INFO] [stderr]    Compiling bevy_ecs v0.10.0
[INFO] [stderr]    Compiling wgpu-hal v0.15.2
[INFO] [stderr]    Compiling wgpu-core v0.15.1
[INFO] [stderr]    Compiling bevy_app v0.10.0
[INFO] [stderr]    Compiling bevy_core v0.10.0
[INFO] [stderr]    Compiling bevy_log v0.10.0
[INFO] [stderr]    Compiling bevy_time v0.10.0
[INFO] [stderr]    Compiling bevy_input v0.10.0
[INFO] [stderr]    Compiling bevy_a11y v0.10.0
[INFO] [stderr]    Compiling wgpu v0.15.1
[INFO] [stderr]    Compiling bevy_hierarchy v0.10.0
[INFO] [stderr]    Compiling bevy_diagnostic v0.10.0
[INFO] [stderr]    Compiling bevy_asset v0.10.0
[INFO] [stderr]    Compiling bevy_transform v0.10.0
[INFO] [stderr]    Compiling bevy_window v0.10.0
[INFO] [stderr]    Compiling bevy_gilrs v0.10.0
[INFO] [stderr]    Compiling bevy_animation v0.10.0
[INFO] [stderr]    Compiling bevy_audio v0.10.0
[INFO] [stderr]    Compiling bevy_render v0.10.0
[INFO] [stderr]    Compiling bevy_winit v0.10.0
[INFO] [stderr]    Compiling bevy_core_pipeline v0.10.0
[INFO] [stderr]    Compiling bevy_scene v0.10.0
[INFO] [stderr]    Compiling bevy_sprite v0.10.0
[INFO] [stderr]    Compiling bevy_pbr v0.10.0
[INFO] [stderr]    Compiling bevy_text v0.10.0
[INFO] [stderr]    Compiling bevy_ui v0.10.0
[INFO] [stderr]    Compiling bevy_gltf v0.10.0
[INFO] [stderr]    Compiling bevy_internal v0.10.0
[INFO] [stderr]    Compiling bevy v0.10.0
[INFO] [stderr]     Finished `test` profile [unoptimized + debuginfo] target(s) in 2m 35s
[INFO] running `Command { std: "docker" "inspect" "b19c7ceefe208e442954877e9ba8e13110e8d093d0916b8d1f47a36572923f8b", kill_on_drop: false }`
[INFO] running `Command { std: "docker" "rm" "-f" "b19c7ceefe208e442954877e9ba8e13110e8d093d0916b8d1f47a36572923f8b", kill_on_drop: false }`
[INFO] [stdout] b19c7ceefe208e442954877e9ba8e13110e8d093d0916b8d1f47a36572923f8b
[INFO] running `Command { std: "docker" "create" "-v" "/var/lib/crater-agent-workspace/builds/worker-7-tc1/target:/opt/rustwide/target:rw,Z" "-v" "/var/lib/crater-agent-workspace/builds/worker-7-tc1/source:/opt/rustwide/workdir:ro,Z" "-v" "/var/lib/crater-agent-workspace/cargo-home:/opt/rustwide/cargo-home:ro,Z" "-v" "/var/lib/crater-agent-workspace/rustup-home:/opt/rustwide/rustup-home:ro,Z" "-e" "SOURCE_DIR=/opt/rustwide/workdir" "-e" "CARGO_TARGET_DIR=/opt/rustwide/target" "-e" "CARGO_INCREMENTAL=0" "-e" "RUST_BACKTRACE=full" "-e" "RUSTFLAGS=--cap-lints=warn" "-e" "RUSTDOCFLAGS=--cap-lints=warn" "-e" "CARGO_HOME=/opt/rustwide/cargo-home" "-e" "RUSTUP_HOME=/opt/rustwide/rustup-home" "-w" "/opt/rustwide/workdir" "-m" "1610612736" "--user" "0:0" "--network" "none" "ghcr.io/rust-lang/crates-build-env/linux@sha256:f3a9d4ad9d972b27faf3965f35b62e55ba32bbce8f20bc8fe909558a86702fde" "/opt/rustwide/cargo-home/bin/cargo" "+1.83.0" "test" "--frozen", kill_on_drop: false }`
[INFO] [stdout] 7d539fb323c00090fa586a48c6ff27bd969746bc7e6da315202f17ec3c4db601
[INFO] running `Command { std: "docker" "start" "-a" "7d539fb323c00090fa586a48c6ff27bd969746bc7e6da315202f17ec3c4db601", kill_on_drop: false }`
[INFO] [stderr]     Finished `test` profile [unoptimized + debuginfo] target(s) in 0.63s
[INFO] [stderr]      Running unittests src/lib.rs (/opt/rustwide/target/debug/deps/bevy_trait-fa0f36a44f2fb377)
[INFO] [stdout] 
[INFO] [stdout] running 0 tests
[INFO] [stdout] 
[INFO] [stdout] test result: ok. 0 passed; 0 failed; 0 ignored; 0 measured; 0 filtered out; finished in 0.00s
[INFO] [stdout] 
[INFO] [stderr]    Doc-tests bevy_trait
[INFO] [stdout] 
[INFO] [stdout] running 6 tests
[INFO] [stdout] test src/lib.rs - system (line 124) ... FAILED
[INFO] [stdout] test src/lib.rs - system_config (line 217) ... FAILED
[INFO] [stdout] test src/lib.rs - system_app_config (line 337) ... FAILED
[INFO] [stdout] test src/lib.rs - system (line 159) ... FAILED
[INFO] [stdout] test src/lib.rs - system_app_config (line 375) ... FAILED
[INFO] [stdout] test src/lib.rs - system_config (line 254) ... FAILED
[INFO] [stdout] 
[INFO] [stdout] failures:
[INFO] [stdout] 
[INFO] [stdout] ---- src/lib.rs - system (line 124) stdout ----
[INFO] [stdout] error: cannot find attribute `system` in this scope
[INFO] [stdout]   --> src/lib.rs:137:7
[INFO] [stdout]    |
[INFO] [stdout] 15 |     #[system]
[INFO] [stdout]    |       ^^^^^^
[INFO] [stdout]    |
[INFO] [stdout] help: consider importing this attribute macro
[INFO] [stdout]    |
[INFO] [stdout] 2  + use bevy_trait::system;
[INFO] [stdout]    |
[INFO] [stdout] 
[INFO] [stdout] error: cannot find derive macro `Component` in this scope
[INFO] [stdout]   --> src/lib.rs:133:10
[INFO] [stdout]    |
[INFO] [stdout] 11 | #[derive(Component)]
[INFO] [stdout]    |          ^^^^^^^^^
[INFO] [stdout]    |
[INFO] [stdout] help: consider importing this derive macro
[INFO] [stdout]    |
[INFO] [stdout] 2  + use bevy::ecs::component::Component;
[INFO] [stdout]    |
[INFO] [stdout] 
[INFO] [stdout] error: cannot find derive macro `Component` in this scope
[INFO] [stdout]  --> src/lib.rs:130:10
[INFO] [stdout]   |
[INFO] [stdout] 8 | #[derive(Component)]
[INFO] [stdout]   |          ^^^^^^^^^
[INFO] [stdout]   |
[INFO] [stdout] help: consider importing this derive macro
[INFO] [stdout]   |
[INFO] [stdout] 2 + use bevy::ecs::component::Component;
[INFO] [stdout]   |
[INFO] [stdout] 
[INFO] [stdout] error: cannot find attribute `system` in this scope
[INFO] [stdout]  --> src/lib.rs:126:7
[INFO] [stdout]   |
[INFO] [stdout] 4 |     #[system]
[INFO] [stdout]   |       ^^^^^^
[INFO] [stdout]   |
[INFO] [stdout] help: consider importing this attribute macro
[INFO] [stdout]   |
[INFO] [stdout] 2 + use bevy_trait::system;
[INFO] [stdout]   |
[INFO] [stdout] 
[INFO] [stdout] error[E0412]: cannot find type `Query` in this scope
[INFO] [stdout]   --> src/lib.rs:139:16
[INFO] [stdout]    |
[INFO] [stdout] 17 |         cacti: Query<&GlobalTransform, With<Cactus>>,
[INFO] [stdout]    |                ^^^^^ not found in this scope
[INFO] [stdout]    |
[INFO] [stdout] help: consider importing this struct
[INFO] [stdout]    |
[INFO] [stdout] 2  + use bevy::ecs::system::Query;
[INFO] [stdout]    |
[INFO] [stdout] 
[INFO] [stdout] error[E0412]: cannot find type `GlobalTransform` in this scope
[INFO] [stdout]   --> src/lib.rs:139:23
[INFO] [stdout]    |
[INFO] [stdout] 17 |         cacti: Query<&GlobalTransform, With<Cactus>>,
[INFO] [stdout]    |                       ^^^^^^^^^^^^^^^ not found in this scope
[INFO] [stdout]    |
[INFO] [stdout] help: consider importing this struct
[INFO] [stdout]    |
[INFO] [stdout] 2  + use bevy::transform::components::GlobalTransform;
[INFO] [stdout]    |
[INFO] [stdout] 
[INFO] [stdout] error[E0412]: cannot find type `With` in this scope
[INFO] [stdout]   --> src/lib.rs:139:40
[INFO] [stdout]    |
[INFO] [stdout] 17 |         cacti: Query<&GlobalTransform, With<Cactus>>,
[INFO] [stdout]    |                                        ^^^^ not found in this scope
[INFO] [stdout]    |
[INFO] [stdout] help: consider importing this struct
[INFO] [stdout]    |
[INFO] [stdout] 2  + use bevy::ecs::query::With;
[INFO] [stdout]    |
[INFO] [stdout] 
[INFO] [stdout] error[E0412]: cannot find type `Query` in this scope
[INFO] [stdout]   --> src/lib.rs:140:20
[INFO] [stdout]    |
[INFO] [stdout] 18 |         creatures: Query<(&GlobalTransform, &mut Health), Without<Cactus>>,
[INFO] [stdout]    |                    ^^^^^ not found in this scope
[INFO] [stdout]    |
[INFO] [stdout] help: consider importing this struct
[INFO] [stdout]    |
[INFO] [stdout] 2  + use bevy::ecs::system::Query;
[INFO] [stdout]    |
[INFO] [stdout] 
[INFO] [stdout] error[E0412]: cannot find type `GlobalTransform` in this scope
[INFO] [stdout]   --> src/lib.rs:140:28
[INFO] [stdout]    |
[INFO] [stdout] 18 |         creatures: Query<(&GlobalTransform, &mut Health), Without<Cactus>>,
[INFO] [stdout]    |                            ^^^^^^^^^^^^^^^ not found in this scope
[INFO] [stdout]    |
[INFO] [stdout] help: consider importing this struct
[INFO] [stdout]    |
[INFO] [stdout] 2  + use bevy::transform::components::GlobalTransform;
[INFO] [stdout]    |
[INFO] [stdout] 
[INFO] [stdout] error[E0412]: cannot find type `Without` in this scope
[INFO] [stdout]   --> src/lib.rs:140:59
[INFO] [stdout]    |
[INFO] [stdout] 18 |         creatures: Query<(&GlobalTransform, &mut Health), Without<Cactus>>,
[INFO] [stdout]    |                                                           ^^^^^^^ not found in this scope
[INFO] [stdout]    |
[INFO] [stdout] help: consider importing this struct
[INFO] [stdout]    |
[INFO] [stdout] 2  + use bevy::ecs::query::Without;
[INFO] [stdout]    |
[INFO] [stdout] 
[INFO] [stdout] error[E0433]: failed to resolve: use of undeclared type `App`
[INFO] [stdout]   --> src/lib.rs:152:5
[INFO] [stdout]    |
[INFO] [stdout] 30 |     App::new()
[INFO] [stdout]    |     ^^^ use of undeclared type `App`
[INFO] [stdout]    |
[INFO] [stdout] help: consider importing this struct
[INFO] [stdout]    |
[INFO] [stdout] 2  + use bevy::app::App;
[INFO] [stdout]    |
[INFO] [stdout] 
[INFO] [stdout] error[E0425]: cannot find value `DefaultPlugins` in this scope
[INFO] [stdout]   --> src/lib.rs:153:22
[INFO] [stdout]    |
[INFO] [stdout] 31 |         .add_plugins(DefaultPlugins)
[INFO] [stdout]    |                      ^^^^^^^^^^^^^^ not found in this scope
[INFO] [stdout]    |
[INFO] [stdout] help: consider importing this unit struct
[INFO] [stdout]    |
[INFO] [stdout] 2  + use bevy::DefaultPlugins;
[INFO] [stdout]    |
[INFO] [stdout] 
[INFO] [stdout] error[E0050]: method `update` has 2 parameters but the declaration in trait `Interactive::update` has 0
[INFO] [stdout]   --> src/lib.rs:139:16
[INFO] [stdout]    |
[INFO] [stdout] 5  |       fn update();
[INFO] [stdout]    |       ------------ trait requires 0 parameters
[INFO] [stdout] ...
[INFO] [stdout] 17 |           cacti: Query<&GlobalTransform, With<Cactus>>,
[INFO] [stdout]    |  ________________^
[INFO] [stdout] 18 | |         creatures: Query<(&GlobalTransform, &mut Health), Without<Cactus>>,
[INFO] [stdout]    | |__________________________________________________________________________^ expected 0 parameters, found 2
[INFO] [stdout] 
[INFO] [stdout] error: aborting due to 13 previous errors
[INFO] [stdout] 
[INFO] [stdout] Some errors have detailed explanations: E0050, E0412, E0425, E0433.
[INFO] [stdout] For more information about an error, try `rustc --explain E0050`.
[INFO] [stdout] Couldn't compile the test.
[INFO] [stdout] ---- src/lib.rs - system_config (line 217) stdout ----
[INFO] [stdout] error: cannot find attribute `system_config` in this scope
[INFO] [stdout]   --> src/lib.rs:230:7
[INFO] [stdout]    |
[INFO] [stdout] 15 |     #[system_config]
[INFO] [stdout]    |       ^^^^^^^^^^^^^
[INFO] [stdout]    |
[INFO] [stdout] help: consider importing this attribute macro
[INFO] [stdout]    |
[INFO] [stdout] 2  + use bevy_trait::system_config;
[INFO] [stdout]    |
[INFO] [stdout] 
[INFO] [stdout] error: cannot find attribute `in_base_set` in this scope
[INFO] [stdout]   --> src/lib.rs:231:7
[INFO] [stdout]    |
[INFO] [stdout] 16 |     #[in_base_set(CoreSet::PreUpdate)] // Implementer can specify SystemSet
[INFO] [stdout]    |       ^^^^^^^^^^^
[INFO] [stdout] 
[INFO] [stdout] error: cannot find attribute `before` in this scope
[INFO] [stdout]   --> src/lib.rs:232:7
[INFO] [stdout]    |
[INFO] [stdout] 17 |     #[before(apply_system_buffers)] // ... and even relative ordering
[INFO] [stdout]    |       ^^^^^^
[INFO] [stdout] 
[INFO] [stdout] error: cannot find derive macro `Component` in this scope
[INFO] [stdout]   --> src/lib.rs:226:10
[INFO] [stdout]    |
[INFO] [stdout] 11 | #[derive(Component)]
[INFO] [stdout]    |          ^^^^^^^^^
[INFO] [stdout]    |
[INFO] [stdout] help: consider importing this derive macro
[INFO] [stdout]    |
[INFO] [stdout] 2  + use bevy::ecs::component::Component;
[INFO] [stdout]    |
[INFO] [stdout] 
[INFO] [stdout] error: cannot find derive macro `Component` in this scope
[INFO] [stdout]  --> src/lib.rs:223:10
[INFO] [stdout]   |
[INFO] [stdout] 8 | #[derive(Component)]
[INFO] [stdout]   |          ^^^^^^^^^
[INFO] [stdout]   |
[INFO] [stdout] help: consider importing this derive macro
[INFO] [stdout]   |
[INFO] [stdout] 2 + use bevy::ecs::component::Component;
[INFO] [stdout]   |
[INFO] [stdout] 
[INFO] [stdout] error: cannot find attribute `system_config` in this scope
[INFO] [stdout]  --> src/lib.rs:219:7
[INFO] [stdout]   |
[INFO] [stdout] 4 |     #[system_config]
[INFO] [stdout]   |       ^^^^^^^^^^^^^
[INFO] [stdout]   |
[INFO] [stdout] help: consider importing this attribute macro
[INFO] [stdout]   |
[INFO] [stdout] 2 + use bevy_trait::system_config;
[INFO] [stdout]   |
[INFO] [stdout] 
[INFO] [stdout] error[E0412]: cannot find type `Query` in this scope
[INFO] [stdout]   --> src/lib.rs:234:16
[INFO] [stdout]    |
[INFO] [stdout] 19 |         cacti: Query<&GlobalTransform, With<Cactus>>,
[INFO] [stdout]    |                ^^^^^ not found in this scope
[INFO] [stdout]    |
[INFO] [stdout] help: consider importing this struct
[INFO] [stdout]    |
[INFO] [stdout] 2  + use bevy::ecs::system::Query;
[INFO] [stdout]    |
[INFO] [stdout] 
[INFO] [stdout] error[E0412]: cannot find type `GlobalTransform` in this scope
[INFO] [stdout]   --> src/lib.rs:234:23
[INFO] [stdout]    |
[INFO] [stdout] 19 |         cacti: Query<&GlobalTransform, With<Cactus>>,
[INFO] [stdout]    |                       ^^^^^^^^^^^^^^^ not found in this scope
[INFO] [stdout]    |
[INFO] [stdout] help: consider importing this struct
[INFO] [stdout]    |
[INFO] [stdout] 2  + use bevy::transform::components::GlobalTransform;
[INFO] [stdout]    |
[INFO] [stdout] 
[INFO] [stdout] error[E0412]: cannot find type `With` in this scope
[INFO] [stdout]   --> src/lib.rs:234:40
[INFO] [stdout]    |
[INFO] [stdout] 19 |         cacti: Query<&GlobalTransform, With<Cactus>>,
[INFO] [stdout]    |                                        ^^^^ not found in this scope
[INFO] [stdout]    |
[INFO] [stdout] help: consider importing this struct
[INFO] [stdout]    |
[INFO] [stdout] 2  + use bevy::ecs::query::With;
[INFO] [stdout]    |
[INFO] [stdout] 
[INFO] [stdout] error[E0412]: cannot find type `Query` in this scope
[INFO] [stdout]   --> src/lib.rs:235:20
[INFO] [stdout]    |
[INFO] [stdout] 20 |         creatures: Query<(&GlobalTransform, &mut Health), Without<Cactus>>,
[INFO] [stdout]    |                    ^^^^^ not found in this scope
[INFO] [stdout]    |
[INFO] [stdout] help: consider importing this struct
[INFO] [stdout]    |
[INFO] [stdout] 2  + use bevy::ecs::system::Query;
[INFO] [stdout]    |
[INFO] [stdout] 
[INFO] [stdout] error[E0412]: cannot find type `GlobalTransform` in this scope
[INFO] [stdout]   --> src/lib.rs:235:28
[INFO] [stdout]    |
[INFO] [stdout] 20 |         creatures: Query<(&GlobalTransform, &mut Health), Without<Cactus>>,
[INFO] [stdout]    |                            ^^^^^^^^^^^^^^^ not found in this scope
[INFO] [stdout]    |
[INFO] [stdout] help: consider importing this struct
[INFO] [stdout]    |
[INFO] [stdout] 2  + use bevy::transform::components::GlobalTransform;
[INFO] [stdout]    |
[INFO] [stdout] 
[INFO] [stdout] error[E0412]: cannot find type `Without` in this scope
[INFO] [stdout]   --> src/lib.rs:235:59
[INFO] [stdout]    |
[INFO] [stdout] 20 |         creatures: Query<(&GlobalTransform, &mut Health), Without<Cactus>>,
[INFO] [stdout]    |                                                           ^^^^^^^ not found in this scope
[INFO] [stdout]    |
[INFO] [stdout] help: consider importing this struct
[INFO] [stdout]    |
[INFO] [stdout] 2  + use bevy::ecs::query::Without;
[INFO] [stdout]    |
[INFO] [stdout] 
[INFO] [stdout] error[E0433]: failed to resolve: use of undeclared type `App`
[INFO] [stdout]   --> src/lib.rs:247:5
[INFO] [stdout]    |
[INFO] [stdout] 32 |     App::new()
[INFO] [stdout]    |     ^^^ use of undeclared type `App`
[INFO] [stdout]    |
[INFO] [stdout] help: consider importing this struct
[INFO] [stdout]    |
[INFO] [stdout] 2  + use bevy::app::App;
[INFO] [stdout]    |
[INFO] [stdout] 
[INFO] [stdout] error[E0425]: cannot find value `DefaultPlugins` in this scope
[INFO] [stdout]   --> src/lib.rs:248:22
[INFO] [stdout]    |
[INFO] [stdout] 33 |         .add_plugins(DefaultPlugins)
[INFO] [stdout]    |                      ^^^^^^^^^^^^^^ not found in this scope
[INFO] [stdout]    |
[INFO] [stdout] help: consider importing this unit struct
[INFO] [stdout]    |
[INFO] [stdout] 2  + use bevy::DefaultPlugins;
[INFO] [stdout]    |
[INFO] [stdout] 
[INFO] [stdout] error[E0050]: method `update` has 2 parameters but the declaration in trait `Interactive::update` has 0
[INFO] [stdout]   --> src/lib.rs:234:16
[INFO] [stdout]    |
[INFO] [stdout] 5  |       fn update();
[INFO] [stdout]    |       ------------ trait requires 0 parameters
[INFO] [stdout] ...
[INFO] [stdout] 19 |           cacti: Query<&GlobalTransform, With<Cactus>>,
[INFO] [stdout]    |  ________________^
[INFO] [stdout] 20 | |         creatures: Query<(&GlobalTransform, &mut Health), Without<Cactus>>,
[INFO] [stdout]    | |__________________________________________________________________________^ expected 0 parameters, found 2
[INFO] [stdout] 
[INFO] [stdout] error: aborting due to 15 previous errors
[INFO] [stdout] 
[INFO] [stdout] Some errors have detailed explanations: E0050, E0412, E0425, E0433.
[INFO] [stdout] For more information about an error, try `rustc --explain E0050`.
[INFO] [stdout] Couldn't compile the test.
[INFO] [stdout] ---- src/lib.rs - system_app_config (line 337) stdout ----
[INFO] [stdout] error: cannot find attribute `system_app_config` in this scope
[INFO] [stdout]   --> src/lib.rs:350:7
[INFO] [stdout]    |
[INFO] [stdout] 15 |     #[system_app_config]
[INFO] [stdout]    |       ^^^^^^^^^^^^^^^^^
[INFO] [stdout]    |
[INFO] [stdout] help: consider importing this attribute macro
[INFO] [stdout]    |
[INFO] [stdout] 2  + use bevy_trait::system_app_config;
[INFO] [stdout]    |
[INFO] [stdout] 
[INFO] [stdout] error: cannot find attribute `in_base_set` in this scope
[INFO] [stdout]   --> src/lib.rs:351:7
[INFO] [stdout]    |
[INFO] [stdout] 16 |     #[in_base_set(CoreSet::PreUpdate)] // Implementer can specify SystemSet
[INFO] [stdout]    |       ^^^^^^^^^^^
[INFO] [stdout] 
[INFO] [stdout] error: cannot find attribute `before` in this scope
[INFO] [stdout]   --> src/lib.rs:352:7
[INFO] [stdout]    |
[INFO] [stdout] 17 |     #[before(apply_system_buffers)] // ... relative ordering ...
[INFO] [stdout]    |       ^^^^^^
[INFO] [stdout] 
[INFO] [stdout] error: cannot find attribute `in_schedule` in this scope
[INFO] [stdout]   --> src/lib.rs:353:7
[INFO] [stdout]    |
[INFO] [stdout] 18 |     #[in_schedule(CoreSchedule::Main)] // ... and even schedule
[INFO] [stdout]    |       ^^^^^^^^^^^
[INFO] [stdout] 
[INFO] [stdout] error: cannot find derive macro `Component` in this scope
[INFO] [stdout]   --> src/lib.rs:346:10
[INFO] [stdout]    |
[INFO] [stdout] 11 | #[derive(Component)]
[INFO] [stdout]    |          ^^^^^^^^^
[INFO] [stdout]    |
[INFO] [stdout] help: consider importing this derive macro
[INFO] [stdout]    |
[INFO] [stdout] 2  + use bevy::ecs::component::Component;
[INFO] [stdout]    |
[INFO] [stdout] 
[INFO] [stdout] error: cannot find derive macro `Component` in this scope
[INFO] [stdout]  --> src/lib.rs:343:10
[INFO] [stdout]   |
[INFO] [stdout] 8 | #[derive(Component)]
[INFO] [stdout]   |          ^^^^^^^^^
[INFO] [stdout]   |
[INFO] [stdout] help: consider importing this derive macro
[INFO] [stdout]   |
[INFO] [stdout] 2 + use bevy::ecs::component::Component;
[INFO] [stdout]   |
[INFO] [stdout] 
[INFO] [stdout] error: cannot find attribute `system_app_config` in this scope
[INFO] [stdout]  --> src/lib.rs:339:7
[INFO] [stdout]   |
[INFO] [stdout] 4 |     #[system_app_config]
[INFO] [stdout]   |       ^^^^^^^^^^^^^^^^^
[INFO] [stdout]   |
[INFO] [stdout] help: consider importing this attribute macro
[INFO] [stdout]   |
[INFO] [stdout] 2 + use bevy_trait::system_app_config;
[INFO] [stdout]   |
[INFO] [stdout] 
[INFO] [stdout] error[E0412]: cannot find type `Query` in this scope
[INFO] [stdout]   --> src/lib.rs:355:16
[INFO] [stdout]    |
[INFO] [stdout] 20 |         cacti: Query<&GlobalTransform, With<Cactus>>,
[INFO] [stdout]    |                ^^^^^ not found in this scope
[INFO] [stdout]    |
[INFO] [stdout] help: consider importing this struct
[INFO] [stdout]    |
[INFO] [stdout] 2  + use bevy::ecs::system::Query;
[INFO] [stdout]    |
[INFO] [stdout] 
[INFO] [stdout] error[E0412]: cannot find type `GlobalTransform` in this scope
[INFO] [stdout]   --> src/lib.rs:355:23
[INFO] [stdout]    |
[INFO] [stdout] 20 |         cacti: Query<&GlobalTransform, With<Cactus>>,
[INFO] [stdout]    |                       ^^^^^^^^^^^^^^^ not found in this scope
[INFO] [stdout]    |
[INFO] [stdout] help: consider importing this struct
[INFO] [stdout]    |
[INFO] [stdout] 2  + use bevy::transform::components::GlobalTransform;
[INFO] [stdout]    |
[INFO] [stdout] 
[INFO] [stdout] error[E0412]: cannot find type `With` in this scope
[INFO] [stdout]   --> src/lib.rs:355:40
[INFO] [stdout]    |
[INFO] [stdout] 20 |         cacti: Query<&GlobalTransform, With<Cactus>>,
[INFO] [stdout]    |                                        ^^^^ not found in this scope
[INFO] [stdout]    |
[INFO] [stdout] help: consider importing this struct
[INFO] [stdout]    |
[INFO] [stdout] 2  + use bevy::ecs::query::With;
[INFO] [stdout]    |
[INFO] [stdout] 
[INFO] [stdout] error[E0412]: cannot find type `Query` in this scope
[INFO] [stdout]   --> src/lib.rs:356:20
[INFO] [stdout]    |
[INFO] [stdout] 21 |         creatures: Query<(&GlobalTransform, &mut Health), Without<Cactus>>,
[INFO] [stdout]    |                    ^^^^^ not found in this scope
[INFO] [stdout]    |
[INFO] [stdout] help: consider importing this struct
[INFO] [stdout]    |
[INFO] [stdout] 2  + use bevy::ecs::system::Query;
[INFO] [stdout]    |
[INFO] [stdout] 
[INFO] [stdout] error[E0412]: cannot find type `GlobalTransform` in this scope
[INFO] [stdout]   --> src/lib.rs:356:28
[INFO] [stdout]    |
[INFO] [stdout] 21 |         creatures: Query<(&GlobalTransform, &mut Health), Without<Cactus>>,
[INFO] [stdout]    |                            ^^^^^^^^^^^^^^^ not found in this scope
[INFO] [stdout]    |
[INFO] [stdout] help: consider importing this struct
[INFO] [stdout]    |
[INFO] [stdout] 2  + use bevy::transform::components::GlobalTransform;
[INFO] [stdout]    |
[INFO] [stdout] 
[INFO] [stdout] error[E0412]: cannot find type `Without` in this scope
[INFO] [stdout]   --> src/lib.rs:356:59
[INFO] [stdout]    |
[INFO] [stdout] 21 |         creatures: Query<(&GlobalTransform, &mut Health), Without<Cactus>>,
[INFO] [stdout]    |                                                           ^^^^^^^ not found in this scope
[INFO] [stdout]    |
[INFO] [stdout] help: consider importing this struct
[INFO] [stdout]    |
[INFO] [stdout] 2  + use bevy::ecs::query::Without;
[INFO] [stdout]    |
[INFO] [stdout] 
[INFO] [stdout] error[E0433]: failed to resolve: use of undeclared type `App`
[INFO] [stdout]   --> src/lib.rs:368:5
[INFO] [stdout]    |
[INFO] [stdout] 33 |     App::new()
[INFO] [stdout]    |     ^^^ use of undeclared type `App`
[INFO] [stdout]    |
[INFO] [stdout] help: consider importing this struct
[INFO] [stdout]    |
[INFO] [stdout] 2  + use bevy::app::App;
[INFO] [stdout]    |
[INFO] [stdout] 
[INFO] [stdout] error[E0425]: cannot find value `DefaultPlugins` in this scope
[INFO] [stdout]   --> src/lib.rs:369:22
[INFO] [stdout]    |
[INFO] [stdout] 34 |         .add_plugins(DefaultPlugins)
[INFO] [stdout]    |                      ^^^^^^^^^^^^^^ not found in this scope
[INFO] [stdout]    |
[INFO] [stdout] help: consider importing this unit struct
[INFO] [stdout]    |
[INFO] [stdout] 2  + use bevy::DefaultPlugins;
[INFO] [stdout]    |
[INFO] [stdout] 
[INFO] [stdout] error[E0050]: method `update` has 2 parameters but the declaration in trait `Interactive::update` has 0
[INFO] [stdout]   --> src/lib.rs:355:16
[INFO] [stdout]    |
[INFO] [stdout] 5  |       fn update();
[INFO] [stdout]    |       ------------ trait requires 0 parameters
[INFO] [stdout] ...
[INFO] [stdout] 20 |           cacti: Query<&GlobalTransform, With<Cactus>>,
[INFO] [stdout]    |  ________________^
[INFO] [stdout] 21 | |         creatures: Query<(&GlobalTransform, &mut Health), Without<Cactus>>,
[INFO] [stdout]    | |__________________________________________________________________________^ expected 0 parameters, found 2
[INFO] [stdout] 
[INFO] [stdout] error: aborting due to 16 previous errors
[INFO] [stdout] 
[INFO] [stdout] Some errors have detailed explanations: E0050, E0412, E0425, E0433.
[INFO] [stdout] For more information about an error, try `rustc --explain E0050`.
[INFO] [stdout] Couldn't compile the test.
[INFO] [stdout] ---- src/lib.rs - system (line 159) stdout ----
[INFO] [stdout] error: cannot find attribute `system` in this scope
[INFO] [stdout]   --> src/lib.rs:172:7
[INFO] [stdout]    |
[INFO] [stdout] 15 |     #[system(&self)]
[INFO] [stdout]    |       ^^^^^^
[INFO] [stdout]    |
[INFO] [stdout] help: consider importing this attribute macro
[INFO] [stdout]    |
[INFO] [stdout] 2  + use bevy_trait::system;
[INFO] [stdout]    |
[INFO] [stdout] 
[INFO] [stdout] error: cannot find derive macro `Component` in this scope
[INFO] [stdout]   --> src/lib.rs:168:10
[INFO] [stdout]    |
[INFO] [stdout] 11 | #[derive(Component, Copy, Clone)]
[INFO] [stdout]    |          ^^^^^^^^^
[INFO] [stdout]    |
[INFO] [stdout] help: consider importing this derive macro
[INFO] [stdout]    |
[INFO] [stdout] 2  + use bevy::ecs::component::Component;
[INFO] [stdout]    |
[INFO] [stdout] 
[INFO] [stdout] error: cannot find derive macro `Component` in this scope
[INFO] [stdout]  --> src/lib.rs:165:10
[INFO] [stdout]   |
[INFO] [stdout] 8 | #[derive(Component)]
[INFO] [stdout]   |          ^^^^^^^^^
[INFO] [stdout]   |
[INFO] [stdout] help: consider importing this derive macro
[INFO] [stdout]   |
[INFO] [stdout] 2 + use bevy::ecs::component::Component;
[INFO] [stdout]   |
[INFO] [stdout] 
[INFO] [stdout] error: cannot find attribute `system` in this scope
[INFO] [stdout]  --> src/lib.rs:161:7
[INFO] [stdout]   |
[INFO] [stdout] 4 |     #[system]
[INFO] [stdout]   |       ^^^^^^
[INFO] [stdout]   |
[INFO] [stdout] help: consider importing this attribute macro
[INFO] [stdout]   |
[INFO] [stdout] 2 + use bevy_trait::system;
[INFO] [stdout]   |
[INFO] [stdout] 
[INFO] [stdout] error[E0412]: cannot find type `Query` in this scope
[INFO] [stdout]   --> src/lib.rs:174:16
[INFO] [stdout]    |
[INFO] [stdout] 17 |         cacti: Query<&GlobalTransform, With<Cactus>>,
[INFO] [stdout]    |                ^^^^^ not found in this scope
[INFO] [stdout]    |
[INFO] [stdout] help: consider importing this struct
[INFO] [stdout]    |
[INFO] [stdout] 2  + use bevy::ecs::system::Query;
[INFO] [stdout]    |
[INFO] [stdout] 
[INFO] [stdout] error[E0412]: cannot find type `GlobalTransform` in this scope
[INFO] [stdout]   --> src/lib.rs:174:23
[INFO] [stdout]    |
[INFO] [stdout] 17 |         cacti: Query<&GlobalTransform, With<Cactus>>,
[INFO] [stdout]    |                       ^^^^^^^^^^^^^^^ not found in this scope
[INFO] [stdout]    |
[INFO] [stdout] help: consider importing this struct
[INFO] [stdout]    |
[INFO] [stdout] 2  + use bevy::transform::components::GlobalTransform;
[INFO] [stdout]    |
[INFO] [stdout] 
[INFO] [stdout] error[E0412]: cannot find type `With` in this scope
[INFO] [stdout]   --> src/lib.rs:174:40
[INFO] [stdout]    |
[INFO] [stdout] 17 |         cacti: Query<&GlobalTransform, With<Cactus>>,
[INFO] [stdout]    |                                        ^^^^ not found in this scope
[INFO] [stdout]    |
[INFO] [stdout] help: consider importing this struct
[INFO] [stdout]    |
[INFO] [stdout] 2  + use bevy::ecs::query::With;
[INFO] [stdout]    |
[INFO] [stdout] 
[INFO] [stdout] error[E0412]: cannot find type `Query` in this scope
[INFO] [stdout]   --> src/lib.rs:175:20
[INFO] [stdout]    |
[INFO] [stdout] 18 |         creatures: Query<(&GlobalTransform, &mut Health), Without<Cactus>>,
[INFO] [stdout]    |                    ^^^^^ not found in this scope
[INFO] [stdout]    |
[INFO] [stdout] help: consider importing this struct
[INFO] [stdout]    |
[INFO] [stdout] 2  + use bevy::ecs::system::Query;
[INFO] [stdout]    |
[INFO] [stdout] 
[INFO] [stdout] error[E0412]: cannot find type `GlobalTransform` in this scope
[INFO] [stdout]   --> src/lib.rs:175:28
[INFO] [stdout]    |
[INFO] [stdout] 18 |         creatures: Query<(&GlobalTransform, &mut Health), Without<Cactus>>,
[INFO] [stdout]    |                            ^^^^^^^^^^^^^^^ not found in this scope
[INFO] [stdout]    |
[INFO] [stdout] help: consider importing this struct
[INFO] [stdout]    |
[INFO] [stdout] 2  + use bevy::transform::components::GlobalTransform;
[INFO] [stdout]    |
[INFO] [stdout] 
[INFO] [stdout] error[E0412]: cannot find type `Without` in this scope
[INFO] [stdout]   --> src/lib.rs:175:59
[INFO] [stdout]    |
[INFO] [stdout] 18 |         creatures: Query<(&GlobalTransform, &mut Health), Without<Cactus>>,
[INFO] [stdout]    |                                                           ^^^^^^^ not found in this scope
[INFO] [stdout]    |
[INFO] [stdout] help: consider importing this struct
[INFO] [stdout]    |
[INFO] [stdout] 2  + use bevy::ecs::query::Without;
[INFO] [stdout]    |
[INFO] [stdout] 
[INFO] [stdout] error[E0433]: failed to resolve: use of undeclared type `App`
[INFO] [stdout]   --> src/lib.rs:188:5
[INFO] [stdout]    |
[INFO] [stdout] 31 |     App::new()
[INFO] [stdout]    |     ^^^ use of undeclared type `App`
[INFO] [stdout]    |
[INFO] [stdout] help: consider importing this struct
[INFO] [stdout]    |
[INFO] [stdout] 2  + use bevy::app::App;
[INFO] [stdout]    |
[INFO] [stdout] 
[INFO] [stdout] error[E0425]: cannot find value `DefaultPlugins` in this scope
[INFO] [stdout]   --> src/lib.rs:189:22
[INFO] [stdout]    |
[INFO] [stdout] 32 |         .add_plugins(DefaultPlugins)
[INFO] [stdout]    |                      ^^^^^^^^^^^^^^ not found in this scope
[INFO] [stdout]    |
[INFO] [stdout] help: consider importing this unit struct
[INFO] [stdout]    |
[INFO] [stdout] 2  + use bevy::DefaultPlugins;
[INFO] [stdout]    |
[INFO] [stdout] 
[INFO] [stdout] error[E0186]: method `update` has a `&self` declaration in the trait, but not in the impl
[INFO] [stdout]   --> src/lib.rs:173:5
[INFO] [stdout]    |
[INFO] [stdout] 5  |       fn update(&self);
[INFO] [stdout]    |       ----------------- `&self` used in trait
[INFO] [stdout] ...
[INFO] [stdout] 16 | /     fn update(
[INFO] [stdout] 17 | |         cacti: Query<&GlobalTransform, With<Cactus>>,
[INFO] [stdout] 18 | |         creatures: Query<(&GlobalTransform, &mut Health), Without<Cactus>>,
[INFO] [stdout] 19 | |     ) {
[INFO] [stdout]    | |_____^ expected `&self` in impl
[INFO] [stdout] 
[INFO] [stdout] error: aborting due to 13 previous errors
[INFO] [stdout] 
[INFO] [stdout] Some errors have detailed explanations: E0186, E0412, E0425, E0433.
[INFO] [stdout] For more information about an error, try `rustc --explain E0186`.
[INFO] [stdout] Couldn't compile the test.
[INFO] [stdout] ---- src/lib.rs - system_app_config (line 375) stdout ----
[INFO] [stdout] error: cannot find attribute `system_app_config` in this scope
[INFO] [stdout]   --> src/lib.rs:388:7
[INFO] [stdout]    |
[INFO] [stdout] 15 |     #[system_app_config(&self)]
[INFO] [stdout]    |       ^^^^^^^^^^^^^^^^^
[INFO] [stdout]    |
[INFO] [stdout] help: consider importing this attribute macro
[INFO] [stdout]    |
[INFO] [stdout] 2  + use bevy_trait::system_app_config;
[INFO] [stdout]    |
[INFO] [stdout] 
[INFO] [stdout] error: cannot find attribute `in_base_set` in this scope
[INFO] [stdout]   --> src/lib.rs:389:7
[INFO] [stdout]    |
[INFO] [stdout] 16 |     #[in_base_set(CoreSet::PreUpdate)] // Implementer can specify SystemSet
[INFO] [stdout]    |       ^^^^^^^^^^^
[INFO] [stdout] 
[INFO] [stdout] error: cannot find attribute `before` in this scope
[INFO] [stdout]   --> src/lib.rs:390:7
[INFO] [stdout]    |
[INFO] [stdout] 17 |     #[before(apply_system_buffers)] // ... relative ordering ...
[INFO] [stdout]    |       ^^^^^^
[INFO] [stdout] 
[INFO] [stdout] error: cannot find attribute `in_schedule` in this scope
[INFO] [stdout]   --> src/lib.rs:391:7
[INFO] [stdout]    |
[INFO] [stdout] 18 |     #[in_schedule(CoreSchedule::Main)] // ... and even schedule
[INFO] [stdout]    |       ^^^^^^^^^^^
[INFO] [stdout] 
[INFO] [stdout] error: cannot find derive macro `Component` in this scope
[INFO] [stdout]   --> src/lib.rs:384:10
[INFO] [stdout]    |
[INFO] [stdout] 11 | #[derive(Component, Copy, Clone)]
[INFO] [stdout]    |          ^^^^^^^^^
[INFO] [stdout]    |
[INFO] [stdout] help: consider importing this derive macro
[INFO] [stdout]    |
[INFO] [stdout] 2  + use bevy::ecs::component::Component;
[INFO] [stdout]    |
[INFO] [stdout] 
[INFO] [stdout] error: cannot find derive macro `Component` in this scope
[INFO] [stdout]  --> src/lib.rs:381:10
[INFO] [stdout]   |
[INFO] [stdout] 8 | #[derive(Component)]
[INFO] [stdout]   |          ^^^^^^^^^
[INFO] [stdout]   |
[INFO] [stdout] help: consider importing this derive macro
[INFO] [stdout]   |
[INFO] [stdout] 2 + use bevy::ecs::component::Component;
[INFO] [stdout]   |
[INFO] [stdout] 
[INFO] [stdout] error: cannot find attribute `system_app_config` in this scope
[INFO] [stdout]  --> src/lib.rs:377:7
[INFO] [stdout]   |
[INFO] [stdout] 4 |     #[system_app_config]
[INFO] [stdout]   |       ^^^^^^^^^^^^^^^^^
[INFO] [stdout]   |
[INFO] [stdout] help: consider importing this attribute macro
[INFO] [stdout]   |
[INFO] [stdout] 2 + use bevy_trait::system_app_config;
[INFO] [stdout]   |
[INFO] [stdout] 
[INFO] [stdout] error[E0412]: cannot find type `Query` in this scope
[INFO] [stdout]   --> src/lib.rs:393:16
[INFO] [stdout]    |
[INFO] [stdout] 20 |         cacti: Query<&GlobalTransform, With<Cactus>>,
[INFO] [stdout]    |                ^^^^^ not found in this scope
[INFO] [stdout]    |
[INFO] [stdout] help: consider importing this struct
[INFO] [stdout]    |
[INFO] [stdout] 2  + use bevy::ecs::system::Query;
[INFO] [stdout]    |
[INFO] [stdout] 
[INFO] [stdout] error[E0412]: cannot find type `GlobalTransform` in this scope
[INFO] [stdout]   --> src/lib.rs:393:23
[INFO] [stdout]    |
[INFO] [stdout] 20 |         cacti: Query<&GlobalTransform, With<Cactus>>,
[INFO] [stdout]    |                       ^^^^^^^^^^^^^^^ not found in this scope
[INFO] [stdout]    |
[INFO] [stdout] help: consider importing this struct
[INFO] [stdout]    |
[INFO] [stdout] 2  + use bevy::transform::components::GlobalTransform;
[INFO] [stdout]    |
[INFO] [stdout] 
[INFO] [stdout] error[E0412]: cannot find type `With` in this scope
[INFO] [stdout]   --> src/lib.rs:393:40
[INFO] [stdout]    |
[INFO] [stdout] 20 |         cacti: Query<&GlobalTransform, With<Cactus>>,
[INFO] [stdout]    |                                        ^^^^ not found in this scope
[INFO] [stdout]    |
[INFO] [stdout] help: consider importing this struct
[INFO] [stdout]    |
[INFO] [stdout] 2  + use bevy::ecs::query::With;
[INFO] [stdout]    |
[INFO] [stdout] 
[INFO] [stdout] error[E0412]: cannot find type `Query` in this scope
[INFO] [stdout]   --> src/lib.rs:394:20
[INFO] [stdout]    |
[INFO] [stdout] 21 |         creatures: Query<(&GlobalTransform, &mut Health), Without<Cactus>>,
[INFO] [stdout]    |                    ^^^^^ not found in this scope
[INFO] [stdout]    |
[INFO] [stdout] help: consider importing this struct
[INFO] [stdout]    |
[INFO] [stdout] 2  + use bevy::ecs::system::Query;
[INFO] [stdout]    |
[INFO] [stdout] 
[INFO] [stdout] error[E0412]: cannot find type `GlobalTransform` in this scope
[INFO] [stdout]   --> src/lib.rs:394:28
[INFO] [stdout]    |
[INFO] [stdout] 21 |         creatures: Query<(&GlobalTransform, &mut Health), Without<Cactus>>,
[INFO] [stdout]    |                            ^^^^^^^^^^^^^^^ not found in this scope
[INFO] [stdout]    |
[INFO] [stdout] help: consider importing this struct
[INFO] [stdout]    |
[INFO] [stdout] 2  + use bevy::transform::components::GlobalTransform;
[INFO] [stdout]    |
[INFO] [stdout] 
[INFO] [stdout] error[E0412]: cannot find type `Without` in this scope
[INFO] [stdout]   --> src/lib.rs:394:59
[INFO] [stdout]    |
[INFO] [stdout] 21 |         creatures: Query<(&GlobalTransform, &mut Health), Without<Cactus>>,
[INFO] [stdout]    |                                                           ^^^^^^^ not found in this scope
[INFO] [stdout]    |
[INFO] [stdout] help: consider importing this struct
[INFO] [stdout]    |
[INFO] [stdout] 2  + use bevy::ecs::query::Without;
[INFO] [stdout]    |
[INFO] [stdout] 
[INFO] [stdout] error[E0433]: failed to resolve: use of undeclared type `App`
[INFO] [stdout]   --> src/lib.rs:407:5
[INFO] [stdout]    |
[INFO] [stdout] 34 |     App::new()
[INFO] [stdout]    |     ^^^ use of undeclared type `App`
[INFO] [stdout]    |
[INFO] [stdout] help: consider importing this struct
[INFO] [stdout]    |
[INFO] [stdout] 2  + use bevy::app::App;
[INFO] [stdout]    |
[INFO] [stdout] 
[INFO] [stdout] error[E0425]: cannot find value `DefaultPlugins` in this scope
[INFO] [stdout]   --> src/lib.rs:408:22
[INFO] [stdout]    |
[INFO] [stdout] 35 |         .add_plugins(DefaultPlugins)
[INFO] [stdout]    |                      ^^^^^^^^^^^^^^ not found in this scope
[INFO] [stdout]    |
[INFO] [stdout] help: consider importing this unit struct
[INFO] [stdout]    |
[INFO] [stdout] 2  + use bevy::DefaultPlugins;
[INFO] [stdout]    |
[INFO] [stdout] 
[INFO] [stdout] error[E0186]: method `update` has a `&self` declaration in the trait, but not in the impl
[INFO] [stdout]   --> src/lib.rs:392:5
[INFO] [stdout]    |
[INFO] [stdout] 5  |       fn update(&self);
[INFO] [stdout]    |       ----------------- `&self` used in trait
[INFO] [stdout] ...
[INFO] [stdout] 19 | /     fn update(
[INFO] [stdout] 20 | |         cacti: Query<&GlobalTransform, With<Cactus>>,
[INFO] [stdout] 21 | |         creatures: Query<(&GlobalTransform, &mut Health), Without<Cactus>>,
[INFO] [stdout] 22 | |     ) {
[INFO] [stdout]    | |_____^ expected `&self` in impl
[INFO] [stdout] 
[INFO] [stdout] error: aborting due to 16 previous errors
[INFO] [stdout] 
[INFO] [stdout] Some errors have detailed explanations: E0186, E0412, E0425, E0433.
[INFO] [stdout] For more information about an error, try `rustc --explain E0186`.
[INFO] [stdout] Couldn't compile the test.
[INFO] [stdout] ---- src/lib.rs - system_config (line 254) stdout ----
[INFO] [stdout] error: cannot find attribute `system_config` in this scope
[INFO] [stdout]   --> src/lib.rs:267:7
[INFO] [stdout]    |
[INFO] [stdout] 15 |     #[system_config(&self)]
[INFO] [stdout]    |       ^^^^^^^^^^^^^
[INFO] [stdout]    |
[INFO] [stdout] help: consider importing this attribute macro
[INFO] [stdout]    |
[INFO] [stdout] 2  + use bevy_trait::system_config;
[INFO] [stdout]    |
[INFO] [stdout] 
[INFO] [stdout] error: cannot find attribute `in_base_set` in this scope
[INFO] [stdout]   --> src/lib.rs:268:7
[INFO] [stdout]    |
[INFO] [stdout] 16 |     #[in_base_set(CoreSet::PreUpdate)] // Implementer can specify SystemSet
[INFO] [stdout]    |       ^^^^^^^^^^^
[INFO] [stdout] 
[INFO] [stdout] error: cannot find attribute `before` in this scope
[INFO] [stdout]   --> src/lib.rs:269:7
[INFO] [stdout]    |
[INFO] [stdout] 17 |     #[before(apply_system_buffers)] // ... and even relative ordering
[INFO] [stdout]    |       ^^^^^^
[INFO] [stdout] 
[INFO] [stdout] error: cannot find derive macro `Component` in this scope
[INFO] [stdout]   --> src/lib.rs:263:10
[INFO] [stdout]    |
[INFO] [stdout] 11 | #[derive(Component, Copy, Clone)]
[INFO] [stdout]    |          ^^^^^^^^^
[INFO] [stdout]    |
[INFO] [stdout] help: consider importing this derive macro
[INFO] [stdout]    |
[INFO] [stdout] 2  + use bevy::ecs::component::Component;
[INFO] [stdout]    |
[INFO] [stdout] 
[INFO] [stdout] error: cannot find derive macro `Component` in this scope
[INFO] [stdout]  --> src/lib.rs:260:10
[INFO] [stdout]   |
[INFO] [stdout] 8 | #[derive(Component)]
[INFO] [stdout]   |          ^^^^^^^^^
[INFO] [stdout]   |
[INFO] [stdout] help: consider importing this derive macro
[INFO] [stdout]   |
[INFO] [stdout] 2 + use bevy::ecs::component::Component;
[INFO] [stdout]   |
[INFO] [stdout] 
[INFO] [stdout] error: cannot find attribute `system_config` in this scope
[INFO] [stdout]  --> src/lib.rs:256:7
[INFO] [stdout]   |
[INFO] [stdout] 4 |     #[system_config]
[INFO] [stdout]   |       ^^^^^^^^^^^^^
[INFO] [stdout]   |
[INFO] [stdout] help: consider importing this attribute macro
[INFO] [stdout]   |
[INFO] [stdout] 2 + use bevy_trait::system_config;
[INFO] [stdout]   |
[INFO] [stdout] 
[INFO] [stdout] error[E0412]: cannot find type `Query` in this scope
[INFO] [stdout]   --> src/lib.rs:271:16
[INFO] [stdout]    |
[INFO] [stdout] 19 |         cacti: Query<&GlobalTransform, With<Cactus>>,
[INFO] [stdout]    |                ^^^^^ not found in this scope
[INFO] [stdout]    |
[INFO] [stdout] help: consider importing this struct
[INFO] [stdout]    |
[INFO] [stdout] 2  + use bevy::ecs::system::Query;
[INFO] [stdout]    |
[INFO] [stdout] 
[INFO] [stdout] error[E0412]: cannot find type `GlobalTransform` in this scope
[INFO] [stdout]   --> src/lib.rs:271:23
[INFO] [stdout]    |
[INFO] [stdout] 19 |         cacti: Query<&GlobalTransform, With<Cactus>>,
[INFO] [stdout]    |                       ^^^^^^^^^^^^^^^ not found in this scope
[INFO] [stdout]    |
[INFO] [stdout] help: consider importing this struct
[INFO] [stdout]    |
[INFO] [stdout] 2  + use bevy::transform::components::GlobalTransform;
[INFO] [stdout]    |
[INFO] [stdout] 
[INFO] [stdout] error[E0412]: cannot find type `With` in this scope
[INFO] [stdout]   --> src/lib.rs:271:40
[INFO] [stdout]    |
[INFO] [stdout] 19 |         cacti: Query<&GlobalTransform, With<Cactus>>,
[INFO] [stdout]    |                                        ^^^^ not found in this scope
[INFO] [stdout]    |
[INFO] [stdout] help: consider importing this struct
[INFO] [stdout]    |
[INFO] [stdout] 2  + use bevy::ecs::query::With;
[INFO] [stdout]    |
[INFO] [stdout] 
[INFO] [stdout] error[E0412]: cannot find type `Query` in this scope
[INFO] [stdout]   --> src/lib.rs:272:20
[INFO] [stdout]    |
[INFO] [stdout] 20 |         creatures: Query<(&GlobalTransform, &mut Health), Without<Cactus>>,
[INFO] [stdout]    |                    ^^^^^ not found in this scope
[INFO] [stdout]    |
[INFO] [stdout] help: consider importing this struct
[INFO] [stdout]    |
[INFO] [stdout] 2  + use bevy::ecs::system::Query;
[INFO] [stdout]    |
[INFO] [stdout] 
[INFO] [stdout] error[E0412]: cannot find type `GlobalTransform` in this scope
[INFO] [stdout]   --> src/lib.rs:272:28
[INFO] [stdout]    |
[INFO] [stdout] 20 |         creatures: Query<(&GlobalTransform, &mut Health), Without<Cactus>>,
[INFO] [stdout]    |                            ^^^^^^^^^^^^^^^ not found in this scope
[INFO] [stdout]    |
[INFO] [stdout] help: consider importing this struct
[INFO] [stdout]    |
[INFO] [stdout] 2  + use bevy::transform::components::GlobalTransform;
[INFO] [stdout]    |
[INFO] [stdout] 
[INFO] [stdout] error[E0412]: cannot find type `Without` in this scope
[INFO] [stdout]   --> src/lib.rs:272:59
[INFO] [stdout]    |
[INFO] [stdout] 20 |         creatures: Query<(&GlobalTransform, &mut Health), Without<Cactus>>,
[INFO] [stdout]    |                                                           ^^^^^^^ not found in this scope
[INFO] [stdout]    |
[INFO] [stdout] help: consider importing this struct
[INFO] [stdout]    |
[INFO] [stdout] 2  + use bevy::ecs::query::Without;
[INFO] [stdout]    |
[INFO] [stdout] 
[INFO] [stdout] error[E0433]: failed to resolve: use of undeclared type `App`
[INFO] [stdout]   --> src/lib.rs:285:5
[INFO] [stdout]    |
[INFO] [stdout] 33 |     App::new()
[INFO] [stdout]    |     ^^^ use of undeclared type `App`
[INFO] [stdout]    |
[INFO] [stdout] help: consider importing this struct
[INFO] [stdout]    |
[INFO] [stdout] 2  + use bevy::app::App;
[INFO] [stdout]    |
[INFO] [stdout] 
[INFO] [stdout] error[E0425]: cannot find value `DefaultPlugins` in this scope
[INFO] [stdout]   --> src/lib.rs:286:22
[INFO] [stdout]    |
[INFO] [stdout] 34 |         .add_plugins(DefaultPlugins)
[INFO] [stdout]    |                      ^^^^^^^^^^^^^^ not found in this scope
[INFO] [stdout]    |
[INFO] [stdout] help: consider importing this unit struct
[INFO] [stdout]    |
[INFO] [stdout] 2  + use bevy::DefaultPlugins;
[INFO] [stdout]    |
[INFO] [stdout] 
[INFO] [stdout] error[E0186]: method `update` has a `&self` declaration in the trait, but not in the impl
[INFO] [stdout]   --> src/lib.rs:270:5
[INFO] [stdout]    |
[INFO] [stdout] 5  |       fn update(&self);
[INFO] [stdout]    |       ----------------- `&self` used in trait
[INFO] [stdout] ...
[INFO] [stdout] 18 | /     fn update(
[INFO] [stdout] 19 | |         cacti: Query<&GlobalTransform, With<Cactus>>,
[INFO] [stdout] 20 | |         creatures: Query<(&GlobalTransform, &mut Health), Without<Cactus>>,
[INFO] [stdout] 21 | |     ) {
[INFO] [stdout]    | |_____^ expected `&self` in impl
[INFO] [stdout] 
[INFO] [stdout] error: aborting due to 15 previous errors
[INFO] [stdout] 
[INFO] [stdout] Some errors have detailed explanations: E0186, E0412, E0425, E0433.
[INFO] [stdout] For more information about an error, try `rustc --explain E0186`.
[INFO] [stdout] Couldn't compile the test.
[INFO] [stdout] 
[INFO] [stdout] failures:
[INFO] [stdout]     src/lib.rs - system (line 124)
[INFO] [stdout]     src/lib.rs - system (line 159)
[INFO] [stdout]     src/lib.rs - system_app_config (line 337)
[INFO] [stdout]     src/lib.rs - system_app_config (line 375)
[INFO] [stdout]     src/lib.rs - system_config (line 217)
[INFO] [stdout]     src/lib.rs - system_config (line 254)
[INFO] [stdout] 
[INFO] [stdout] test result: FAILED. 0 passed; 6 failed; 0 ignored; 0 measured; 0 filtered out; finished in 1.05s
[INFO] [stdout] 
[INFO] [stderr] error: doctest failed, to rerun pass `--doc`
[INFO] running `Command { std: "docker" "inspect" "7d539fb323c00090fa586a48c6ff27bd969746bc7e6da315202f17ec3c4db601", kill_on_drop: false }`
[INFO] running `Command { std: "docker" "rm" "-f" "7d539fb323c00090fa586a48c6ff27bd969746bc7e6da315202f17ec3c4db601", kill_on_drop: false }`
[INFO] [stdout] 7d539fb323c00090fa586a48c6ff27bd969746bc7e6da315202f17ec3c4db601
