[INFO] fetching crate bevy_tileset_core 0.8.0...
[INFO] testing bevy_tileset_core-0.8.0 against beta-2024-12-08 for beta-1.84.0-4-retry
[INFO] extracting crate bevy_tileset_core 0.8.0 into /workspace/builds/worker-1-tc2/source
[INFO] validating manifest of crates.io crate bevy_tileset_core 0.8.0 on toolchain beta-2024-12-08
[INFO] running `Command { std: CARGO_HOME="/workspace/cargo-home" RUSTUP_HOME="/workspace/rustup-home" "/workspace/cargo-home/bin/cargo" "+beta-2024-12-08" "metadata" "--manifest-path" "Cargo.toml" "--no-deps", kill_on_drop: false }`
[INFO] started tweaking crates.io crate bevy_tileset_core 0.8.0
[INFO] finished tweaking crates.io crate bevy_tileset_core 0.8.0
[INFO] tweaked toml for crates.io crate bevy_tileset_core 0.8.0 written to /workspace/builds/worker-1-tc2/source/Cargo.toml
[INFO] running `Command { std: CARGO_HOME="/workspace/cargo-home" RUSTUP_HOME="/workspace/rustup-home" "/workspace/cargo-home/bin/cargo" "+beta-2024-12-08" "generate-lockfile" "--manifest-path" "Cargo.toml", kill_on_drop: false }`
[INFO] [stderr]     Updating crates.io index
[INFO] [stderr]      Locking 297 packages to latest compatible versions
[INFO] [stderr]       Adding bevy v0.11.3 (available: v0.15.0)
[INFO] [stderr]       Adding block-sys v0.1.0-beta.1 (available: v0.1.0-beta.2)
[INFO] [stderr]       Adding block2 v0.2.0-alpha.6 (available: v0.2.0)
[INFO] [stderr]       Adding objc-sys v0.2.0-beta.2 (available: v0.2.0-beta.3)
[INFO] [stderr]       Adding objc2 v0.3.0-beta.3.patch-leaks.3 (available: v0.3.0-beta.5)
[INFO] [stderr]       Adding objc2-encode v2.0.0-pre.2 (available: v2.0.0)
[INFO] [stderr]       Adding thiserror v1.0.69 (available: v2.0.7)
[INFO] [stderr]       Adding wasm-bindgen-futures v0.4.45 (available: v0.4.49)
[INFO] [stderr]       Adding web-sys v0.3.72 (available: v0.3.76)
[INFO] running `Command { std: CARGO_HOME="/workspace/cargo-home" RUSTUP_HOME="/workspace/rustup-home" "/workspace/cargo-home/bin/cargo" "+beta-2024-12-08" "fetch" "--manifest-path" "Cargo.toml", kill_on_drop: false }`
[INFO] running `Command { std: "docker" "create" "-v" "/var/lib/crater-agent-workspace/builds/worker-1-tc2/target:/opt/rustwide/target:rw,Z" "-v" "/var/lib/crater-agent-workspace/builds/worker-1-tc2/source:/opt/rustwide/workdir:ro,Z" "-v" "/var/lib/crater-agent-workspace/cargo-home:/opt/rustwide/cargo-home:ro,Z" "-v" "/var/lib/crater-agent-workspace/rustup-home:/opt/rustwide/rustup-home:ro,Z" "-e" "SOURCE_DIR=/opt/rustwide/workdir" "-e" "CARGO_TARGET_DIR=/opt/rustwide/target" "-e" "CARGO_HOME=/opt/rustwide/cargo-home" "-e" "RUSTUP_HOME=/opt/rustwide/rustup-home" "-w" "/opt/rustwide/workdir" "-m" "1610612736" "--user" "0:0" "--network" "none" "ghcr.io/rust-lang/crates-build-env/linux@sha256:f3a9d4ad9d972b27faf3965f35b62e55ba32bbce8f20bc8fe909558a86702fde" "/opt/rustwide/cargo-home/bin/cargo" "+beta-2024-12-08" "metadata" "--no-deps" "--format-version=1", kill_on_drop: false }`
[INFO] [stdout] 325d163d481d644f6cbcae8cf46dfbf56a8f2e5f34c0963d0b7e9acd7db1238b
[INFO] running `Command { std: "docker" "start" "-a" "325d163d481d644f6cbcae8cf46dfbf56a8f2e5f34c0963d0b7e9acd7db1238b", kill_on_drop: false }`
[INFO] running `Command { std: "docker" "inspect" "325d163d481d644f6cbcae8cf46dfbf56a8f2e5f34c0963d0b7e9acd7db1238b", kill_on_drop: false }`
[INFO] running `Command { std: "docker" "rm" "-f" "325d163d481d644f6cbcae8cf46dfbf56a8f2e5f34c0963d0b7e9acd7db1238b", kill_on_drop: false }`
[INFO] [stdout] 325d163d481d644f6cbcae8cf46dfbf56a8f2e5f34c0963d0b7e9acd7db1238b
[INFO] running `Command { std: "docker" "create" "-v" "/var/lib/crater-agent-workspace/builds/worker-1-tc2/target:/opt/rustwide/target:rw,Z" "-v" "/var/lib/crater-agent-workspace/builds/worker-1-tc2/source:/opt/rustwide/workdir:ro,Z" "-v" "/var/lib/crater-agent-workspace/cargo-home:/opt/rustwide/cargo-home:ro,Z" "-v" "/var/lib/crater-agent-workspace/rustup-home:/opt/rustwide/rustup-home:ro,Z" "-e" "SOURCE_DIR=/opt/rustwide/workdir" "-e" "CARGO_TARGET_DIR=/opt/rustwide/target" "-e" "CARGO_INCREMENTAL=0" "-e" "RUST_BACKTRACE=full" "-e" "RUSTFLAGS=--cap-lints=warn" "-e" "RUSTDOCFLAGS=--cap-lints=warn" "-e" "CARGO_HOME=/opt/rustwide/cargo-home" "-e" "RUSTUP_HOME=/opt/rustwide/rustup-home" "-w" "/opt/rustwide/workdir" "-m" "1610612736" "--user" "0:0" "--network" "none" "ghcr.io/rust-lang/crates-build-env/linux@sha256:f3a9d4ad9d972b27faf3965f35b62e55ba32bbce8f20bc8fe909558a86702fde" "/opt/rustwide/cargo-home/bin/cargo" "+beta-2024-12-08" "build" "--frozen" "--message-format=json", kill_on_drop: false }`
[INFO] [stdout] 5534ec86391af74fb8b865fc7389351ffb114d32395ff104c3a573a5f90ccde3
[INFO] running `Command { std: "docker" "start" "-a" "5534ec86391af74fb8b865fc7389351ffb114d32395ff104c3a573a5f90ccde3", kill_on_drop: false }`
[INFO] [stderr]    Compiling proc-macro2 v1.0.92
[INFO] [stderr]    Compiling unicode-ident v1.0.14
[INFO] [stderr]    Compiling autocfg v1.4.0
[INFO] [stderr]    Compiling cfg-if v1.0.0
[INFO] [stderr]    Compiling serde v1.0.216
[INFO] [stderr]    Compiling once_cell v1.20.2
[INFO] [stderr]    Compiling rustc-hash v1.1.0
[INFO] [stderr]    Compiling pin-project-lite v0.2.15
[INFO] [stderr]    Compiling equivalent v1.0.1
[INFO] [stderr]    Compiling hashbrown v0.15.2
[INFO] [stderr]    Compiling thiserror v1.0.69
[INFO] [stderr]    Compiling memchr v2.7.4
[INFO] [stderr]    Compiling version_check v0.9.5
[INFO] [stderr]    Compiling futures-core v0.3.31
[INFO] [stderr]    Compiling zerocopy v0.7.35
[INFO] [stderr]    Compiling winnow v0.5.40
[INFO] [stderr]    Compiling toml_datetime v0.6.8
[INFO] [stderr]    Compiling getrandom v0.2.15
[INFO] [stderr]    Compiling parking_lot_core v0.9.10
[INFO] [stderr]    Compiling crossbeam-utils v0.8.20
[INFO] [stderr]    Compiling allocator-api2 v0.2.21
[INFO] [stderr]    Compiling libc v0.2.168
[INFO] [stderr]    Compiling tracing-core v0.1.33
[INFO] [stderr]    Compiling scopeguard v1.2.0
[INFO] [stderr]    Compiling futures-io v0.3.31
[INFO] [stderr]    Compiling bit-vec v0.6.3
[INFO] [stderr]    Compiling fixedbitset v0.4.2
[INFO] [stderr]    Compiling futures-lite v2.5.0
[INFO] [stderr]    Compiling instant v0.1.13
[INFO] [stderr]    Compiling ahash v0.8.11
[INFO] [stderr]    Compiling fastrand v2.3.0
[INFO] [stderr]    Compiling event-listener v2.5.3
[INFO] [stderr]    Compiling waker-fn v1.2.0
[INFO] [stderr]    Compiling async-task v4.7.1
[INFO] [stderr]    Compiling fastrand v1.9.0
[INFO] [stderr]    Compiling bit-set v0.5.3
[INFO] [stderr]    Compiling lock_api v0.4.12
[INFO] [stderr]    Compiling slab v0.4.9
[INFO] [stderr]    Compiling parking v2.2.1
[INFO] [stderr]    Compiling thread_local v1.1.8
[INFO] [stderr]    Compiling smol_str v0.2.2
[INFO] [stderr]    Compiling futures-lite v1.13.0
[INFO] [stderr]    Compiling bevy_ptr v0.11.3
[INFO] [stderr]    Compiling indexmap v2.7.0
[INFO] [stderr]    Compiling downcast-rs v1.2.1
[INFO] [stderr]    Compiling num-traits v0.2.19
[INFO] [stderr]    Compiling bitflags v1.3.2
[INFO] [stderr]    Compiling aho-corasick v1.1.3
[INFO] [stderr]    Compiling regex-syntax v0.8.5
[INFO] [stderr]    Compiling concurrent-queue v2.5.0
[INFO] [stderr]    Compiling regex-syntax v0.6.29
[INFO] [stderr]    Compiling quote v1.0.37
[INFO] [stderr]    Compiling indexmap v1.9.3
[INFO] [stderr]    Compiling lazy_static v1.5.0
[INFO] [stderr]    Compiling overload v0.1.1
[INFO] [stderr]    Compiling async-channel v1.9.0
[INFO] [stderr]    Compiling async-executor v1.13.1
[INFO] [stderr]    Compiling nu-ansi-term v0.46.0
[INFO] [stderr]    Compiling sharded-slab v0.1.7
[INFO] [stderr]    Compiling syn v2.0.90
[INFO] [stderr]    Compiling tracing-log v0.2.0
[INFO] [stderr]    Compiling hashbrown v0.12.3
[INFO] [stderr]    Compiling unicode-xid v0.2.6
[INFO] [stderr]    Compiling unicode-width v0.1.14
[INFO] [stderr]    Compiling bevy_tasks v0.11.3
[INFO] [stderr]    Compiling termcolor v1.4.1
[INFO] [stderr]    Compiling pp-rs v0.2.1
[INFO] [stderr]    Compiling tracing-log v0.1.4
[INFO] [stderr]    Compiling libloading v0.7.4
[INFO] [stderr]    Compiling petgraph v0.6.5
[INFO] [stderr]    Compiling uuid v1.11.0
[INFO] [stderr]    Compiling ash v0.37.3+1.3.251
[INFO] [stderr]    Compiling codespan-reporting v0.11.1
[INFO] [stderr]    Compiling hexf-parse v0.2.1
[INFO] [stderr]    Compiling khronos-egl v4.1.0
[INFO] [stderr]    Compiling spirv v0.2.0+1.5.4
[INFO] [stderr]    Compiling simd-adler32 v0.3.7
[INFO] [stderr]    Compiling gpu-alloc-types v0.2.0
[INFO] [stderr]    Compiling adler2 v2.0.0
[INFO] [stderr]    Compiling raw-window-handle v0.5.2
[INFO] [stderr]    Compiling gpu-alloc v0.5.4
[INFO] [stderr]    Compiling crossbeam-channel v0.5.13
[INFO] [stderr]    Compiling miniz_oxide v0.8.0
[INFO] [stderr]    Compiling toml_edit v0.19.15
[INFO] [stderr]    Compiling libloading v0.8.6
[INFO] [stderr]    Compiling crc32fast v1.4.2
[INFO] [stderr]    Compiling profiling v1.0.16
[INFO] [stderr]    Compiling renderdoc-sys v1.1.0
[INFO] [stderr]    Compiling glow v0.12.3
[INFO] [stderr]    Compiling anyhow v1.0.94
[INFO] [stderr]    Compiling arrayvec v0.7.6
[INFO] [stderr]    Compiling flate2 v1.0.35
[INFO] [stderr]    Compiling fdeflate v0.3.7
[INFO] [stderr]    Compiling sysinfo v0.29.11
[INFO] [stderr]    Compiling const_soft_float v0.1.4
[INFO] [stderr]    Compiling byteorder v1.5.0
[INFO] [stderr]    Compiling constgebra v0.1.4
[INFO] [stderr]    Compiling regex-automata v0.1.10
[INFO] [stderr]    Compiling const_panic v0.2.10
[INFO] [stderr]    Compiling static_assertions v1.1.0
[INFO] [stderr]    Compiling data-encoding v2.6.0
[INFO] [stderr]    Compiling png v0.17.15
[INFO] [stderr]    Compiling color_quant v1.1.0
[INFO] [stderr]    Compiling euclid v0.22.11
[INFO] [stderr]    Compiling svg_fmt v0.4.4
[INFO] [stderr]    Compiling radsort v0.1.1
[INFO] [stderr]    Compiling rectangle-pack v0.4.2
[INFO] [stderr]    Compiling regex-automata v0.4.9
[INFO] [stderr]    Compiling futures-sink v0.3.31
[INFO] [stderr]    Compiling futures-channel v0.3.31
[INFO] [stderr]    Compiling futures-task v0.3.31
[INFO] [stderr]    Compiling matchers v0.1.0
[INFO] [stderr]    Compiling pin-utils v0.1.0
[INFO] [stderr]    Compiling accesskit v0.11.2
[INFO] [stderr]    Compiling base64 v0.21.7
[INFO] [stderr]    Compiling guillotiere v0.6.2
[INFO] [stderr]    Compiling bevy_macro_utils v0.11.3
[INFO] [stderr]    Compiling encase_derive_impl v0.6.1
[INFO] [stderr]    Compiling regex v1.11.1
[INFO] [stderr]    Compiling serde_derive v1.0.216
[INFO] [stderr]    Compiling thiserror-impl v1.0.69
[INFO] [stderr]    Compiling bytemuck_derive v1.8.0
[INFO] [stderr]    Compiling tracing-attributes v0.1.28
[INFO] [stderr]    Compiling bevy_utils_proc_macros v0.11.3
[INFO] [stderr]    Compiling bevy_reflect_derive v0.11.3
[INFO] [stderr]    Compiling bevy_ecs_macros v0.11.3
[INFO] [stderr]    Compiling bevy_derive v0.11.3
[INFO] [stderr]    Compiling encase_derive v0.6.1
[INFO] [stderr]    Compiling bevy_render_macros v0.11.3
[INFO] [stderr]    Compiling bevy_encase_derive v0.11.3
[INFO] [stderr]    Compiling futures-macro v0.3.31
[INFO] [stderr]    Compiling tracing v0.1.41
[INFO] [stderr]    Compiling bytemuck v1.20.0
[INFO] [stderr]    Compiling futures-util v0.3.31
[INFO] [stderr]    Compiling image v0.24.9
[INFO] [stderr]    Compiling naga v0.12.3
[INFO] [stderr]    Compiling futures-executor v0.3.31
[INFO] [stderr]    Compiling futures v0.3.31
[INFO] [stderr]    Compiling smallvec v1.13.2
[INFO] [stderr]    Compiling hashbrown v0.14.5
[INFO] [stderr]    Compiling glam v0.24.2
[INFO] [stderr]    Compiling erased-serde v0.3.31
[INFO] [stderr]    Compiling bitflags v2.6.0
[INFO] [stderr]    Compiling gpu-descriptor-types v0.1.2
[INFO] [stderr]    Compiling wgpu-types v0.16.1
[INFO] [stderr]    Compiling ron v0.8.1
[INFO] [stderr]    Compiling tracing-subscriber v0.3.19
[INFO] [stderr]    Compiling parking_lot v0.12.3
[INFO] [stderr]    Compiling naga_oil v0.8.2
[INFO] [stderr]    Compiling bevy_utils v0.11.3
[INFO] [stderr]    Compiling gpu-descriptor v0.2.4
[INFO] [stderr]    Compiling wgpu-hal v0.16.2
[INFO] [stderr]    Compiling bevy_math v0.11.3
[INFO] [stderr]    Compiling encase v0.6.1
[INFO] [stderr]    Compiling bevy_mikktspace v0.11.3
[INFO] [stderr]    Compiling hexasphere v9.1.0
[INFO] [stderr]    Compiling bevy_reflect v0.11.3
[INFO] [stderr]    Compiling wgpu-core v0.16.1
[INFO] [stderr]    Compiling bevy_ecs v0.11.3
[INFO] [stderr]    Compiling wgpu v0.16.3
[INFO] [stderr]    Compiling bevy_app v0.11.3
[INFO] [stderr]    Compiling bevy_core v0.11.3
[INFO] [stderr]    Compiling bevy_log v0.11.3
[INFO] [stderr]    Compiling bevy_time v0.11.3
[INFO] [stderr]    Compiling bevy_input v0.11.3
[INFO] [stderr]    Compiling bevy_a11y v0.11.3
[INFO] [stderr]    Compiling bevy_hierarchy v0.11.3
[INFO] [stderr]    Compiling bevy_transform v0.11.3
[INFO] [stderr]    Compiling bevy_diagnostic v0.11.3
[INFO] [stderr]    Compiling bevy_asset v0.11.3
[INFO] [stderr]    Compiling bevy_window v0.11.3
[INFO] [stderr]    Compiling bevy_render v0.11.3
[INFO] [stderr]    Compiling bevy_core_pipeline v0.11.3
[INFO] [stderr]    Compiling bevy_tileset_tiles v0.8.0
[INFO] [stderr]    Compiling bevy_sprite v0.11.3
[INFO] [stderr]    Compiling bevy_internal v0.11.3
[INFO] [stderr]    Compiling bevy_tile_atlas v0.7.0
[INFO] [stderr]    Compiling bevy v0.11.3
[INFO] [stderr]    Compiling bevy_tileset_core v0.8.0 (/opt/rustwide/workdir)
[INFO] [stdout] warning: unused import: `impls::*`
[INFO] [stdout]   --> src/tileset/mod.rs:12:9
[INFO] [stdout]    |
[INFO] [stdout] 12 | pub use impls::*;
[INFO] [stdout]    |         ^^^^^^^^
[INFO] [stdout]    |
[INFO] [stdout]    = note: `#[warn(unused_imports)]` on by default
[INFO] [stdout] 
[INFO] [stdout] 
[INFO] [stderr]     Finished `dev` profile [unoptimized + debuginfo] target(s) in 1m 50s
[INFO] running `Command { std: "docker" "inspect" "5534ec86391af74fb8b865fc7389351ffb114d32395ff104c3a573a5f90ccde3", kill_on_drop: false }`
[INFO] running `Command { std: "docker" "rm" "-f" "5534ec86391af74fb8b865fc7389351ffb114d32395ff104c3a573a5f90ccde3", kill_on_drop: false }`
[INFO] [stdout] 5534ec86391af74fb8b865fc7389351ffb114d32395ff104c3a573a5f90ccde3
[INFO] running `Command { std: "docker" "create" "-v" "/var/lib/crater-agent-workspace/builds/worker-1-tc2/target:/opt/rustwide/target:rw,Z" "-v" "/var/lib/crater-agent-workspace/builds/worker-1-tc2/source:/opt/rustwide/workdir:ro,Z" "-v" "/var/lib/crater-agent-workspace/cargo-home:/opt/rustwide/cargo-home:ro,Z" "-v" "/var/lib/crater-agent-workspace/rustup-home:/opt/rustwide/rustup-home:ro,Z" "-e" "SOURCE_DIR=/opt/rustwide/workdir" "-e" "CARGO_TARGET_DIR=/opt/rustwide/target" "-e" "CARGO_INCREMENTAL=0" "-e" "RUST_BACKTRACE=full" "-e" "RUSTFLAGS=--cap-lints=warn" "-e" "RUSTDOCFLAGS=--cap-lints=warn" "-e" "CARGO_HOME=/opt/rustwide/cargo-home" "-e" "RUSTUP_HOME=/opt/rustwide/rustup-home" "-w" "/opt/rustwide/workdir" "-m" "1610612736" "--user" "0:0" "--network" "none" "ghcr.io/rust-lang/crates-build-env/linux@sha256:f3a9d4ad9d972b27faf3965f35b62e55ba32bbce8f20bc8fe909558a86702fde" "/opt/rustwide/cargo-home/bin/cargo" "+beta-2024-12-08" "test" "--frozen" "--no-run" "--message-format=json", kill_on_drop: false }`
[INFO] [stdout] 9279a4644a05fa59f38430ef280b04d8f6358bef3ae3c9a0eef531a382007aaa
[INFO] running `Command { std: "docker" "start" "-a" "9279a4644a05fa59f38430ef280b04d8f6358bef3ae3c9a0eef531a382007aaa", kill_on_drop: false }`
[INFO] [stdout] warning: unused import: `impls::*`
[INFO] [stdout]   --> src/tileset/mod.rs:12:9
[INFO] [stdout]    |
[INFO] [stdout] 12 | pub use impls::*;
[INFO] [stdout]    |         ^^^^^^^^
[INFO] [stdout]    |
[INFO] [stdout]    = note: `#[warn(unused_imports)]` on by default
[INFO] [stdout] 
[INFO] [stdout] 
[INFO] [stderr]    Compiling bevy_tileset_core v0.8.0 (/opt/rustwide/workdir)
[INFO] [stdout] warning: unused import: `impls::*`
[INFO] [stdout]   --> src/tileset/mod.rs:12:9
[INFO] [stdout]    |
[INFO] [stdout] 12 | pub use impls::*;
[INFO] [stdout]    |         ^^^^^^^^
[INFO] [stdout]    |
[INFO] [stdout]    = note: `#[warn(unused_imports)]` on by default
[INFO] [stdout] 
[INFO] [stdout] 
[INFO] [stderr]     Finished `test` profile [unoptimized + debuginfo] target(s) in 4.25s
[INFO] running `Command { std: "docker" "inspect" "9279a4644a05fa59f38430ef280b04d8f6358bef3ae3c9a0eef531a382007aaa", kill_on_drop: false }`
[INFO] running `Command { std: "docker" "rm" "-f" "9279a4644a05fa59f38430ef280b04d8f6358bef3ae3c9a0eef531a382007aaa", kill_on_drop: false }`
[INFO] [stdout] 9279a4644a05fa59f38430ef280b04d8f6358bef3ae3c9a0eef531a382007aaa
[INFO] running `Command { std: "docker" "create" "-v" "/var/lib/crater-agent-workspace/builds/worker-1-tc2/target:/opt/rustwide/target:rw,Z" "-v" "/var/lib/crater-agent-workspace/builds/worker-1-tc2/source:/opt/rustwide/workdir:ro,Z" "-v" "/var/lib/crater-agent-workspace/cargo-home:/opt/rustwide/cargo-home:ro,Z" "-v" "/var/lib/crater-agent-workspace/rustup-home:/opt/rustwide/rustup-home:ro,Z" "-e" "SOURCE_DIR=/opt/rustwide/workdir" "-e" "CARGO_TARGET_DIR=/opt/rustwide/target" "-e" "CARGO_INCREMENTAL=0" "-e" "RUST_BACKTRACE=full" "-e" "RUSTFLAGS=--cap-lints=warn" "-e" "RUSTDOCFLAGS=--cap-lints=warn" "-e" "CARGO_HOME=/opt/rustwide/cargo-home" "-e" "RUSTUP_HOME=/opt/rustwide/rustup-home" "-w" "/opt/rustwide/workdir" "-m" "1610612736" "--user" "0:0" "--network" "none" "ghcr.io/rust-lang/crates-build-env/linux@sha256:f3a9d4ad9d972b27faf3965f35b62e55ba32bbce8f20bc8fe909558a86702fde" "/opt/rustwide/cargo-home/bin/cargo" "+beta-2024-12-08" "test" "--frozen", kill_on_drop: false }`
[INFO] [stdout] 3831f3691f75bf6c474712d641a7fa4c59b761ca479ca1d7637ec0e7a590331c
[INFO] running `Command { std: "docker" "start" "-a" "3831f3691f75bf6c474712d641a7fa4c59b761ca479ca1d7637ec0e7a590331c", kill_on_drop: false }`
[INFO] [stderr] warning: unused import: `impls::*`
[INFO] [stderr]   --> src/tileset/mod.rs:12:9
[INFO] [stderr]    |
[INFO] [stderr] 12 | pub use impls::*;
[INFO] [stderr]    |         ^^^^^^^^
[INFO] [stderr]    |
[INFO] [stderr]    = note: `#[warn(unused_imports)]` on by default
[INFO] [stderr] 
[INFO] [stderr] warning: `bevy_tileset_core` (lib) generated 1 warning (run `cargo fix --lib -p bevy_tileset_core` to apply 1 suggestion)
[INFO] [stderr] warning: `bevy_tileset_core` (lib test) generated 1 warning (1 duplicate)
[INFO] [stderr]     Finished `test` profile [unoptimized + debuginfo] target(s) in 0.25s
[INFO] [stderr]      Running unittests src/lib.rs (/opt/rustwide/target/debug/deps/bevy_tileset_core-7fdd2b0fae081329)
[INFO] [stdout] 
[INFO] [stdout] running 0 tests
[INFO] [stdout] 
[INFO] [stdout] test result: ok. 0 passed; 0 failed; 0 ignored; 0 measured; 0 filtered out; finished in 0.00s
[INFO] [stdout] 
[INFO] [stderr]    Doc-tests bevy_tileset_core
[INFO] [stdout] 
[INFO] [stdout] running 6 tests
[INFO] [stdout] test src/tileset/impls/mod.rs - tileset::impls::Tileset::get_base_tile_index (line 250) ... FAILED
[INFO] [stdout] test src/tileset/impls/mod.rs - tileset::impls::RawTileset::get_tile_index (line 255) ... FAILED
[INFO] [stdout] test src/tileset/impls/mod.rs - tileset::impls::Tileset::get_tile_index (line 254) ... FAILED
[INFO] [stdout] test src/tileset/impls/mod.rs - tileset::impls::RawTileset::get_base_tile_index (line 251) ... FAILED
[INFO] [stdout] test src/tileset/builder.rs - tileset::builder::TilesetBuilder::add_tile (line 99) ... FAILED
[INFO] [stdout] test src/tileset/load.rs - tileset::load::load_tile_handles (line 34) ... ok
[INFO] [stdout] 
[INFO] [stdout] failures:
[INFO] [stdout] 
[INFO] [stdout] ---- src/tileset/impls/mod.rs - tileset::impls::Tileset::get_base_tile_index (line 250) stdout ----
[INFO] [stdout] error[E0425]: cannot find value `tileset` in this scope
[INFO] [stdout]  --> src/tileset/impls/mod.rs:251:20
[INFO] [stdout]   |
[INFO] [stdout] 3 | let index: usize = tileset.get_base_tile_index("My Tile").unwrap();
[INFO] [stdout]   |                    ^^^^^^^ not found in this scope
[INFO] [stdout] 
[INFO] [stdout] error: aborting due to 1 previous error
[INFO] [stdout] 
[INFO] [stdout] For more information about this error, try `rustc --explain E0425`.
[INFO] [stdout] Couldn't compile the test.
[INFO] [stdout] ---- src/tileset/impls/mod.rs - tileset::impls::RawTileset::get_tile_index (line 255) stdout ----
[INFO] [stdout] error[E0425]: cannot find value `tileset` in this scope
[INFO] [stdout]  --> src/tileset/impls/mod.rs:259:24
[INFO] [stdout]   |
[INFO] [stdout] 7 | let index: TileIndex = tileset.get_tile_index("My Tile").unwrap();
[INFO] [stdout]   |                        ^^^^^^^ not found in this scope
[INFO] [stdout] 
[INFO] [stdout] error: aborting due to 1 previous error
[INFO] [stdout] 
[INFO] [stdout] For more information about this error, try `rustc --explain E0425`.
[INFO] [stdout] Couldn't compile the test.
[INFO] [stdout] ---- src/tileset/impls/mod.rs - tileset::impls::Tileset::get_tile_index (line 254) stdout ----
[INFO] [stdout] error[E0425]: cannot find value `tileset` in this scope
[INFO] [stdout]  --> src/tileset/impls/mod.rs:258:24
[INFO] [stdout]   |
[INFO] [stdout] 7 | let index: TileIndex = tileset.get_tile_index("My Tile").unwrap();
[INFO] [stdout]   |                        ^^^^^^^ not found in this scope
[INFO] [stdout] 
[INFO] [stdout] error: aborting due to 1 previous error
[INFO] [stdout] 
[INFO] [stdout] For more information about this error, try `rustc --explain E0425`.
[INFO] [stdout] Couldn't compile the test.
[INFO] [stdout] ---- src/tileset/impls/mod.rs - tileset::impls::RawTileset::get_base_tile_index (line 251) stdout ----
[INFO] [stdout] error[E0425]: cannot find value `tileset` in this scope
[INFO] [stdout]  --> src/tileset/impls/mod.rs:252:20
[INFO] [stdout]   |
[INFO] [stdout] 3 | let index: usize = tileset.get_base_tile_index("My Tile").unwrap();
[INFO] [stdout]   |                    ^^^^^^^ not found in this scope
[INFO] [stdout] 
[INFO] [stdout] error: aborting due to 1 previous error
[INFO] [stdout] 
[INFO] [stdout] For more information about this error, try `rustc --explain E0425`.
[INFO] [stdout] Couldn't compile the test.
[INFO] [stdout] ---- src/tileset/builder.rs - tileset::builder::TilesetBuilder::add_tile (line 99) stdout ----
[INFO] [stdout] error[E0432]: unresolved import `bevy_tileset_core::tiles`
[INFO] [stdout]  --> src/tileset/builder.rs:103:24
[INFO] [stdout]   |
[INFO] [stdout] 7 | use bevy_tileset_core::tiles::*;
[INFO] [stdout]   |                        ^^^^^ could not find `tiles` in `bevy_tileset_core`
[INFO] [stdout] 
[INFO] [stdout] error[E0277]: the trait bound `bevy::prelude::Res<'_, bevy::prelude::Assets<bevy::prelude::Image>>: bevy_tile_atlas::store::TextureStore` is not satisfied
[INFO] [stdout]    --> src/tileset/builder.rs:108:30
[INFO] [stdout]     |
[INFO] [stdout] 12  |     builder.add_tile(tile, 123, &textures);
[INFO] [stdout]     |             --------            ^^^^^^^^^ unsatisfied trait bound
[INFO] [stdout]     |             |
[INFO] [stdout]     |             required by a bound introduced by this call
[INFO] [stdout]     |
[INFO] [stdout]     = help: the trait `bevy_tile_atlas::store::TextureStore` is not implemented for `bevy::prelude::Res<'_, bevy::prelude::Assets<bevy::prelude::Image>>`
[INFO] [stdout]     = help: the following other types implement trait `bevy_tile_atlas::store::TextureStore`:
[INFO] [stdout]               ResMut<'w, T>
[INFO] [stdout]               bevy::prelude::Assets<bevy::prelude::Image>
[INFO] [stdout] note: required by a bound in `bevy_tileset_core::prelude::TilesetBuilder::add_tile`
[INFO] [stdout]    --> /opt/rustwide/workdir/src/tileset/builder.rs:111:26
[INFO] [stdout]     |
[INFO] [stdout] 111 |     pub fn add_tile<TStore: TextureStore>(
[INFO] [stdout]     |                             ^^^^^^^^^^^^ required by this bound in `TilesetBuilder::add_tile`
[INFO] [stdout] 
[INFO] [stdout] error: aborting due to 2 previous errors
[INFO] [stdout] 
[INFO] [stdout] Some errors have detailed explanations: E0277, E0432.
[INFO] [stdout] For more information about an error, try `rustc --explain E0277`.
[INFO] [stdout] Couldn't compile the test.
[INFO] [stdout] 
[INFO] [stdout] failures:
[INFO] [stdout]     src/tileset/builder.rs - tileset::builder::TilesetBuilder::add_tile (line 99)
[INFO] [stdout]     src/tileset/impls/mod.rs - tileset::impls::RawTileset::get_base_tile_index (line 251)
[INFO] [stdout]     src/tileset/impls/mod.rs - tileset::impls::RawTileset::get_tile_index (line 255)
[INFO] [stdout]     src/tileset/impls/mod.rs - tileset::impls::Tileset::get_base_tile_index (line 250)
[INFO] [stdout]     src/tileset/impls/mod.rs - tileset::impls::Tileset::get_tile_index (line 254)
[INFO] [stdout] 
[INFO] [stdout] test result: FAILED. 1 passed; 5 failed; 0 ignored; 0 measured; 0 filtered out; finished in 2.31s
[INFO] [stdout] 
[INFO] [stderr] error: doctest failed, to rerun pass `--doc`
[INFO] running `Command { std: "docker" "inspect" "3831f3691f75bf6c474712d641a7fa4c59b761ca479ca1d7637ec0e7a590331c", kill_on_drop: false }`
[INFO] running `Command { std: "docker" "rm" "-f" "3831f3691f75bf6c474712d641a7fa4c59b761ca479ca1d7637ec0e7a590331c", kill_on_drop: false }`
[INFO] [stdout] 3831f3691f75bf6c474712d641a7fa4c59b761ca479ca1d7637ec0e7a590331c
