[INFO] fetching crate bevy_serial 0.6.0...
[INFO] testing bevy_serial-0.6.0 against beta-2024-12-08 for beta-1.84.0-4-retry
[INFO] extracting crate bevy_serial 0.6.0 into /workspace/builds/worker-0-tc2/source
[INFO] validating manifest of crates.io crate bevy_serial 0.6.0 on toolchain beta-2024-12-08
[INFO] running `Command { std: CARGO_HOME="/workspace/cargo-home" RUSTUP_HOME="/workspace/rustup-home" "/workspace/cargo-home/bin/cargo" "+beta-2024-12-08" "metadata" "--manifest-path" "Cargo.toml" "--no-deps", kill_on_drop: false }`
[INFO] started tweaking crates.io crate bevy_serial 0.6.0
[INFO] finished tweaking crates.io crate bevy_serial 0.6.0
[INFO] tweaked toml for crates.io crate bevy_serial 0.6.0 written to /workspace/builds/worker-0-tc2/source/Cargo.toml
[INFO] crate crates.io crate bevy_serial 0.6.0 already has a lockfile, it will not be regenerated
[INFO] running `Command { std: CARGO_HOME="/workspace/cargo-home" RUSTUP_HOME="/workspace/rustup-home" "/workspace/cargo-home/bin/cargo" "+beta-2024-12-08" "fetch" "--manifest-path" "Cargo.toml", kill_on_drop: false }`
[INFO] running `Command { std: "docker" "create" "-v" "/var/lib/crater-agent-workspace/builds/worker-0-tc2/target:/opt/rustwide/target:rw,Z" "-v" "/var/lib/crater-agent-workspace/builds/worker-0-tc2/source:/opt/rustwide/workdir:ro,Z" "-v" "/var/lib/crater-agent-workspace/cargo-home:/opt/rustwide/cargo-home:ro,Z" "-v" "/var/lib/crater-agent-workspace/rustup-home:/opt/rustwide/rustup-home:ro,Z" "-e" "SOURCE_DIR=/opt/rustwide/workdir" "-e" "CARGO_TARGET_DIR=/opt/rustwide/target" "-e" "CARGO_HOME=/opt/rustwide/cargo-home" "-e" "RUSTUP_HOME=/opt/rustwide/rustup-home" "-w" "/opt/rustwide/workdir" "-m" "1610612736" "--user" "0:0" "--network" "none" "ghcr.io/rust-lang/crates-build-env/linux@sha256:f3a9d4ad9d972b27faf3965f35b62e55ba32bbce8f20bc8fe909558a86702fde" "/opt/rustwide/cargo-home/bin/cargo" "+beta-2024-12-08" "metadata" "--no-deps" "--format-version=1", kill_on_drop: false }`
[INFO] [stdout] 83726c7026181d63d7ecbfda627949eec0142cd240ef536797909377820b5077
[INFO] running `Command { std: "docker" "start" "-a" "83726c7026181d63d7ecbfda627949eec0142cd240ef536797909377820b5077", kill_on_drop: false }`
[INFO] running `Command { std: "docker" "inspect" "83726c7026181d63d7ecbfda627949eec0142cd240ef536797909377820b5077", kill_on_drop: false }`
[INFO] running `Command { std: "docker" "rm" "-f" "83726c7026181d63d7ecbfda627949eec0142cd240ef536797909377820b5077", kill_on_drop: false }`
[INFO] [stdout] 83726c7026181d63d7ecbfda627949eec0142cd240ef536797909377820b5077
[INFO] running `Command { std: "docker" "create" "-v" "/var/lib/crater-agent-workspace/builds/worker-0-tc2/target:/opt/rustwide/target:rw,Z" "-v" "/var/lib/crater-agent-workspace/builds/worker-0-tc2/source:/opt/rustwide/workdir:ro,Z" "-v" "/var/lib/crater-agent-workspace/cargo-home:/opt/rustwide/cargo-home:ro,Z" "-v" "/var/lib/crater-agent-workspace/rustup-home:/opt/rustwide/rustup-home:ro,Z" "-e" "SOURCE_DIR=/opt/rustwide/workdir" "-e" "CARGO_TARGET_DIR=/opt/rustwide/target" "-e" "CARGO_INCREMENTAL=0" "-e" "RUST_BACKTRACE=full" "-e" "RUSTFLAGS=--cap-lints=warn" "-e" "RUSTDOCFLAGS=--cap-lints=warn" "-e" "CARGO_HOME=/opt/rustwide/cargo-home" "-e" "RUSTUP_HOME=/opt/rustwide/rustup-home" "-w" "/opt/rustwide/workdir" "-m" "1610612736" "--user" "0:0" "--network" "none" "ghcr.io/rust-lang/crates-build-env/linux@sha256:f3a9d4ad9d972b27faf3965f35b62e55ba32bbce8f20bc8fe909558a86702fde" "/opt/rustwide/cargo-home/bin/cargo" "+beta-2024-12-08" "build" "--frozen" "--message-format=json", kill_on_drop: false }`
[INFO] [stdout] 82f4d117f111d938c2a6e5a042fe9f5ec96897004435f74efc16477556a2a09b
[INFO] running `Command { std: "docker" "start" "-a" "82f4d117f111d938c2a6e5a042fe9f5ec96897004435f74efc16477556a2a09b", kill_on_drop: false }`
[INFO] [stderr]    Compiling proc-macro2 v1.0.84
[INFO] [stderr]    Compiling unicode-ident v1.0.12
[INFO] [stderr]    Compiling cfg-if v1.0.0
[INFO] [stderr]    Compiling libc v0.2.155
[INFO] [stderr]    Compiling serde v1.0.203
[INFO] [stderr]    Compiling once_cell v1.19.0
[INFO] [stderr]    Compiling autocfg v1.3.0
[INFO] [stderr]    Compiling pin-project-lite v0.2.14
[INFO] [stderr]    Compiling equivalent v1.0.1
[INFO] [stderr]    Compiling crossbeam-utils v0.8.20
[INFO] [stderr]    Compiling version_check v0.9.4
[INFO] [stderr]    Compiling hashbrown v0.14.5
[INFO] [stderr]    Compiling thiserror v1.0.61
[INFO] [stderr]    Compiling toml_datetime v0.6.6
[INFO] [stderr]    Compiling zerocopy v0.7.34
[INFO] [stderr]    Compiling parking v2.2.0
[INFO] [stderr]    Compiling winnow v0.5.40
[INFO] [stderr]    Compiling rustc-hash v1.1.0
[INFO] [stderr]    Compiling allocator-api2 v0.2.18
[INFO] [stderr]    Compiling futures-core v0.3.30
[INFO] [stderr]    Compiling tracing-core v0.1.32
[INFO] [stderr]    Compiling fastrand v2.1.0
[INFO] [stderr]    Compiling futures-io v0.3.30
[INFO] [stderr]    Compiling bytemuck v1.16.0
[INFO] [stderr]    Compiling fixedbitset v0.4.2
[INFO] [stderr]    Compiling slab v0.4.9
[INFO] [stderr]    Compiling futures-lite v2.3.0
[INFO] [stderr]    Compiling nonmax v0.5.5
[INFO] [stderr]    Compiling async-task v4.7.1
[INFO] [stderr]    Compiling ahash v0.8.11
[INFO] [stderr]    Compiling tracing v0.1.40
[INFO] [stderr]    Compiling typeid v1.0.0
[INFO] [stderr]    Compiling web-time v0.2.4
[INFO] [stderr]    Compiling thread_local v1.1.8
[INFO] [stderr]    Compiling bevy_ptr v0.13.2
[INFO] [stderr]    Compiling smol_str v0.2.2
[INFO] [stderr]    Compiling downcast-rs v1.2.1
[INFO] [stderr]    Compiling log v0.4.21
[INFO] [stderr]    Compiling regex-syntax v0.8.3
[INFO] [stderr]    Compiling regex-syntax v0.6.29
[INFO] [stderr]    Compiling overload v0.1.1
[INFO] [stderr]    Compiling lazy_static v1.4.0
[INFO] [stderr]    Compiling tracing-log v0.2.0
[INFO] [stderr]    Compiling nu-ansi-term v0.46.0
[INFO] [stderr]    Compiling sharded-slab v0.1.7
[INFO] [stderr]    Compiling tracing-log v0.1.4
[INFO] [stderr]    Compiling quote v1.0.36
[INFO] [stderr]    Compiling indexmap v2.2.6
[INFO] [stderr]    Compiling concurrent-queue v2.5.0
[INFO] [stderr]    Compiling getrandom v0.2.15
[INFO] [stderr]    Compiling syn v2.0.66
[INFO] [stderr]    Compiling event-listener v5.3.1
[INFO] [stderr]    Compiling pkg-config v0.3.30
[INFO] [stderr]    Compiling uuid v1.8.0
[INFO] [stderr]    Compiling memoffset v0.7.1
[INFO] [stderr]    Compiling async-executor v1.12.0
[INFO] [stderr]    Compiling crossbeam-channel v0.5.13
[INFO] [stderr]    Compiling event-listener-strategy v0.5.2
[INFO] [stderr]    Compiling async-channel v2.3.1
[INFO] [stderr]    Compiling accesskit v0.12.3
[INFO] [stderr]    Compiling const-fnv1a-hash v1.1.0
[INFO] [stderr]    Compiling raw-window-handle v0.6.2
[INFO] [stderr]    Compiling bitflags v1.3.2
[INFO] [stderr]    Compiling sysinfo v0.30.12
[INFO] [stderr]    Compiling pin-utils v0.1.0
[INFO] [stderr]    Compiling bitflags v2.5.0
[INFO] [stderr]    Compiling bevy_tasks v0.13.2
[INFO] [stderr]    Compiling scopeguard v1.2.0
[INFO] [stderr]    Compiling libudev-sys v0.1.4
[INFO] [stderr]    Compiling nix v0.26.4
[INFO] [stderr]    Compiling mio v0.8.11
[INFO] [stderr]    Compiling regex-automata v0.4.6
[INFO] [stderr]    Compiling libudev v0.3.0
[INFO] [stderr]    Compiling toml_edit v0.21.1
[INFO] [stderr]    Compiling regex-automata v0.1.10
[INFO] [stderr]    Compiling matchers v0.1.0
[INFO] [stderr]    Compiling bevy_macro_utils v0.13.2
[INFO] [stderr]    Compiling regex v1.10.4
[INFO] [stderr]    Compiling serde_derive v1.0.203
[INFO] [stderr]    Compiling thiserror-impl v1.0.61
[INFO] [stderr]    Compiling bevy_utils_proc_macros v0.13.2
[INFO] [stderr]    Compiling bevy_reflect_derive v0.13.2
[INFO] [stderr]    Compiling bevy_ecs_macros v0.13.2
[INFO] [stderr]    Compiling bevy_derive v0.13.2
[INFO] [stderr]    Compiling unescaper v0.1.4
[INFO] [stderr]    Compiling serialport v4.3.0
[INFO] [stderr]    Compiling mio-serial v5.0.5
[INFO] [stderr]    Compiling smallvec v1.13.2
[INFO] [stderr]    Compiling glam v0.25.0
[INFO] [stderr]    Compiling erased-serde v0.4.5
[INFO] [stderr]    Compiling tracing-subscriber v0.3.18
[INFO] [stderr]    Compiling petgraph v0.6.5
[INFO] [stderr]    Compiling bevy_math v0.13.2
[INFO] [stderr]    Compiling bevy_utils v0.13.2
[INFO] [stderr]    Compiling bevy_reflect v0.13.2
[INFO] [stderr]    Compiling bevy_ecs v0.13.2
[INFO] [stderr]    Compiling bevy_app v0.13.2
[INFO] [stderr]    Compiling bevy_log v0.13.2
[INFO] [stderr]    Compiling bevy_core v0.13.2
[INFO] [stderr]    Compiling bevy_a11y v0.13.2
[INFO] [stderr]    Compiling bevy_input v0.13.2
[INFO] [stderr]    Compiling bevy_time v0.13.2
[INFO] [stderr]    Compiling bevy_hierarchy v0.13.2
[INFO] [stderr]    Compiling bevy_diagnostic v0.13.2
[INFO] [stderr]    Compiling bevy_transform v0.13.2
[INFO] [stderr]    Compiling bevy_window v0.13.2
[INFO] [stderr]    Compiling bevy_internal v0.13.2
[INFO] [stderr]    Compiling bevy v0.13.2
[INFO] [stderr]    Compiling bevy_serial v0.6.0 (/opt/rustwide/workdir)
[INFO] [stderr]     Finished `dev` profile [unoptimized + debuginfo] target(s) in 1m 00s
[INFO] running `Command { std: "docker" "inspect" "82f4d117f111d938c2a6e5a042fe9f5ec96897004435f74efc16477556a2a09b", kill_on_drop: false }`
[INFO] running `Command { std: "docker" "rm" "-f" "82f4d117f111d938c2a6e5a042fe9f5ec96897004435f74efc16477556a2a09b", kill_on_drop: false }`
[INFO] [stdout] 82f4d117f111d938c2a6e5a042fe9f5ec96897004435f74efc16477556a2a09b
[INFO] running `Command { std: "docker" "create" "-v" "/var/lib/crater-agent-workspace/builds/worker-0-tc2/target:/opt/rustwide/target:rw,Z" "-v" "/var/lib/crater-agent-workspace/builds/worker-0-tc2/source:/opt/rustwide/workdir:ro,Z" "-v" "/var/lib/crater-agent-workspace/cargo-home:/opt/rustwide/cargo-home:ro,Z" "-v" "/var/lib/crater-agent-workspace/rustup-home:/opt/rustwide/rustup-home:ro,Z" "-e" "SOURCE_DIR=/opt/rustwide/workdir" "-e" "CARGO_TARGET_DIR=/opt/rustwide/target" "-e" "CARGO_INCREMENTAL=0" "-e" "RUST_BACKTRACE=full" "-e" "RUSTFLAGS=--cap-lints=warn" "-e" "RUSTDOCFLAGS=--cap-lints=warn" "-e" "CARGO_HOME=/opt/rustwide/cargo-home" "-e" "RUSTUP_HOME=/opt/rustwide/rustup-home" "-w" "/opt/rustwide/workdir" "-m" "1610612736" "--user" "0:0" "--network" "none" "ghcr.io/rust-lang/crates-build-env/linux@sha256:f3a9d4ad9d972b27faf3965f35b62e55ba32bbce8f20bc8fe909558a86702fde" "/opt/rustwide/cargo-home/bin/cargo" "+beta-2024-12-08" "test" "--frozen" "--no-run" "--message-format=json", kill_on_drop: false }`
[INFO] [stdout] 4cc6893e466df4c0b044b8c8c48708efe36e8bc75e01fbb1377ee45a93e10df9
[INFO] running `Command { std: "docker" "start" "-a" "4cc6893e466df4c0b044b8c8c48708efe36e8bc75e01fbb1377ee45a93e10df9", kill_on_drop: false }`
[INFO] [stderr]    Compiling bevy_serial v0.6.0 (/opt/rustwide/workdir)
[INFO] [stderr]     Finished `test` profile [unoptimized + debuginfo] target(s) in 6.24s
[INFO] running `Command { std: "docker" "inspect" "4cc6893e466df4c0b044b8c8c48708efe36e8bc75e01fbb1377ee45a93e10df9", kill_on_drop: false }`
[INFO] running `Command { std: "docker" "rm" "-f" "4cc6893e466df4c0b044b8c8c48708efe36e8bc75e01fbb1377ee45a93e10df9", kill_on_drop: false }`
[INFO] [stdout] 4cc6893e466df4c0b044b8c8c48708efe36e8bc75e01fbb1377ee45a93e10df9
[INFO] running `Command { std: "docker" "create" "-v" "/var/lib/crater-agent-workspace/builds/worker-0-tc2/target:/opt/rustwide/target:rw,Z" "-v" "/var/lib/crater-agent-workspace/builds/worker-0-tc2/source:/opt/rustwide/workdir:ro,Z" "-v" "/var/lib/crater-agent-workspace/cargo-home:/opt/rustwide/cargo-home:ro,Z" "-v" "/var/lib/crater-agent-workspace/rustup-home:/opt/rustwide/rustup-home:ro,Z" "-e" "SOURCE_DIR=/opt/rustwide/workdir" "-e" "CARGO_TARGET_DIR=/opt/rustwide/target" "-e" "CARGO_INCREMENTAL=0" "-e" "RUST_BACKTRACE=full" "-e" "RUSTFLAGS=--cap-lints=warn" "-e" "RUSTDOCFLAGS=--cap-lints=warn" "-e" "CARGO_HOME=/opt/rustwide/cargo-home" "-e" "RUSTUP_HOME=/opt/rustwide/rustup-home" "-w" "/opt/rustwide/workdir" "-m" "1610612736" "--user" "0:0" "--network" "none" "ghcr.io/rust-lang/crates-build-env/linux@sha256:f3a9d4ad9d972b27faf3965f35b62e55ba32bbce8f20bc8fe909558a86702fde" "/opt/rustwide/cargo-home/bin/cargo" "+beta-2024-12-08" "test" "--frozen", kill_on_drop: false }`
[INFO] [stdout] 6201a4fd2878b1f2f26fce0ddc3ac54fa4a40b3baa130d260f901d535edb2a5d
[INFO] running `Command { std: "docker" "start" "-a" "6201a4fd2878b1f2f26fce0ddc3ac54fa4a40b3baa130d260f901d535edb2a5d", kill_on_drop: false }`
[INFO] [stderr]     Finished `test` profile [unoptimized + debuginfo] target(s) in 0.16s
[INFO] [stderr]      Running unittests src/lib.rs (/opt/rustwide/target/debug/deps/bevy_serial-16823d39bf9dabd9)
[INFO] [stdout] 
[INFO] [stdout] running 0 tests
[INFO] [stdout] 
[INFO] [stdout] test result: ok. 0 passed; 0 failed; 0 ignored; 0 measured; 0 filtered out; finished in 0.00s
[INFO] [stdout] 
[INFO] [stderr]    Doc-tests bevy_serial
[INFO] [stdout] 
[INFO] [stdout] running 2 tests
[INFO] [stdout] test src/lib.rs - (line 70) ... FAILED
[INFO] [stdout] test src/lib.rs - (line 16) ... FAILED
[INFO] [stdout] 
[INFO] [stdout] failures:
[INFO] [stdout] 
[INFO] [stdout] ---- src/lib.rs - (line 70) stdout ----
[INFO] [stdout] error[E0433]: failed to resolve: use of undeclared type `App`
[INFO] [stdout]  --> src/lib.rs:72:5
[INFO] [stdout]   |
[INFO] [stdout] 3 |     App::new()
[INFO] [stdout]   |     ^^^ use of undeclared type `App`
[INFO] [stdout]   |
[INFO] [stdout] help: consider importing this struct
[INFO] [stdout]   |
[INFO] [stdout] 2 + use bevy::app::App;
[INFO] [stdout]   |
[INFO] [stdout] 
[INFO] [stdout] error[E0425]: cannot find value `MinimalPlugins` in this scope
[INFO] [stdout]  --> src/lib.rs:73:22
[INFO] [stdout]   |
[INFO] [stdout] 4 |         .add_plugins(MinimalPlugins)
[INFO] [stdout]   |                      ^^^^^^^^^^^^^^ not found in this scope
[INFO] [stdout]   |
[INFO] [stdout] help: consider importing this unit struct
[INFO] [stdout]   |
[INFO] [stdout] 2 + use bevy::MinimalPlugins;
[INFO] [stdout]   |
[INFO] [stdout] 
[INFO] [stdout] error[E0433]: failed to resolve: use of undeclared type `SerialPlugin`
[INFO] [stdout]  --> src/lib.rs:75:22
[INFO] [stdout]   |
[INFO] [stdout] 6 |         .add_plugins(SerialPlugin::new_with_config(vec![SerialConfig {
[INFO] [stdout]   |                      ^^^^^^^^^^^^ use of undeclared type `SerialPlugin`
[INFO] [stdout]   |
[INFO] [stdout] help: consider importing this struct
[INFO] [stdout]   |
[INFO] [stdout] 2 + use bevy_serial::SerialPlugin;
[INFO] [stdout]   |
[INFO] [stdout] 
[INFO] [stdout] error[E0422]: cannot find struct, variant or union type `SerialConfig` in this scope
[INFO] [stdout]  --> src/lib.rs:75:57
[INFO] [stdout]   |
[INFO] [stdout] 6 |         .add_plugins(SerialPlugin::new_with_config(vec![SerialConfig {
[INFO] [stdout]   |                                                         ^^^^^^^^^^^^ not found in this scope
[INFO] [stdout]   |
[INFO] [stdout] help: consider importing this struct
[INFO] [stdout]   |
[INFO] [stdout] 2 + use bevy_serial::SerialConfig;
[INFO] [stdout]   |
[INFO] [stdout] 
[INFO] [stdout] error[E0425]: cannot find value `SERIAL_LABEL` in this scope
[INFO] [stdout]  --> src/lib.rs:76:25
[INFO] [stdout]   |
[INFO] [stdout] 7 |             label: Some(SERIAL_LABEL.to_string()),
[INFO] [stdout]   |                         ^^^^^^^^^^^^ not found in this scope
[INFO] [stdout] 
[INFO] [stdout] error[E0425]: cannot find value `SERIAL_PORT` in this scope
[INFO] [stdout]  --> src/lib.rs:77:24
[INFO] [stdout]   |
[INFO] [stdout] 8 |             port_name: SERIAL_PORT.to_string(),
[INFO] [stdout]   |                        ^^^^^^^^^^^ not found in this scope
[INFO] [stdout] 
[INFO] [stdout] error[E0433]: failed to resolve: use of undeclared type `DataBits`
[INFO] [stdout]   --> src/lib.rs:79:24
[INFO] [stdout]    |
[INFO] [stdout] 10 |             data_bits: DataBits::Eight,
[INFO] [stdout]    |                        ^^^^^^^^ use of undeclared type `DataBits`
[INFO] [stdout]    |
[INFO] [stdout] help: consider importing one of these enums
[INFO] [stdout]    |
[INFO] [stdout] 2  + use bevy_serial::DataBits;
[INFO] [stdout]    |
[INFO] [stdout] 2  + use mio_serial::DataBits;
[INFO] [stdout]    |
[INFO] [stdout] 2  + use serialport::DataBits;
[INFO] [stdout]    |
[INFO] [stdout] 
[INFO] [stdout] error[E0433]: failed to resolve: use of undeclared type `FlowControl`
[INFO] [stdout]   --> src/lib.rs:80:27
[INFO] [stdout]    |
[INFO] [stdout] 11 |             flow_control: FlowControl::None,
[INFO] [stdout]    |                           ^^^^^^^^^^^ use of undeclared type `FlowControl`
[INFO] [stdout]    |
[INFO] [stdout] help: consider importing one of these enums
[INFO] [stdout]    |
[INFO] [stdout] 2  + use bevy_serial::FlowControl;
[INFO] [stdout]    |
[INFO] [stdout] 2  + use mio_serial::FlowControl;
[INFO] [stdout]    |
[INFO] [stdout] 2  + use serialport::FlowControl;
[INFO] [stdout]    |
[INFO] [stdout] 
[INFO] [stdout] error[E0433]: failed to resolve: use of undeclared type `Parity`
[INFO] [stdout]   --> src/lib.rs:81:21
[INFO] [stdout]    |
[INFO] [stdout] 12 |             parity: Parity::None,
[INFO] [stdout]    |                     ^^^^^^ use of undeclared type `Parity`
[INFO] [stdout]    |
[INFO] [stdout] help: consider importing one of these enums
[INFO] [stdout]    |
[INFO] [stdout] 2  + use bevy_serial::Parity;
[INFO] [stdout]    |
[INFO] [stdout] 2  + use mio_serial::Parity;
[INFO] [stdout]    |
[INFO] [stdout] 2  + use serialport::Parity;
[INFO] [stdout]    |
[INFO] [stdout] 
[INFO] [stdout] error[E0433]: failed to resolve: use of undeclared type `StopBits`
[INFO] [stdout]   --> src/lib.rs:82:24
[INFO] [stdout]    |
[INFO] [stdout] 13 |             stop_bits: StopBits::One,
[INFO] [stdout]    |                        ^^^^^^^^ use of undeclared type `StopBits`
[INFO] [stdout]    |
[INFO] [stdout] help: consider importing one of these enums
[INFO] [stdout]    |
[INFO] [stdout] 2  + use bevy_serial::StopBits;
[INFO] [stdout]    |
[INFO] [stdout] 2  + use mio_serial::StopBits;
[INFO] [stdout]    |
[INFO] [stdout] 2  + use serialport::StopBits;
[INFO] [stdout]    |
[INFO] [stdout] 
[INFO] [stdout] error[E0433]: failed to resolve: use of undeclared type `Duration`
[INFO] [stdout]   --> src/lib.rs:83:22
[INFO] [stdout]    |
[INFO] [stdout] 14 |             timeout: Duration::from_millis(0),
[INFO] [stdout]    |                      ^^^^^^^^ use of undeclared type `Duration`
[INFO] [stdout]    |
[INFO] [stdout] help: consider importing one of these structs
[INFO] [stdout]    |
[INFO] [stdout] 2  + use std::time::Duration;
[INFO] [stdout]    |
[INFO] [stdout] 2  + use bevy::utils::Duration;
[INFO] [stdout]    |
[INFO] [stdout] 
[INFO] [stdout] error[E0433]: failed to resolve: use of undeclared type `Arc`
[INFO] [stdout]   --> src/lib.rs:85:39
[INFO] [stdout]    |
[INFO] [stdout] 16 |             read_result_handler: Some(Arc::new(|label, result| {
[INFO] [stdout]    |                                       ^^^ use of undeclared type `Arc`
[INFO] [stdout]    |
[INFO] [stdout] help: consider importing this struct
[INFO] [stdout]    |
[INFO] [stdout] 2  + use std::sync::Arc;
[INFO] [stdout]    |
[INFO] [stdout] 
[INFO] [stdout] error[E0433]: failed to resolve: use of undeclared type `Arc`
[INFO] [stdout]   --> src/lib.rs:88:40
[INFO] [stdout]    |
[INFO] [stdout] 19 |             write_result_handler: Some(Arc::new(|label, result| {
[INFO] [stdout]    |                                        ^^^ use of undeclared type `Arc`
[INFO] [stdout]    |
[INFO] [stdout] help: consider importing this struct
[INFO] [stdout]    |
[INFO] [stdout] 2  + use std::sync::Arc;
[INFO] [stdout]    |
[INFO] [stdout] 
[INFO] [stdout] error[E0425]: cannot find value `Update` in this scope
[INFO] [stdout]   --> src/lib.rs:93:22
[INFO] [stdout]    |
[INFO] [stdout] 24 |         .add_systems(Update, read_serial)
[INFO] [stdout]    |                      ^^^^^^ not found in this scope
[INFO] [stdout]    |
[INFO] [stdout] help: consider importing one of these items
[INFO] [stdout]    |
[INFO] [stdout] 2  + use bevy::a11y::AccessibilitySystem::Update;
[INFO] [stdout]    |
[INFO] [stdout] 2  + use bevy::app::Update;
[INFO] [stdout]    |
[INFO] [stdout] 
[INFO] [stdout] error[E0425]: cannot find value `read_serial` in this scope
[INFO] [stdout]   --> src/lib.rs:93:30
[INFO] [stdout]    |
[INFO] [stdout] 24 |         .add_systems(Update, read_serial)
[INFO] [stdout]    |                              ^^^^^^^^^^^ not found in this scope
[INFO] [stdout] 
[INFO] [stdout] error[E0425]: cannot find value `Update` in this scope
[INFO] [stdout]   --> src/lib.rs:94:22
[INFO] [stdout]    |
[INFO] [stdout] 25 |         .add_systems(Update, write_serial)
[INFO] [stdout]    |                      ^^^^^^ not found in this scope
[INFO] [stdout]    |
[INFO] [stdout] help: consider importing one of these items
[INFO] [stdout]    |
[INFO] [stdout] 2  + use bevy::a11y::AccessibilitySystem::Update;
[INFO] [stdout]    |
[INFO] [stdout] 2  + use bevy::app::Update;
[INFO] [stdout]    |
[INFO] [stdout] 
[INFO] [stdout] error[E0425]: cannot find value `write_serial` in this scope
[INFO] [stdout]   --> src/lib.rs:94:30
[INFO] [stdout]    |
[INFO] [stdout] 25 |         .add_systems(Update, write_serial)
[INFO] [stdout]    |                              ^^^^^^^^^^^^ not found in this scope
[INFO] [stdout] 
[INFO] [stdout] error: aborting due to 17 previous errors
[INFO] [stdout] 
[INFO] [stdout] Some errors have detailed explanations: E0422, E0425, E0433.
[INFO] [stdout] For more information about an error, try `rustc --explain E0422`.
[INFO] [stdout] Couldn't compile the test.
[INFO] [stdout] ---- src/lib.rs - (line 16) stdout ----
[INFO] [stdout] Test executable failed (exit status: 101).
[INFO] [stdout] 
[INFO] [stdout] stderr:
[INFO] [stdout] thread 'main' panicked at src/lib.rs:284:17:
[INFO] [stdout] Failed to open serial port /dev/ttyUSB0: Error { kind: Io(NotFound), description: "No such file or directory" }
[INFO] [stdout] stack backtrace:
[INFO] [stdout]    0:     0x57ca20186b9a - std::backtrace_rs::backtrace::libunwind::trace::h8810477743020387
[INFO] [stdout]                                at /rustc/202008a1b8de96d2e5b6bc02d379db03a877d34d/library/std/src/../../backtrace/src/backtrace/libunwind.rs:116:5
[INFO] [stdout]    1:     0x57ca20186b9a - std::backtrace_rs::backtrace::trace_unsynchronized::h3aa55355dd6c54a6
[INFO] [stdout]                                at /rustc/202008a1b8de96d2e5b6bc02d379db03a877d34d/library/std/src/../../backtrace/src/backtrace/mod.rs:66:5
[INFO] [stdout]    2:     0x57ca20186b9a - std::sys::backtrace::_print_fmt::h8588b0f62410823f
[INFO] [stdout]                                at /rustc/202008a1b8de96d2e5b6bc02d379db03a877d34d/library/std/src/sys/backtrace.rs:66:9
[INFO] [stdout]    3:     0x57ca20186b9a - <std::sys::backtrace::BacktraceLock::print::DisplayBacktrace as core::fmt::Display>::fmt::h98c26ac25ffe89bb
[INFO] [stdout]                                at /rustc/202008a1b8de96d2e5b6bc02d379db03a877d34d/library/std/src/sys/backtrace.rs:39:26
[INFO] [stdout]    4:     0x57ca201a9a43 - core::fmt::rt::Argument::fmt::hf95377f4aebd453b
[INFO] [stdout]                                at /rustc/202008a1b8de96d2e5b6bc02d379db03a877d34d/library/core/src/fmt/rt.rs:177:76
[INFO] [stdout]    5:     0x57ca201a9a43 - core::fmt::write::h0dd5f6e2238c7982
[INFO] [stdout]                                at /rustc/202008a1b8de96d2e5b6bc02d379db03a877d34d/library/core/src/fmt/mod.rs:1189:21
[INFO] [stdout]    6:     0x57ca20184363 - std::io::Write::write_fmt::hc00bff0a88e08857
[INFO] [stdout]                                at /rustc/202008a1b8de96d2e5b6bc02d379db03a877d34d/library/std/src/io/mod.rs:1884:15
[INFO] [stdout]    7:     0x57ca201869e2 - std::sys::backtrace::BacktraceLock::print::h5c19c1c038ee186d
[INFO] [stdout]                                at /rustc/202008a1b8de96d2e5b6bc02d379db03a877d34d/library/std/src/sys/backtrace.rs:42:9
[INFO] [stdout]    8:     0x57ca20187aec - std::panicking::default_hook::{{closure}}::h77172f079a1fcb13
[INFO] [stdout]                                at /rustc/202008a1b8de96d2e5b6bc02d379db03a877d34d/library/std/src/panicking.rs:268:22
[INFO] [stdout]    9:     0x57ca20187932 - std::panicking::default_hook::he5f8e3b203ccddba
[INFO] [stdout]                                at /rustc/202008a1b8de96d2e5b6bc02d379db03a877d34d/library/std/src/panicking.rs:295:9
[INFO] [stdout]   10:     0x57ca201880c7 - std::panicking::rust_panic_with_hook::h53863d4e9018df39
[INFO] [stdout]                                at /rustc/202008a1b8de96d2e5b6bc02d379db03a877d34d/library/std/src/panicking.rs:801:13
[INFO] [stdout]   11:     0x57ca20187f5a - std::panicking::begin_panic_handler::{{closure}}::h67280e6fa0757873
[INFO] [stdout]                                at /rustc/202008a1b8de96d2e5b6bc02d379db03a877d34d/library/std/src/panicking.rs:674:13
[INFO] [stdout]   12:     0x57ca20187079 - std::sys::backtrace::__rust_end_short_backtrace::h1dac3f54d6fbbeb2
[INFO] [stdout]                                at /rustc/202008a1b8de96d2e5b6bc02d379db03a877d34d/library/std/src/sys/backtrace.rs:170:18
[INFO] [stdout]   13:     0x57ca20187bec - rust_begin_unwind
[INFO] [stdout]                                at /rustc/202008a1b8de96d2e5b6bc02d379db03a877d34d/library/std/src/panicking.rs:665:5
[INFO] [stdout]   14:     0x57ca1fdb9660 - core::panicking::panic_fmt::h6792bd1b2bf01041
[INFO] [stdout]                                at /rustc/202008a1b8de96d2e5b6bc02d379db03a877d34d/library/core/src/panicking.rs:76:14
[INFO] [stdout]   15:     0x57ca1fde18ab - <bevy_serial::SerialPlugin as bevy_app::plugin::Plugin>::build::{{closure}}::hd47282e456aad6ad
[INFO] [stdout]                                at /opt/rustwide/workdir/src/lib.rs:284:17
[INFO] [stdout]   16:     0x57ca1fdcf7f4 - core::result::Result<T,E>::unwrap_or_else::h7ba72da59f18e51a
[INFO] [stdout]                                at /rustc/202008a1b8de96d2e5b6bc02d379db03a877d34d/library/core/src/result.rs:1458:23
[INFO] [stdout]   17:     0x57ca1fde1280 - <bevy_serial::SerialPlugin as bevy_app::plugin::Plugin>::build::hb02120102e3b1a3c
[INFO] [stdout]                                at /opt/rustwide/workdir/src/lib.rs:283:30
[INFO] [stdout]   18:     0x57ca1fec3146 - bevy_app::app::App::add_boxed_plugin::{{closure}}::h3cce9f9977934d65
[INFO] [stdout]                                at /opt/rustwide/cargo-home/registry/src/index.crates.io-6f17d22bba15001f/bevy_app-0.13.2/src/app.rs:657:55
[INFO] [stdout]   19:     0x57ca1fecaa19 - core::ops::function::FnOnce::call_once::hfd7047b17d45c49e
[INFO] [stdout]                                at /rustc/202008a1b8de96d2e5b6bc02d379db03a877d34d/library/core/src/ops/function.rs:250:5
[INFO] [stdout]   20:     0x57ca1fea44f9 - <core::panic::unwind_safe::AssertUnwindSafe<F> as core::ops::function::FnOnce<()>>::call_once::ha1e3f63951b432ed
[INFO] [stdout]                                at /rustc/202008a1b8de96d2e5b6bc02d379db03a877d34d/library/core/src/panic/unwind_safe.rs:272:9
[INFO] [stdout]   21:     0x57ca1febfb1d - std::panicking::try::do_call::h300b11d573c4f49c
[INFO] [stdout]                                at /rustc/202008a1b8de96d2e5b6bc02d379db03a877d34d/library/std/src/panicking.rs:557:40
[INFO] [stdout]   22:     0x57ca1feacc0b - __rust_try
[INFO] [stdout]   23:     0x57ca1fea4c3e - std::panicking::try::hb1540f6131cfedb9
[INFO] [stdout]                                at /rustc/202008a1b8de96d2e5b6bc02d379db03a877d34d/library/std/src/panicking.rs:520:19
[INFO] [stdout]   24:     0x57ca1fea4c3e - std::panic::catch_unwind::h2a205338c8f0edfa
[INFO] [stdout]                                at /rustc/202008a1b8de96d2e5b6bc02d379db03a877d34d/library/std/src/panic.rs:358:14
[INFO] [stdout]   25:     0x57ca1fec2e72 - bevy_app::app::App::add_boxed_plugin::hdca59340302a4aa7
[INFO] [stdout]                                at /opt/rustwide/cargo-home/registry/src/index.crates.io-6f17d22bba15001f/bevy_app-0.13.2/src/app.rs:657:22
[INFO] [stdout]   26:     0x57ca1fdba0ae - <P as bevy_app::plugin::sealed::Plugins<bevy_app::plugin::sealed::PluginMarker>>::add_to_app::h8b8797656d7e9149
[INFO] [stdout]   27:     0x57ca1fdbea07 - bevy_app::app::App::add_plugins::h9d48e113e113fd5a
[INFO] [stdout]   28:     0x57ca1fdc0cd8 - rust_out::main::h57eefffa92e38ed0
[INFO] [stdout]   29:     0x57ca1fdbca93 - core::ops::function::FnOnce::call_once::hcb3872443a25b5b7
[INFO] [stdout]   30:     0x57ca1fdbc4c6 - std::sys::backtrace::__rust_begin_short_backtrace::hb8f53f53663d2e9e
[INFO] [stdout]   31:     0x57ca1fdbc4a9 - std::rt::lang_start::{{closure}}::h0d6bdb8cb611c7e9
[INFO] [stdout]   32:     0x57ca2017fb27 - core::ops::function::impls::<impl core::ops::function::FnOnce<A> for &F>::call_once::hba2470d01d3f5e41
[INFO] [stdout]                                at /rustc/202008a1b8de96d2e5b6bc02d379db03a877d34d/library/core/src/ops/function.rs:284:13
[INFO] [stdout]   33:     0x57ca2017fb27 - std::panicking::try::do_call::hc063fb73159aab72
[INFO] [stdout]                                at /rustc/202008a1b8de96d2e5b6bc02d379db03a877d34d/library/std/src/panicking.rs:557:40
[INFO] [stdout]   34:     0x57ca2017fb27 - std::panicking::try::h2767c6d245d3a3bb
[INFO] [stdout]                                at /rustc/202008a1b8de96d2e5b6bc02d379db03a877d34d/library/std/src/panicking.rs:520:19
[INFO] [stdout]   35:     0x57ca2017fb27 - std::panic::catch_unwind::h061c6ef75790da63
[INFO] [stdout]                                at /rustc/202008a1b8de96d2e5b6bc02d379db03a877d34d/library/std/src/panic.rs:358:14
[INFO] [stdout]   36:     0x57ca2017fb27 - std::rt::lang_start_internal::{{closure}}::h5c5e35b11a4b8c4e
[INFO] [stdout]                                at /rustc/202008a1b8de96d2e5b6bc02d379db03a877d34d/library/std/src/rt.rs:174:48
[INFO] [stdout]   37:     0x57ca2017fb27 - std::panicking::try::do_call::h705e99690a8109cc
[INFO] [stdout]                                at /rustc/202008a1b8de96d2e5b6bc02d379db03a877d34d/library/std/src/panicking.rs:557:40
[INFO] [stdout]   38:     0x57ca2017fb27 - std::panicking::try::he5f4452754ed9a34
[INFO] [stdout]                                at /rustc/202008a1b8de96d2e5b6bc02d379db03a877d34d/library/std/src/panicking.rs:520:19
[INFO] [stdout]   39:     0x57ca2017fb27 - std::panic::catch_unwind::h5db61b3bcbe883e5
[INFO] [stdout]                                at /rustc/202008a1b8de96d2e5b6bc02d379db03a877d34d/library/std/src/panic.rs:358:14
[INFO] [stdout]   40:     0x57ca2017fb27 - std::rt::lang_start_internal::h81da9b59bab665c6
[INFO] [stdout]                                at /rustc/202008a1b8de96d2e5b6bc02d379db03a877d34d/library/std/src/rt.rs:174:20
[INFO] [stdout]   41:     0x57ca1fdbc487 - std::rt::lang_start::h2798034e47ddebf9
[INFO] [stdout]   42:     0x57ca1fdc11d5 - main
[INFO] [stdout]   43:     0x7c307162dd90 - <unknown>
[INFO] [stdout]   44:     0x7c307162de40 - __libc_start_main
[INFO] [stdout]   45:     0x57ca1fdb9f45 - _start
[INFO] [stdout]   46:                0x0 - <unknown>
[INFO] [stdout] 
[INFO] [stdout] 
[INFO] [stdout] 
[INFO] [stdout] failures:
[INFO] [stdout]     src/lib.rs - (line 16)
[INFO] [stdout]     src/lib.rs - (line 70)
[INFO] [stdout] 
[INFO] [stdout] test result: FAILED. 0 passed; 2 failed; 0 ignored; 0 measured; 0 filtered out; finished in 4.71s
[INFO] [stdout] 
[INFO] [stderr] error: doctest failed, to rerun pass `--doc`
[INFO] running `Command { std: "docker" "inspect" "6201a4fd2878b1f2f26fce0ddc3ac54fa4a40b3baa130d260f901d535edb2a5d", kill_on_drop: false }`
[INFO] running `Command { std: "docker" "rm" "-f" "6201a4fd2878b1f2f26fce0ddc3ac54fa4a40b3baa130d260f901d535edb2a5d", kill_on_drop: false }`
[INFO] [stdout] 6201a4fd2878b1f2f26fce0ddc3ac54fa4a40b3baa130d260f901d535edb2a5d
