[INFO] fetching crate bevy_schedules_ext 0.14.1...
[INFO] testing bevy_schedules_ext-0.14.1 against 1.83.0 for beta-1.84.0-4-retry
[INFO] extracting crate bevy_schedules_ext 0.14.1 into /workspace/builds/worker-6-tc1/source
[INFO] validating manifest of crates.io crate bevy_schedules_ext 0.14.1 on toolchain 1.83.0
[INFO] running `Command { std: CARGO_HOME="/workspace/cargo-home" RUSTUP_HOME="/workspace/rustup-home" "/workspace/cargo-home/bin/cargo" "+1.83.0" "metadata" "--manifest-path" "Cargo.toml" "--no-deps", kill_on_drop: false }`
[INFO] started tweaking crates.io crate bevy_schedules_ext 0.14.1
[INFO] removed 0 missing examples
[INFO] finished tweaking crates.io crate bevy_schedules_ext 0.14.1
[INFO] tweaked toml for crates.io crate bevy_schedules_ext 0.14.1 written to /workspace/builds/worker-6-tc1/source/Cargo.toml
[INFO] crate crates.io crate bevy_schedules_ext 0.14.1 already has a lockfile, it will not be regenerated
[INFO] running `Command { std: CARGO_HOME="/workspace/cargo-home" RUSTUP_HOME="/workspace/rustup-home" "/workspace/cargo-home/bin/cargo" "+1.83.0" "fetch" "--manifest-path" "Cargo.toml", kill_on_drop: false }`
[INFO] [stderr]  Downloading crates ...
[INFO] [stderr]   Downloaded toml_edit v0.22.8
[INFO] [stderr]   Downloaded fixedbitset v0.5.4
[INFO] [stderr]   Downloaded winnow v0.6.3
[INFO] running `Command { std: "docker" "create" "-v" "/var/lib/crater-agent-workspace/builds/worker-6-tc1/target:/opt/rustwide/target:rw,Z" "-v" "/var/lib/crater-agent-workspace/builds/worker-6-tc1/source:/opt/rustwide/workdir:ro,Z" "-v" "/var/lib/crater-agent-workspace/cargo-home:/opt/rustwide/cargo-home:ro,Z" "-v" "/var/lib/crater-agent-workspace/rustup-home:/opt/rustwide/rustup-home:ro,Z" "-e" "SOURCE_DIR=/opt/rustwide/workdir" "-e" "CARGO_TARGET_DIR=/opt/rustwide/target" "-e" "CARGO_HOME=/opt/rustwide/cargo-home" "-e" "RUSTUP_HOME=/opt/rustwide/rustup-home" "-w" "/opt/rustwide/workdir" "-m" "1610612736" "--user" "0:0" "--network" "none" "ghcr.io/rust-lang/crates-build-env/linux@sha256:f3a9d4ad9d972b27faf3965f35b62e55ba32bbce8f20bc8fe909558a86702fde" "/opt/rustwide/cargo-home/bin/cargo" "+1.83.0" "metadata" "--no-deps" "--format-version=1", kill_on_drop: false }`
[INFO] [stdout] 68d6b5f856984c023d970bbbed5755485a7bd3466e431da127e3eef13ef601b0
[INFO] running `Command { std: "docker" "start" "-a" "68d6b5f856984c023d970bbbed5755485a7bd3466e431da127e3eef13ef601b0", kill_on_drop: false }`
[INFO] running `Command { std: "docker" "inspect" "68d6b5f856984c023d970bbbed5755485a7bd3466e431da127e3eef13ef601b0", kill_on_drop: false }`
[INFO] running `Command { std: "docker" "rm" "-f" "68d6b5f856984c023d970bbbed5755485a7bd3466e431da127e3eef13ef601b0", kill_on_drop: false }`
[INFO] [stdout] 68d6b5f856984c023d970bbbed5755485a7bd3466e431da127e3eef13ef601b0
[INFO] running `Command { std: "docker" "create" "-v" "/var/lib/crater-agent-workspace/builds/worker-6-tc1/target:/opt/rustwide/target:rw,Z" "-v" "/var/lib/crater-agent-workspace/builds/worker-6-tc1/source:/opt/rustwide/workdir:ro,Z" "-v" "/var/lib/crater-agent-workspace/cargo-home:/opt/rustwide/cargo-home:ro,Z" "-v" "/var/lib/crater-agent-workspace/rustup-home:/opt/rustwide/rustup-home:ro,Z" "-e" "SOURCE_DIR=/opt/rustwide/workdir" "-e" "CARGO_TARGET_DIR=/opt/rustwide/target" "-e" "CARGO_INCREMENTAL=0" "-e" "RUST_BACKTRACE=full" "-e" "RUSTFLAGS=--cap-lints=warn" "-e" "RUSTDOCFLAGS=--cap-lints=warn" "-e" "CARGO_HOME=/opt/rustwide/cargo-home" "-e" "RUSTUP_HOME=/opt/rustwide/rustup-home" "-w" "/opt/rustwide/workdir" "-m" "1610612736" "--user" "0:0" "--network" "none" "ghcr.io/rust-lang/crates-build-env/linux@sha256:f3a9d4ad9d972b27faf3965f35b62e55ba32bbce8f20bc8fe909558a86702fde" "/opt/rustwide/cargo-home/bin/cargo" "+1.83.0" "build" "--frozen" "--message-format=json", kill_on_drop: false }`
[INFO] [stdout] 33cdaad5150b2b67b3ce930804b2b931ec80863ae1787feba619f4be68d5b5d1
[INFO] running `Command { std: "docker" "start" "-a" "33cdaad5150b2b67b3ce930804b2b931ec80863ae1787feba619f4be68d5b5d1", kill_on_drop: false }`
[INFO] [stderr]    Compiling proc-macro2 v1.0.78
[INFO] [stderr]    Compiling unicode-ident v1.0.12
[INFO] [stderr]    Compiling libc v0.2.153
[INFO] [stderr]    Compiling equivalent v1.0.1
[INFO] [stderr]    Compiling once_cell v1.19.0
[INFO] [stderr]    Compiling version_check v0.9.4
[INFO] [stderr]    Compiling hashbrown v0.14.3
[INFO] [stderr]    Compiling serde v1.0.197
[INFO] [stderr]    Compiling winnow v0.6.3
[INFO] [stderr]    Compiling toml_datetime v0.6.5
[INFO] [stderr]    Compiling pin-project-lite v0.2.13
[INFO] [stderr]    Compiling zerocopy v0.7.32
[INFO] [stderr]    Compiling crossbeam-utils v0.8.19
[INFO] [stderr]    Compiling autocfg v1.1.0
[INFO] [stderr]    Compiling allocator-api2 v0.2.16
[INFO] [stderr]    Compiling futures-io v0.3.30
[INFO] [stderr]    Compiling futures-core v0.3.30
[INFO] [stderr]    Compiling fastrand v2.0.1
[INFO] [stderr]    Compiling parking v2.2.0
[INFO] [stderr]    Compiling thiserror v1.0.63
[INFO] [stderr]    Compiling async-task v4.7.0
[INFO] [stderr]    Compiling tracing-core v0.1.32
[INFO] [stderr]    Compiling thread_local v1.1.8
[INFO] [stderr]    Compiling web-time v1.1.0
[INFO] [stderr]    Compiling smallvec v1.13.1
[INFO] [stderr]    Compiling futures-lite v2.2.0
[INFO] [stderr]    Compiling slab v0.4.9
[INFO] [stderr]    Compiling downcast-rs v1.2.0
[INFO] [stderr]    Compiling ahash v0.8.11
[INFO] [stderr]    Compiling bevy_ptr v0.14.1
[INFO] [stderr]    Compiling fixedbitset v0.4.2
[INFO] [stderr]    Compiling fixedbitset v0.5.4
[INFO] [stderr]    Compiling tracing v0.1.40
[INFO] [stderr]    Compiling bitflags v2.5.0
[INFO] [stderr]    Compiling nonmax v0.5.5
[INFO] [stderr]    Compiling quote v1.0.35
[INFO] [stderr]    Compiling concurrent-queue v2.4.0
[INFO] [stderr]    Compiling indexmap v2.2.4
[INFO] [stderr]    Compiling syn v2.0.52
[INFO] [stderr]    Compiling getrandom v0.2.12
[INFO] [stderr]    Compiling uuid v1.7.0
[INFO] [stderr]    Compiling async-executor v1.11.0
[INFO] [stderr]    Compiling bevy_tasks v0.14.1
[INFO] [stderr]    Compiling toml_edit v0.22.8
[INFO] [stderr]    Compiling erased-serde v0.4.3
[INFO] [stderr]    Compiling bevy_macro_utils v0.14.1
[INFO] [stderr]    Compiling bevy_utils_proc_macros v0.14.1
[INFO] [stderr]    Compiling thiserror-impl v1.0.63
[INFO] [stderr]    Compiling bevy_reflect_derive v0.14.1
[INFO] [stderr]    Compiling bevy_ecs_macros v0.14.1
[INFO] [stderr]    Compiling bevy_derive v0.14.1
[INFO] [stderr]    Compiling bevy_state_macros v0.14.1
[INFO] [stderr]    Compiling bevy_utils v0.14.1
[INFO] [stderr]    Compiling petgraph v0.6.4
[INFO] [stderr]    Compiling bevy_reflect v0.14.1
[INFO] [stderr]    Compiling bevy_ecs v0.14.1
[INFO] [stderr]    Compiling bevy_app v0.14.1
[INFO] [stderr]    Compiling bevy_state v0.14.1
[INFO] [stderr]    Compiling bevy_schedules_ext v0.14.1 (/opt/rustwide/workdir)
[INFO] [stderr]     Finished `dev` profile [unoptimized + debuginfo] target(s) in 51.83s
[INFO] running `Command { std: "docker" "inspect" "33cdaad5150b2b67b3ce930804b2b931ec80863ae1787feba619f4be68d5b5d1", kill_on_drop: false }`
[INFO] running `Command { std: "docker" "rm" "-f" "33cdaad5150b2b67b3ce930804b2b931ec80863ae1787feba619f4be68d5b5d1", kill_on_drop: false }`
[INFO] [stdout] 33cdaad5150b2b67b3ce930804b2b931ec80863ae1787feba619f4be68d5b5d1
[INFO] running `Command { std: "docker" "create" "-v" "/var/lib/crater-agent-workspace/builds/worker-6-tc1/target:/opt/rustwide/target:rw,Z" "-v" "/var/lib/crater-agent-workspace/builds/worker-6-tc1/source:/opt/rustwide/workdir:ro,Z" "-v" "/var/lib/crater-agent-workspace/cargo-home:/opt/rustwide/cargo-home:ro,Z" "-v" "/var/lib/crater-agent-workspace/rustup-home:/opt/rustwide/rustup-home:ro,Z" "-e" "SOURCE_DIR=/opt/rustwide/workdir" "-e" "CARGO_TARGET_DIR=/opt/rustwide/target" "-e" "CARGO_INCREMENTAL=0" "-e" "RUST_BACKTRACE=full" "-e" "RUSTFLAGS=--cap-lints=warn" "-e" "RUSTDOCFLAGS=--cap-lints=warn" "-e" "CARGO_HOME=/opt/rustwide/cargo-home" "-e" "RUSTUP_HOME=/opt/rustwide/rustup-home" "-w" "/opt/rustwide/workdir" "-m" "1610612736" "--user" "0:0" "--network" "none" "ghcr.io/rust-lang/crates-build-env/linux@sha256:f3a9d4ad9d972b27faf3965f35b62e55ba32bbce8f20bc8fe909558a86702fde" "/opt/rustwide/cargo-home/bin/cargo" "+1.83.0" "test" "--frozen" "--no-run" "--message-format=json", kill_on_drop: false }`
[INFO] [stdout] 579be92b31f0fda54e084dc300e05d14c35f45f17f095a17c7dc3f59188f2ae0
[INFO] running `Command { std: "docker" "start" "-a" "579be92b31f0fda54e084dc300e05d14c35f45f17f095a17c7dc3f59188f2ae0", kill_on_drop: false }`
[INFO] [stderr]    Compiling bevy_schedules_ext v0.14.1 (/opt/rustwide/workdir)
[INFO] [stderr]     Finished `test` profile [unoptimized + debuginfo] target(s) in 2.79s
[INFO] running `Command { std: "docker" "inspect" "579be92b31f0fda54e084dc300e05d14c35f45f17f095a17c7dc3f59188f2ae0", kill_on_drop: false }`
[INFO] running `Command { std: "docker" "rm" "-f" "579be92b31f0fda54e084dc300e05d14c35f45f17f095a17c7dc3f59188f2ae0", kill_on_drop: false }`
[INFO] [stdout] 579be92b31f0fda54e084dc300e05d14c35f45f17f095a17c7dc3f59188f2ae0
[INFO] running `Command { std: "docker" "create" "-v" "/var/lib/crater-agent-workspace/builds/worker-6-tc1/target:/opt/rustwide/target:rw,Z" "-v" "/var/lib/crater-agent-workspace/builds/worker-6-tc1/source:/opt/rustwide/workdir:ro,Z" "-v" "/var/lib/crater-agent-workspace/cargo-home:/opt/rustwide/cargo-home:ro,Z" "-v" "/var/lib/crater-agent-workspace/rustup-home:/opt/rustwide/rustup-home:ro,Z" "-e" "SOURCE_DIR=/opt/rustwide/workdir" "-e" "CARGO_TARGET_DIR=/opt/rustwide/target" "-e" "CARGO_INCREMENTAL=0" "-e" "RUST_BACKTRACE=full" "-e" "RUSTFLAGS=--cap-lints=warn" "-e" "RUSTDOCFLAGS=--cap-lints=warn" "-e" "CARGO_HOME=/opt/rustwide/cargo-home" "-e" "RUSTUP_HOME=/opt/rustwide/rustup-home" "-w" "/opt/rustwide/workdir" "-m" "1610612736" "--user" "0:0" "--network" "none" "ghcr.io/rust-lang/crates-build-env/linux@sha256:f3a9d4ad9d972b27faf3965f35b62e55ba32bbce8f20bc8fe909558a86702fde" "/opt/rustwide/cargo-home/bin/cargo" "+1.83.0" "test" "--frozen", kill_on_drop: false }`
[INFO] [stdout] d3f42927bebb51b43b1055c47d3ac12d77840a3123e29404bfc9a163b1c74aeb
[INFO] running `Command { std: "docker" "start" "-a" "d3f42927bebb51b43b1055c47d3ac12d77840a3123e29404bfc9a163b1c74aeb", kill_on_drop: false }`
[INFO] [stderr]     Finished `test` profile [unoptimized + debuginfo] target(s) in 0.08s
[INFO] [stderr]      Running unittests src/lib.rs (/opt/rustwide/target/debug/deps/bevy_schedules_ext-d9d753db5b59862f)
[INFO] [stdout] 
[INFO] [stdout] running 0 tests
[INFO] [stdout] 
[INFO] [stdout] test result: ok. 0 passed; 0 failed; 0 ignored; 0 measured; 0 filtered out; finished in 0.00s
[INFO] [stdout] 
[INFO] [stderr]    Doc-tests bevy_schedules_ext
[INFO] [stdout] 
[INFO] [stdout] running 4 tests
[INFO] [stdout] test src/lib.rs - (line 8) ... ok
[INFO] [stdout] test src/nesting.rs - nesting::app_ext::AppExt::add_schedules (line 86) ... ok
[INFO] [stdout] test src/nesting.rs - nesting::app_ext::AppExt::edit_nested_schedules (line 119) ... ok
[INFO] [stdout] test src/states.rs - states::app_ext::AppExt::insert_state_to_schedule (line 50) ... FAILED
[INFO] [stdout] 
[INFO] [stdout] failures:
[INFO] [stdout] 
[INFO] [stdout] ---- src/states.rs - states::app_ext::AppExt::insert_state_to_schedule (line 50) stdout ----
[INFO] [stdout] Test executable failed (exit status: 101).
[INFO] [stdout] 
[INFO] [stdout] stderr:
[INFO] [stdout] thread 'main' panicked at /opt/rustwide/cargo-home/registry/src/index.crates.io-6f17d22bba15001f/bevy_state-0.14.1/src/app.rs:91:67:
[INFO] [stdout] called `Option::unwrap()` on a `None` value
[INFO] [stdout] stack backtrace:
[INFO] [stdout]    0:     0x5b6453edd5aa - std::backtrace_rs::backtrace::libunwind::trace::h5a5b8284f2d0c266
[INFO] [stdout]                                at /rustc/90b35a6239c3d8bdabc530a6a0816f7ff89a0aaf/library/std/src/../../backtrace/src/backtrace/libunwind.rs:116:5
[INFO] [stdout]    1:     0x5b6453edd5aa - std::backtrace_rs::backtrace::trace_unsynchronized::h76d4f1c9b0b875e3
[INFO] [stdout]                                at /rustc/90b35a6239c3d8bdabc530a6a0816f7ff89a0aaf/library/std/src/../../backtrace/src/backtrace/mod.rs:66:5
[INFO] [stdout]    2:     0x5b6453edd5aa - std::sys::backtrace::_print_fmt::hc4546b8364a537c6
[INFO] [stdout]                                at /rustc/90b35a6239c3d8bdabc530a6a0816f7ff89a0aaf/library/std/src/sys/backtrace.rs:66:9
[INFO] [stdout]    3:     0x5b6453edd5aa - <std::sys::backtrace::BacktraceLock::print::DisplayBacktrace as core::fmt::Display>::fmt::h5b6bd5631a6d1f6b
[INFO] [stdout]                                at /rustc/90b35a6239c3d8bdabc530a6a0816f7ff89a0aaf/library/std/src/sys/backtrace.rs:39:26
[INFO] [stdout]    4:     0x5b6453efe5a3 - core::fmt::rt::Argument::fmt::h270f6602a2b96f62
[INFO] [stdout]                                at /rustc/90b35a6239c3d8bdabc530a6a0816f7ff89a0aaf/library/core/src/fmt/rt.rs:177:76
[INFO] [stdout]    5:     0x5b6453efe5a3 - core::fmt::write::h7550c97b06c86515
[INFO] [stdout]                                at /rustc/90b35a6239c3d8bdabc530a6a0816f7ff89a0aaf/library/core/src/fmt/mod.rs:1186:21
[INFO] [stdout]    6:     0x5b6453edb243 - std::io::Write::write_fmt::h7b09c64fe0be9c84
[INFO] [stdout]                                at /rustc/90b35a6239c3d8bdabc530a6a0816f7ff89a0aaf/library/std/src/io/mod.rs:1839:15
[INFO] [stdout]    7:     0x5b6453edd3f2 - std::sys::backtrace::BacktraceLock::print::h2395ccd2c84ba3aa
[INFO] [stdout]                                at /rustc/90b35a6239c3d8bdabc530a6a0816f7ff89a0aaf/library/std/src/sys/backtrace.rs:42:9
[INFO] [stdout]    8:     0x5b6453ede39c - std::panicking::default_hook::{{closure}}::he19d4c7230e07961
[INFO] [stdout]                                at /rustc/90b35a6239c3d8bdabc530a6a0816f7ff89a0aaf/library/std/src/panicking.rs:268:22
[INFO] [stdout]    9:     0x5b6453ede1e2 - std::panicking::default_hook::hf614597d3c67bbdb
[INFO] [stdout]                                at /rustc/90b35a6239c3d8bdabc530a6a0816f7ff89a0aaf/library/std/src/panicking.rs:295:9
[INFO] [stdout]   10:     0x5b6453ede977 - std::panicking::rust_panic_with_hook::h8942133a8b252070
[INFO] [stdout]                                at /rustc/90b35a6239c3d8bdabc530a6a0816f7ff89a0aaf/library/std/src/panicking.rs:801:13
[INFO] [stdout]   11:     0x5b6453ede7d6 - std::panicking::begin_panic_handler::{{closure}}::hb5f5963570096b29
[INFO] [stdout]                                at /rustc/90b35a6239c3d8bdabc530a6a0816f7ff89a0aaf/library/std/src/panicking.rs:667:13
[INFO] [stdout]   12:     0x5b6453edda89 - std::sys::backtrace::__rust_end_short_backtrace::h6208cedc1922feda
[INFO] [stdout]                                at /rustc/90b35a6239c3d8bdabc530a6a0816f7ff89a0aaf/library/std/src/sys/backtrace.rs:170:18
[INFO] [stdout]   13:     0x5b6453ede49c - rust_begin_unwind
[INFO] [stdout]                                at /rustc/90b35a6239c3d8bdabc530a6a0816f7ff89a0aaf/library/std/src/panicking.rs:665:5
[INFO] [stdout]   14:     0x5b6453d18400 - core::panicking::panic_fmt::h0c3082644d1bf418
[INFO] [stdout]                                at /rustc/90b35a6239c3d8bdabc530a6a0816f7ff89a0aaf/library/core/src/panicking.rs:74:14
[INFO] [stdout]   15:     0x5b6453d1848c - core::panicking::panic::h957f98c65a3b3074
[INFO] [stdout]                                at /rustc/90b35a6239c3d8bdabc530a6a0816f7ff89a0aaf/library/core/src/panicking.rs:148:5
[INFO] [stdout]   16:     0x5b6453d18379 - core::option::unwrap_failed::h098b0d47c83374d6
[INFO] [stdout]                                at /rustc/90b35a6239c3d8bdabc530a6a0816f7ff89a0aaf/library/core/src/option.rs:2012:5
[INFO] [stdout]   17:     0x5b6453d2668b - <bevy_app::sub_app::SubApp as bevy_state::app::AppExtStates>::insert_state::hee94678227a03e29
[INFO] [stdout]   18:     0x5b6453d2610c - <bevy_app::app::App as bevy_state::app::AppExtStates>::insert_state::h5391a8abf526614f
[INFO] [stdout]   19:     0x5b6453d272b6 - <bevy_app::app::App as bevy_schedules_ext::states::app_ext::AppExt>::insert_state_to_schedule::h8c0ed1562aa4716e
[INFO] [stdout]   20:     0x5b6453d27275 - <bevy_app::app::App as bevy_schedules_ext::states::app_ext::AppExt>::init_state_to_schedule::hc6132c8512c7af80
[INFO] [stdout]   21:     0x5b6453d317c2 - rust_out::main::_doctest_main_src_states_rs_50_0::h3b74c9c25604afbb
[INFO] [stdout]   22:     0x5b6453d31796 - rust_out::main::h86d391cc11b8a827
[INFO] [stdout]   23:     0x5b6453d23733 - core::ops::function::FnOnce::call_once::hd1e0b33d350e8c2e
[INFO] [stdout]   24:     0x5b6453d21c56 - std::sys::backtrace::__rust_begin_short_backtrace::hb7c4fd168269da08
[INFO] [stdout]   25:     0x5b6453d21c39 - std::rt::lang_start::{{closure}}::h7630186e3858a44d
[INFO] [stdout]   26:     0x5b6453ed8e6e - core::ops::function::impls::<impl core::ops::function::FnOnce<A> for &F>::call_once::hfdb85f4ee94732d3
[INFO] [stdout]                                at /rustc/90b35a6239c3d8bdabc530a6a0816f7ff89a0aaf/library/core/src/ops/function.rs:284:13
[INFO] [stdout]   27:     0x5b6453ed8e6e - std::panicking::try::do_call::h6e577310f330cbef
[INFO] [stdout]                                at /rustc/90b35a6239c3d8bdabc530a6a0816f7ff89a0aaf/library/std/src/panicking.rs:557:40
[INFO] [stdout]   28:     0x5b6453ed8e6e - std::panicking::try::ha588d438267d2645
[INFO] [stdout]                                at /rustc/90b35a6239c3d8bdabc530a6a0816f7ff89a0aaf/library/std/src/panicking.rs:520:19
[INFO] [stdout]   29:     0x5b6453ed8e6e - std::panic::catch_unwind::h429fda1e025f26d9
[INFO] [stdout]                                at /rustc/90b35a6239c3d8bdabc530a6a0816f7ff89a0aaf/library/std/src/panic.rs:358:14
[INFO] [stdout]   30:     0x5b6453ed8e6e - std::rt::lang_start_internal::{{closure}}::h7b731265e841c4bf
[INFO] [stdout]                                at /rustc/90b35a6239c3d8bdabc530a6a0816f7ff89a0aaf/library/std/src/rt.rs:174:48
[INFO] [stdout]   31:     0x5b6453ed8e6e - std::panicking::try::do_call::hc0f6a675b7ae5a36
[INFO] [stdout]                                at /rustc/90b35a6239c3d8bdabc530a6a0816f7ff89a0aaf/library/std/src/panicking.rs:557:40
[INFO] [stdout]   32:     0x5b6453ed8e6e - std::panicking::try::h4c93b7ff0671f1ff
[INFO] [stdout]                                at /rustc/90b35a6239c3d8bdabc530a6a0816f7ff89a0aaf/library/std/src/panicking.rs:520:19
[INFO] [stdout]   33:     0x5b6453ed8e6e - std::panic::catch_unwind::hcc1e154961d16ce6
[INFO] [stdout]                                at /rustc/90b35a6239c3d8bdabc530a6a0816f7ff89a0aaf/library/std/src/panic.rs:358:14
[INFO] [stdout]   34:     0x5b6453ed8e6e - std::rt::lang_start_internal::h1c66660c99c8424c
[INFO] [stdout]                                at /rustc/90b35a6239c3d8bdabc530a6a0816f7ff89a0aaf/library/std/src/rt.rs:174:20
[INFO] [stdout]   35:     0x5b6453d21c17 - std::rt::lang_start::hcdb31f4834f76b8c
[INFO] [stdout]   36:     0x5b6453d319c5 - main
[INFO] [stdout]   37:     0x78d44f369d90 - <unknown>
[INFO] [stdout]   38:     0x78d44f369e40 - __libc_start_main
[INFO] [stdout]   39:     0x5b6453d18dc5 - _start
[INFO] [stdout]   40:                0x0 - <unknown>
[INFO] [stdout] 
[INFO] [stdout] 
[INFO] [stdout] 
[INFO] [stdout] failures:
[INFO] [stdout]     src/states.rs - states::app_ext::AppExt::insert_state_to_schedule (line 50)
[INFO] [stdout] 
[INFO] [stdout] test result: FAILED. 3 passed; 1 failed; 0 ignored; 0 measured; 0 filtered out; finished in 3.46s
[INFO] [stdout] 
[INFO] [stderr] error: doctest failed, to rerun pass `--doc`
[INFO] running `Command { std: "docker" "inspect" "d3f42927bebb51b43b1055c47d3ac12d77840a3123e29404bfc9a163b1c74aeb", kill_on_drop: false }`
[INFO] running `Command { std: "docker" "rm" "-f" "d3f42927bebb51b43b1055c47d3ac12d77840a3123e29404bfc9a163b1c74aeb", kill_on_drop: false }`
[INFO] [stdout] d3f42927bebb51b43b1055c47d3ac12d77840a3123e29404bfc9a163b1c74aeb
