[INFO] fetching crate bevy_proto_typetag_derive 0.2.0...
[INFO] testing bevy_proto_typetag_derive-0.2.0 against beta-2024-12-08 for beta-1.84.0-4-retry
[INFO] extracting crate bevy_proto_typetag_derive 0.2.0 into /workspace/builds/worker-2-tc2/source
[INFO] validating manifest of crates.io crate bevy_proto_typetag_derive 0.2.0 on toolchain beta-2024-12-08
[INFO] running `Command { std: CARGO_HOME="/workspace/cargo-home" RUSTUP_HOME="/workspace/rustup-home" "/workspace/cargo-home/bin/cargo" "+beta-2024-12-08" "metadata" "--manifest-path" "Cargo.toml" "--no-deps", kill_on_drop: false }`
[INFO] started tweaking crates.io crate bevy_proto_typetag_derive 0.2.0
[INFO] finished tweaking crates.io crate bevy_proto_typetag_derive 0.2.0
[INFO] tweaked toml for crates.io crate bevy_proto_typetag_derive 0.2.0 written to /workspace/builds/worker-2-tc2/source/Cargo.toml
[INFO] running `Command { std: CARGO_HOME="/workspace/cargo-home" RUSTUP_HOME="/workspace/rustup-home" "/workspace/cargo-home/bin/cargo" "+beta-2024-12-08" "generate-lockfile" "--manifest-path" "Cargo.toml", kill_on_drop: false }`
[INFO] [stderr]     Updating crates.io index
[INFO] [stderr]      Locking 4 packages to latest compatible versions
[INFO] [stderr]       Adding syn v1.0.109 (available: v2.0.90)
[INFO] running `Command { std: CARGO_HOME="/workspace/cargo-home" RUSTUP_HOME="/workspace/rustup-home" "/workspace/cargo-home/bin/cargo" "+beta-2024-12-08" "fetch" "--manifest-path" "Cargo.toml", kill_on_drop: false }`
[INFO] running `Command { std: "docker" "create" "-v" "/var/lib/crater-agent-workspace/builds/worker-2-tc2/target:/opt/rustwide/target:rw,Z" "-v" "/var/lib/crater-agent-workspace/builds/worker-2-tc2/source:/opt/rustwide/workdir:ro,Z" "-v" "/var/lib/crater-agent-workspace/cargo-home:/opt/rustwide/cargo-home:ro,Z" "-v" "/var/lib/crater-agent-workspace/rustup-home:/opt/rustwide/rustup-home:ro,Z" "-e" "SOURCE_DIR=/opt/rustwide/workdir" "-e" "CARGO_TARGET_DIR=/opt/rustwide/target" "-e" "CARGO_HOME=/opt/rustwide/cargo-home" "-e" "RUSTUP_HOME=/opt/rustwide/rustup-home" "-w" "/opt/rustwide/workdir" "-m" "1610612736" "--user" "0:0" "--network" "none" "ghcr.io/rust-lang/crates-build-env/linux@sha256:f3a9d4ad9d972b27faf3965f35b62e55ba32bbce8f20bc8fe909558a86702fde" "/opt/rustwide/cargo-home/bin/cargo" "+beta-2024-12-08" "metadata" "--no-deps" "--format-version=1", kill_on_drop: false }`
[INFO] [stdout] 85d6fab6e7f3dbe5baeeb5654fe662b199faf4b5508e74c7d65f44eeea964e2a
[INFO] running `Command { std: "docker" "start" "-a" "85d6fab6e7f3dbe5baeeb5654fe662b199faf4b5508e74c7d65f44eeea964e2a", kill_on_drop: false }`
[INFO] running `Command { std: "docker" "inspect" "85d6fab6e7f3dbe5baeeb5654fe662b199faf4b5508e74c7d65f44eeea964e2a", kill_on_drop: false }`
[INFO] running `Command { std: "docker" "rm" "-f" "85d6fab6e7f3dbe5baeeb5654fe662b199faf4b5508e74c7d65f44eeea964e2a", kill_on_drop: false }`
[INFO] [stdout] 85d6fab6e7f3dbe5baeeb5654fe662b199faf4b5508e74c7d65f44eeea964e2a
[INFO] running `Command { std: "docker" "create" "-v" "/var/lib/crater-agent-workspace/builds/worker-2-tc2/target:/opt/rustwide/target:rw,Z" "-v" "/var/lib/crater-agent-workspace/builds/worker-2-tc2/source:/opt/rustwide/workdir:ro,Z" "-v" "/var/lib/crater-agent-workspace/cargo-home:/opt/rustwide/cargo-home:ro,Z" "-v" "/var/lib/crater-agent-workspace/rustup-home:/opt/rustwide/rustup-home:ro,Z" "-e" "SOURCE_DIR=/opt/rustwide/workdir" "-e" "CARGO_TARGET_DIR=/opt/rustwide/target" "-e" "CARGO_INCREMENTAL=0" "-e" "RUST_BACKTRACE=full" "-e" "RUSTFLAGS=--cap-lints=warn" "-e" "RUSTDOCFLAGS=--cap-lints=warn" "-e" "CARGO_HOME=/opt/rustwide/cargo-home" "-e" "RUSTUP_HOME=/opt/rustwide/rustup-home" "-w" "/opt/rustwide/workdir" "-m" "1610612736" "--user" "0:0" "--network" "none" "ghcr.io/rust-lang/crates-build-env/linux@sha256:f3a9d4ad9d972b27faf3965f35b62e55ba32bbce8f20bc8fe909558a86702fde" "/opt/rustwide/cargo-home/bin/cargo" "+beta-2024-12-08" "build" "--frozen" "--message-format=json", kill_on_drop: false }`
[INFO] [stdout] 42b1b7e29a70a1d920d9bd95d80aa655659a402019a0db033aefca05c3586de9
[INFO] running `Command { std: "docker" "start" "-a" "42b1b7e29a70a1d920d9bd95d80aa655659a402019a0db033aefca05c3586de9", kill_on_drop: false }`
[INFO] [stderr]    Compiling proc-macro2 v1.0.92
[INFO] [stderr]    Compiling unicode-ident v1.0.14
[INFO] [stderr]    Compiling syn v1.0.109
[INFO] [stderr]    Compiling quote v1.0.37
[INFO] [stderr]    Compiling bevy_proto_typetag_derive v0.2.0 (/opt/rustwide/workdir)
[INFO] [stderr]     Finished `dev` profile [unoptimized + debuginfo] target(s) in 5.88s
[INFO] running `Command { std: "docker" "inspect" "42b1b7e29a70a1d920d9bd95d80aa655659a402019a0db033aefca05c3586de9", kill_on_drop: false }`
[INFO] running `Command { std: "docker" "rm" "-f" "42b1b7e29a70a1d920d9bd95d80aa655659a402019a0db033aefca05c3586de9", kill_on_drop: false }`
[INFO] [stdout] 42b1b7e29a70a1d920d9bd95d80aa655659a402019a0db033aefca05c3586de9
[INFO] running `Command { std: "docker" "create" "-v" "/var/lib/crater-agent-workspace/builds/worker-2-tc2/target:/opt/rustwide/target:rw,Z" "-v" "/var/lib/crater-agent-workspace/builds/worker-2-tc2/source:/opt/rustwide/workdir:ro,Z" "-v" "/var/lib/crater-agent-workspace/cargo-home:/opt/rustwide/cargo-home:ro,Z" "-v" "/var/lib/crater-agent-workspace/rustup-home:/opt/rustwide/rustup-home:ro,Z" "-e" "SOURCE_DIR=/opt/rustwide/workdir" "-e" "CARGO_TARGET_DIR=/opt/rustwide/target" "-e" "CARGO_INCREMENTAL=0" "-e" "RUST_BACKTRACE=full" "-e" "RUSTFLAGS=--cap-lints=warn" "-e" "RUSTDOCFLAGS=--cap-lints=warn" "-e" "CARGO_HOME=/opt/rustwide/cargo-home" "-e" "RUSTUP_HOME=/opt/rustwide/rustup-home" "-w" "/opt/rustwide/workdir" "-m" "1610612736" "--user" "0:0" "--network" "none" "ghcr.io/rust-lang/crates-build-env/linux@sha256:f3a9d4ad9d972b27faf3965f35b62e55ba32bbce8f20bc8fe909558a86702fde" "/opt/rustwide/cargo-home/bin/cargo" "+beta-2024-12-08" "test" "--frozen" "--no-run" "--message-format=json", kill_on_drop: false }`
[INFO] [stdout] f9e16afb2f4d202ac8a0292f08a915065400c1f945b2a134d7bad2589fca0504
[INFO] running `Command { std: "docker" "start" "-a" "f9e16afb2f4d202ac8a0292f08a915065400c1f945b2a134d7bad2589fca0504", kill_on_drop: false }`
[INFO] [stderr]    Compiling bevy_proto_typetag_derive v0.2.0 (/opt/rustwide/workdir)
[INFO] [stderr]     Finished `test` profile [unoptimized + debuginfo] target(s) in 0.89s
[INFO] running `Command { std: "docker" "inspect" "f9e16afb2f4d202ac8a0292f08a915065400c1f945b2a134d7bad2589fca0504", kill_on_drop: false }`
[INFO] running `Command { std: "docker" "rm" "-f" "f9e16afb2f4d202ac8a0292f08a915065400c1f945b2a134d7bad2589fca0504", kill_on_drop: false }`
[INFO] [stdout] f9e16afb2f4d202ac8a0292f08a915065400c1f945b2a134d7bad2589fca0504
[INFO] running `Command { std: "docker" "create" "-v" "/var/lib/crater-agent-workspace/builds/worker-2-tc2/target:/opt/rustwide/target:rw,Z" "-v" "/var/lib/crater-agent-workspace/builds/worker-2-tc2/source:/opt/rustwide/workdir:ro,Z" "-v" "/var/lib/crater-agent-workspace/cargo-home:/opt/rustwide/cargo-home:ro,Z" "-v" "/var/lib/crater-agent-workspace/rustup-home:/opt/rustwide/rustup-home:ro,Z" "-e" "SOURCE_DIR=/opt/rustwide/workdir" "-e" "CARGO_TARGET_DIR=/opt/rustwide/target" "-e" "CARGO_INCREMENTAL=0" "-e" "RUST_BACKTRACE=full" "-e" "RUSTFLAGS=--cap-lints=warn" "-e" "RUSTDOCFLAGS=--cap-lints=warn" "-e" "CARGO_HOME=/opt/rustwide/cargo-home" "-e" "RUSTUP_HOME=/opt/rustwide/rustup-home" "-w" "/opt/rustwide/workdir" "-m" "1610612736" "--user" "0:0" "--network" "none" "ghcr.io/rust-lang/crates-build-env/linux@sha256:f3a9d4ad9d972b27faf3965f35b62e55ba32bbce8f20bc8fe909558a86702fde" "/opt/rustwide/cargo-home/bin/cargo" "+beta-2024-12-08" "test" "--frozen", kill_on_drop: false }`
[INFO] [stdout] f04d87f664e86bdaccddb33aa390d458697b754c438c3e1ce0db68b1bfa24df9
[INFO] running `Command { std: "docker" "start" "-a" "f04d87f664e86bdaccddb33aa390d458697b754c438c3e1ce0db68b1bfa24df9", kill_on_drop: false }`
[INFO] [stderr]     Finished `test` profile [unoptimized + debuginfo] target(s) in 0.04s
[INFO] [stderr]      Running unittests src/lib.rs (/opt/rustwide/target/debug/deps/bevy_proto_typetag_derive-934160d227ac8481)
[INFO] [stdout] 
[INFO] [stdout] running 0 tests
[INFO] [stdout] 
[INFO] [stdout] test result: ok. 0 passed; 0 failed; 0 ignored; 0 measured; 0 filtered out; finished in 0.00s
[INFO] [stdout] 
[INFO] [stderr]    Doc-tests bevy_proto_typetag_derive
[INFO] [stdout] 
[INFO] [stdout] running 3 tests
[INFO] [stdout] test src/lib.rs - proto_comp_derive (line 19) ... FAILED
[INFO] [stdout] test src/attributes.rs - attributes::ProtoCompAttr::Into (line 15) ... FAILED
[INFO] [stdout] test src/attributes.rs - attributes::ProtoCompAttr::With (line 26) ... FAILED
[INFO] [stdout] 
[INFO] [stdout] failures:
[INFO] [stdout] 
[INFO] [stdout] ---- src/lib.rs - proto_comp_derive (line 19) stdout ----
[INFO] [stdout] error[E0432]: unresolved import `serde`
[INFO] [stdout]  --> src/lib.rs:20:5
[INFO] [stdout]   |
[INFO] [stdout] 3 | use serde::{Deserialize, Serialize};
[INFO] [stdout]   |     ^^^^^ use of undeclared crate or module `serde`
[INFO] [stdout] 
[INFO] [stdout] error: cannot find derive macro `ProtoComponent` in this scope
[INFO] [stdout]  --> src/lib.rs:22:41
[INFO] [stdout]   |
[INFO] [stdout] 5 | #[derive(Clone, Serialize, Deserialize, ProtoComponent)]
[INFO] [stdout]   |                                         ^^^^^^^^^^^^^^
[INFO] [stdout]   |
[INFO] [stdout] help: consider importing this derive macro
[INFO] [stdout]   |
[INFO] [stdout] 2 + use bevy_proto_typetag_derive::ProtoComponent;
[INFO] [stdout]   |
[INFO] [stdout] 
[INFO] [stdout] error: aborting due to 2 previous errors
[INFO] [stdout] 
[INFO] [stdout] For more information about this error, try `rustc --explain E0432`.
[INFO] [stdout] Couldn't compile the test.
[INFO] [stdout] ---- src/attributes.rs - attributes::ProtoCompAttr::Into (line 15) stdout ----
[INFO] [stdout] error[E0412]: cannot find type `ActualComponent` in this scope
[INFO] [stdout]  --> src/attributes.rs:16:16
[INFO] [stdout]   |
[INFO] [stdout] 3 | let component: ActualComponent = self.clone().into();
[INFO] [stdout]   |                ^^^^^^^^^^^^^^^ not found in this scope
[INFO] [stdout] 
[INFO] [stdout] error[E0424]: expected value, found module `self`
[INFO] [stdout]  --> src/attributes.rs:16:34
[INFO] [stdout]   |
[INFO] [stdout] 2 | fn main() { #[allow(non_snake_case)] fn _doctest_main_src_attributes_rs_15_0() {
[INFO] [stdout]   |                                         ------------------------------------ this function can't have a `self` parameter
[INFO] [stdout] 3 | let component: ActualComponent = self.clone().into();
[INFO] [stdout]   |                                  ^^^^ `self` value is a keyword only available in methods with a `self` parameter
[INFO] [stdout] 
[INFO] [stdout] error[E0425]: cannot find value `commands` in this scope
[INFO] [stdout]  --> src/attributes.rs:17:1
[INFO] [stdout]   |
[INFO] [stdout] 4 | commands.insert(component);
[INFO] [stdout]   | ^^^^^^^^ not found in this scope
[INFO] [stdout] 
[INFO] [stdout] error: aborting due to 3 previous errors
[INFO] [stdout] 
[INFO] [stdout] Some errors have detailed explanations: E0412, E0424, E0425.
[INFO] [stdout] For more information about an error, try `rustc --explain E0412`.
[INFO] [stdout] Couldn't compile the test.
[INFO] [stdout] ---- src/attributes.rs - attributes::ProtoCompAttr::With (line 26) stdout ----
[INFO] [stdout] error[E0424]: expected value, found module `self`
[INFO] [stdout]  --> src/attributes.rs:27:13
[INFO] [stdout]   |
[INFO] [stdout] 2 | fn main() { #[allow(non_snake_case)] fn _doctest_main_src_attributes_rs_26_0() {
[INFO] [stdout]   |                                         ------------------------------------ this function can't have a `self` parameter
[INFO] [stdout] 3 | my_function(self, commands, asset_server);
[INFO] [stdout]   |             ^^^^ `self` value is a keyword only available in methods with a `self` parameter
[INFO] [stdout] 
[INFO] [stdout] error[E0425]: cannot find value `commands` in this scope
[INFO] [stdout]  --> src/attributes.rs:27:19
[INFO] [stdout]   |
[INFO] [stdout] 3 | my_function(self, commands, asset_server);
[INFO] [stdout]   |                   ^^^^^^^^ not found in this scope
[INFO] [stdout] 
[INFO] [stdout] error[E0425]: cannot find value `asset_server` in this scope
[INFO] [stdout]  --> src/attributes.rs:27:29
[INFO] [stdout]   |
[INFO] [stdout] 3 | my_function(self, commands, asset_server);
[INFO] [stdout]   |                             ^^^^^^^^^^^^ not found in this scope
[INFO] [stdout] 
[INFO] [stdout] error[E0425]: cannot find function `my_function` in this scope
[INFO] [stdout]  --> src/attributes.rs:27:1
[INFO] [stdout]   |
[INFO] [stdout] 3 | my_function(self, commands, asset_server);
[INFO] [stdout]   | ^^^^^^^^^^^ not found in this scope
[INFO] [stdout] 
[INFO] [stdout] error: aborting due to 4 previous errors
[INFO] [stdout] 
[INFO] [stdout] Some errors have detailed explanations: E0424, E0425.
[INFO] [stdout] For more information about an error, try `rustc --explain E0424`.
[INFO] [stdout] Couldn't compile the test.
[INFO] [stdout] 
[INFO] [stdout] failures:
[INFO] [stdout]     src/attributes.rs - attributes::ProtoCompAttr::Into (line 15)
[INFO] [stdout]     src/attributes.rs - attributes::ProtoCompAttr::With (line 26)
[INFO] [stdout]     src/lib.rs - proto_comp_derive (line 19)
[INFO] [stdout] 
[INFO] [stdout] test result: FAILED. 0 passed; 3 failed; 0 ignored; 0 measured; 0 filtered out; finished in 0.18s
[INFO] [stdout] 
[INFO] [stderr] error: doctest failed, to rerun pass `--doc`
[INFO] running `Command { std: "docker" "inspect" "f04d87f664e86bdaccddb33aa390d458697b754c438c3e1ce0db68b1bfa24df9", kill_on_drop: false }`
[INFO] running `Command { std: "docker" "rm" "-f" "f04d87f664e86bdaccddb33aa390d458697b754c438c3e1ce0db68b1bfa24df9", kill_on_drop: false }`
[INFO] [stdout] f04d87f664e86bdaccddb33aa390d458697b754c438c3e1ce0db68b1bfa24df9
