[INFO] fetching crate bevy_previous 0.1.0...
[INFO] testing bevy_previous-0.1.0 against 1.83.0 for beta-1.84.0-4-retry
[INFO] extracting crate bevy_previous 0.1.0 into /workspace/builds/worker-3-tc1/source
[INFO] validating manifest of crates.io crate bevy_previous 0.1.0 on toolchain 1.83.0
[INFO] running `Command { std: CARGO_HOME="/workspace/cargo-home" RUSTUP_HOME="/workspace/rustup-home" "/workspace/cargo-home/bin/cargo" "+1.83.0" "metadata" "--manifest-path" "Cargo.toml" "--no-deps", kill_on_drop: false }`
[INFO] started tweaking crates.io crate bevy_previous 0.1.0
[INFO] finished tweaking crates.io crate bevy_previous 0.1.0
[INFO] tweaked toml for crates.io crate bevy_previous 0.1.0 written to /workspace/builds/worker-3-tc1/source/Cargo.toml
[INFO] running `Command { std: CARGO_HOME="/workspace/cargo-home" RUSTUP_HOME="/workspace/rustup-home" "/workspace/cargo-home/bin/cargo" "+1.83.0" "generate-lockfile" "--manifest-path" "Cargo.toml", kill_on_drop: false }`
[INFO] [stderr]     Updating crates.io index
[INFO] [stderr]      Locking 116 packages to latest compatible versions
[INFO] [stderr]       Adding bevy v0.14.2 (available: v0.15.0)
[INFO] running `Command { std: CARGO_HOME="/workspace/cargo-home" RUSTUP_HOME="/workspace/rustup-home" "/workspace/cargo-home/bin/cargo" "+1.83.0" "fetch" "--manifest-path" "Cargo.toml", kill_on_drop: false }`
[INFO] [stderr]  Downloading crates ...
[INFO] [stderr]   Downloaded bevy_previous_derive v0.1.0
[INFO] running `Command { std: "docker" "create" "-v" "/var/lib/crater-agent-workspace/builds/worker-3-tc1/target:/opt/rustwide/target:rw,Z" "-v" "/var/lib/crater-agent-workspace/builds/worker-3-tc1/source:/opt/rustwide/workdir:ro,Z" "-v" "/var/lib/crater-agent-workspace/cargo-home:/opt/rustwide/cargo-home:ro,Z" "-v" "/var/lib/crater-agent-workspace/rustup-home:/opt/rustwide/rustup-home:ro,Z" "-e" "SOURCE_DIR=/opt/rustwide/workdir" "-e" "CARGO_TARGET_DIR=/opt/rustwide/target" "-e" "CARGO_HOME=/opt/rustwide/cargo-home" "-e" "RUSTUP_HOME=/opt/rustwide/rustup-home" "-w" "/opt/rustwide/workdir" "-m" "1610612736" "--user" "0:0" "--network" "none" "ghcr.io/rust-lang/crates-build-env/linux@sha256:f3a9d4ad9d972b27faf3965f35b62e55ba32bbce8f20bc8fe909558a86702fde" "/opt/rustwide/cargo-home/bin/cargo" "+1.83.0" "metadata" "--no-deps" "--format-version=1", kill_on_drop: false }`
[INFO] [stdout] 71f4d6130266d7ad3215bd5dd2f1cdeb99523e2c4d023ec7b56e803f715d20c8
[INFO] running `Command { std: "docker" "start" "-a" "71f4d6130266d7ad3215bd5dd2f1cdeb99523e2c4d023ec7b56e803f715d20c8", kill_on_drop: false }`
[INFO] running `Command { std: "docker" "inspect" "71f4d6130266d7ad3215bd5dd2f1cdeb99523e2c4d023ec7b56e803f715d20c8", kill_on_drop: false }`
[INFO] running `Command { std: "docker" "rm" "-f" "71f4d6130266d7ad3215bd5dd2f1cdeb99523e2c4d023ec7b56e803f715d20c8", kill_on_drop: false }`
[INFO] [stdout] 71f4d6130266d7ad3215bd5dd2f1cdeb99523e2c4d023ec7b56e803f715d20c8
[INFO] running `Command { std: "docker" "create" "-v" "/var/lib/crater-agent-workspace/builds/worker-3-tc1/target:/opt/rustwide/target:rw,Z" "-v" "/var/lib/crater-agent-workspace/builds/worker-3-tc1/source:/opt/rustwide/workdir:ro,Z" "-v" "/var/lib/crater-agent-workspace/cargo-home:/opt/rustwide/cargo-home:ro,Z" "-v" "/var/lib/crater-agent-workspace/rustup-home:/opt/rustwide/rustup-home:ro,Z" "-e" "SOURCE_DIR=/opt/rustwide/workdir" "-e" "CARGO_TARGET_DIR=/opt/rustwide/target" "-e" "CARGO_INCREMENTAL=0" "-e" "RUST_BACKTRACE=full" "-e" "RUSTFLAGS=--cap-lints=warn" "-e" "RUSTDOCFLAGS=--cap-lints=warn" "-e" "CARGO_HOME=/opt/rustwide/cargo-home" "-e" "RUSTUP_HOME=/opt/rustwide/rustup-home" "-w" "/opt/rustwide/workdir" "-m" "1610612736" "--user" "0:0" "--network" "none" "ghcr.io/rust-lang/crates-build-env/linux@sha256:f3a9d4ad9d972b27faf3965f35b62e55ba32bbce8f20bc8fe909558a86702fde" "/opt/rustwide/cargo-home/bin/cargo" "+1.83.0" "build" "--frozen" "--message-format=json", kill_on_drop: false }`
[INFO] [stdout] 5fab1dfd05e50c5343959cad6a13b9545dfaef966d74268148ff71abaa31445f
[INFO] running `Command { std: "docker" "start" "-a" "5fab1dfd05e50c5343959cad6a13b9545dfaef966d74268148ff71abaa31445f", kill_on_drop: false }`
[INFO] [stderr]    Compiling proc-macro2 v1.0.92
[INFO] [stderr]    Compiling unicode-ident v1.0.14
[INFO] [stderr]    Compiling libc v0.2.168
[INFO] [stderr]    Compiling once_cell v1.20.2
[INFO] [stderr]    Compiling cfg-if v1.0.0
[INFO] [stderr]    Compiling equivalent v1.0.1
[INFO] [stderr]    Compiling hashbrown v0.15.2
[INFO] [stderr]    Compiling serde v1.0.216
[INFO] [stderr]    Compiling pin-project-lite v0.2.15
[INFO] [stderr]    Compiling toml_datetime v0.6.8
[INFO] [stderr]    Compiling version_check v0.9.5
[INFO] [stderr]    Compiling winnow v0.6.20
[INFO] [stderr]    Compiling tracing-core v0.1.33
[INFO] [stderr]    Compiling crossbeam-utils v0.8.20
[INFO] [stderr]    Compiling autocfg v1.4.0
[INFO] [stderr]    Compiling ahash v0.8.11
[INFO] [stderr]    Compiling zerocopy v0.7.35
[INFO] [stderr]    Compiling indexmap v2.7.0
[INFO] [stderr]    Compiling typeid v1.0.2
[INFO] [stderr]    Compiling slab v0.4.9
[INFO] [stderr]    Compiling tracing v0.1.41
[INFO] [stderr]    Compiling quote v1.0.37
[INFO] [stderr]    Compiling syn v2.0.90
[INFO] [stderr]    Compiling thread_local v1.1.8
[INFO] [stderr]    Compiling thiserror v1.0.69
[INFO] [stderr]    Compiling allocator-api2 v0.2.21
[INFO] [stderr]    Compiling rand_core v0.6.4
[INFO] [stderr]    Compiling getrandom v0.2.15
[INFO] [stderr]    Compiling rand v0.8.5
[INFO] [stderr]    Compiling uuid v1.11.0
[INFO] [stderr]    Compiling parking v2.2.1
[INFO] [stderr]    Compiling fastrand v2.3.0
[INFO] [stderr]    Compiling futures-core v0.3.31
[INFO] [stderr]    Compiling web-time v1.1.0
[INFO] [stderr]    Compiling futures-io v0.3.31
[INFO] [stderr]    Compiling toml_edit v0.22.22
[INFO] [stderr]    Compiling smallvec v1.13.2
[INFO] [stderr]    Compiling bytemuck v1.20.0
[INFO] [stderr]    Compiling futures-lite v2.5.0
[INFO] [stderr]    Compiling concurrent-queue v2.5.0
[INFO] [stderr]    Compiling downcast-rs v1.2.1
[INFO] [stderr]    Compiling smol_str v0.2.2
[INFO] [stderr]    Compiling async-task v4.7.1
[INFO] [stderr]    Compiling bevy_ptr v0.14.2
[INFO] [stderr]    Compiling fixedbitset v0.4.2
[INFO] [stderr]    Compiling bitflags v2.6.0
[INFO] [stderr]    Compiling petgraph v0.6.5
[INFO] [stderr]    Compiling fixedbitset v0.5.7
[INFO] [stderr]    Compiling nonmax v0.5.5
[INFO] [stderr]    Compiling regex-syntax v0.6.29
[INFO] [stderr]    Compiling async-executor v1.13.1
[INFO] [stderr]    Compiling regex-syntax v0.8.5
[INFO] [stderr]    Compiling lazy_static v1.5.0
[INFO] [stderr]    Compiling log v0.4.22
[INFO] [stderr]    Compiling overload v0.1.1
[INFO] [stderr]    Compiling nu-ansi-term v0.46.0
[INFO] [stderr]    Compiling bevy_tasks v0.14.2
[INFO] [stderr]    Compiling tracing-log v0.2.0
[INFO] [stderr]    Compiling sharded-slab v0.1.7
[INFO] [stderr]    Compiling crossbeam-channel v0.5.13
[INFO] [stderr]    Compiling accesskit v0.14.0
[INFO] [stderr]    Compiling raw-window-handle v0.6.2
[INFO] [stderr]    Compiling const-fnv1a-hash v1.1.0
[INFO] [stderr]    Compiling bevy_macro_utils v0.14.2
[INFO] [stderr]    Compiling regex-automata v0.1.10
[INFO] [stderr]    Compiling regex-automata v0.4.9
[INFO] [stderr]    Compiling matchers v0.1.0
[INFO] [stderr]    Compiling serde_derive v1.0.216
[INFO] [stderr]    Compiling thiserror-impl v1.0.69
[INFO] [stderr]    Compiling bevy_utils_proc_macros v0.14.2
[INFO] [stderr]    Compiling bevy_reflect_derive v0.14.2
[INFO] [stderr]    Compiling bevy_ecs_macros v0.14.2
[INFO] [stderr]    Compiling bevy_derive v0.14.2
[INFO] [stderr]    Compiling bevy_previous_derive v0.1.0
[INFO] [stderr]    Compiling regex v1.11.1
[INFO] [stderr]    Compiling tracing-subscriber v0.3.19
[INFO] [stderr]    Compiling hashbrown v0.14.5
[INFO] [stderr]    Compiling glam v0.27.0
[INFO] [stderr]    Compiling erased-serde v0.4.5
[INFO] [stderr]    Compiling bevy_utils v0.14.2
[INFO] [stderr]    Compiling bevy_reflect v0.14.2
[INFO] [stderr]    Compiling bevy_ecs v0.14.2
[INFO] [stderr]    Compiling bevy_math v0.14.2
[INFO] [stderr]    Compiling bevy_app v0.14.2
[INFO] [stderr]    Compiling bevy_core v0.14.2
[INFO] [stderr]    Compiling bevy_time v0.14.2
[INFO] [stderr]    Compiling bevy_a11y v0.14.2
[INFO] [stderr]    Compiling bevy_log v0.14.2
[INFO] [stderr]    Compiling bevy_input v0.14.2
[INFO] [stderr]    Compiling bevy_hierarchy v0.14.2
[INFO] [stderr]    Compiling bevy_window v0.14.2
[INFO] [stderr]    Compiling bevy_diagnostic v0.14.2
[INFO] [stderr]    Compiling bevy_transform v0.14.2
[INFO] [stderr]    Compiling bevy_internal v0.14.2
[INFO] [stderr]    Compiling bevy v0.14.2
[INFO] [stderr]    Compiling bevy_previous v0.1.0 (/opt/rustwide/workdir)
[INFO] [stderr]     Finished `dev` profile [unoptimized + debuginfo] target(s) in 2m 00s
[INFO] running `Command { std: "docker" "inspect" "5fab1dfd05e50c5343959cad6a13b9545dfaef966d74268148ff71abaa31445f", kill_on_drop: false }`
[INFO] running `Command { std: "docker" "rm" "-f" "5fab1dfd05e50c5343959cad6a13b9545dfaef966d74268148ff71abaa31445f", kill_on_drop: false }`
[INFO] [stdout] 5fab1dfd05e50c5343959cad6a13b9545dfaef966d74268148ff71abaa31445f
[INFO] running `Command { std: "docker" "create" "-v" "/var/lib/crater-agent-workspace/builds/worker-3-tc1/target:/opt/rustwide/target:rw,Z" "-v" "/var/lib/crater-agent-workspace/builds/worker-3-tc1/source:/opt/rustwide/workdir:ro,Z" "-v" "/var/lib/crater-agent-workspace/cargo-home:/opt/rustwide/cargo-home:ro,Z" "-v" "/var/lib/crater-agent-workspace/rustup-home:/opt/rustwide/rustup-home:ro,Z" "-e" "SOURCE_DIR=/opt/rustwide/workdir" "-e" "CARGO_TARGET_DIR=/opt/rustwide/target" "-e" "CARGO_INCREMENTAL=0" "-e" "RUST_BACKTRACE=full" "-e" "RUSTFLAGS=--cap-lints=warn" "-e" "RUSTDOCFLAGS=--cap-lints=warn" "-e" "CARGO_HOME=/opt/rustwide/cargo-home" "-e" "RUSTUP_HOME=/opt/rustwide/rustup-home" "-w" "/opt/rustwide/workdir" "-m" "1610612736" "--user" "0:0" "--network" "none" "ghcr.io/rust-lang/crates-build-env/linux@sha256:f3a9d4ad9d972b27faf3965f35b62e55ba32bbce8f20bc8fe909558a86702fde" "/opt/rustwide/cargo-home/bin/cargo" "+1.83.0" "test" "--frozen" "--no-run" "--message-format=json", kill_on_drop: false }`
[INFO] [stdout] 7329ea0cfa55bff435987a95527e1f417d1af1f8f7768d9b6508cad7103601ac
[INFO] running `Command { std: "docker" "start" "-a" "7329ea0cfa55bff435987a95527e1f417d1af1f8f7768d9b6508cad7103601ac", kill_on_drop: false }`
[INFO] [stderr]    Compiling bevy_previous v0.1.0 (/opt/rustwide/workdir)
[INFO] [stderr]     Finished `test` profile [unoptimized + debuginfo] target(s) in 1.08s
[INFO] running `Command { std: "docker" "inspect" "7329ea0cfa55bff435987a95527e1f417d1af1f8f7768d9b6508cad7103601ac", kill_on_drop: false }`
[INFO] running `Command { std: "docker" "rm" "-f" "7329ea0cfa55bff435987a95527e1f417d1af1f8f7768d9b6508cad7103601ac", kill_on_drop: false }`
[INFO] [stdout] 7329ea0cfa55bff435987a95527e1f417d1af1f8f7768d9b6508cad7103601ac
[INFO] running `Command { std: "docker" "create" "-v" "/var/lib/crater-agent-workspace/builds/worker-3-tc1/target:/opt/rustwide/target:rw,Z" "-v" "/var/lib/crater-agent-workspace/builds/worker-3-tc1/source:/opt/rustwide/workdir:ro,Z" "-v" "/var/lib/crater-agent-workspace/cargo-home:/opt/rustwide/cargo-home:ro,Z" "-v" "/var/lib/crater-agent-workspace/rustup-home:/opt/rustwide/rustup-home:ro,Z" "-e" "SOURCE_DIR=/opt/rustwide/workdir" "-e" "CARGO_TARGET_DIR=/opt/rustwide/target" "-e" "CARGO_INCREMENTAL=0" "-e" "RUST_BACKTRACE=full" "-e" "RUSTFLAGS=--cap-lints=warn" "-e" "RUSTDOCFLAGS=--cap-lints=warn" "-e" "CARGO_HOME=/opt/rustwide/cargo-home" "-e" "RUSTUP_HOME=/opt/rustwide/rustup-home" "-w" "/opt/rustwide/workdir" "-m" "1610612736" "--user" "0:0" "--network" "none" "ghcr.io/rust-lang/crates-build-env/linux@sha256:f3a9d4ad9d972b27faf3965f35b62e55ba32bbce8f20bc8fe909558a86702fde" "/opt/rustwide/cargo-home/bin/cargo" "+1.83.0" "test" "--frozen", kill_on_drop: false }`
[INFO] [stdout] 90a87b2d262f7d1f7ef9de05ca01825f2e864f991a21fa540ed177359060c124
[INFO] running `Command { std: "docker" "start" "-a" "90a87b2d262f7d1f7ef9de05ca01825f2e864f991a21fa540ed177359060c124", kill_on_drop: false }`
[INFO] [stderr]     Finished `test` profile [unoptimized + debuginfo] target(s) in 0.16s
[INFO] [stderr]      Running unittests src/lib.rs (/opt/rustwide/target/debug/deps/bevy_previous-76f67bf48b2246a6)
[INFO] [stdout] 
[INFO] [stdout] running 0 tests
[INFO] [stdout] 
[INFO] [stdout] test result: ok. 0 passed; 0 failed; 0 ignored; 0 measured; 0 filtered out; finished in 0.00s
[INFO] [stdout] 
[INFO] [stderr]    Doc-tests bevy_previous
[INFO] [stdout] 
[INFO] [stdout] running 6 tests
[INFO] [stdout] test src/lib.rs - PreviousPlugin (line 186) ... FAILED
[INFO] [stdout] test src/lib.rs - Previous (line 48) ... ok
[INFO] [stdout] test src/lib.rs - FixedPrevious (line 106) ... ok
[INFO] [stdout] test src/lib.rs - PreviousPlugin (line 141) ... ok
[INFO] [stdout] test src/lib.rs - PreviousPlugin (line 164) ... ok
[INFO] [stdout] test src/lib.rs - Previous (line 25) ... ok
[INFO] [stdout] 
[INFO] [stdout] failures:
[INFO] [stdout] 
[INFO] [stdout] ---- src/lib.rs - PreviousPlugin (line 186) stdout ----
[INFO] [stdout] error: linking with `cc` failed: exit status: 1
[INFO] [stdout]   |
[INFO] [stdout]   = note: LC_ALL="C" PATH="/opt/rustwide/rustup-home/toolchains/1.83.0-x86_64-unknown-linux-gnu/lib/rustlib/x86_64-unknown-linux-gnu/bin:/opt/rustwide/cargo-home/bin:/usr/local/sbin:/usr/local/bin:/usr/sbin:/usr/bin:/sbin:/bin" VSLANG="1033" "cc" "-m64" "/tmp/rustcEPv8w3/symbols.o" "/tmp/rustdoctestaUyEpL/rust_out.rust_out.cb03291d53e4e161-cgu.0.rcgu.o" "/tmp/rustdoctestaUyEpL/rust_out.1s7umcihpz0t7nkz1uc2ifee9.rcgu.o" "-Wl,--as-needed" "-Wl,-Bstatic" "/opt/rustwide/target/debug/deps/libbevy_previous-cea07b468f09880b.rlib" "/opt/rustwide/target/debug/deps/libbevy-a03ca7d09c0d905a.rlib" "/opt/rustwide/target/debug/deps/libbevy_internal-0fc9b77bac574388.rlib" "/opt/rustwide/target/debug/deps/libbevy_window-7494f2518d2b45b9.rlib" "/opt/rustwide/target/debug/deps/libraw_window_handle-8cb2b19431438a7e.rlib" "/opt/rustwide/target/debug/deps/libbevy_transform-1b47a860c963213c.rlib" "/opt/rustwide/target/debug/deps/libbevy_log-aea3eb7475ac3cd4.rlib" "/opt/rustwide/target/debug/deps/libtracing_subscriber-6dca363bbb7976a2.rlib" "/opt/rustwide/target/debug/deps/libsharded_slab-0b982918e941cef5.rlib" "/opt/rustwide/target/debug/deps/liblazy_static-977f75dcedc2f7be.rlib" "/opt/rustwide/target/debug/deps/libmatchers-81da137eb49309ea.rlib" "/opt/rustwide/target/debug/deps/libregex_automata-abfc5f66ec152c0c.rlib" "/opt/rustwide/target/debug/deps/libregex_syntax-97b3d5521ce4fbed.rlib" "/opt/rustwide/target/debug/deps/libregex-65269ff0a2daa12f.rlib" "/opt/rustwide/target/debug/deps/libregex_automata-755b4f61f7b258ee.rlib" "/opt/rustwide/target/debug/deps/libregex_syntax-aa292c4420fe077c.rlib" "/opt/rustwide/target/debug/deps/libnu_ansi_term-3a69087052053dab.rlib" "/opt/rustwide/target/debug/deps/liboverload-26dab9b5b27fc3d3.rlib" "/opt/rustwide/target/debug/deps/libtracing_log-8d64a75560097dd3.rlib" "/opt/rustwide/target/debug/deps/liblog-6d50fe4853ae55d4.rlib" "/opt/rustwide/target/debug/deps/libbevy_input-c0fa80c035f111e4.rlib" "/opt/rustwide/target/debug/deps/libbevy_math-945490023350e6d8.rlib" "/opt/rustwide/target/debug/deps/libbevy_hierarchy-54e64fa153d6f432.rlib" "/opt/rustwide/target/debug/deps/libbevy_diagnostic-afca78891545a242.rlib" "/opt/rustwide/target/debug/deps/libbevy_time-c942615f09294469.rlib" "/opt/rustwide/target/debug/deps/libcrossbeam_channel-977a9aae225782fb.rlib" "/opt/rustwide/target/debug/deps/libconst_fnv1a_hash-46385808b82121c1.rlib" "/opt/rustwide/target/debug/deps/libbevy_core-7a8fcb62c6ddec0c.rlib" "/opt/rustwide/target/debug/deps/libbevy_a11y-cc946eefc08010cf.rlib" "/opt/rustwide/target/debug/deps/libaccesskit-5afd813726bf434e.rlib" "/opt/rustwide/target/debug/deps/libbevy_app-51d75255f9fefdd9.rlib" "/opt/rustwide/target/debug/deps/libbevy_ecs-9f33b015712fdf9b.rlib" "/opt/rustwide/target/debug/deps/libbitflags-53c76c4f639396f9.rlib" "/opt/rustwide/target/debug/deps/libnonmax-2d53298c85f65321.rlib" "/opt/rustwide/target/debug/deps/libpetgraph-fe770f53daa96308.rlib" "/opt/rustwide/target/debug/deps/libindexmap-10fc62c8bb74c388.rlib" "/opt/rustwide/target/debug/deps/libequivalent-4d5cfde55792e26d.rlib" "/opt/rustwide/target/debug/deps/libhashbrown-62cdb64ce3ed52bb.rlib" "/opt/rustwide/target/debug/deps/libfixedbitset-0a8c4c54ba30ea5e.rlib" "/opt/rustwide/target/debug/deps/libbevy_tasks-12c702ee45de8217.rlib" "/opt/rustwide/target/debug/deps/libasync_executor-82536be9ba14664d.rlib" "/opt/rustwide/target/debug/deps/libslab-083dd68e0bc19c95.rlib" "/opt/rustwide/target/debug/deps/libconcurrent_queue-436a60fc11aa6b5b.rlib" "/opt/rustwide/target/debug/deps/libcrossbeam_utils-f7ce83001347108b.rlib" "/opt/rustwide/target/debug/deps/libasync_task-ae112160920f0c1d.rlib" "/opt/rustwide/target/debug/deps/libfutures_lite-f1a0afa9ba9cafb2.rlib" "/opt/rustwide/target/debug/deps/libfutures_io-b77a2fbaad2c9353.rlib" "/opt/rustwide/target/debug/deps/libfutures_core-330e9f754335f762.rlib" "/opt/rustwide/target/debug/deps/libparking-27e917f18806e974.rlib" "/opt/rustwide/target/debug/deps/libfastrand-33d04f74cb9fe3e0.rlib" "/opt/rustwide/target/debug/deps/libfixedbitset-f957175f29196d16.rlib" "/opt/rustwide/target/debug/deps/libbevy_reflect-13e0baaa3fb3a3a9.rlib" "/opt/rustwide/target/debug/deps/libsmol_str-326c3aa5a9ceccd5.rlib" "/opt/rustwide/target/debug/deps/liberased_serde-550dde018821db97.rlib" "/opt/rustwide/target/debug/deps/libtypeid-f14491989104f587.rlib" "/opt/rustwide/target/debug/deps/libsmallvec-bbd1bea19c2efa96.rlib" "/opt/rustwide/target/debug/deps/libglam-067629822b63149c.rlib" "/opt/rustwide/target/debug/deps/librand-6f3d199b8f60c17c.rlib" "/opt/rustwide/target/debug/deps/librand_core-11d0c0a68859a767.rlib" "/opt/rustwide/target/debug/deps/libbytemuck-001c838fec11c0a7.rlib" "/opt/rustwide/target/debug/deps/libdowncast_rs-f186421ecc7397d6.rlib" "/opt/rustwide/target/debug/deps/libthiserror-86597c7ebf195168.rlib" "/opt/rustwide/target/debug/deps/libbevy_utils-61f1e7d5fc828e40.rlib" "/opt/rustwide/target/debug/deps/libweb_time-94a4306729de7a5f.rlib" "/opt/rustwide/target/debug/deps/libtracing-b3614bfa6d34305c.rlib" "/opt/rustwide/target/debug/deps/libpin_project_lite-be51d264b86b6c5b.rlib" "/opt/rustwide/target/debug/deps/libtracing_core-a35e54d2ab947d05.rlib" "/opt/rustwide/target/debug/deps/libhashbrown-78190776e38e5636.rlib" "/opt/rustwide/target/debug/deps/libserde-c6d84ea49b1979c6.rlib" "/opt/rustwide/target/debug/deps/liballocator_api2-88d7b7890afadc02.rlib" "/opt/rustwide/target/debug/deps/libahash-83fa397a815fb650.rlib" "/opt/rustwide/target/debug/deps/libgetrandom-e2d4236c779a7ecb.rlib" "/opt/rustwide/target/debug/deps/liblibc-4f60591517274081.rlib" "/opt/rustwide/target/debug/deps/libzerocopy-9a2912bb2fae3461.rlib" "/opt/rustwide/target/debug/deps/libthread_local-2878fc2c0308edf0.rlib" "/opt/rustwide/target/debug/deps/libcfg_if-8217498f8667ada9.rlib" "/opt/rustwide/target/debug/deps/libonce_cell-6f631f2a5f71cecc.rlib" "/opt/rustwide/target/debug/deps/libbevy_ptr-b2527071ea2a41ab.rlib" "/opt/rustwide/rustup-home/toolchains/1.83.0-x86_64-unknown-linux-gnu/lib/rustlib/x86_64-unknown-linux-gnu/lib/libstd-ca74a2d9c5166d9f.rlib" "/opt/rustwide/rustup-home/toolchains/1.83.0-x86_64-unknown-linux-gnu/lib/rustlib/x86_64-unknown-linux-gnu/lib/libpanic_unwind-e31ab23316ed5080.rlib" "/opt/rustwide/rustup-home/toolchains/1.83.0-x86_64-unknown-linux-gnu/lib/rustlib/x86_64-unknown-linux-gnu/lib/libobject-27dc4aa955912662.rlib" "/opt/rustwide/rustup-home/toolchains/1.83.0-x86_64-unknown-linux-gnu/lib/rustlib/x86_64-unknown-linux-gnu/lib/libmemchr-bd0d6cccce077b99.rlib" "/opt/rustwide/rustup-home/toolchains/1.83.0-x86_64-unknown-linux-gnu/lib/rustlib/x86_64-unknown-linux-gnu/lib/libaddr2line-8d001680935b5e3c.rlib" "/opt/rustwide/rustup-home/toolchains/1.83.0-x86_64-unknown-linux-gnu/lib/rustlib/x86_64-unknown-linux-gnu/lib/libgimli-ba8ce71964f984f4.rlib" "/opt/rustwide/rustup-home/toolchains/1.83.0-x86_64-unknown-linux-gnu/lib/rustlib/x86_64-unknown-linux-gnu/lib/librustc_demangle-99a73526abcec14b.rlib" "/opt/rustwide/rustup-home/toolchains/1.83.0-x86_64-unknown-linux-gnu/lib/rustlib/x86_64-unknown-linux-gnu/lib/libstd_detect-63ac0d22cff92579.rlib" "/opt/rustwide/rustup-home/toolchains/1.83.0-x86_64-unknown-linux-gnu/lib/rustlib/x86_64-unknown-linux-gnu/lib/libhashbrown-9057355c92c922d5.rlib" "/opt/rustwide/rustup-home/toolchains/1.83.0-x86_64-unknown-linux-gnu/lib/rustlib/x86_64-unknown-linux-gnu/lib/librustc_std_workspace_alloc-358be9bc1f6bab04.rlib" "/opt/rustwide/rustup-home/toolchains/1.83.0-x86_64-unknown-linux-gnu/lib/rustlib/x86_64-unknown-linux-gnu/lib/libminiz_oxide-aca15549d5bff974.rlib" "/opt/rustwide/rustup-home/toolchains/1.83.0-x86_64-unknown-linux-gnu/lib/rustlib/x86_64-unknown-linux-gnu/lib/libadler-8251d2cef7072448.rlib" "/opt/rustwide/rustup-home/toolchains/1.83.0-x86_64-unknown-linux-gnu/lib/rustlib/x86_64-unknown-linux-gnu/lib/libunwind-7d50b86011c66411.rlib" "/opt/rustwide/rustup-home/toolchains/1.83.0-x86_64-unknown-linux-gnu/lib/rustlib/x86_64-unknown-linux-gnu/lib/libcfg_if-51ea098fce5006bf.rlib" "/opt/rustwide/rustup-home/toolchains/1.83.0-x86_64-unknown-linux-gnu/lib/rustlib/x86_64-unknown-linux-gnu/lib/liblibc-5a14e0d0b712e731.rlib" "/opt/rustwide/rustup-home/toolchains/1.83.0-x86_64-unknown-linux-gnu/lib/rustlib/x86_64-unknown-linux-gnu/lib/liballoc-8b83dbf3a7b8f999.rlib" "/opt/rustwide/rustup-home/toolchains/1.83.0-x86_64-unknown-linux-gnu/lib/rustlib/x86_64-unknown-linux-gnu/lib/librustc_std_workspace_core-c6fd227bdc7b39ff.rlib" "/opt/rustwide/rustup-home/toolchains/1.83.0-x86_64-unknown-linux-gnu/lib/rustlib/x86_64-unknown-linux-gnu/lib/libcore-959d3389fa3da8a5.rlib" "/opt/rustwide/rustup-home/toolchains/1.83.0-x86_64-unknown-linux-gnu/lib/rustlib/x86_64-unknown-linux-gnu/lib/libcompiler_builtins-abe05db089cc2c62.rlib" "-Wl,-Bdynamic" "-lc" "-lm" "-lrt" "-lpthread" "-lgcc_s" "-lutil" "-lrt" "-lpthread" "-lm" "-ldl" "-lc" "-Wl,--eh-frame-hdr" "-Wl,-z,noexecstack" "-L" "/opt/rustwide/rustup-home/toolchains/1.83.0-x86_64-unknown-linux-gnu/lib/rustlib/x86_64-unknown-linux-gnu/lib" "-o" "/tmp/rustdoctestaUyEpL/rust_out" "-Wl,--gc-sections" "-pie" "-Wl,-z,relro,-z,now" "-nodefaultlibs"
[INFO] [stdout]   = note: collect2: fatal error: ld terminated with signal 9 [Killed]
[INFO] [stdout]           compilation terminated.
[INFO] [stdout]           
[INFO] [stdout] 
[INFO] [stdout] error: aborting due to 1 previous error
[INFO] [stdout] 
[INFO] [stdout] Couldn't compile the test.
[INFO] [stdout] 
[INFO] [stdout] failures:
[INFO] [stdout]     src/lib.rs - PreviousPlugin (line 186)
[INFO] [stdout] 
[INFO] [stdout] test result: FAILED. 5 passed; 1 failed; 0 ignored; 0 measured; 0 filtered out; finished in 17.56s
[INFO] [stdout] 
[INFO] [stderr] error: doctest failed, to rerun pass `--doc`
[INFO] running `Command { std: "docker" "inspect" "90a87b2d262f7d1f7ef9de05ca01825f2e864f991a21fa540ed177359060c124", kill_on_drop: false }`
[INFO] running `Command { std: "docker" "rm" "-f" "90a87b2d262f7d1f7ef9de05ca01825f2e864f991a21fa540ed177359060c124", kill_on_drop: false }`
[INFO] [stdout] 90a87b2d262f7d1f7ef9de05ca01825f2e864f991a21fa540ed177359060c124
