[INFO] fetching crate bevy_heavy 0.1.0...
[INFO] testing bevy_heavy-0.1.0 against beta-2024-12-08 for beta-1.84.0-4-retry
[INFO] extracting crate bevy_heavy 0.1.0 into /workspace/builds/worker-2-tc2/source
[INFO] validating manifest of crates.io crate bevy_heavy 0.1.0 on toolchain beta-2024-12-08
[INFO] running `Command { std: CARGO_HOME="/workspace/cargo-home" RUSTUP_HOME="/workspace/rustup-home" "/workspace/cargo-home/bin/cargo" "+beta-2024-12-08" "metadata" "--manifest-path" "Cargo.toml" "--no-deps", kill_on_drop: false }`
[INFO] started tweaking crates.io crate bevy_heavy 0.1.0
[INFO] finished tweaking crates.io crate bevy_heavy 0.1.0
[INFO] tweaked toml for crates.io crate bevy_heavy 0.1.0 written to /workspace/builds/worker-2-tc2/source/Cargo.toml
[INFO] running `Command { std: CARGO_HOME="/workspace/cargo-home" RUSTUP_HOME="/workspace/rustup-home" "/workspace/cargo-home/bin/cargo" "+beta-2024-12-08" "generate-lockfile" "--manifest-path" "Cargo.toml", kill_on_drop: false }`
[INFO] [stderr]     Updating crates.io index
[INFO] [stderr]      Locking 72 packages to latest compatible versions
[INFO] running `Command { std: CARGO_HOME="/workspace/cargo-home" RUSTUP_HOME="/workspace/rustup-home" "/workspace/cargo-home/bin/cargo" "+beta-2024-12-08" "fetch" "--manifest-path" "Cargo.toml", kill_on_drop: false }`
[INFO] running `Command { std: "docker" "create" "-v" "/var/lib/crater-agent-workspace/builds/worker-2-tc2/target:/opt/rustwide/target:rw,Z" "-v" "/var/lib/crater-agent-workspace/builds/worker-2-tc2/source:/opt/rustwide/workdir:ro,Z" "-v" "/var/lib/crater-agent-workspace/cargo-home:/opt/rustwide/cargo-home:ro,Z" "-v" "/var/lib/crater-agent-workspace/rustup-home:/opt/rustwide/rustup-home:ro,Z" "-e" "SOURCE_DIR=/opt/rustwide/workdir" "-e" "CARGO_TARGET_DIR=/opt/rustwide/target" "-e" "CARGO_HOME=/opt/rustwide/cargo-home" "-e" "RUSTUP_HOME=/opt/rustwide/rustup-home" "-w" "/opt/rustwide/workdir" "-m" "1610612736" "--user" "0:0" "--network" "none" "ghcr.io/rust-lang/crates-build-env/linux@sha256:f3a9d4ad9d972b27faf3965f35b62e55ba32bbce8f20bc8fe909558a86702fde" "/opt/rustwide/cargo-home/bin/cargo" "+beta-2024-12-08" "metadata" "--no-deps" "--format-version=1", kill_on_drop: false }`
[INFO] [stdout] 9d0176f3e572fe6ad96a30158a4194850ea53c3dc0901c6ba1caa4bbfd6eaaf8
[INFO] running `Command { std: "docker" "start" "-a" "9d0176f3e572fe6ad96a30158a4194850ea53c3dc0901c6ba1caa4bbfd6eaaf8", kill_on_drop: false }`
[INFO] running `Command { std: "docker" "inspect" "9d0176f3e572fe6ad96a30158a4194850ea53c3dc0901c6ba1caa4bbfd6eaaf8", kill_on_drop: false }`
[INFO] running `Command { std: "docker" "rm" "-f" "9d0176f3e572fe6ad96a30158a4194850ea53c3dc0901c6ba1caa4bbfd6eaaf8", kill_on_drop: false }`
[INFO] [stdout] 9d0176f3e572fe6ad96a30158a4194850ea53c3dc0901c6ba1caa4bbfd6eaaf8
[INFO] running `Command { std: "docker" "create" "-v" "/var/lib/crater-agent-workspace/builds/worker-2-tc2/target:/opt/rustwide/target:rw,Z" "-v" "/var/lib/crater-agent-workspace/builds/worker-2-tc2/source:/opt/rustwide/workdir:ro,Z" "-v" "/var/lib/crater-agent-workspace/cargo-home:/opt/rustwide/cargo-home:ro,Z" "-v" "/var/lib/crater-agent-workspace/rustup-home:/opt/rustwide/rustup-home:ro,Z" "-e" "SOURCE_DIR=/opt/rustwide/workdir" "-e" "CARGO_TARGET_DIR=/opt/rustwide/target" "-e" "CARGO_INCREMENTAL=0" "-e" "RUST_BACKTRACE=full" "-e" "RUSTFLAGS=--cap-lints=warn" "-e" "RUSTDOCFLAGS=--cap-lints=warn" "-e" "CARGO_HOME=/opt/rustwide/cargo-home" "-e" "RUSTUP_HOME=/opt/rustwide/rustup-home" "-w" "/opt/rustwide/workdir" "-m" "1610612736" "--user" "0:0" "--network" "none" "ghcr.io/rust-lang/crates-build-env/linux@sha256:f3a9d4ad9d972b27faf3965f35b62e55ba32bbce8f20bc8fe909558a86702fde" "/opt/rustwide/cargo-home/bin/cargo" "+beta-2024-12-08" "build" "--frozen" "--message-format=json", kill_on_drop: false }`
[INFO] [stdout] 3ae549c760b0741b83bc17da0a0725de73e7a6e0c860e151104f124acf36db20
[INFO] running `Command { std: "docker" "start" "-a" "3ae549c760b0741b83bc17da0a0725de73e7a6e0c860e151104f124acf36db20", kill_on_drop: false }`
[INFO] [stderr]    Compiling proc-macro2 v1.0.92
[INFO] [stderr]    Compiling unicode-ident v1.0.14
[INFO] [stderr]    Compiling libc v0.2.168
[INFO] [stderr]    Compiling cfg-if v1.0.0
[INFO] [stderr]    Compiling crunchy v0.2.2
[INFO] [stderr]    Compiling tiny-keccak v2.0.2
[INFO] [stderr]    Compiling serde v1.0.216
[INFO] [stderr]    Compiling once_cell v1.20.2
[INFO] [stderr]    Compiling version_check v0.9.5
[INFO] [stderr]    Compiling equivalent v1.0.1
[INFO] [stderr]    Compiling hashbrown v0.15.2
[INFO] [stderr]    Compiling typeid v1.0.2
[INFO] [stderr]    Compiling zerocopy v0.7.35
[INFO] [stderr]    Compiling winnow v0.6.20
[INFO] [stderr]    Compiling toml_datetime v0.6.8
[INFO] [stderr]    Compiling unicode-xid v0.2.6
[INFO] [stderr]    Compiling pin-project-lite v0.2.15
[INFO] [stderr]    Compiling allocator-api2 v0.2.21
[INFO] [stderr]    Compiling bytemuck v1.20.0
[INFO] [stderr]    Compiling either v1.13.0
[INFO] [stderr]    Compiling disqualified v1.0.0
[INFO] [stderr]    Compiling bevy_ptr v0.15.0
[INFO] [stderr]    Compiling downcast-rs v1.2.1
[INFO] [stderr]    Compiling smallvec v1.13.2
[INFO] [stderr]    Compiling tracing-core v0.1.33
[INFO] [stderr]    Compiling thread_local v1.1.8
[INFO] [stderr]    Compiling ahash v0.8.11
[INFO] [stderr]    Compiling itertools v0.13.0
[INFO] [stderr]    Compiling indexmap v2.7.0
[INFO] [stderr]    Compiling tracing v0.1.41
[INFO] [stderr]    Compiling quote v1.0.37
[INFO] [stderr]    Compiling getrandom v0.2.15
[INFO] [stderr]    Compiling uuid v1.11.0
[INFO] [stderr]    Compiling syn v2.0.90
[INFO] [stderr]    Compiling const-random-macro v0.1.16
[INFO] [stderr]    Compiling toml_edit v0.22.22
[INFO] [stderr]    Compiling const-random v0.1.18
[INFO] [stderr]    Compiling hashbrown v0.14.5
[INFO] [stderr]    Compiling erased-serde v0.4.5
[INFO] [stderr]    Compiling glam v0.29.2
[INFO] [stderr]    Compiling bevy_macro_utils v0.15.0
[INFO] [stderr]    Compiling bevy_utils_proc_macros v0.15.0
[INFO] [stderr]    Compiling derive_more-impl v1.0.0
[INFO] [stderr]    Compiling assert_type_match v0.1.1
[INFO] [stderr]    Compiling bevy_reflect_derive v0.15.0
[INFO] [stderr]    Compiling bevy_utils v0.15.0
[INFO] [stderr]    Compiling derive_more v1.0.0
[INFO] [stderr]    Compiling bevy_reflect v0.15.0
[INFO] [stderr]    Compiling bevy_math v0.15.0
[INFO] [stderr]    Compiling bevy_heavy v0.1.0 (/opt/rustwide/workdir)
[INFO] [stderr]     Finished `dev` profile [unoptimized + debuginfo] target(s) in 37.45s
[INFO] running `Command { std: "docker" "inspect" "3ae549c760b0741b83bc17da0a0725de73e7a6e0c860e151104f124acf36db20", kill_on_drop: false }`
[INFO] running `Command { std: "docker" "rm" "-f" "3ae549c760b0741b83bc17da0a0725de73e7a6e0c860e151104f124acf36db20", kill_on_drop: false }`
[INFO] [stdout] 3ae549c760b0741b83bc17da0a0725de73e7a6e0c860e151104f124acf36db20
[INFO] running `Command { std: "docker" "create" "-v" "/var/lib/crater-agent-workspace/builds/worker-2-tc2/target:/opt/rustwide/target:rw,Z" "-v" "/var/lib/crater-agent-workspace/builds/worker-2-tc2/source:/opt/rustwide/workdir:ro,Z" "-v" "/var/lib/crater-agent-workspace/cargo-home:/opt/rustwide/cargo-home:ro,Z" "-v" "/var/lib/crater-agent-workspace/rustup-home:/opt/rustwide/rustup-home:ro,Z" "-e" "SOURCE_DIR=/opt/rustwide/workdir" "-e" "CARGO_TARGET_DIR=/opt/rustwide/target" "-e" "CARGO_INCREMENTAL=0" "-e" "RUST_BACKTRACE=full" "-e" "RUSTFLAGS=--cap-lints=warn" "-e" "RUSTDOCFLAGS=--cap-lints=warn" "-e" "CARGO_HOME=/opt/rustwide/cargo-home" "-e" "RUSTUP_HOME=/opt/rustwide/rustup-home" "-w" "/opt/rustwide/workdir" "-m" "1610612736" "--user" "0:0" "--network" "none" "ghcr.io/rust-lang/crates-build-env/linux@sha256:f3a9d4ad9d972b27faf3965f35b62e55ba32bbce8f20bc8fe909558a86702fde" "/opt/rustwide/cargo-home/bin/cargo" "+beta-2024-12-08" "test" "--frozen" "--no-run" "--message-format=json", kill_on_drop: false }`
[INFO] [stdout] af6f2b7fc9bbfadfd4fde798d129f70b85f2153c157cf69a6f6a1ad05552e1f9
[INFO] running `Command { std: "docker" "start" "-a" "af6f2b7fc9bbfadfd4fde798d129f70b85f2153c157cf69a6f6a1ad05552e1f9", kill_on_drop: false }`
[INFO] [stderr]    Compiling byteorder v1.5.0
[INFO] [stderr]    Compiling autocfg v1.4.0
[INFO] [stderr]    Compiling libm v0.2.11
[INFO] [stderr]    Compiling getrandom v0.2.15
[INFO] [stderr]    Compiling zerocopy-derive v0.7.35
[INFO] [stderr]    Compiling uuid v1.11.0
[INFO] [stderr]    Compiling const-random-macro v0.1.16
[INFO] [stderr]    Compiling rand_core v0.6.4
[INFO] [stderr]    Compiling num-traits v0.2.19
[INFO] [stderr]    Compiling bevy_reflect_derive v0.15.0
[INFO] [stderr]    Compiling const-random v0.1.18
[INFO] [stderr]    Compiling zerocopy v0.7.35
[INFO] [stderr]    Compiling approx v0.5.1
[INFO] [stderr]    Compiling ppv-lite86 v0.2.20
[INFO] [stderr]    Compiling ahash v0.8.11
[INFO] [stderr]    Compiling hashbrown v0.14.5
[INFO] [stderr]    Compiling rand_chacha v0.3.1
[INFO] [stderr]    Compiling rand v0.8.5
[INFO] [stderr]    Compiling bevy_utils v0.15.0
[INFO] [stderr]    Compiling glam v0.29.2
[INFO] [stderr]    Compiling rand_distr v0.4.3
[INFO] [stderr]    Compiling bevy_reflect v0.15.0
[INFO] [stderr]    Compiling bevy_math v0.15.0
[INFO] [stderr]    Compiling bevy_heavy v0.1.0 (/opt/rustwide/workdir)
[INFO] [stderr]     Finished `test` profile [unoptimized + debuginfo] target(s) in 31.58s
[INFO] running `Command { std: "docker" "inspect" "af6f2b7fc9bbfadfd4fde798d129f70b85f2153c157cf69a6f6a1ad05552e1f9", kill_on_drop: false }`
[INFO] running `Command { std: "docker" "rm" "-f" "af6f2b7fc9bbfadfd4fde798d129f70b85f2153c157cf69a6f6a1ad05552e1f9", kill_on_drop: false }`
[INFO] [stdout] af6f2b7fc9bbfadfd4fde798d129f70b85f2153c157cf69a6f6a1ad05552e1f9
[INFO] running `Command { std: "docker" "create" "-v" "/var/lib/crater-agent-workspace/builds/worker-2-tc2/target:/opt/rustwide/target:rw,Z" "-v" "/var/lib/crater-agent-workspace/builds/worker-2-tc2/source:/opt/rustwide/workdir:ro,Z" "-v" "/var/lib/crater-agent-workspace/cargo-home:/opt/rustwide/cargo-home:ro,Z" "-v" "/var/lib/crater-agent-workspace/rustup-home:/opt/rustwide/rustup-home:ro,Z" "-e" "SOURCE_DIR=/opt/rustwide/workdir" "-e" "CARGO_TARGET_DIR=/opt/rustwide/target" "-e" "CARGO_INCREMENTAL=0" "-e" "RUST_BACKTRACE=full" "-e" "RUSTFLAGS=--cap-lints=warn" "-e" "RUSTDOCFLAGS=--cap-lints=warn" "-e" "CARGO_HOME=/opt/rustwide/cargo-home" "-e" "RUSTUP_HOME=/opt/rustwide/rustup-home" "-w" "/opt/rustwide/workdir" "-m" "1610612736" "--user" "0:0" "--network" "none" "ghcr.io/rust-lang/crates-build-env/linux@sha256:f3a9d4ad9d972b27faf3965f35b62e55ba32bbce8f20bc8fe909558a86702fde" "/opt/rustwide/cargo-home/bin/cargo" "+beta-2024-12-08" "test" "--frozen", kill_on_drop: false }`
[INFO] [stdout] e30551f6308f99ad32d2a917b8d7dc9e959af2856d98e078304514226e30c69c
[INFO] running `Command { std: "docker" "start" "-a" "e30551f6308f99ad32d2a917b8d7dc9e959af2856d98e078304514226e30c69c", kill_on_drop: false }`
[INFO] [stderr]     Finished `test` profile [unoptimized + debuginfo] target(s) in 0.10s
[INFO] [stderr]      Running unittests src/lib.rs (/opt/rustwide/target/debug/deps/bevy_heavy-216b99602a2295dc)
[INFO] [stdout] 
[INFO] [stdout] running 16 tests
[INFO] [stdout] test dim3::eigen3::test::eigen_3x3 ... ok
[INFO] [stdout] test dim3::eigen3::test::eigen_3x3_diagonal ... ok
[INFO] [stdout] test dim3::eigen3::test::eigen_3x3_reconstruction ... ok
[INFO] [stdout] test dim2::impls::tests::circle ... ok
[INFO] [stdout] test dim2::impls::tests::annulus ... ok
[INFO] [stdout] test dim2::impls::tests::rectangle ... ok
[INFO] [stdout] test dim2::impls::tests::triangle ... ok
[INFO] [stdout] test dim2::impls::tests::capsule ... ok
[INFO] [stdout] test dim3::impls::tests::cuboid ... ok
[INFO] [stdout] test dim3::impls::tests::cylinder ... ok
[INFO] [stdout] test dim3::impls::tests::tetrahedron ... ok
[INFO] [stdout] test dim3::impls::tests::sphere ... ok
[INFO] [stdout] test dim3::impls::tests::capsule ... ok
[INFO] [stdout] test dim3::impls::tests::conical_frustum ... ok
[INFO] [stdout] test dim3::impls::tests::torus ... ok
[INFO] [stdout] test dim3::impls::tests::cone ... ok
[INFO] [stdout] 
[INFO] [stdout] test result: ok. 16 passed; 0 failed; 0 ignored; 0 measured; 0 filtered out; finished in 15.51s
[INFO] [stdout] 
[INFO] [stderr]    Doc-tests bevy_heavy
[INFO] [stdout] 
[INFO] [stdout] running 4 tests
[INFO] [stdout] test src/lib.rs - (line 62) ... FAILED
[INFO] [stdout] test src/lib.rs - (line 20) ... ok
[INFO] [stdout] test src/lib.rs - (line 35) ... ok
[INFO] [stdout] test src/lib.rs - (line 47) ... ok
[INFO] [stdout] 
[INFO] [stdout] failures:
[INFO] [stdout] 
[INFO] [stdout] ---- src/lib.rs - (line 62) stdout ----
[INFO] [stdout] error[E0277]: the trait bound `MassProperties2d: RelativeEq<_>` is not satisfied
[INFO] [stdout]    --> src/lib.rs:77:1
[INFO] [stdout]     |
[INFO] [stdout] 18  | approx::assert_relative_eq!(sum - mass_props_2, mass_props);
[INFO] [stdout]     | ^^^^^^^^^^^^^^^^^^^^^^^^^^^^^^^^^^^^^^^^^^^^^^^^^^^^^^^^^^^ the trait `RelativeEq<_>` is not implemented for `MassProperties2d`
[INFO] [stdout]     |
[INFO] [stdout]     = help: the following other types implement trait `RelativeEq<Rhs>`:
[INFO] [stdout]               `&'a T` implements `RelativeEq`
[INFO] [stdout]               `&'a mut T` implements `RelativeEq`
[INFO] [stdout]               `Affine2` implements `RelativeEq`
[INFO] [stdout]               `Affine3A` implements `RelativeEq`
[INFO] [stdout]               `Cell<T>` implements `RelativeEq`
[INFO] [stdout]               `DAffine2` implements `RelativeEq`
[INFO] [stdout]               `DAffine3` implements `RelativeEq`
[INFO] [stdout]               `DMat2` implements `RelativeEq`
[INFO] [stdout]             and 25 others
[INFO] [stdout] note: required by a bound in `Relative`
[INFO] [stdout]    --> /opt/rustwide/cargo-home/registry/src/index.crates.io-6f17d22bba15001f/approx-0.5.1/src/lib.rs:257:8
[INFO] [stdout]     |
[INFO] [stdout] 255 | pub struct Relative<A, B = A>
[INFO] [stdout]     |            -------- required by a bound in this struct
[INFO] [stdout] 256 | where
[INFO] [stdout] 257 |     A: RelativeEq<B> + ?Sized,
[INFO] [stdout]     |        ^^^^^^^^^^^^^ required by this bound in `Relative`
[INFO] [stdout]     = note: this error originates in the macro `relative_eq` which comes from the expansion of the macro `approx::assert_relative_eq` (in Nightly builds, run with -Z macro-backtrace for more info)
[INFO] [stdout] 
[INFO] [stdout] error[E0277]: the trait bound `MassProperties2d: RelativeEq<_>` is not satisfied
[INFO] [stdout]    --> src/lib.rs:77:1
[INFO] [stdout]     |
[INFO] [stdout] 18  | approx::assert_relative_eq!(sum - mass_props_2, mass_props);
[INFO] [stdout]     | ^^^^^^^^^^^^^^^^^^^^^^^^^^^^^^^^^^^^^^^^^^^^^^^^^^^^^^^^^^^ the trait `RelativeEq<_>` is not implemented for `MassProperties2d`
[INFO] [stdout]     |
[INFO] [stdout]     = help: the following other types implement trait `RelativeEq<Rhs>`:
[INFO] [stdout]               `&'a T` implements `RelativeEq`
[INFO] [stdout]               `&'a mut T` implements `RelativeEq`
[INFO] [stdout]               `Affine2` implements `RelativeEq`
[INFO] [stdout]               `Affine3A` implements `RelativeEq`
[INFO] [stdout]               `Cell<T>` implements `RelativeEq`
[INFO] [stdout]               `DAffine2` implements `RelativeEq`
[INFO] [stdout]               `DAffine3` implements `RelativeEq`
[INFO] [stdout]               `DMat2` implements `RelativeEq`
[INFO] [stdout]             and 25 others
[INFO] [stdout] note: required by a bound in `Relative::<A, B>::eq`
[INFO] [stdout]    --> /opt/rustwide/cargo-home/registry/src/index.crates.io-6f17d22bba15001f/approx-0.5.1/src/lib.rs:282:8
[INFO] [stdout]     |
[INFO] [stdout] 282 |     A: RelativeEq<B> + ?Sized,
[INFO] [stdout]     |        ^^^^^^^^^^^^^ required by this bound in `Relative::<A, B>::eq`
[INFO] [stdout] ...
[INFO] [stdout] 303 |     pub fn eq(self, lhs: &A, rhs: &B) -> bool {
[INFO] [stdout]     |            -- required by a bound in this associated function
[INFO] [stdout]     = note: this error originates in the macro `relative_eq` which comes from the expansion of the macro `approx::assert_relative_eq` (in Nightly builds, run with -Z macro-backtrace for more info)
[INFO] [stdout] 
[INFO] [stdout] error[E0277]: the trait bound `MassProperties2d: AbsDiffEq` is not satisfied in `Relative<MassProperties2d>`
[INFO] [stdout]    --> src/lib.rs:77:1
[INFO] [stdout]     |
[INFO] [stdout] 18  | approx::assert_relative_eq!(sum - mass_props_2, mass_props);
[INFO] [stdout]     | ^^^^^^^^^^^^^^^^^^^^^^^^^^^^^^^^^^^^^^^^^^^^^^^^^^^^^^^^^^^ within `Relative<MassProperties2d>`, the trait `AbsDiffEq` is not implemented for `MassProperties2d`
[INFO] [stdout]     |
[INFO] [stdout]     = help: the following other types implement trait `AbsDiffEq<Rhs>`:
[INFO] [stdout]               `&'a T` implements `AbsDiffEq`
[INFO] [stdout]               `&'a mut T` implements `AbsDiffEq`
[INFO] [stdout]               `Affine2` implements `AbsDiffEq`
[INFO] [stdout]               `Affine3A` implements `AbsDiffEq`
[INFO] [stdout]               `Cell<T>` implements `AbsDiffEq`
[INFO] [stdout]               `DAffine2` implements `AbsDiffEq`
[INFO] [stdout]               `DAffine3` implements `AbsDiffEq`
[INFO] [stdout]               `DMat2` implements `AbsDiffEq`
[INFO] [stdout]             and 35 others
[INFO] [stdout] note: required because it appears within the type `Relative<MassProperties2d>`
[INFO] [stdout]    --> /opt/rustwide/cargo-home/registry/src/index.crates.io-6f17d22bba15001f/approx-0.5.1/src/lib.rs:255:12
[INFO] [stdout]     |
[INFO] [stdout] 255 | pub struct Relative<A, B = A>
[INFO] [stdout]     |            ^^^^^^^^
[INFO] [stdout]     = note: the return type of a function must have a statically known size
[INFO] [stdout]     = note: this error originates in the macro `relative_eq` which comes from the expansion of the macro `approx::assert_relative_eq` (in Nightly builds, run with -Z macro-backtrace for more info)
[INFO] [stdout] 
[INFO] [stdout] error: aborting due to 3 previous errors
[INFO] [stdout] 
[INFO] [stdout] For more information about this error, try `rustc --explain E0277`.
[INFO] [stdout] Couldn't compile the test.
[INFO] [stdout] 
[INFO] [stdout] failures:
[INFO] [stdout]     src/lib.rs - (line 62)
[INFO] [stdout] 
[INFO] [stdout] test result: FAILED. 3 passed; 1 failed; 0 ignored; 0 measured; 0 filtered out; finished in 2.03s
[INFO] [stdout] 
[INFO] [stderr] error: doctest failed, to rerun pass `--doc`
[INFO] running `Command { std: "docker" "inspect" "e30551f6308f99ad32d2a917b8d7dc9e959af2856d98e078304514226e30c69c", kill_on_drop: false }`
[INFO] running `Command { std: "docker" "rm" "-f" "e30551f6308f99ad32d2a917b8d7dc9e959af2856d98e078304514226e30c69c", kill_on_drop: false }`
[INFO] [stdout] e30551f6308f99ad32d2a917b8d7dc9e959af2856d98e078304514226e30c69c
