[INFO] fetching crate bevy_flurx_ipc_macro 0.1.0-alpha1...
[INFO] testing bevy_flurx_ipc_macro-0.1.0-alpha1 against beta-2024-12-08 for beta-1.84.0-4-retry
[INFO] extracting crate bevy_flurx_ipc_macro 0.1.0-alpha1 into /workspace/builds/worker-4-tc2/source
[INFO] validating manifest of crates.io crate bevy_flurx_ipc_macro 0.1.0-alpha1 on toolchain beta-2024-12-08
[INFO] running `Command { std: CARGO_HOME="/workspace/cargo-home" RUSTUP_HOME="/workspace/rustup-home" "/workspace/cargo-home/bin/cargo" "+beta-2024-12-08" "metadata" "--manifest-path" "Cargo.toml" "--no-deps", kill_on_drop: false }`
[INFO] started tweaking crates.io crate bevy_flurx_ipc_macro 0.1.0-alpha1
[INFO] finished tweaking crates.io crate bevy_flurx_ipc_macro 0.1.0-alpha1
[INFO] tweaked toml for crates.io crate bevy_flurx_ipc_macro 0.1.0-alpha1 written to /workspace/builds/worker-4-tc2/source/Cargo.toml
[INFO] running `Command { std: CARGO_HOME="/workspace/cargo-home" RUSTUP_HOME="/workspace/rustup-home" "/workspace/cargo-home/bin/cargo" "+beta-2024-12-08" "generate-lockfile" "--manifest-path" "Cargo.toml", kill_on_drop: false }`
[INFO] [stderr]     Updating crates.io index
[INFO] [stderr]      Locking 337 packages to latest compatible versions
[INFO] [stderr]       Adding bevy v0.13.2 (available: v0.15.0)
[INFO] [stderr]       Adding bevy_flurx v0.5.3 (available: v0.7.0)
[INFO] [stderr]       Adding block-sys v0.1.0-beta.1 (available: v0.1.0-beta.2)
[INFO] [stderr]       Adding block2 v0.2.0-alpha.6 (available: v0.2.0)
[INFO] [stderr]       Adding objc-sys v0.2.0-beta.2 (available: v0.2.0-beta.3)
[INFO] [stderr]       Adding objc2 v0.3.0-beta.3.patch-leaks.3 (available: v0.3.0-beta.5)
[INFO] [stderr]       Adding objc2-encode v2.0.0-pre.2 (available: v2.0.0)
[INFO] running `Command { std: CARGO_HOME="/workspace/cargo-home" RUSTUP_HOME="/workspace/rustup-home" "/workspace/cargo-home/bin/cargo" "+beta-2024-12-08" "fetch" "--manifest-path" "Cargo.toml", kill_on_drop: false }`
[INFO] running `Command { std: "docker" "create" "-v" "/var/lib/crater-agent-workspace/builds/worker-4-tc2/target:/opt/rustwide/target:rw,Z" "-v" "/var/lib/crater-agent-workspace/builds/worker-4-tc2/source:/opt/rustwide/workdir:ro,Z" "-v" "/var/lib/crater-agent-workspace/cargo-home:/opt/rustwide/cargo-home:ro,Z" "-v" "/var/lib/crater-agent-workspace/rustup-home:/opt/rustwide/rustup-home:ro,Z" "-e" "SOURCE_DIR=/opt/rustwide/workdir" "-e" "CARGO_TARGET_DIR=/opt/rustwide/target" "-e" "CARGO_HOME=/opt/rustwide/cargo-home" "-e" "RUSTUP_HOME=/opt/rustwide/rustup-home" "-w" "/opt/rustwide/workdir" "-m" "1610612736" "--user" "0:0" "--network" "none" "ghcr.io/rust-lang/crates-build-env/linux@sha256:f3a9d4ad9d972b27faf3965f35b62e55ba32bbce8f20bc8fe909558a86702fde" "/opt/rustwide/cargo-home/bin/cargo" "+beta-2024-12-08" "metadata" "--no-deps" "--format-version=1", kill_on_drop: false }`
[INFO] [stdout] 0ffe20f588c3eda301c98c69f47d9a89615e549fca89677bf2c1679af50ac9aa
[INFO] running `Command { std: "docker" "start" "-a" "0ffe20f588c3eda301c98c69f47d9a89615e549fca89677bf2c1679af50ac9aa", kill_on_drop: false }`
[INFO] running `Command { std: "docker" "inspect" "0ffe20f588c3eda301c98c69f47d9a89615e549fca89677bf2c1679af50ac9aa", kill_on_drop: false }`
[INFO] running `Command { std: "docker" "rm" "-f" "0ffe20f588c3eda301c98c69f47d9a89615e549fca89677bf2c1679af50ac9aa", kill_on_drop: false }`
[INFO] [stdout] 0ffe20f588c3eda301c98c69f47d9a89615e549fca89677bf2c1679af50ac9aa
[INFO] running `Command { std: "docker" "create" "-v" "/var/lib/crater-agent-workspace/builds/worker-4-tc2/target:/opt/rustwide/target:rw,Z" "-v" "/var/lib/crater-agent-workspace/builds/worker-4-tc2/source:/opt/rustwide/workdir:ro,Z" "-v" "/var/lib/crater-agent-workspace/cargo-home:/opt/rustwide/cargo-home:ro,Z" "-v" "/var/lib/crater-agent-workspace/rustup-home:/opt/rustwide/rustup-home:ro,Z" "-e" "SOURCE_DIR=/opt/rustwide/workdir" "-e" "CARGO_TARGET_DIR=/opt/rustwide/target" "-e" "CARGO_INCREMENTAL=0" "-e" "RUST_BACKTRACE=full" "-e" "RUSTFLAGS=--cap-lints=warn" "-e" "RUSTDOCFLAGS=--cap-lints=warn" "-e" "CARGO_HOME=/opt/rustwide/cargo-home" "-e" "RUSTUP_HOME=/opt/rustwide/rustup-home" "-w" "/opt/rustwide/workdir" "-m" "1610612736" "--user" "0:0" "--network" "none" "ghcr.io/rust-lang/crates-build-env/linux@sha256:f3a9d4ad9d972b27faf3965f35b62e55ba32bbce8f20bc8fe909558a86702fde" "/opt/rustwide/cargo-home/bin/cargo" "+beta-2024-12-08" "build" "--frozen" "--message-format=json", kill_on_drop: false }`
[INFO] [stdout] fdd516c34a6d8c08048873b49cba937a7a3bb129b9f490019408ba0929e4d5e1
[INFO] running `Command { std: "docker" "start" "-a" "fdd516c34a6d8c08048873b49cba937a7a3bb129b9f490019408ba0929e4d5e1", kill_on_drop: false }`
[INFO] [stderr]    Compiling proc-macro2 v1.0.92
[INFO] [stderr]    Compiling unicode-ident v1.0.14
[INFO] [stderr]    Compiling hashbrown v0.15.2
[INFO] [stderr]    Compiling equivalent v1.0.1
[INFO] [stderr]    Compiling toml_datetime v0.6.8
[INFO] [stderr]    Compiling winnow v0.5.40
[INFO] [stderr]    Compiling once_cell v1.20.2
[INFO] [stderr]    Compiling arrayvec v0.7.6
[INFO] [stderr]    Compiling strsim v0.10.0
[INFO] [stderr]    Compiling if_chain v1.0.2
[INFO] [stderr]    Compiling heck v0.4.1
[INFO] [stderr]    Compiling indexmap v2.7.0
[INFO] [stderr]    Compiling quote v1.0.37
[INFO] [stderr]    Compiling syn v2.0.90
[INFO] [stderr]    Compiling toml_edit v0.19.15
[INFO] [stderr]    Compiling proc-macro-crate v1.3.1
[INFO] [stderr]    Compiling deluxe-core v0.5.0
[INFO] [stderr]    Compiling deluxe-macros v0.5.0
[INFO] [stderr]    Compiling deluxe v0.5.0
[INFO] [stderr]    Compiling bevy_flurx_ipc_macro v0.1.0-alpha1 (/opt/rustwide/workdir)
[INFO] [stderr]     Finished `dev` profile [unoptimized + debuginfo] target(s) in 11.61s
[INFO] running `Command { std: "docker" "inspect" "fdd516c34a6d8c08048873b49cba937a7a3bb129b9f490019408ba0929e4d5e1", kill_on_drop: false }`
[INFO] running `Command { std: "docker" "rm" "-f" "fdd516c34a6d8c08048873b49cba937a7a3bb129b9f490019408ba0929e4d5e1", kill_on_drop: false }`
[INFO] [stdout] fdd516c34a6d8c08048873b49cba937a7a3bb129b9f490019408ba0929e4d5e1
[INFO] running `Command { std: "docker" "create" "-v" "/var/lib/crater-agent-workspace/builds/worker-4-tc2/target:/opt/rustwide/target:rw,Z" "-v" "/var/lib/crater-agent-workspace/builds/worker-4-tc2/source:/opt/rustwide/workdir:ro,Z" "-v" "/var/lib/crater-agent-workspace/cargo-home:/opt/rustwide/cargo-home:ro,Z" "-v" "/var/lib/crater-agent-workspace/rustup-home:/opt/rustwide/rustup-home:ro,Z" "-e" "SOURCE_DIR=/opt/rustwide/workdir" "-e" "CARGO_TARGET_DIR=/opt/rustwide/target" "-e" "CARGO_INCREMENTAL=0" "-e" "RUST_BACKTRACE=full" "-e" "RUSTFLAGS=--cap-lints=warn" "-e" "RUSTDOCFLAGS=--cap-lints=warn" "-e" "CARGO_HOME=/opt/rustwide/cargo-home" "-e" "RUSTUP_HOME=/opt/rustwide/rustup-home" "-w" "/opt/rustwide/workdir" "-m" "1610612736" "--user" "0:0" "--network" "none" "ghcr.io/rust-lang/crates-build-env/linux@sha256:f3a9d4ad9d972b27faf3965f35b62e55ba32bbce8f20bc8fe909558a86702fde" "/opt/rustwide/cargo-home/bin/cargo" "+beta-2024-12-08" "test" "--frozen" "--no-run" "--message-format=json", kill_on_drop: false }`
[INFO] [stdout] cc3e5d1a837dfa0af47cb09ba1492eefd0637c8e75582e1187848986e2cf0154
[INFO] running `Command { std: "docker" "start" "-a" "cc3e5d1a837dfa0af47cb09ba1492eefd0637c8e75582e1187848986e2cf0154", kill_on_drop: false }`
[INFO] [stderr]    Compiling serde v1.0.216
[INFO] [stderr]    Compiling serde_derive v1.0.216
[INFO] [stderr]    Compiling libc v0.2.168
[INFO] [stderr]    Compiling cfg-if v1.0.0
[INFO] [stderr]    Compiling pin-project-lite v0.2.15
[INFO] [stderr]    Compiling crossbeam-utils v0.8.20
[INFO] [stderr]    Compiling autocfg v1.4.0
[INFO] [stderr]    Compiling parking v2.2.1
[INFO] [stderr]    Compiling futures-core v0.3.31
[INFO] [stderr]    Compiling futures-io v0.3.31
[INFO] [stderr]    Compiling version_check v0.9.5
[INFO] [stderr]    Compiling tracing-core v0.1.33
[INFO] [stderr]    Compiling rustc-hash v1.1.0
[INFO] [stderr]    Compiling fastrand v2.3.0
[INFO] [stderr]    Compiling typeid v1.0.2
[INFO] [stderr]    Compiling toml_edit v0.21.1
[INFO] [stderr]    Compiling zerocopy v0.7.35
[INFO] [stderr]    Compiling thiserror v1.0.69
[INFO] [stderr]    Compiling async-task v4.7.1
[INFO] [stderr]    Compiling thiserror-impl v1.0.69
[INFO] [stderr]    Compiling futures-lite v2.5.0
[INFO] [stderr]    Compiling fixedbitset v0.4.2
[INFO] [stderr]    Compiling bytemuck v1.20.0
[INFO] [stderr]    Compiling allocator-api2 v0.2.21
[INFO] [stderr]    Compiling bevy_utils_proc_macros v0.13.2
[INFO] [stderr]    Compiling nonmax v0.5.5
[INFO] [stderr]    Compiling ahash v0.8.11
[INFO] [stderr]    Compiling petgraph v0.6.5
[INFO] [stderr]    Compiling web-time v0.2.4
[INFO] [stderr]    Compiling thread_local v1.1.8
[INFO] [stderr]    Compiling bevy_ptr v0.13.2
[INFO] [stderr]    Compiling downcast-rs v1.2.1
[INFO] [stderr]    Compiling smol_str v0.2.2
[INFO] [stderr]    Compiling slab v0.4.9
[INFO] [stderr]    Compiling tracing v0.1.41
[INFO] [stderr]    Compiling regex-syntax v0.6.29
[INFO] [stderr]    Compiling log v0.4.22
[INFO] [stderr]    Compiling regex-syntax v0.8.5
[INFO] [stderr]    Compiling overload v0.1.1
[INFO] [stderr]    Compiling lazy_static v1.5.0
[INFO] [stderr]    Compiling nu-ansi-term v0.46.0
[INFO] [stderr]    Compiling tracing-log v0.2.0
[INFO] [stderr]    Compiling pkg-config v0.3.31
[INFO] [stderr]    Compiling tracing-log v0.1.4
[INFO] [stderr]    Compiling sharded-slab v0.1.7
[INFO] [stderr]    Compiling concurrent-queue v2.5.0
[INFO] [stderr]    Compiling shlex v1.3.0
[INFO] [stderr]    Compiling lock_api v0.4.12
[INFO] [stderr]    Compiling parking_lot_core v0.9.10
[INFO] [stderr]    Compiling event-listener v5.3.1
[INFO] [stderr]    Compiling async-executor v1.13.1
[INFO] [stderr]    Compiling cc v1.2.4
[INFO] [stderr]    Compiling atomic-waker v1.1.2
[INFO] [stderr]    Compiling piper v0.2.4
[INFO] [stderr]    Compiling crossbeam-channel v0.5.13
[INFO] [stderr]    Compiling getrandom v0.2.15
[INFO] [stderr]    Compiling scopeguard v1.2.0
[INFO] [stderr]    Compiling cpal v0.15.3
[INFO] [stderr]    Compiling event-listener-strategy v0.5.3
[INFO] [stderr]    Compiling bevy_macro_utils v0.13.2
[INFO] [stderr]    Compiling arrayref v0.3.9
[INFO] [stderr]    Compiling async-channel v2.3.1
[INFO] [stderr]    Compiling async-lock v3.4.0
[INFO] [stderr]    Compiling alsa-sys v0.3.1
[INFO] [stderr]    Compiling dasp_sample v0.11.0
[INFO] [stderr]    Compiling event-listener v2.5.3
[INFO] [stderr]    Compiling constant_time_eq v0.3.1
[INFO] [stderr]    Compiling base64 v0.21.7
[INFO] [stderr]    Compiling bevy_tasks v0.13.2
[INFO] [stderr]    Compiling blocking v1.6.1
[INFO] [stderr]    Compiling async-broadcast v0.5.1
[INFO] [stderr]    Compiling accesskit v0.12.3
[INFO] [stderr]    Compiling sysinfo v0.30.13
[INFO] [stderr]    Compiling const-fnv1a-hash v1.1.0
[INFO] [stderr]    Compiling raw-window-handle v0.6.2
[INFO] [stderr]    Compiling flurx v0.1.6
[INFO] [stderr]    Compiling futures-polling v0.1.1
[INFO] [stderr]    Compiling pollster v0.3.0
[INFO] [stderr]    Compiling bevy_flurx_ipc_macro v0.1.0-alpha1 (/opt/rustwide/workdir)
[INFO] [stderr]    Compiling regex-automata v0.4.9
[INFO] [stderr]    Compiling async-fs v2.1.2
[INFO] [stderr]    Compiling regex-automata v0.1.10
[INFO] [stderr]    Compiling bevy_ecs_macros v0.13.2
[INFO] [stderr]    Compiling bevy_derive v0.13.2
[INFO] [stderr]    Compiling blake3 v1.5.5
[INFO] [stderr]    Compiling bevy_asset_macros v0.13.2
[INFO] [stderr]    Compiling matchers v0.1.0
[INFO] [stderr]    Compiling regex v1.11.1
[INFO] [stderr]    Compiling smallvec v1.13.2
[INFO] [stderr]    Compiling uuid v1.11.0
[INFO] [stderr]    Compiling glam v0.25.0
[INFO] [stderr]    Compiling hashbrown v0.14.5
[INFO] [stderr]    Compiling erased-serde v0.4.5
[INFO] [stderr]    Compiling bitflags v2.6.0
[INFO] [stderr]    Compiling alsa v0.9.1
[INFO] [stderr]    Compiling ron v0.8.1
[INFO] [stderr]    Compiling tracing-subscriber v0.3.19
[INFO] [stderr]    Compiling parking_lot v0.12.3
[INFO] [stderr]    Compiling bevy_reflect_derive v0.13.2
[INFO] [stderr]    Compiling bevy_utils v0.13.2
[INFO] [stderr]    Compiling rodio v0.17.3
[INFO] [stderr]    Compiling bevy_math v0.13.2
[INFO] [stderr]    Compiling bevy_reflect v0.13.2
[INFO] [stderr]    Compiling bevy_ecs v0.13.2
[INFO] [stderr]    Compiling bevy_app v0.13.2
[INFO] [stderr]    Compiling bevy_log v0.13.2
[INFO] [stderr]    Compiling bevy_core v0.13.2
[INFO] [stderr]    Compiling bevy_input v0.13.2
[INFO] [stderr]    Compiling bevy_a11y v0.13.2
[INFO] [stderr]    Compiling bevy_time v0.13.2
[INFO] [stderr]    Compiling bevy_asset v0.13.2
[INFO] [stderr]    Compiling bevy_hierarchy v0.13.2
[INFO] [stderr]    Compiling bevy_transform v0.13.2
[INFO] [stderr]    Compiling bevy_diagnostic v0.13.2
[INFO] [stderr]    Compiling bevy_window v0.13.2
[INFO] [stderr]    Compiling bevy_audio v0.13.2
[INFO] [stderr]    Compiling bevy_internal v0.13.2
[INFO] [stderr]    Compiling bevy v0.13.2
[INFO] [stderr]    Compiling bevy_flurx v0.5.3
[INFO] [stderr]     Finished `test` profile [unoptimized + debuginfo] target(s) in 51.71s
[INFO] running `Command { std: "docker" "inspect" "cc3e5d1a837dfa0af47cb09ba1492eefd0637c8e75582e1187848986e2cf0154", kill_on_drop: false }`
[INFO] running `Command { std: "docker" "rm" "-f" "cc3e5d1a837dfa0af47cb09ba1492eefd0637c8e75582e1187848986e2cf0154", kill_on_drop: false }`
[INFO] [stdout] cc3e5d1a837dfa0af47cb09ba1492eefd0637c8e75582e1187848986e2cf0154
[INFO] running `Command { std: "docker" "create" "-v" "/var/lib/crater-agent-workspace/builds/worker-4-tc2/target:/opt/rustwide/target:rw,Z" "-v" "/var/lib/crater-agent-workspace/builds/worker-4-tc2/source:/opt/rustwide/workdir:ro,Z" "-v" "/var/lib/crater-agent-workspace/cargo-home:/opt/rustwide/cargo-home:ro,Z" "-v" "/var/lib/crater-agent-workspace/rustup-home:/opt/rustwide/rustup-home:ro,Z" "-e" "SOURCE_DIR=/opt/rustwide/workdir" "-e" "CARGO_TARGET_DIR=/opt/rustwide/target" "-e" "CARGO_INCREMENTAL=0" "-e" "RUST_BACKTRACE=full" "-e" "RUSTFLAGS=--cap-lints=warn" "-e" "RUSTDOCFLAGS=--cap-lints=warn" "-e" "CARGO_HOME=/opt/rustwide/cargo-home" "-e" "RUSTUP_HOME=/opt/rustwide/rustup-home" "-w" "/opt/rustwide/workdir" "-m" "1610612736" "--user" "0:0" "--network" "none" "ghcr.io/rust-lang/crates-build-env/linux@sha256:f3a9d4ad9d972b27faf3965f35b62e55ba32bbce8f20bc8fe909558a86702fde" "/opt/rustwide/cargo-home/bin/cargo" "+beta-2024-12-08" "test" "--frozen", kill_on_drop: false }`
[INFO] [stdout] 1092fe71842730ea3c208cdae55104c5864e0c5590fd0ab9d2f382cf85070781
[INFO] running `Command { std: "docker" "start" "-a" "1092fe71842730ea3c208cdae55104c5864e0c5590fd0ab9d2f382cf85070781", kill_on_drop: false }`
[INFO] [stderr]     Finished `test` profile [unoptimized + debuginfo] target(s) in 0.30s
[INFO] [stderr]      Running unittests src/lib.rs (/opt/rustwide/target/debug/deps/bevy_flurx_ipc_macro-e04e2bfbdb7e7883)
[INFO] [stdout] 
[INFO] [stdout] running 0 tests
[INFO] [stdout] 
[INFO] [stdout] test result: ok. 0 passed; 0 failed; 0 ignored; 0 measured; 0 filtered out; finished in 0.00s
[INFO] [stdout] 
[INFO] [stderr]    Doc-tests bevy_flurx_ipc_macro
[INFO] [stdout] 
[INFO] [stdout] running 2 tests
[INFO] [stdout] test src/lib.rs - command (line 25) - compile ... FAILED
[INFO] [stdout] test src/lib.rs - command (line 64) - compile ... FAILED
[INFO] [stdout] 
[INFO] [stdout] failures:
[INFO] [stdout] 
[INFO] [stdout] ---- src/lib.rs - command (line 25) stdout ----
[INFO] [stdout] error[E0433]: failed to resolve: use of undeclared crate or module `bevy_flurx_ipc`
[INFO] [stdout]  --> src/lib.rs:29:5
[INFO] [stdout]   |
[INFO] [stdout] 6 | use bevy_flurx_ipc::prelude::WebviewEntity;
[INFO] [stdout]   |     ^^^^^^^^^^^^^^ use of undeclared crate or module `bevy_flurx_ipc`
[INFO] [stdout]   |
[INFO] [stdout] help: there is a crate or module with a similar name
[INFO] [stdout]   |
[INFO] [stdout] 6 | use bevy_flurx::prelude::WebviewEntity;
[INFO] [stdout]   |     ~~~~~~~~~~
[INFO] [stdout] 
[INFO] [stdout] error[E0432]: unresolved import `bevy_flurx_ipc`
[INFO] [stdout]  --> src/lib.rs:27:5
[INFO] [stdout]   |
[INFO] [stdout] 4 | use bevy_flurx_ipc::command;
[INFO] [stdout]   |     ^^^^^^^^^^^^^^ use of undeclared crate or module `bevy_flurx_ipc`
[INFO] [stdout]   |
[INFO] [stdout] help: there is a crate or module with a similar name
[INFO] [stdout]   |
[INFO] [stdout] 4 | use bevy_flurx::command;
[INFO] [stdout]   |     ~~~~~~~~~~
[INFO] [stdout] 
[INFO] [stdout] error: aborting due to 2 previous errors
[INFO] [stdout] 
[INFO] [stdout] Some errors have detailed explanations: E0432, E0433.
[INFO] [stdout] For more information about an error, try `rustc --explain E0432`.
[INFO] [stdout] Couldn't compile the test.
[INFO] [stdout] ---- src/lib.rs - command (line 64) stdout ----
[INFO] [stdout] error[E0433]: failed to resolve: use of undeclared crate or module `bevy_flurx_ipc`
[INFO] [stdout]  --> src/lib.rs:68:5
[INFO] [stdout]   |
[INFO] [stdout] 6 | use bevy_flurx_ipc::component::WebviewEntity;
[INFO] [stdout]   |     ^^^^^^^^^^^^^^ use of undeclared crate or module `bevy_flurx_ipc`
[INFO] [stdout]   |
[INFO] [stdout] help: there is a crate or module with a similar name
[INFO] [stdout]   |
[INFO] [stdout] 6 | use bevy_flurx::component::WebviewEntity;
[INFO] [stdout]   |     ~~~~~~~~~~
[INFO] [stdout] 
[INFO] [stdout] error[E0432]: unresolved import `bevy_flurx_ipc`
[INFO] [stdout]  --> src/lib.rs:66:5
[INFO] [stdout]   |
[INFO] [stdout] 4 | use bevy_flurx_ipc::command;
[INFO] [stdout]   |     ^^^^^^^^^^^^^^ use of undeclared crate or module `bevy_flurx_ipc`
[INFO] [stdout]   |
[INFO] [stdout] help: there is a crate or module with a similar name
[INFO] [stdout]   |
[INFO] [stdout] 4 | use bevy_flurx::command;
[INFO] [stdout]   |     ~~~~~~~~~~
[INFO] [stdout] 
[INFO] [stdout] error: aborting due to 2 previous errors
[INFO] [stdout] 
[INFO] [stdout] Some errors have detailed explanations: E0432, E0433.
[INFO] [stdout] For more information about an error, try `rustc --explain E0432`.
[INFO] [stdout] Couldn't compile the test.
[INFO] [stdout] 
[INFO] [stdout] failures:
[INFO] [stdout]     src/lib.rs - command (line 25)
[INFO] [stdout]     src/lib.rs - command (line 64)
[INFO] [stdout] 
[INFO] [stdout] test result: FAILED. 0 passed; 2 failed; 0 ignored; 0 measured; 0 filtered out; finished in 0.25s
[INFO] [stdout] 
[INFO] [stderr] error: doctest failed, to rerun pass `--doc`
[INFO] running `Command { std: "docker" "inspect" "1092fe71842730ea3c208cdae55104c5864e0c5590fd0ab9d2f382cf85070781", kill_on_drop: false }`
[INFO] running `Command { std: "docker" "rm" "-f" "1092fe71842730ea3c208cdae55104c5864e0c5590fd0ab9d2f382cf85070781", kill_on_drop: false }`
[INFO] [stdout] 1092fe71842730ea3c208cdae55104c5864e0c5590fd0ab9d2f382cf85070781
