[INFO] fetching crate bevy_ecs_tiled_macros 0.1.1...
[INFO] testing bevy_ecs_tiled_macros-0.1.1 against beta-2024-12-08 for beta-1.84.0-4-retry
[INFO] extracting crate bevy_ecs_tiled_macros 0.1.1 into /workspace/builds/worker-2-tc2/source
[INFO] validating manifest of crates.io crate bevy_ecs_tiled_macros 0.1.1 on toolchain beta-2024-12-08
[INFO] running `Command { std: CARGO_HOME="/workspace/cargo-home" RUSTUP_HOME="/workspace/rustup-home" "/workspace/cargo-home/bin/cargo" "+beta-2024-12-08" "metadata" "--manifest-path" "Cargo.toml" "--no-deps", kill_on_drop: false }`
[INFO] started tweaking crates.io crate bevy_ecs_tiled_macros 0.1.1
[INFO] finished tweaking crates.io crate bevy_ecs_tiled_macros 0.1.1
[INFO] tweaked toml for crates.io crate bevy_ecs_tiled_macros 0.1.1 written to /workspace/builds/worker-2-tc2/source/Cargo.toml
[INFO] running `Command { std: CARGO_HOME="/workspace/cargo-home" RUSTUP_HOME="/workspace/rustup-home" "/workspace/cargo-home/bin/cargo" "+beta-2024-12-08" "generate-lockfile" "--manifest-path" "Cargo.toml", kill_on_drop: false }`
[INFO] [stderr]     Blocking waiting for file lock on package cache
[INFO] [stderr]     Updating crates.io index
[INFO] [stderr]     Blocking waiting for file lock on package cache
[INFO] [stderr]      Locking 4 packages to latest compatible versions
[INFO] running `Command { std: CARGO_HOME="/workspace/cargo-home" RUSTUP_HOME="/workspace/rustup-home" "/workspace/cargo-home/bin/cargo" "+beta-2024-12-08" "fetch" "--manifest-path" "Cargo.toml", kill_on_drop: false }`
[INFO] running `Command { std: "docker" "create" "-v" "/var/lib/crater-agent-workspace/builds/worker-2-tc2/target:/opt/rustwide/target:rw,Z" "-v" "/var/lib/crater-agent-workspace/builds/worker-2-tc2/source:/opt/rustwide/workdir:ro,Z" "-v" "/var/lib/crater-agent-workspace/cargo-home:/opt/rustwide/cargo-home:ro,Z" "-v" "/var/lib/crater-agent-workspace/rustup-home:/opt/rustwide/rustup-home:ro,Z" "-e" "SOURCE_DIR=/opt/rustwide/workdir" "-e" "CARGO_TARGET_DIR=/opt/rustwide/target" "-e" "CARGO_HOME=/opt/rustwide/cargo-home" "-e" "RUSTUP_HOME=/opt/rustwide/rustup-home" "-w" "/opt/rustwide/workdir" "-m" "1610612736" "--user" "0:0" "--network" "none" "ghcr.io/rust-lang/crates-build-env/linux@sha256:f3a9d4ad9d972b27faf3965f35b62e55ba32bbce8f20bc8fe909558a86702fde" "/opt/rustwide/cargo-home/bin/cargo" "+beta-2024-12-08" "metadata" "--no-deps" "--format-version=1", kill_on_drop: false }`
[INFO] [stdout] bfedcbd468ee73c0719fc235f629ef2342054c1e1e94b7aa68ee6addccf7455a
[INFO] running `Command { std: "docker" "start" "-a" "bfedcbd468ee73c0719fc235f629ef2342054c1e1e94b7aa68ee6addccf7455a", kill_on_drop: false }`
[INFO] running `Command { std: "docker" "inspect" "bfedcbd468ee73c0719fc235f629ef2342054c1e1e94b7aa68ee6addccf7455a", kill_on_drop: false }`
[INFO] running `Command { std: "docker" "rm" "-f" "bfedcbd468ee73c0719fc235f629ef2342054c1e1e94b7aa68ee6addccf7455a", kill_on_drop: false }`
[INFO] [stdout] bfedcbd468ee73c0719fc235f629ef2342054c1e1e94b7aa68ee6addccf7455a
[INFO] running `Command { std: "docker" "create" "-v" "/var/lib/crater-agent-workspace/builds/worker-2-tc2/target:/opt/rustwide/target:rw,Z" "-v" "/var/lib/crater-agent-workspace/builds/worker-2-tc2/source:/opt/rustwide/workdir:ro,Z" "-v" "/var/lib/crater-agent-workspace/cargo-home:/opt/rustwide/cargo-home:ro,Z" "-v" "/var/lib/crater-agent-workspace/rustup-home:/opt/rustwide/rustup-home:ro,Z" "-e" "SOURCE_DIR=/opt/rustwide/workdir" "-e" "CARGO_TARGET_DIR=/opt/rustwide/target" "-e" "CARGO_INCREMENTAL=0" "-e" "RUST_BACKTRACE=full" "-e" "RUSTFLAGS=--cap-lints=warn" "-e" "RUSTDOCFLAGS=--cap-lints=warn" "-e" "CARGO_HOME=/opt/rustwide/cargo-home" "-e" "RUSTUP_HOME=/opt/rustwide/rustup-home" "-w" "/opt/rustwide/workdir" "-m" "1610612736" "--user" "0:0" "--network" "none" "ghcr.io/rust-lang/crates-build-env/linux@sha256:f3a9d4ad9d972b27faf3965f35b62e55ba32bbce8f20bc8fe909558a86702fde" "/opt/rustwide/cargo-home/bin/cargo" "+beta-2024-12-08" "build" "--frozen" "--message-format=json", kill_on_drop: false }`
[INFO] [stdout] 994947f2f0efc8cd1b2bdbb60123ad7705eb8dae9798c0979acbd3a6d0fdc1b1
[INFO] running `Command { std: "docker" "start" "-a" "994947f2f0efc8cd1b2bdbb60123ad7705eb8dae9798c0979acbd3a6d0fdc1b1", kill_on_drop: false }`
[INFO] [stderr]    Compiling bevy_ecs_tiled_macros v0.1.1 (/opt/rustwide/workdir)
[INFO] [stderr]     Finished `dev` profile [unoptimized + debuginfo] target(s) in 0.87s
[INFO] running `Command { std: "docker" "inspect" "994947f2f0efc8cd1b2bdbb60123ad7705eb8dae9798c0979acbd3a6d0fdc1b1", kill_on_drop: false }`
[INFO] running `Command { std: "docker" "rm" "-f" "994947f2f0efc8cd1b2bdbb60123ad7705eb8dae9798c0979acbd3a6d0fdc1b1", kill_on_drop: false }`
[INFO] [stdout] 994947f2f0efc8cd1b2bdbb60123ad7705eb8dae9798c0979acbd3a6d0fdc1b1
[INFO] running `Command { std: "docker" "create" "-v" "/var/lib/crater-agent-workspace/builds/worker-2-tc2/target:/opt/rustwide/target:rw,Z" "-v" "/var/lib/crater-agent-workspace/builds/worker-2-tc2/source:/opt/rustwide/workdir:ro,Z" "-v" "/var/lib/crater-agent-workspace/cargo-home:/opt/rustwide/cargo-home:ro,Z" "-v" "/var/lib/crater-agent-workspace/rustup-home:/opt/rustwide/rustup-home:ro,Z" "-e" "SOURCE_DIR=/opt/rustwide/workdir" "-e" "CARGO_TARGET_DIR=/opt/rustwide/target" "-e" "CARGO_INCREMENTAL=0" "-e" "RUST_BACKTRACE=full" "-e" "RUSTFLAGS=--cap-lints=warn" "-e" "RUSTDOCFLAGS=--cap-lints=warn" "-e" "CARGO_HOME=/opt/rustwide/cargo-home" "-e" "RUSTUP_HOME=/opt/rustwide/rustup-home" "-w" "/opt/rustwide/workdir" "-m" "1610612736" "--user" "0:0" "--network" "none" "ghcr.io/rust-lang/crates-build-env/linux@sha256:f3a9d4ad9d972b27faf3965f35b62e55ba32bbce8f20bc8fe909558a86702fde" "/opt/rustwide/cargo-home/bin/cargo" "+beta-2024-12-08" "test" "--frozen" "--no-run" "--message-format=json", kill_on_drop: false }`
[INFO] [stdout] 0b000e49ae4cd07f4104e334837a957c5aa0edecb740da7e486ce12c5e78f6fa
[INFO] running `Command { std: "docker" "start" "-a" "0b000e49ae4cd07f4104e334837a957c5aa0edecb740da7e486ce12c5e78f6fa", kill_on_drop: false }`
[INFO] [stderr]    Compiling bevy_ecs_tiled_macros v0.1.1 (/opt/rustwide/workdir)
[INFO] [stderr]     Finished `test` profile [unoptimized + debuginfo] target(s) in 0.77s
[INFO] running `Command { std: "docker" "inspect" "0b000e49ae4cd07f4104e334837a957c5aa0edecb740da7e486ce12c5e78f6fa", kill_on_drop: false }`
[INFO] running `Command { std: "docker" "rm" "-f" "0b000e49ae4cd07f4104e334837a957c5aa0edecb740da7e486ce12c5e78f6fa", kill_on_drop: false }`
[INFO] [stdout] 0b000e49ae4cd07f4104e334837a957c5aa0edecb740da7e486ce12c5e78f6fa
[INFO] running `Command { std: "docker" "create" "-v" "/var/lib/crater-agent-workspace/builds/worker-2-tc2/target:/opt/rustwide/target:rw,Z" "-v" "/var/lib/crater-agent-workspace/builds/worker-2-tc2/source:/opt/rustwide/workdir:ro,Z" "-v" "/var/lib/crater-agent-workspace/cargo-home:/opt/rustwide/cargo-home:ro,Z" "-v" "/var/lib/crater-agent-workspace/rustup-home:/opt/rustwide/rustup-home:ro,Z" "-e" "SOURCE_DIR=/opt/rustwide/workdir" "-e" "CARGO_TARGET_DIR=/opt/rustwide/target" "-e" "CARGO_INCREMENTAL=0" "-e" "RUST_BACKTRACE=full" "-e" "RUSTFLAGS=--cap-lints=warn" "-e" "RUSTDOCFLAGS=--cap-lints=warn" "-e" "CARGO_HOME=/opt/rustwide/cargo-home" "-e" "RUSTUP_HOME=/opt/rustwide/rustup-home" "-w" "/opt/rustwide/workdir" "-m" "1610612736" "--user" "0:0" "--network" "none" "ghcr.io/rust-lang/crates-build-env/linux@sha256:f3a9d4ad9d972b27faf3965f35b62e55ba32bbce8f20bc8fe909558a86702fde" "/opt/rustwide/cargo-home/bin/cargo" "+beta-2024-12-08" "test" "--frozen", kill_on_drop: false }`
[INFO] [stdout] 3cefa87c66878e0559b1c38529d6cd6e414497c7a8cb6ff54f3e4bd31d69de5d
[INFO] running `Command { std: "docker" "start" "-a" "3cefa87c66878e0559b1c38529d6cd6e414497c7a8cb6ff54f3e4bd31d69de5d", kill_on_drop: false }`
[INFO] [stderr]     Finished `test` profile [unoptimized + debuginfo] target(s) in 0.02s
[INFO] [stderr]      Running unittests src/lib.rs (/opt/rustwide/target/debug/deps/bevy_ecs_tiled_macros-da008b2fe67ec89a)
[INFO] [stdout] 
[INFO] [stdout] running 0 tests
[INFO] [stdout] 
[INFO] [stdout] test result: ok. 0 passed; 0 failed; 0 ignored; 0 measured; 0 filtered out; finished in 0.00s
[INFO] [stdout] 
[INFO] [stderr]    Doc-tests bevy_ecs_tiled_macros
[INFO] [stdout] 
[INFO] [stdout] running 4 tests
[INFO] [stdout] test src/lib.rs - derive_tiled_classes (line 88) - compile ... FAILED
[INFO] [stdout] test src/lib.rs - derive_tiled_custom_tiles (line 53) - compile ... FAILED
[INFO] [stdout] test src/lib.rs - derive_tiled_enums (line 118) - compile ... FAILED
[INFO] [stdout] test src/lib.rs - derive_tiled_objects (line 18) - compile ... FAILED
[INFO] [stdout] 
[INFO] [stdout] failures:
[INFO] [stdout] 
[INFO] [stdout] ---- src/lib.rs - derive_tiled_classes (line 88) stdout ----
[INFO] [stdout] error: cannot find derive macro `TiledClass` in this scope
[INFO] [stdout]  --> src/lib.rs:89:10
[INFO] [stdout]   |
[INFO] [stdout] 3 | #[derive(TiledClass, Component, Default)]
[INFO] [stdout]   |          ^^^^^^^^^^
[INFO] [stdout]   |
[INFO] [stdout] help: consider importing this derive macro
[INFO] [stdout]   |
[INFO] [stdout] 2 + use bevy_ecs_tiled_macros::TiledClass;
[INFO] [stdout]   |
[INFO] [stdout] 
[INFO] [stdout] error: cannot find derive macro `Component` in this scope
[INFO] [stdout]  --> src/lib.rs:89:22
[INFO] [stdout]   |
[INFO] [stdout] 3 | #[derive(TiledClass, Component, Default)]
[INFO] [stdout]   |                      ^^^^^^^^^
[INFO] [stdout] 
[INFO] [stdout] error: aborting due to 2 previous errors
[INFO] [stdout] 
[INFO] [stdout] Couldn't compile the test.
[INFO] [stdout] ---- src/lib.rs - derive_tiled_custom_tiles (line 53) stdout ----
[INFO] [stdout] error: cannot find derive macro `TiledCustomTile` in this scope
[INFO] [stdout]  --> src/lib.rs:54:10
[INFO] [stdout]   |
[INFO] [stdout] 3 | #[derive(TiledCustomTile, Component, Default)]
[INFO] [stdout]   |          ^^^^^^^^^^^^^^^
[INFO] [stdout]   |
[INFO] [stdout] help: consider importing this derive macro
[INFO] [stdout]   |
[INFO] [stdout] 2 + use bevy_ecs_tiled_macros::TiledCustomTile;
[INFO] [stdout]   |
[INFO] [stdout] 
[INFO] [stdout] error: cannot find derive macro `Component` in this scope
[INFO] [stdout]  --> src/lib.rs:54:27
[INFO] [stdout]   |
[INFO] [stdout] 3 | #[derive(TiledCustomTile, Component, Default)]
[INFO] [stdout]   |                           ^^^^^^^^^
[INFO] [stdout] 
[INFO] [stdout] error: aborting due to 2 previous errors
[INFO] [stdout] 
[INFO] [stdout] Couldn't compile the test.
[INFO] [stdout] ---- src/lib.rs - derive_tiled_enums (line 118) stdout ----
[INFO] [stdout] error: cannot find derive macro `TiledEnum` in this scope
[INFO] [stdout]  --> src/lib.rs:119:10
[INFO] [stdout]   |
[INFO] [stdout] 3 | #[derive(TiledEnum, Default)]
[INFO] [stdout]   |          ^^^^^^^^^
[INFO] [stdout]   |
[INFO] [stdout] help: consider importing this derive macro
[INFO] [stdout]   |
[INFO] [stdout] 2 + use bevy_ecs_tiled_macros::TiledEnum;
[INFO] [stdout]   |
[INFO] [stdout] 
[INFO] [stdout] error: aborting due to 1 previous error
[INFO] [stdout] 
[INFO] [stdout] Couldn't compile the test.
[INFO] [stdout] ---- src/lib.rs - derive_tiled_objects (line 18) stdout ----
[INFO] [stdout] error: cannot find derive macro `TiledObject` in this scope
[INFO] [stdout]  --> src/lib.rs:19:10
[INFO] [stdout]   |
[INFO] [stdout] 3 | #[derive(TiledObject, Component, Default)]
[INFO] [stdout]   |          ^^^^^^^^^^^
[INFO] [stdout]   |
[INFO] [stdout] help: consider importing this derive macro
[INFO] [stdout]   |
[INFO] [stdout] 2 + use bevy_ecs_tiled_macros::TiledObject;
[INFO] [stdout]   |
[INFO] [stdout] 
[INFO] [stdout] error: cannot find derive macro `Component` in this scope
[INFO] [stdout]  --> src/lib.rs:19:23
[INFO] [stdout]   |
[INFO] [stdout] 3 | #[derive(TiledObject, Component, Default)]
[INFO] [stdout]   |                       ^^^^^^^^^
[INFO] [stdout] 
[INFO] [stdout] error[E0433]: failed to resolve: use of undeclared crate or module `bevy`
[INFO] [stdout]  --> src/lib.rs:21:12
[INFO] [stdout]   |
[INFO] [stdout] 5 |     color: bevy::color::Color,
[INFO] [stdout]   |            ^^^^ use of undeclared crate or module `bevy`
[INFO] [stdout] 
[INFO] [stdout] error: aborting due to 3 previous errors
[INFO] [stdout] 
[INFO] [stdout] For more information about this error, try `rustc --explain E0433`.
[INFO] [stdout] Couldn't compile the test.
[INFO] [stdout] 
[INFO] [stdout] failures:
[INFO] [stdout]     src/lib.rs - derive_tiled_classes (line 88)
[INFO] [stdout]     src/lib.rs - derive_tiled_custom_tiles (line 53)
[INFO] [stdout]     src/lib.rs - derive_tiled_enums (line 118)
[INFO] [stdout]     src/lib.rs - derive_tiled_objects (line 18)
[INFO] [stdout] 
[INFO] [stdout] test result: FAILED. 0 passed; 4 failed; 0 ignored; 0 measured; 0 filtered out; finished in 0.09s
[INFO] [stdout] 
[INFO] [stderr] error: doctest failed, to rerun pass `--doc`
[INFO] running `Command { std: "docker" "inspect" "3cefa87c66878e0559b1c38529d6cd6e414497c7a8cb6ff54f3e4bd31d69de5d", kill_on_drop: false }`
[INFO] running `Command { std: "docker" "rm" "-f" "3cefa87c66878e0559b1c38529d6cd6e414497c7a8cb6ff54f3e4bd31d69de5d", kill_on_drop: false }`
[INFO] [stdout] 3cefa87c66878e0559b1c38529d6cd6e414497c7a8cb6ff54f3e4bd31d69de5d
