[INFO] fetching crate bevy_defer_derive 0.2.0...
[INFO] testing bevy_defer_derive-0.2.0 against 1.83.0 for beta-1.84.0-4-retry
[INFO] extracting crate bevy_defer_derive 0.2.0 into /workspace/builds/worker-2-tc1/source
[INFO] validating manifest of crates.io crate bevy_defer_derive 0.2.0 on toolchain 1.83.0
[INFO] running `Command { std: CARGO_HOME="/workspace/cargo-home" RUSTUP_HOME="/workspace/rustup-home" "/workspace/cargo-home/bin/cargo" "+1.83.0" "metadata" "--manifest-path" "Cargo.toml" "--no-deps", kill_on_drop: false }`
[INFO] started tweaking crates.io crate bevy_defer_derive 0.2.0
[INFO] finished tweaking crates.io crate bevy_defer_derive 0.2.0
[INFO] tweaked toml for crates.io crate bevy_defer_derive 0.2.0 written to /workspace/builds/worker-2-tc1/source/Cargo.toml
[INFO] running `Command { std: CARGO_HOME="/workspace/cargo-home" RUSTUP_HOME="/workspace/rustup-home" "/workspace/cargo-home/bin/cargo" "+1.83.0" "generate-lockfile" "--manifest-path" "Cargo.toml", kill_on_drop: false }`
[INFO] [stderr]     Blocking waiting for file lock on package cache
[INFO] [stderr]     Updating crates.io index
[INFO] [stderr]      Locking 12 packages to latest compatible versions
[INFO] running `Command { std: CARGO_HOME="/workspace/cargo-home" RUSTUP_HOME="/workspace/rustup-home" "/workspace/cargo-home/bin/cargo" "+1.83.0" "fetch" "--manifest-path" "Cargo.toml", kill_on_drop: false }`
[INFO] [stderr]     Blocking waiting for file lock on package cache
[INFO] running `Command { std: "docker" "create" "-v" "/var/lib/crater-agent-workspace/builds/worker-2-tc1/target:/opt/rustwide/target:rw,Z" "-v" "/var/lib/crater-agent-workspace/builds/worker-2-tc1/source:/opt/rustwide/workdir:ro,Z" "-v" "/var/lib/crater-agent-workspace/cargo-home:/opt/rustwide/cargo-home:ro,Z" "-v" "/var/lib/crater-agent-workspace/rustup-home:/opt/rustwide/rustup-home:ro,Z" "-e" "SOURCE_DIR=/opt/rustwide/workdir" "-e" "CARGO_TARGET_DIR=/opt/rustwide/target" "-e" "CARGO_HOME=/opt/rustwide/cargo-home" "-e" "RUSTUP_HOME=/opt/rustwide/rustup-home" "-w" "/opt/rustwide/workdir" "-m" "1610612736" "--user" "0:0" "--network" "none" "ghcr.io/rust-lang/crates-build-env/linux@sha256:f3a9d4ad9d972b27faf3965f35b62e55ba32bbce8f20bc8fe909558a86702fde" "/opt/rustwide/cargo-home/bin/cargo" "+1.83.0" "metadata" "--no-deps" "--format-version=1", kill_on_drop: false }`
[INFO] [stdout] 6995bd76aee5d6a649768f70bf37e4d2990eeb6383bf57ef190416500b47a8e2
[INFO] running `Command { std: "docker" "start" "-a" "6995bd76aee5d6a649768f70bf37e4d2990eeb6383bf57ef190416500b47a8e2", kill_on_drop: false }`
[INFO] running `Command { std: "docker" "inspect" "6995bd76aee5d6a649768f70bf37e4d2990eeb6383bf57ef190416500b47a8e2", kill_on_drop: false }`
[INFO] running `Command { std: "docker" "rm" "-f" "6995bd76aee5d6a649768f70bf37e4d2990eeb6383bf57ef190416500b47a8e2", kill_on_drop: false }`
[INFO] [stdout] 6995bd76aee5d6a649768f70bf37e4d2990eeb6383bf57ef190416500b47a8e2
[INFO] running `Command { std: "docker" "create" "-v" "/var/lib/crater-agent-workspace/builds/worker-2-tc1/target:/opt/rustwide/target:rw,Z" "-v" "/var/lib/crater-agent-workspace/builds/worker-2-tc1/source:/opt/rustwide/workdir:ro,Z" "-v" "/var/lib/crater-agent-workspace/cargo-home:/opt/rustwide/cargo-home:ro,Z" "-v" "/var/lib/crater-agent-workspace/rustup-home:/opt/rustwide/rustup-home:ro,Z" "-e" "SOURCE_DIR=/opt/rustwide/workdir" "-e" "CARGO_TARGET_DIR=/opt/rustwide/target" "-e" "CARGO_INCREMENTAL=0" "-e" "RUST_BACKTRACE=full" "-e" "RUSTFLAGS=--cap-lints=warn" "-e" "RUSTDOCFLAGS=--cap-lints=warn" "-e" "CARGO_HOME=/opt/rustwide/cargo-home" "-e" "RUSTUP_HOME=/opt/rustwide/rustup-home" "-w" "/opt/rustwide/workdir" "-m" "1610612736" "--user" "0:0" "--network" "none" "ghcr.io/rust-lang/crates-build-env/linux@sha256:f3a9d4ad9d972b27faf3965f35b62e55ba32bbce8f20bc8fe909558a86702fde" "/opt/rustwide/cargo-home/bin/cargo" "+1.83.0" "build" "--frozen" "--message-format=json", kill_on_drop: false }`
[INFO] [stdout] 02a7d902c637023301de9cb24742934c8a88426645560c5f1c00e3b41ca77777
[INFO] running `Command { std: "docker" "start" "-a" "02a7d902c637023301de9cb24742934c8a88426645560c5f1c00e3b41ca77777", kill_on_drop: false }`
[INFO] [stderr]    Compiling proc-macro2 v1.0.92
[INFO] [stderr]    Compiling hashbrown v0.15.2
[INFO] [stderr]    Compiling equivalent v1.0.1
[INFO] [stderr]    Compiling unicode-ident v1.0.14
[INFO] [stderr]    Compiling winnow v0.6.20
[INFO] [stderr]    Compiling toml_datetime v0.6.8
[INFO] [stderr]    Compiling indexmap v2.7.0
[INFO] [stderr]    Compiling quote v1.0.37
[INFO] [stderr]    Compiling syn v2.0.90
[INFO] [stderr]    Compiling toml_edit v0.22.22
[INFO] [stderr]    Compiling proc-macro-crate v3.2.0
[INFO] [stderr]    Compiling bevy_defer_derive v0.2.0 (/opt/rustwide/workdir)
[INFO] [stderr]     Finished `dev` profile [unoptimized + debuginfo] target(s) in 14.13s
[INFO] running `Command { std: "docker" "inspect" "02a7d902c637023301de9cb24742934c8a88426645560c5f1c00e3b41ca77777", kill_on_drop: false }`
[INFO] running `Command { std: "docker" "rm" "-f" "02a7d902c637023301de9cb24742934c8a88426645560c5f1c00e3b41ca77777", kill_on_drop: false }`
[INFO] [stdout] 02a7d902c637023301de9cb24742934c8a88426645560c5f1c00e3b41ca77777
[INFO] running `Command { std: "docker" "create" "-v" "/var/lib/crater-agent-workspace/builds/worker-2-tc1/target:/opt/rustwide/target:rw,Z" "-v" "/var/lib/crater-agent-workspace/builds/worker-2-tc1/source:/opt/rustwide/workdir:ro,Z" "-v" "/var/lib/crater-agent-workspace/cargo-home:/opt/rustwide/cargo-home:ro,Z" "-v" "/var/lib/crater-agent-workspace/rustup-home:/opt/rustwide/rustup-home:ro,Z" "-e" "SOURCE_DIR=/opt/rustwide/workdir" "-e" "CARGO_TARGET_DIR=/opt/rustwide/target" "-e" "CARGO_INCREMENTAL=0" "-e" "RUST_BACKTRACE=full" "-e" "RUSTFLAGS=--cap-lints=warn" "-e" "RUSTDOCFLAGS=--cap-lints=warn" "-e" "CARGO_HOME=/opt/rustwide/cargo-home" "-e" "RUSTUP_HOME=/opt/rustwide/rustup-home" "-w" "/opt/rustwide/workdir" "-m" "1610612736" "--user" "0:0" "--network" "none" "ghcr.io/rust-lang/crates-build-env/linux@sha256:f3a9d4ad9d972b27faf3965f35b62e55ba32bbce8f20bc8fe909558a86702fde" "/opt/rustwide/cargo-home/bin/cargo" "+1.83.0" "test" "--frozen" "--no-run" "--message-format=json", kill_on_drop: false }`
[INFO] [stdout] 05fbc9ad2bd87977cc89969a27eb995222c0d70ddbfec84a9b5296b380e38ccf
[INFO] running `Command { std: "docker" "start" "-a" "05fbc9ad2bd87977cc89969a27eb995222c0d70ddbfec84a9b5296b380e38ccf", kill_on_drop: false }`
[INFO] [stderr]    Compiling bevy_defer_derive v0.2.0 (/opt/rustwide/workdir)
[INFO] [stderr]     Finished `test` profile [unoptimized + debuginfo] target(s) in 1.31s
[INFO] running `Command { std: "docker" "inspect" "05fbc9ad2bd87977cc89969a27eb995222c0d70ddbfec84a9b5296b380e38ccf", kill_on_drop: false }`
[INFO] running `Command { std: "docker" "rm" "-f" "05fbc9ad2bd87977cc89969a27eb995222c0d70ddbfec84a9b5296b380e38ccf", kill_on_drop: false }`
[INFO] [stdout] 05fbc9ad2bd87977cc89969a27eb995222c0d70ddbfec84a9b5296b380e38ccf
[INFO] running `Command { std: "docker" "create" "-v" "/var/lib/crater-agent-workspace/builds/worker-2-tc1/target:/opt/rustwide/target:rw,Z" "-v" "/var/lib/crater-agent-workspace/builds/worker-2-tc1/source:/opt/rustwide/workdir:ro,Z" "-v" "/var/lib/crater-agent-workspace/cargo-home:/opt/rustwide/cargo-home:ro,Z" "-v" "/var/lib/crater-agent-workspace/rustup-home:/opt/rustwide/rustup-home:ro,Z" "-e" "SOURCE_DIR=/opt/rustwide/workdir" "-e" "CARGO_TARGET_DIR=/opt/rustwide/target" "-e" "CARGO_INCREMENTAL=0" "-e" "RUST_BACKTRACE=full" "-e" "RUSTFLAGS=--cap-lints=warn" "-e" "RUSTDOCFLAGS=--cap-lints=warn" "-e" "CARGO_HOME=/opt/rustwide/cargo-home" "-e" "RUSTUP_HOME=/opt/rustwide/rustup-home" "-w" "/opt/rustwide/workdir" "-m" "1610612736" "--user" "0:0" "--network" "none" "ghcr.io/rust-lang/crates-build-env/linux@sha256:f3a9d4ad9d972b27faf3965f35b62e55ba32bbce8f20bc8fe909558a86702fde" "/opt/rustwide/cargo-home/bin/cargo" "+1.83.0" "test" "--frozen", kill_on_drop: false }`
[INFO] [stdout] f07c97a59172283ad8bdef4a42a65f18aec1bb1c3ad9a906c808425640161ef6
[INFO] running `Command { std: "docker" "start" "-a" "f07c97a59172283ad8bdef4a42a65f18aec1bb1c3ad9a906c808425640161ef6", kill_on_drop: false }`
[INFO] [stderr]     Finished `test` profile [unoptimized + debuginfo] target(s) in 0.03s
[INFO] [stderr]      Running unittests src/lib.rs (/opt/rustwide/target/debug/deps/bevy_defer_derive-52f90790f465e85b)
[INFO] [stdout] 
[INFO] [stdout] running 0 tests
[INFO] [stdout] 
[INFO] [stderr]    Doc-tests bevy_defer_derive
[INFO] [stdout] test result: ok. 0 passed; 0 failed; 0 ignored; 0 measured; 0 filtered out; finished in 0.00s
[INFO] [stdout] 
[INFO] [stdout] 
[INFO] [stdout] running 1 test
[INFO] [stdout] test src/lib.rs - async_access (line 34) ... FAILED
[INFO] [stdout] 
[INFO] [stdout] failures:
[INFO] [stdout] 
[INFO] [stdout] ---- src/lib.rs - async_access (line 34) stdout ----
[INFO] [stdout] error[E0432]: unresolved import `module`
[INFO] [stdout]  --> src/lib.rs:35:5
[INFO] [stdout]   |
[INFO] [stdout] 3 | use module::{Character, AsyncCharacter};
[INFO] [stdout]   |     ^^^^^^ use of undeclared crate or module `module`
[INFO] [stdout] 
[INFO] [stdout] error: cannot find attribute `async_access` in this scope
[INFO] [stdout]  --> src/lib.rs:36:3
[INFO] [stdout]   |
[INFO] [stdout] 4 | #[async_access]
[INFO] [stdout]   |   ^^^^^^^^^^^^
[INFO] [stdout]   |
[INFO] [stdout] help: consider importing this attribute macro
[INFO] [stdout]   |
[INFO] [stdout] 2 + use bevy_defer_derive::async_access;
[INFO] [stdout]   |
[INFO] [stdout] 
[INFO] [stdout] error[E0308]: mismatched types
[INFO] [stdout]  --> src/lib.rs:39:9
[INFO] [stdout]   |
[INFO] [stdout] 6 |     fn get_name(&self) -> String {
[INFO] [stdout]   |                           ------ expected `String` because of return type
[INFO] [stdout] 7 |         ..
[INFO] [stdout]   |         ^^ expected `String`, found `RangeFull`
[INFO] [stdout] 
[INFO] [stdout] error[E0308]: mismatched types
[INFO] [stdout]   --> src/lib.rs:42:9
[INFO] [stdout]    |
[INFO] [stdout] 9  |     fn shoot(&mut self, angle: f32) {
[INFO] [stdout]    |                                    - help: try adding a return type: `-> RangeFull`
[INFO] [stdout] 10 |         ..
[INFO] [stdout]    |         ^^ expected `()`, found `RangeFull`
[INFO] [stdout] 
[INFO] [stdout] error: aborting due to 4 previous errors
[INFO] [stdout] 
[INFO] [stdout] Some errors have detailed explanations: E0308, E0432.
[INFO] [stdout] For more information about an error, try `rustc --explain E0308`.
[INFO] [stdout] Couldn't compile the test.
[INFO] [stdout] 
[INFO] [stdout] failures:
[INFO] [stdout]     src/lib.rs - async_access (line 34)
[INFO] [stdout] 
[INFO] [stdout] test result: FAILED. 0 passed; 1 failed; 0 ignored; 0 measured; 0 filtered out; finished in 0.13s
[INFO] [stdout] 
[INFO] [stderr] error: doctest failed, to rerun pass `--doc`
[INFO] running `Command { std: "docker" "inspect" "f07c97a59172283ad8bdef4a42a65f18aec1bb1c3ad9a906c808425640161ef6", kill_on_drop: false }`
[INFO] running `Command { std: "docker" "rm" "-f" "f07c97a59172283ad8bdef4a42a65f18aec1bb1c3ad9a906c808425640161ef6", kill_on_drop: false }`
[INFO] [stdout] f07c97a59172283ad8bdef4a42a65f18aec1bb1c3ad9a906c808425640161ef6
