[INFO] fetching crate bevy_app 0.15.0...
[INFO] testing bevy_app-0.15.0 against beta-2024-12-08 for beta-1.84.0-4-retry
[INFO] extracting crate bevy_app 0.15.0 into /workspace/builds/worker-3-tc2/source
[INFO] validating manifest of crates.io crate bevy_app 0.15.0 on toolchain beta-2024-12-08
[INFO] running `Command { std: CARGO_HOME="/workspace/cargo-home" RUSTUP_HOME="/workspace/rustup-home" "/workspace/cargo-home/bin/cargo" "+beta-2024-12-08" "metadata" "--manifest-path" "Cargo.toml" "--no-deps", kill_on_drop: false }`
[INFO] started tweaking crates.io crate bevy_app 0.15.0
[INFO] finished tweaking crates.io crate bevy_app 0.15.0
[INFO] tweaked toml for crates.io crate bevy_app 0.15.0 written to /workspace/builds/worker-3-tc2/source/Cargo.toml
[INFO] running `Command { std: CARGO_HOME="/workspace/cargo-home" RUSTUP_HOME="/workspace/rustup-home" "/workspace/cargo-home/bin/cargo" "+beta-2024-12-08" "generate-lockfile" "--manifest-path" "Cargo.toml", kill_on_drop: false }`
[INFO] [stderr]     Updating crates.io index
[INFO] [stderr]      Locking 96 packages to latest compatible versions
[INFO] running `Command { std: CARGO_HOME="/workspace/cargo-home" RUSTUP_HOME="/workspace/rustup-home" "/workspace/cargo-home/bin/cargo" "+beta-2024-12-08" "fetch" "--manifest-path" "Cargo.toml", kill_on_drop: false }`
[INFO] running `Command { std: "docker" "create" "-v" "/var/lib/crater-agent-workspace/builds/worker-3-tc2/target:/opt/rustwide/target:rw,Z" "-v" "/var/lib/crater-agent-workspace/builds/worker-3-tc2/source:/opt/rustwide/workdir:ro,Z" "-v" "/var/lib/crater-agent-workspace/cargo-home:/opt/rustwide/cargo-home:ro,Z" "-v" "/var/lib/crater-agent-workspace/rustup-home:/opt/rustwide/rustup-home:ro,Z" "-e" "SOURCE_DIR=/opt/rustwide/workdir" "-e" "CARGO_TARGET_DIR=/opt/rustwide/target" "-e" "CARGO_HOME=/opt/rustwide/cargo-home" "-e" "RUSTUP_HOME=/opt/rustwide/rustup-home" "-w" "/opt/rustwide/workdir" "-m" "1610612736" "--user" "0:0" "--network" "none" "ghcr.io/rust-lang/crates-build-env/linux@sha256:f3a9d4ad9d972b27faf3965f35b62e55ba32bbce8f20bc8fe909558a86702fde" "/opt/rustwide/cargo-home/bin/cargo" "+beta-2024-12-08" "metadata" "--no-deps" "--format-version=1", kill_on_drop: false }`
[INFO] [stdout] d68292d1468c9142709dc2a4a80af31a6f07f7c5d16bd190988d3edbc808f463
[INFO] running `Command { std: "docker" "start" "-a" "d68292d1468c9142709dc2a4a80af31a6f07f7c5d16bd190988d3edbc808f463", kill_on_drop: false }`
[INFO] running `Command { std: "docker" "inspect" "d68292d1468c9142709dc2a4a80af31a6f07f7c5d16bd190988d3edbc808f463", kill_on_drop: false }`
[INFO] running `Command { std: "docker" "rm" "-f" "d68292d1468c9142709dc2a4a80af31a6f07f7c5d16bd190988d3edbc808f463", kill_on_drop: false }`
[INFO] [stdout] d68292d1468c9142709dc2a4a80af31a6f07f7c5d16bd190988d3edbc808f463
[INFO] running `Command { std: "docker" "create" "-v" "/var/lib/crater-agent-workspace/builds/worker-3-tc2/target:/opt/rustwide/target:rw,Z" "-v" "/var/lib/crater-agent-workspace/builds/worker-3-tc2/source:/opt/rustwide/workdir:ro,Z" "-v" "/var/lib/crater-agent-workspace/cargo-home:/opt/rustwide/cargo-home:ro,Z" "-v" "/var/lib/crater-agent-workspace/rustup-home:/opt/rustwide/rustup-home:ro,Z" "-e" "SOURCE_DIR=/opt/rustwide/workdir" "-e" "CARGO_TARGET_DIR=/opt/rustwide/target" "-e" "CARGO_INCREMENTAL=0" "-e" "RUST_BACKTRACE=full" "-e" "RUSTFLAGS=--cap-lints=warn" "-e" "RUSTDOCFLAGS=--cap-lints=warn" "-e" "CARGO_HOME=/opt/rustwide/cargo-home" "-e" "RUSTUP_HOME=/opt/rustwide/rustup-home" "-w" "/opt/rustwide/workdir" "-m" "1610612736" "--user" "0:0" "--network" "none" "ghcr.io/rust-lang/crates-build-env/linux@sha256:f3a9d4ad9d972b27faf3965f35b62e55ba32bbce8f20bc8fe909558a86702fde" "/opt/rustwide/cargo-home/bin/cargo" "+beta-2024-12-08" "build" "--frozen" "--message-format=json", kill_on_drop: false }`
[INFO] [stdout] 9433f74742a21027a0ad25b1ea8a69dbd997c2087dcf8465afbf4267c214060d
[INFO] running `Command { std: "docker" "start" "-a" "9433f74742a21027a0ad25b1ea8a69dbd997c2087dcf8465afbf4267c214060d", kill_on_drop: false }`
[INFO] [stderr]    Compiling libc v0.2.168
[INFO] [stderr]    Compiling crunchy v0.2.2
[INFO] [stderr]    Compiling tiny-keccak v2.0.2
[INFO] [stderr]    Compiling hashbrown v0.15.2
[INFO] [stderr]    Compiling once_cell v1.20.2
[INFO] [stderr]    Compiling winnow v0.6.20
[INFO] [stderr]    Compiling version_check v0.9.5
[INFO] [stderr]    Compiling serde v1.0.216
[INFO] [stderr]    Compiling toml_datetime v0.6.8
[INFO] [stderr]    Compiling typeid v1.0.2
[INFO] [stderr]    Compiling zerocopy v0.7.35
[INFO] [stderr]    Compiling slab v0.4.9
[INFO] [stderr]    Compiling syn v2.0.90
[INFO] [stderr]    Compiling cfg_aliases v0.2.1
[INFO] [stderr]    Compiling futures-core v0.3.31
[INFO] [stderr]    Compiling futures-io v0.3.31
[INFO] [stderr]    Compiling tracing-core v0.1.33
[INFO] [stderr]    Compiling fastrand v2.3.0
[INFO] [stderr]    Compiling unicode-xid v0.2.6
[INFO] [stderr]    Compiling thread_local v1.1.8
[INFO] [stderr]    Compiling nix v0.29.0
[INFO] [stderr]    Compiling concurrent-queue v2.5.0
[INFO] [stderr]    Compiling futures-lite v2.5.0
[INFO] [stderr]    Compiling ahash v0.8.11
[INFO] [stderr]    Compiling tracing v0.1.41
[INFO] [stderr]    Compiling async-task v4.7.1
[INFO] [stderr]    Compiling smallvec v1.13.2
[INFO] [stderr]    Compiling downcast-rs v1.2.1
[INFO] [stderr]    Compiling fixedbitset v0.4.2
[INFO] [stderr]    Compiling disqualified v1.0.0
[INFO] [stderr]    Compiling indexmap v2.7.0
[INFO] [stderr]    Compiling bevy_ptr v0.15.0
[INFO] [stderr]    Compiling nonmax v0.5.5
[INFO] [stderr]    Compiling fixedbitset v0.5.7
[INFO] [stderr]    Compiling petgraph v0.6.5
[INFO] [stderr]    Compiling getrandom v0.2.15
[INFO] [stderr]    Compiling uuid v1.11.0
[INFO] [stderr]    Compiling const-random-macro v0.1.16
[INFO] [stderr]    Compiling async-executor v1.13.1
[INFO] [stderr]    Compiling bevy_tasks v0.15.0
[INFO] [stderr]    Compiling const-random v0.1.18
[INFO] [stderr]    Compiling toml_edit v0.22.22
[INFO] [stderr]    Compiling hashbrown v0.14.5
[INFO] [stderr]    Compiling erased-serde v0.4.5
[INFO] [stderr]    Compiling ctrlc v3.4.5
[INFO] [stderr]    Compiling bevy_macro_utils v0.15.0
[INFO] [stderr]    Compiling derive_more-impl v1.0.0
[INFO] [stderr]    Compiling bevy_utils_proc_macros v0.15.0
[INFO] [stderr]    Compiling assert_type_match v0.1.1
[INFO] [stderr]    Compiling bevy_reflect_derive v0.15.0
[INFO] [stderr]    Compiling bevy_ecs_macros v0.15.0
[INFO] [stderr]    Compiling bevy_derive v0.15.0
[INFO] [stderr]    Compiling bevy_utils v0.15.0
[INFO] [stderr]    Compiling derive_more v1.0.0
[INFO] [stderr]    Compiling bevy_reflect v0.15.0
[INFO] [stderr]    Compiling bevy_ecs v0.15.0
[INFO] [stderr]    Compiling bevy_app v0.15.0 (/opt/rustwide/workdir)
[INFO] [stderr]     Finished `dev` profile [unoptimized + debuginfo] target(s) in 49.01s
[INFO] running `Command { std: "docker" "inspect" "9433f74742a21027a0ad25b1ea8a69dbd997c2087dcf8465afbf4267c214060d", kill_on_drop: false }`
[INFO] running `Command { std: "docker" "rm" "-f" "9433f74742a21027a0ad25b1ea8a69dbd997c2087dcf8465afbf4267c214060d", kill_on_drop: false }`
[INFO] [stdout] 9433f74742a21027a0ad25b1ea8a69dbd997c2087dcf8465afbf4267c214060d
[INFO] running `Command { std: "docker" "create" "-v" "/var/lib/crater-agent-workspace/builds/worker-3-tc2/target:/opt/rustwide/target:rw,Z" "-v" "/var/lib/crater-agent-workspace/builds/worker-3-tc2/source:/opt/rustwide/workdir:ro,Z" "-v" "/var/lib/crater-agent-workspace/cargo-home:/opt/rustwide/cargo-home:ro,Z" "-v" "/var/lib/crater-agent-workspace/rustup-home:/opt/rustwide/rustup-home:ro,Z" "-e" "SOURCE_DIR=/opt/rustwide/workdir" "-e" "CARGO_TARGET_DIR=/opt/rustwide/target" "-e" "CARGO_INCREMENTAL=0" "-e" "RUST_BACKTRACE=full" "-e" "RUSTFLAGS=--cap-lints=warn" "-e" "RUSTDOCFLAGS=--cap-lints=warn" "-e" "CARGO_HOME=/opt/rustwide/cargo-home" "-e" "RUSTUP_HOME=/opt/rustwide/rustup-home" "-w" "/opt/rustwide/workdir" "-m" "1610612736" "--user" "0:0" "--network" "none" "ghcr.io/rust-lang/crates-build-env/linux@sha256:f3a9d4ad9d972b27faf3965f35b62e55ba32bbce8f20bc8fe909558a86702fde" "/opt/rustwide/cargo-home/bin/cargo" "+beta-2024-12-08" "test" "--frozen" "--no-run" "--message-format=json", kill_on_drop: false }`
[INFO] [stdout] 6bedfee91640baff786150e1bb2f390a968106a93b3cf9e619416fa6cd5e6a5d
[INFO] running `Command { std: "docker" "start" "-a" "6bedfee91640baff786150e1bb2f390a968106a93b3cf9e619416fa6cd5e6a5d", kill_on_drop: false }`
[INFO] [stderr]    Compiling bevy_app v0.15.0 (/opt/rustwide/workdir)
[INFO] [stderr]     Finished `test` profile [unoptimized + debuginfo] target(s) in 5.05s
[INFO] running `Command { std: "docker" "inspect" "6bedfee91640baff786150e1bb2f390a968106a93b3cf9e619416fa6cd5e6a5d", kill_on_drop: false }`
[INFO] running `Command { std: "docker" "rm" "-f" "6bedfee91640baff786150e1bb2f390a968106a93b3cf9e619416fa6cd5e6a5d", kill_on_drop: false }`
[INFO] [stdout] 6bedfee91640baff786150e1bb2f390a968106a93b3cf9e619416fa6cd5e6a5d
[INFO] running `Command { std: "docker" "create" "-v" "/var/lib/crater-agent-workspace/builds/worker-3-tc2/target:/opt/rustwide/target:rw,Z" "-v" "/var/lib/crater-agent-workspace/builds/worker-3-tc2/source:/opt/rustwide/workdir:ro,Z" "-v" "/var/lib/crater-agent-workspace/cargo-home:/opt/rustwide/cargo-home:ro,Z" "-v" "/var/lib/crater-agent-workspace/rustup-home:/opt/rustwide/rustup-home:ro,Z" "-e" "SOURCE_DIR=/opt/rustwide/workdir" "-e" "CARGO_TARGET_DIR=/opt/rustwide/target" "-e" "CARGO_INCREMENTAL=0" "-e" "RUST_BACKTRACE=full" "-e" "RUSTFLAGS=--cap-lints=warn" "-e" "RUSTDOCFLAGS=--cap-lints=warn" "-e" "CARGO_HOME=/opt/rustwide/cargo-home" "-e" "RUSTUP_HOME=/opt/rustwide/rustup-home" "-w" "/opt/rustwide/workdir" "-m" "1610612736" "--user" "0:0" "--network" "none" "ghcr.io/rust-lang/crates-build-env/linux@sha256:f3a9d4ad9d972b27faf3965f35b62e55ba32bbce8f20bc8fe909558a86702fde" "/opt/rustwide/cargo-home/bin/cargo" "+beta-2024-12-08" "test" "--frozen", kill_on_drop: false }`
[INFO] [stdout] 9fecd2a15dde647331ec6347218e2ef88c6b140f08a5f59d34e4e16115dc992d
[INFO] running `Command { std: "docker" "start" "-a" "9fecd2a15dde647331ec6347218e2ef88c6b140f08a5f59d34e4e16115dc992d", kill_on_drop: false }`
[INFO] [stderr]     Finished `test` profile [unoptimized + debuginfo] target(s) in 0.10s
[INFO] [stderr]      Running unittests src/lib.rs (/opt/rustwide/target/debug/deps/bevy_app-bff996200d9124d6)
[INFO] [stdout] 
[INFO] [stdout] running 24 tests
[INFO] [stdout] test app::tests::app_exit_size ... ok
[INFO] [stdout] test app::tests::can_add_two_plugins ... ok
[INFO] [stdout] test app::tests::can_add_twice_the_same_plugin_with_different_type_param ... ok
[INFO] [stdout] test app::tests::initializing_resources_from_world ... ok
[INFO] [stdout] test app::tests::add_systems_should_create_schedule_if_it_does_not_exist ... ok
[INFO] [stdout] test app::tests::plugin_should_not_be_added_during_build_time ... ok
[INFO] [stdout] test app::tests::can_add_twice_the_same_plugin_not_unique ... ok
[INFO] [stdout] test app::tests::regression_test_10385 ... ok
[INFO] [stdout] test app::tests::runner_returns_correct_exit_code ... ok
[INFO] [stdout] test app::tests::test_update_clears_trackers_once ... ok
[INFO] [stdout] test app::tests::events_should_be_updated_once_per_update ... ok
[INFO] [stdout] test app::tests::test_extract_sees_changes ... ok
[INFO] [stdout] test app::tests::test_derive_app_label ... ok
[INFO] [stdout] test plugin_group::tests::add_after ... ok
[INFO] [stdout] test plugin_group::tests::add_basic_subgroup ... ok
[INFO] [stdout] test plugin_group::tests::readd ... ok
[INFO] [stdout] test plugin_group::tests::readd_after ... ok
[INFO] [stdout] test plugin_group::tests::readd_before ... ok
[INFO] [stdout] test plugin_group::tests::basic_ordering ... ok
[INFO] [stdout] test plugin_group::tests::add_before ... ok
[INFO] [stdout] test plugin_group::tests::add_conflicting_subgroup ... ok
[INFO] [stdout] test app::tests::cant_add_twice_the_same_plugin - should panic ... ok
[INFO] [stdout] test app::tests::cant_call_app_run_from_plugin_build - should panic ... ok
[INFO] [stderr]    Doc-tests bevy_app
[INFO] [stdout] test app::tests::test_is_plugin_added_works_during_finish - should panic ... ok
[INFO] [stdout] 
[INFO] [stdout] test result: ok. 24 passed; 0 failed; 0 ignored; 0 measured; 0 filtered out; finished in 0.09s
[INFO] [stdout] 
[INFO] [stdout] 
[INFO] [stdout] running 30 tests
[INFO] [stdout] test src/app.rs - app::App::register_type (line 563) ... ignored
[INFO] [stdout] test src/app.rs - app::App::insert_non_send_resource (line 416) ... FAILED
[INFO] [stdout] test src/app.rs - app::App::register_required_components_with (line 840) ... FAILED
[INFO] [stdout] test src/app.rs - app::App::init_resource (line 383) ... FAILED
[INFO] [stdout] test src/app.rs - app::App::get_added_plugins (line 489) ... FAILED
[INFO] [stdout] test src/app.rs - app::App::try_register_required_components_with (line 967) ... FAILED
[INFO] [stdout] test src/app.rs - app::App::set_runner (line 184) ... FAILED
[INFO] [stdout] test src/panic_handler.rs - panic_handler::PanicHandlerPlugin (line 17) - compile ... ok
[INFO] [stdout] test src/panic_handler.rs - panic_handler::PanicHandlerPlugin (line 29) - compile ... ok
[INFO] [stdout] test src/main_schedule.rs - main_schedule::RunFixedMainLoopSystem::AfterFixedMainLoop (line 456) ... FAILED
[INFO] [stdout] test src/main_schedule.rs - main_schedule::RunFixedMainLoopSystem::FixedMainLoop (line 427) ... FAILED
[INFO] [stdout] test src/app.rs - app::App::add_observer (line 1257) ... FAILED
[INFO] [stdout] test src/app.rs - app::App::try_register_required_components (line 905) ... FAILED
[INFO] [stdout] test src/plugin.rs - plugin::Plugin (line 29) ... FAILED
[INFO] [stdout] test src/plugin_group.rs - plugin_group::plugin_group (line 14) ... ok
[INFO] [stdout] test src/app.rs - app::App::add_plugins (line 527) ... FAILED
[INFO] [stdout] test src/terminal_ctrl_c_handler.rs - terminal_ctrl_c_handler::TerminalCtrlCHandlerPlugin (line 14) - compile ... ok
[INFO] [stdout] test src/terminal_ctrl_c_handler.rs - terminal_ctrl_c_handler::TerminalCtrlCHandlerPlugin (line 26) - compile ... ok
[INFO] [stdout] test src/plugin.rs - plugin::Plugin (line 42) ... ok
[INFO] [stdout] test src/app.rs - app::App::add_event (line 332) ... FAILED
[INFO] [stdout] test src/app.rs - app::App::register_required_components (line 780) ... FAILED
[INFO] [stdout] test src/app.rs - app::App (line 53) ... ok
[INFO] [stdout] test src/app.rs - app::App::register_type_data (line 585) ... ok
[INFO] [stdout] test src/app.rs - app::App::add_systems (line 272) ... ok
[INFO] [stdout] test src/app.rs - app::App::allow_ambiguous_resource (line 1178) ... ok
[INFO] [stdout] test src/plugin_group.rs - plugin_group::NoopPluginGroup (line 432) ... ok
[INFO] [stdout] test src/app.rs - app::App::insert_resource (line 357) ... ok
[INFO] [stdout] test src/app.rs - app::App::allow_ambiguous_component (line 1140) ... ok
[INFO] [stdout] test src/main_schedule.rs - main_schedule::RunFixedMainLoopSystem::BeforeFixedMainLoop (line 403) ... ok
[INFO] [stdout] test src/sub_app.rs - sub_app::SubApp (line 23) ... ok
[INFO] [stdout] 
[INFO] [stdout] failures:
[INFO] [stdout] 
[INFO] [stdout] ---- src/app.rs - app::App::insert_non_send_resource (line 416) stdout ----
[INFO] [stdout] error: linking with `cc` failed: exit status: 1
[INFO] [stdout]   |
[INFO] [stdout]   = note: LC_ALL="C" PATH="/opt/rustwide/rustup-home/toolchains/beta-2024-12-08-x86_64-unknown-linux-gnu/lib/rustlib/x86_64-unknown-linux-gnu/bin:/opt/rustwide/cargo-home/bin:/usr/local/sbin:/usr/local/bin:/usr/sbin:/usr/bin:/sbin:/bin" VSLANG="1033" "cc" "-m64" "/tmp/rustcDvgIjg/symbols.o" "/tmp/rustdoctestlSdW91/rust_out.rust_out.9242fac72db2cd11-cgu.0.rcgu.o" "/tmp/rustdoctestlSdW91/rust_out.2hl2tb9xdtge7mguxzn2q1kvi.rcgu.o" "-Wl,--as-needed" "-Wl,-Bstatic" "/opt/rustwide/target/debug/deps/libbevy_app-f89482bd35cf04c2.rlib" "/opt/rustwide/target/debug/deps/libctrlc-7a80e3fce3a96897.rlib" "/opt/rustwide/target/debug/deps/libnix-7592bc9402fc856f.rlib" "/opt/rustwide/target/debug/deps/libbevy_ecs-9e288c9d549feffe.rlib" "/opt/rustwide/target/debug/deps/libbitflags-84877d9103c9f4ef.rlib" "/opt/rustwide/target/debug/deps/libnonmax-61b0d0b436ade3ce.rlib" "/opt/rustwide/target/debug/deps/libdisqualified-e453f31e1f1fa50a.rlib" "/opt/rustwide/target/debug/deps/libpetgraph-682038fa3b744258.rlib" "/opt/rustwide/target/debug/deps/libindexmap-4adac39f4066dbcd.rlib" "/opt/rustwide/target/debug/deps/libequivalent-e4dc2e1acc32de2c.rlib" "/opt/rustwide/target/debug/deps/libhashbrown-d84fbfd56281ed8b.rlib" "/opt/rustwide/target/debug/deps/libfixedbitset-1e18bec89b8fbe9c.rlib" "/opt/rustwide/target/debug/deps/libbevy_tasks-bde0ac979c6838ee.rlib" "/opt/rustwide/target/debug/deps/libasync_executor-4c26c8a99fb5adb8.rlib" "/opt/rustwide/target/debug/deps/libslab-1467acbaaf6df1c2.rlib" "/opt/rustwide/target/debug/deps/libconcurrent_queue-fcd26c0d9a3d9af5.rlib" "/opt/rustwide/target/debug/deps/libcrossbeam_utils-380d65ae4c26b2c6.rlib" "/opt/rustwide/target/debug/deps/libasync_task-31a78d450c373624.rlib" "/opt/rustwide/target/debug/deps/libfutures_lite-1a55c4680285371d.rlib" "/opt/rustwide/target/debug/deps/libfutures_io-21bfb1226bcc61eb.rlib" "/opt/rustwide/target/debug/deps/libfutures_core-fc53fa1edabb17b3.rlib" "/opt/rustwide/target/debug/deps/libparking-d55d0bf803eccf7e.rlib" "/opt/rustwide/target/debug/deps/libfastrand-97c3159d7ee7d95b.rlib" "/opt/rustwide/target/debug/deps/libfixedbitset-fb9d495ae8e42c3d.rlib" "/opt/rustwide/target/debug/deps/libbevy_reflect-d4059a28594bc490.rlib" "/opt/rustwide/target/debug/deps/liberased_serde-2020373e631fbc5c.rlib" "/opt/rustwide/target/debug/deps/libtypeid-3ac04df94cebc5d0.rlib" "/opt/rustwide/target/debug/deps/libsmallvec-274bdc6cd8953218.rlib" "/opt/rustwide/target/debug/deps/libdowncast_rs-230e47d6198bdcb6.rlib" "/opt/rustwide/target/debug/deps/libderive_more-635efc1d6e408d41.rlib" "/opt/rustwide/target/debug/deps/libbevy_ptr-55caf2813f46605b.rlib" "/opt/rustwide/target/debug/deps/libbevy_utils-648131ef40bb3725.rlib" "/opt/rustwide/target/debug/deps/libtracing-6aaf88fcadda4f96.rlib" "/opt/rustwide/target/debug/deps/libpin_project_lite-7402bb5815a515fa.rlib" "/opt/rustwide/target/debug/deps/libtracing_core-41c7dbc08d6b49f5.rlib" "/opt/rustwide/target/debug/deps/libhashbrown-00e49aa57caf0a31.rlib" "/opt/rustwide/target/debug/deps/libserde-e7d49e3d70aeb2c2.rlib" "/opt/rustwide/target/debug/deps/liballocator_api2-9346df930c30ea4a.rlib" "/opt/rustwide/target/debug/deps/libahash-f85bc10c37f61201.rlib" "/opt/rustwide/target/debug/deps/libgetrandom-a14d55aecdcb2ceb.rlib" "/opt/rustwide/target/debug/deps/liblibc-e0480a2464fed25f.rlib" "/opt/rustwide/target/debug/deps/libzerocopy-7d07cba449ed1a54.rlib" "/opt/rustwide/target/debug/deps/libthread_local-9f545f0a46f2aac3.rlib" "/opt/rustwide/target/debug/deps/libcfg_if-a3e7e701fcd1f47b.rlib" "/opt/rustwide/target/debug/deps/libonce_cell-0a05695a483fa658.rlib" "/opt/rustwide/rustup-home/toolchains/beta-2024-12-08-x86_64-unknown-linux-gnu/lib/rustlib/x86_64-unknown-linux-gnu/lib/libstd-02dc84f49135b6b8.rlib" "/opt/rustwide/rustup-home/toolchains/beta-2024-12-08-x86_64-unknown-linux-gnu/lib/rustlib/x86_64-unknown-linux-gnu/lib/libpanic_unwind-a8f45b397fae3f81.rlib" "/opt/rustwide/rustup-home/toolchains/beta-2024-12-08-x86_64-unknown-linux-gnu/lib/rustlib/x86_64-unknown-linux-gnu/lib/libobject-089607133c180609.rlib" "/opt/rustwide/rustup-home/toolchains/beta-2024-12-08-x86_64-unknown-linux-gnu/lib/rustlib/x86_64-unknown-linux-gnu/lib/libmemchr-fc89f091bcd86cbb.rlib" "/opt/rustwide/rustup-home/toolchains/beta-2024-12-08-x86_64-unknown-linux-gnu/lib/rustlib/x86_64-unknown-linux-gnu/lib/libaddr2line-5a60949f01c7340c.rlib" "/opt/rustwide/rustup-home/toolchains/beta-2024-12-08-x86_64-unknown-linux-gnu/lib/rustlib/x86_64-unknown-linux-gnu/lib/libgimli-d29e6a55ca253c8c.rlib" "/opt/rustwide/rustup-home/toolchains/beta-2024-12-08-x86_64-unknown-linux-gnu/lib/rustlib/x86_64-unknown-linux-gnu/lib/librustc_demangle-273c078d5f65de7a.rlib" "/opt/rustwide/rustup-home/toolchains/beta-2024-12-08-x86_64-unknown-linux-gnu/lib/rustlib/x86_64-unknown-linux-gnu/lib/libstd_detect-413c950ffbdd4454.rlib" "/opt/rustwide/rustup-home/toolchains/beta-2024-12-08-x86_64-unknown-linux-gnu/lib/rustlib/x86_64-unknown-linux-gnu/lib/libhashbrown-1853c0976a1d88a6.rlib" "/opt/rustwide/rustup-home/toolchains/beta-2024-12-08-x86_64-unknown-linux-gnu/lib/rustlib/x86_64-unknown-linux-gnu/lib/librustc_std_workspace_alloc-ccb3384ddacb0f9e.rlib" "/opt/rustwide/rustup-home/toolchains/beta-2024-12-08-x86_64-unknown-linux-gnu/lib/rustlib/x86_64-unknown-linux-gnu/lib/libminiz_oxide-0b901dfb0ca849e0.rlib" "/opt/rustwide/rustup-home/toolchains/beta-2024-12-08-x86_64-unknown-linux-gnu/lib/rustlib/x86_64-unknown-linux-gnu/lib/libadler-eebeb8d7c64543ad.rlib" "/opt/rustwide/rustup-home/toolchains/beta-2024-12-08-x86_64-unknown-linux-gnu/lib/rustlib/x86_64-unknown-linux-gnu/lib/libunwind-4723ef81d6079867.rlib" "/opt/rustwide/rustup-home/toolchains/beta-2024-12-08-x86_64-unknown-linux-gnu/lib/rustlib/x86_64-unknown-linux-gnu/lib/libcfg_if-54442f8b422f5a54.rlib" "/opt/rustwide/rustup-home/toolchains/beta-2024-12-08-x86_64-unknown-linux-gnu/lib/rustlib/x86_64-unknown-linux-gnu/lib/liblibc-e0bbe034b5282553.rlib" "/opt/rustwide/rustup-home/toolchains/beta-2024-12-08-x86_64-unknown-linux-gnu/lib/rustlib/x86_64-unknown-linux-gnu/lib/liballoc-d0febb68c1c37b90.rlib" "/opt/rustwide/rustup-home/toolchains/beta-2024-12-08-x86_64-unknown-linux-gnu/lib/rustlib/x86_64-unknown-linux-gnu/lib/librustc_std_workspace_core-4cf833632aafa84c.rlib" "/opt/rustwide/rustup-home/toolchains/beta-2024-12-08-x86_64-unknown-linux-gnu/lib/rustlib/x86_64-unknown-linux-gnu/lib/libcore-65c2c6d2d6ae570b.rlib" "/opt/rustwide/rustup-home/toolchains/beta-2024-12-08-x86_64-unknown-linux-gnu/lib/rustlib/x86_64-unknown-linux-gnu/lib/libcompiler_builtins-97929cee0dcfe424.rlib" "-Wl,-Bdynamic" "-lgcc_s" "-lutil" "-lrt" "-lpthread" "-lm" "-ldl" "-lc" "-Wl,--eh-frame-hdr" "-Wl,-z,noexecstack" "-L" "/opt/rustwide/rustup-home/toolchains/beta-2024-12-08-x86_64-unknown-linux-gnu/lib/rustlib/x86_64-unknown-linux-gnu/lib" "-o" "/tmp/rustdoctestlSdW91/rust_out" "-Wl,--gc-sections" "-pie" "-Wl,-z,relro,-z,now" "-nodefaultlibs"
[INFO] [stdout]   = note: collect2: fatal error: ld terminated with signal 9 [Killed]
[INFO] [stdout]           compilation terminated.
[INFO] [stdout]           
[INFO] [stdout] 
[INFO] [stdout] error: aborting due to 1 previous error
[INFO] [stdout] 
[INFO] [stdout] Couldn't compile the test.
[INFO] [stdout] ---- src/app.rs - app::App::register_required_components_with (line 840) stdout ----
[INFO] [stdout] error: linking with `cc` failed: exit status: 1
[INFO] [stdout]   |
[INFO] [stdout]   = note: LC_ALL="C" PATH="/opt/rustwide/rustup-home/toolchains/beta-2024-12-08-x86_64-unknown-linux-gnu/lib/rustlib/x86_64-unknown-linux-gnu/bin:/opt/rustwide/cargo-home/bin:/usr/local/sbin:/usr/local/bin:/usr/sbin:/usr/bin:/sbin:/bin" VSLANG="1033" "cc" "-m64" "/tmp/rustcwPiomT/symbols.o" "/tmp/rustdoctestXDdJN9/rust_out.rust_out.9242fac72db2cd11-cgu.0.rcgu.o" "/tmp/rustdoctestXDdJN9/rust_out.2hl2tb9xdtge7mguxzn2q1kvi.rcgu.o" "-Wl,--as-needed" "-Wl,-Bstatic" "/opt/rustwide/target/debug/deps/libbevy_app-f89482bd35cf04c2.rlib" "/opt/rustwide/target/debug/deps/libctrlc-7a80e3fce3a96897.rlib" "/opt/rustwide/target/debug/deps/libnix-7592bc9402fc856f.rlib" "/opt/rustwide/target/debug/deps/libbevy_ecs-9e288c9d549feffe.rlib" "/opt/rustwide/target/debug/deps/libbitflags-84877d9103c9f4ef.rlib" "/opt/rustwide/target/debug/deps/libnonmax-61b0d0b436ade3ce.rlib" "/opt/rustwide/target/debug/deps/libdisqualified-e453f31e1f1fa50a.rlib" "/opt/rustwide/target/debug/deps/libpetgraph-682038fa3b744258.rlib" "/opt/rustwide/target/debug/deps/libindexmap-4adac39f4066dbcd.rlib" "/opt/rustwide/target/debug/deps/libequivalent-e4dc2e1acc32de2c.rlib" "/opt/rustwide/target/debug/deps/libhashbrown-d84fbfd56281ed8b.rlib" "/opt/rustwide/target/debug/deps/libfixedbitset-1e18bec89b8fbe9c.rlib" "/opt/rustwide/target/debug/deps/libbevy_tasks-bde0ac979c6838ee.rlib" "/opt/rustwide/target/debug/deps/libasync_executor-4c26c8a99fb5adb8.rlib" "/opt/rustwide/target/debug/deps/libslab-1467acbaaf6df1c2.rlib" "/opt/rustwide/target/debug/deps/libconcurrent_queue-fcd26c0d9a3d9af5.rlib" "/opt/rustwide/target/debug/deps/libcrossbeam_utils-380d65ae4c26b2c6.rlib" "/opt/rustwide/target/debug/deps/libasync_task-31a78d450c373624.rlib" "/opt/rustwide/target/debug/deps/libfutures_lite-1a55c4680285371d.rlib" "/opt/rustwide/target/debug/deps/libfutures_io-21bfb1226bcc61eb.rlib" "/opt/rustwide/target/debug/deps/libfutures_core-fc53fa1edabb17b3.rlib" "/opt/rustwide/target/debug/deps/libparking-d55d0bf803eccf7e.rlib" "/opt/rustwide/target/debug/deps/libfastrand-97c3159d7ee7d95b.rlib" "/opt/rustwide/target/debug/deps/libfixedbitset-fb9d495ae8e42c3d.rlib" "/opt/rustwide/target/debug/deps/libbevy_reflect-d4059a28594bc490.rlib" "/opt/rustwide/target/debug/deps/liberased_serde-2020373e631fbc5c.rlib" "/opt/rustwide/target/debug/deps/libtypeid-3ac04df94cebc5d0.rlib" "/opt/rustwide/target/debug/deps/libsmallvec-274bdc6cd8953218.rlib" "/opt/rustwide/target/debug/deps/libdowncast_rs-230e47d6198bdcb6.rlib" "/opt/rustwide/target/debug/deps/libderive_more-635efc1d6e408d41.rlib" "/opt/rustwide/target/debug/deps/libbevy_ptr-55caf2813f46605b.rlib" "/opt/rustwide/target/debug/deps/libbevy_utils-648131ef40bb3725.rlib" "/opt/rustwide/target/debug/deps/libtracing-6aaf88fcadda4f96.rlib" "/opt/rustwide/target/debug/deps/libpin_project_lite-7402bb5815a515fa.rlib" "/opt/rustwide/target/debug/deps/libtracing_core-41c7dbc08d6b49f5.rlib" "/opt/rustwide/target/debug/deps/libhashbrown-00e49aa57caf0a31.rlib" "/opt/rustwide/target/debug/deps/libserde-e7d49e3d70aeb2c2.rlib" "/opt/rustwide/target/debug/deps/liballocator_api2-9346df930c30ea4a.rlib" "/opt/rustwide/target/debug/deps/libahash-f85bc10c37f61201.rlib" "/opt/rustwide/target/debug/deps/libgetrandom-a14d55aecdcb2ceb.rlib" "/opt/rustwide/target/debug/deps/liblibc-e0480a2464fed25f.rlib" "/opt/rustwide/target/debug/deps/libzerocopy-7d07cba449ed1a54.rlib" "/opt/rustwide/target/debug/deps/libthread_local-9f545f0a46f2aac3.rlib" "/opt/rustwide/target/debug/deps/libcfg_if-a3e7e701fcd1f47b.rlib" "/opt/rustwide/target/debug/deps/libonce_cell-0a05695a483fa658.rlib" "/opt/rustwide/rustup-home/toolchains/beta-2024-12-08-x86_64-unknown-linux-gnu/lib/rustlib/x86_64-unknown-linux-gnu/lib/libstd-02dc84f49135b6b8.rlib" "/opt/rustwide/rustup-home/toolchains/beta-2024-12-08-x86_64-unknown-linux-gnu/lib/rustlib/x86_64-unknown-linux-gnu/lib/libpanic_unwind-a8f45b397fae3f81.rlib" "/opt/rustwide/rustup-home/toolchains/beta-2024-12-08-x86_64-unknown-linux-gnu/lib/rustlib/x86_64-unknown-linux-gnu/lib/libobject-089607133c180609.rlib" "/opt/rustwide/rustup-home/toolchains/beta-2024-12-08-x86_64-unknown-linux-gnu/lib/rustlib/x86_64-unknown-linux-gnu/lib/libmemchr-fc89f091bcd86cbb.rlib" "/opt/rustwide/rustup-home/toolchains/beta-2024-12-08-x86_64-unknown-linux-gnu/lib/rustlib/x86_64-unknown-linux-gnu/lib/libaddr2line-5a60949f01c7340c.rlib" "/opt/rustwide/rustup-home/toolchains/beta-2024-12-08-x86_64-unknown-linux-gnu/lib/rustlib/x86_64-unknown-linux-gnu/lib/libgimli-d29e6a55ca253c8c.rlib" "/opt/rustwide/rustup-home/toolchains/beta-2024-12-08-x86_64-unknown-linux-gnu/lib/rustlib/x86_64-unknown-linux-gnu/lib/librustc_demangle-273c078d5f65de7a.rlib" "/opt/rustwide/rustup-home/toolchains/beta-2024-12-08-x86_64-unknown-linux-gnu/lib/rustlib/x86_64-unknown-linux-gnu/lib/libstd_detect-413c950ffbdd4454.rlib" "/opt/rustwide/rustup-home/toolchains/beta-2024-12-08-x86_64-unknown-linux-gnu/lib/rustlib/x86_64-unknown-linux-gnu/lib/libhashbrown-1853c0976a1d88a6.rlib" "/opt/rustwide/rustup-home/toolchains/beta-2024-12-08-x86_64-unknown-linux-gnu/lib/rustlib/x86_64-unknown-linux-gnu/lib/librustc_std_workspace_alloc-ccb3384ddacb0f9e.rlib" "/opt/rustwide/rustup-home/toolchains/beta-2024-12-08-x86_64-unknown-linux-gnu/lib/rustlib/x86_64-unknown-linux-gnu/lib/libminiz_oxide-0b901dfb0ca849e0.rlib" "/opt/rustwide/rustup-home/toolchains/beta-2024-12-08-x86_64-unknown-linux-gnu/lib/rustlib/x86_64-unknown-linux-gnu/lib/libadler-eebeb8d7c64543ad.rlib" "/opt/rustwide/rustup-home/toolchains/beta-2024-12-08-x86_64-unknown-linux-gnu/lib/rustlib/x86_64-unknown-linux-gnu/lib/libunwind-4723ef81d6079867.rlib" "/opt/rustwide/rustup-home/toolchains/beta-2024-12-08-x86_64-unknown-linux-gnu/lib/rustlib/x86_64-unknown-linux-gnu/lib/libcfg_if-54442f8b422f5a54.rlib" "/opt/rustwide/rustup-home/toolchains/beta-2024-12-08-x86_64-unknown-linux-gnu/lib/rustlib/x86_64-unknown-linux-gnu/lib/liblibc-e0bbe034b5282553.rlib" "/opt/rustwide/rustup-home/toolchains/beta-2024-12-08-x86_64-unknown-linux-gnu/lib/rustlib/x86_64-unknown-linux-gnu/lib/liballoc-d0febb68c1c37b90.rlib" "/opt/rustwide/rustup-home/toolchains/beta-2024-12-08-x86_64-unknown-linux-gnu/lib/rustlib/x86_64-unknown-linux-gnu/lib/librustc_std_workspace_core-4cf833632aafa84c.rlib" "/opt/rustwide/rustup-home/toolchains/beta-2024-12-08-x86_64-unknown-linux-gnu/lib/rustlib/x86_64-unknown-linux-gnu/lib/libcore-65c2c6d2d6ae570b.rlib" "/opt/rustwide/rustup-home/toolchains/beta-2024-12-08-x86_64-unknown-linux-gnu/lib/rustlib/x86_64-unknown-linux-gnu/lib/libcompiler_builtins-97929cee0dcfe424.rlib" "-Wl,-Bdynamic" "-lgcc_s" "-lutil" "-lrt" "-lpthread" "-lm" "-ldl" "-lc" "-Wl,--eh-frame-hdr" "-Wl,-z,noexecstack" "-L" "/opt/rustwide/rustup-home/toolchains/beta-2024-12-08-x86_64-unknown-linux-gnu/lib/rustlib/x86_64-unknown-linux-gnu/lib" "-o" "/tmp/rustdoctestXDdJN9/rust_out" "-Wl,--gc-sections" "-pie" "-Wl,-z,relro,-z,now" "-nodefaultlibs"
[INFO] [stdout]   = note: collect2: fatal error: ld terminated with signal 9 [Killed]
[INFO] [stdout]           compilation terminated.
[INFO] [stdout]           
[INFO] [stdout] 
[INFO] [stdout] error: aborting due to 1 previous error
[INFO] [stdout] 
[INFO] [stdout] Couldn't compile the test.
[INFO] [stdout] ---- src/app.rs - app::App::init_resource (line 383) stdout ----
[INFO] [stdout] error: linking with `cc` failed: exit status: 1
[INFO] [stdout]   |
[INFO] [stdout]   = note: LC_ALL="C" PATH="/opt/rustwide/rustup-home/toolchains/beta-2024-12-08-x86_64-unknown-linux-gnu/lib/rustlib/x86_64-unknown-linux-gnu/bin:/opt/rustwide/cargo-home/bin:/usr/local/sbin:/usr/local/bin:/usr/sbin:/usr/bin:/sbin:/bin" VSLANG="1033" "cc" "-m64" "/tmp/rustcNf7zK9/symbols.o" "/tmp/rustdoctest44pM3e/rust_out.rust_out.9242fac72db2cd11-cgu.0.rcgu.o" "/tmp/rustdoctest44pM3e/rust_out.2hl2tb9xdtge7mguxzn2q1kvi.rcgu.o" "-Wl,--as-needed" "-Wl,-Bstatic" "/opt/rustwide/target/debug/deps/libbevy_app-f89482bd35cf04c2.rlib" "/opt/rustwide/target/debug/deps/libctrlc-7a80e3fce3a96897.rlib" "/opt/rustwide/target/debug/deps/libnix-7592bc9402fc856f.rlib" "/opt/rustwide/target/debug/deps/libbevy_ecs-9e288c9d549feffe.rlib" "/opt/rustwide/target/debug/deps/libbitflags-84877d9103c9f4ef.rlib" "/opt/rustwide/target/debug/deps/libnonmax-61b0d0b436ade3ce.rlib" "/opt/rustwide/target/debug/deps/libdisqualified-e453f31e1f1fa50a.rlib" "/opt/rustwide/target/debug/deps/libpetgraph-682038fa3b744258.rlib" "/opt/rustwide/target/debug/deps/libindexmap-4adac39f4066dbcd.rlib" "/opt/rustwide/target/debug/deps/libequivalent-e4dc2e1acc32de2c.rlib" "/opt/rustwide/target/debug/deps/libhashbrown-d84fbfd56281ed8b.rlib" "/opt/rustwide/target/debug/deps/libfixedbitset-1e18bec89b8fbe9c.rlib" "/opt/rustwide/target/debug/deps/libbevy_tasks-bde0ac979c6838ee.rlib" "/opt/rustwide/target/debug/deps/libasync_executor-4c26c8a99fb5adb8.rlib" "/opt/rustwide/target/debug/deps/libslab-1467acbaaf6df1c2.rlib" "/opt/rustwide/target/debug/deps/libconcurrent_queue-fcd26c0d9a3d9af5.rlib" "/opt/rustwide/target/debug/deps/libcrossbeam_utils-380d65ae4c26b2c6.rlib" "/opt/rustwide/target/debug/deps/libasync_task-31a78d450c373624.rlib" "/opt/rustwide/target/debug/deps/libfutures_lite-1a55c4680285371d.rlib" "/opt/rustwide/target/debug/deps/libfutures_io-21bfb1226bcc61eb.rlib" "/opt/rustwide/target/debug/deps/libfutures_core-fc53fa1edabb17b3.rlib" "/opt/rustwide/target/debug/deps/libparking-d55d0bf803eccf7e.rlib" "/opt/rustwide/target/debug/deps/libfastrand-97c3159d7ee7d95b.rlib" "/opt/rustwide/target/debug/deps/libfixedbitset-fb9d495ae8e42c3d.rlib" "/opt/rustwide/target/debug/deps/libbevy_reflect-d4059a28594bc490.rlib" "/opt/rustwide/target/debug/deps/liberased_serde-2020373e631fbc5c.rlib" "/opt/rustwide/target/debug/deps/libtypeid-3ac04df94cebc5d0.rlib" "/opt/rustwide/target/debug/deps/libsmallvec-274bdc6cd8953218.rlib" "/opt/rustwide/target/debug/deps/libdowncast_rs-230e47d6198bdcb6.rlib" "/opt/rustwide/target/debug/deps/libderive_more-635efc1d6e408d41.rlib" "/opt/rustwide/target/debug/deps/libbevy_ptr-55caf2813f46605b.rlib" "/opt/rustwide/target/debug/deps/libbevy_utils-648131ef40bb3725.rlib" "/opt/rustwide/target/debug/deps/libtracing-6aaf88fcadda4f96.rlib" "/opt/rustwide/target/debug/deps/libpin_project_lite-7402bb5815a515fa.rlib" "/opt/rustwide/target/debug/deps/libtracing_core-41c7dbc08d6b49f5.rlib" "/opt/rustwide/target/debug/deps/libhashbrown-00e49aa57caf0a31.rlib" "/opt/rustwide/target/debug/deps/libserde-e7d49e3d70aeb2c2.rlib" "/opt/rustwide/target/debug/deps/liballocator_api2-9346df930c30ea4a.rlib" "/opt/rustwide/target/debug/deps/libahash-f85bc10c37f61201.rlib" "/opt/rustwide/target/debug/deps/libgetrandom-a14d55aecdcb2ceb.rlib" "/opt/rustwide/target/debug/deps/liblibc-e0480a2464fed25f.rlib" "/opt/rustwide/target/debug/deps/libzerocopy-7d07cba449ed1a54.rlib" "/opt/rustwide/target/debug/deps/libthread_local-9f545f0a46f2aac3.rlib" "/opt/rustwide/target/debug/deps/libcfg_if-a3e7e701fcd1f47b.rlib" "/opt/rustwide/target/debug/deps/libonce_cell-0a05695a483fa658.rlib" "/opt/rustwide/rustup-home/toolchains/beta-2024-12-08-x86_64-unknown-linux-gnu/lib/rustlib/x86_64-unknown-linux-gnu/lib/libstd-02dc84f49135b6b8.rlib" "/opt/rustwide/rustup-home/toolchains/beta-2024-12-08-x86_64-unknown-linux-gnu/lib/rustlib/x86_64-unknown-linux-gnu/lib/libpanic_unwind-a8f45b397fae3f81.rlib" "/opt/rustwide/rustup-home/toolchains/beta-2024-12-08-x86_64-unknown-linux-gnu/lib/rustlib/x86_64-unknown-linux-gnu/lib/libobject-089607133c180609.rlib" "/opt/rustwide/rustup-home/toolchains/beta-2024-12-08-x86_64-unknown-linux-gnu/lib/rustlib/x86_64-unknown-linux-gnu/lib/libmemchr-fc89f091bcd86cbb.rlib" "/opt/rustwide/rustup-home/toolchains/beta-2024-12-08-x86_64-unknown-linux-gnu/lib/rustlib/x86_64-unknown-linux-gnu/lib/libaddr2line-5a60949f01c7340c.rlib" "/opt/rustwide/rustup-home/toolchains/beta-2024-12-08-x86_64-unknown-linux-gnu/lib/rustlib/x86_64-unknown-linux-gnu/lib/libgimli-d29e6a55ca253c8c.rlib" "/opt/rustwide/rustup-home/toolchains/beta-2024-12-08-x86_64-unknown-linux-gnu/lib/rustlib/x86_64-unknown-linux-gnu/lib/librustc_demangle-273c078d5f65de7a.rlib" "/opt/rustwide/rustup-home/toolchains/beta-2024-12-08-x86_64-unknown-linux-gnu/lib/rustlib/x86_64-unknown-linux-gnu/lib/libstd_detect-413c950ffbdd4454.rlib" "/opt/rustwide/rustup-home/toolchains/beta-2024-12-08-x86_64-unknown-linux-gnu/lib/rustlib/x86_64-unknown-linux-gnu/lib/libhashbrown-1853c0976a1d88a6.rlib" "/opt/rustwide/rustup-home/toolchains/beta-2024-12-08-x86_64-unknown-linux-gnu/lib/rustlib/x86_64-unknown-linux-gnu/lib/librustc_std_workspace_alloc-ccb3384ddacb0f9e.rlib" "/opt/rustwide/rustup-home/toolchains/beta-2024-12-08-x86_64-unknown-linux-gnu/lib/rustlib/x86_64-unknown-linux-gnu/lib/libminiz_oxide-0b901dfb0ca849e0.rlib" "/opt/rustwide/rustup-home/toolchains/beta-2024-12-08-x86_64-unknown-linux-gnu/lib/rustlib/x86_64-unknown-linux-gnu/lib/libadler-eebeb8d7c64543ad.rlib" "/opt/rustwide/rustup-home/toolchains/beta-2024-12-08-x86_64-unknown-linux-gnu/lib/rustlib/x86_64-unknown-linux-gnu/lib/libunwind-4723ef81d6079867.rlib" "/opt/rustwide/rustup-home/toolchains/beta-2024-12-08-x86_64-unknown-linux-gnu/lib/rustlib/x86_64-unknown-linux-gnu/lib/libcfg_if-54442f8b422f5a54.rlib" "/opt/rustwide/rustup-home/toolchains/beta-2024-12-08-x86_64-unknown-linux-gnu/lib/rustlib/x86_64-unknown-linux-gnu/lib/liblibc-e0bbe034b5282553.rlib" "/opt/rustwide/rustup-home/toolchains/beta-2024-12-08-x86_64-unknown-linux-gnu/lib/rustlib/x86_64-unknown-linux-gnu/lib/liballoc-d0febb68c1c37b90.rlib" "/opt/rustwide/rustup-home/toolchains/beta-2024-12-08-x86_64-unknown-linux-gnu/lib/rustlib/x86_64-unknown-linux-gnu/lib/librustc_std_workspace_core-4cf833632aafa84c.rlib" "/opt/rustwide/rustup-home/toolchains/beta-2024-12-08-x86_64-unknown-linux-gnu/lib/rustlib/x86_64-unknown-linux-gnu/lib/libcore-65c2c6d2d6ae570b.rlib" "/opt/rustwide/rustup-home/toolchains/beta-2024-12-08-x86_64-unknown-linux-gnu/lib/rustlib/x86_64-unknown-linux-gnu/lib/libcompiler_builtins-97929cee0dcfe424.rlib" "-Wl,-Bdynamic" "-lgcc_s" "-lutil" "-lrt" "-lpthread" "-lm" "-ldl" "-lc" "-Wl,--eh-frame-hdr" "-Wl,-z,noexecstack" "-L" "/opt/rustwide/rustup-home/toolchains/beta-2024-12-08-x86_64-unknown-linux-gnu/lib/rustlib/x86_64-unknown-linux-gnu/lib" "-o" "/tmp/rustdoctest44pM3e/rust_out" "-Wl,--gc-sections" "-pie" "-Wl,-z,relro,-z,now" "-nodefaultlibs"
[INFO] [stdout]   = note: collect2: fatal error: ld terminated with signal 9 [Killed]
[INFO] [stdout]           compilation terminated.
[INFO] [stdout]           
[INFO] [stdout] 
[INFO] [stdout] error: aborting due to 1 previous error
[INFO] [stdout] 
[INFO] [stdout] Couldn't compile the test.
[INFO] [stdout] ---- src/app.rs - app::App::get_added_plugins (line 489) stdout ----
[INFO] [stdout] error: linking with `cc` failed: exit status: 1
[INFO] [stdout]   |
[INFO] [stdout]   = note: LC_ALL="C" PATH="/opt/rustwide/rustup-home/toolchains/beta-2024-12-08-x86_64-unknown-linux-gnu/lib/rustlib/x86_64-unknown-linux-gnu/bin:/opt/rustwide/cargo-home/bin:/usr/local/sbin:/usr/local/bin:/usr/sbin:/usr/bin:/sbin:/bin" VSLANG="1033" "cc" "-m64" "/tmp/rustcYAs6lb/symbols.o" "/tmp/rustdoctests19zUm/rust_out.rust_out.9242fac72db2cd11-cgu.0.rcgu.o" "/tmp/rustdoctests19zUm/rust_out.2hl2tb9xdtge7mguxzn2q1kvi.rcgu.o" "-Wl,--as-needed" "-Wl,-Bstatic" "/opt/rustwide/target/debug/deps/libbevy_app-f89482bd35cf04c2.rlib" "/opt/rustwide/target/debug/deps/libctrlc-7a80e3fce3a96897.rlib" "/opt/rustwide/target/debug/deps/libnix-7592bc9402fc856f.rlib" "/opt/rustwide/target/debug/deps/libbevy_ecs-9e288c9d549feffe.rlib" "/opt/rustwide/target/debug/deps/libbitflags-84877d9103c9f4ef.rlib" "/opt/rustwide/target/debug/deps/libnonmax-61b0d0b436ade3ce.rlib" "/opt/rustwide/target/debug/deps/libdisqualified-e453f31e1f1fa50a.rlib" "/opt/rustwide/target/debug/deps/libpetgraph-682038fa3b744258.rlib" "/opt/rustwide/target/debug/deps/libindexmap-4adac39f4066dbcd.rlib" "/opt/rustwide/target/debug/deps/libequivalent-e4dc2e1acc32de2c.rlib" "/opt/rustwide/target/debug/deps/libhashbrown-d84fbfd56281ed8b.rlib" "/opt/rustwide/target/debug/deps/libfixedbitset-1e18bec89b8fbe9c.rlib" "/opt/rustwide/target/debug/deps/libbevy_tasks-bde0ac979c6838ee.rlib" "/opt/rustwide/target/debug/deps/libasync_executor-4c26c8a99fb5adb8.rlib" "/opt/rustwide/target/debug/deps/libslab-1467acbaaf6df1c2.rlib" "/opt/rustwide/target/debug/deps/libconcurrent_queue-fcd26c0d9a3d9af5.rlib" "/opt/rustwide/target/debug/deps/libcrossbeam_utils-380d65ae4c26b2c6.rlib" "/opt/rustwide/target/debug/deps/libasync_task-31a78d450c373624.rlib" "/opt/rustwide/target/debug/deps/libfutures_lite-1a55c4680285371d.rlib" "/opt/rustwide/target/debug/deps/libfutures_io-21bfb1226bcc61eb.rlib" "/opt/rustwide/target/debug/deps/libfutures_core-fc53fa1edabb17b3.rlib" "/opt/rustwide/target/debug/deps/libparking-d55d0bf803eccf7e.rlib" "/opt/rustwide/target/debug/deps/libfastrand-97c3159d7ee7d95b.rlib" "/opt/rustwide/target/debug/deps/libfixedbitset-fb9d495ae8e42c3d.rlib" "/opt/rustwide/target/debug/deps/libbevy_reflect-d4059a28594bc490.rlib" "/opt/rustwide/target/debug/deps/liberased_serde-2020373e631fbc5c.rlib" "/opt/rustwide/target/debug/deps/libtypeid-3ac04df94cebc5d0.rlib" "/opt/rustwide/target/debug/deps/libsmallvec-274bdc6cd8953218.rlib" "/opt/rustwide/target/debug/deps/libdowncast_rs-230e47d6198bdcb6.rlib" "/opt/rustwide/target/debug/deps/libderive_more-635efc1d6e408d41.rlib" "/opt/rustwide/target/debug/deps/libbevy_ptr-55caf2813f46605b.rlib" "/opt/rustwide/target/debug/deps/libbevy_utils-648131ef40bb3725.rlib" "/opt/rustwide/target/debug/deps/libtracing-6aaf88fcadda4f96.rlib" "/opt/rustwide/target/debug/deps/libpin_project_lite-7402bb5815a515fa.rlib" "/opt/rustwide/target/debug/deps/libtracing_core-41c7dbc08d6b49f5.rlib" "/opt/rustwide/target/debug/deps/libhashbrown-00e49aa57caf0a31.rlib" "/opt/rustwide/target/debug/deps/libserde-e7d49e3d70aeb2c2.rlib" "/opt/rustwide/target/debug/deps/liballocator_api2-9346df930c30ea4a.rlib" "/opt/rustwide/target/debug/deps/libahash-f85bc10c37f61201.rlib" "/opt/rustwide/target/debug/deps/libgetrandom-a14d55aecdcb2ceb.rlib" "/opt/rustwide/target/debug/deps/liblibc-e0480a2464fed25f.rlib" "/opt/rustwide/target/debug/deps/libzerocopy-7d07cba449ed1a54.rlib" "/opt/rustwide/target/debug/deps/libthread_local-9f545f0a46f2aac3.rlib" "/opt/rustwide/target/debug/deps/libcfg_if-a3e7e701fcd1f47b.rlib" "/opt/rustwide/target/debug/deps/libonce_cell-0a05695a483fa658.rlib" "/opt/rustwide/rustup-home/toolchains/beta-2024-12-08-x86_64-unknown-linux-gnu/lib/rustlib/x86_64-unknown-linux-gnu/lib/libstd-02dc84f49135b6b8.rlib" "/opt/rustwide/rustup-home/toolchains/beta-2024-12-08-x86_64-unknown-linux-gnu/lib/rustlib/x86_64-unknown-linux-gnu/lib/libpanic_unwind-a8f45b397fae3f81.rlib" "/opt/rustwide/rustup-home/toolchains/beta-2024-12-08-x86_64-unknown-linux-gnu/lib/rustlib/x86_64-unknown-linux-gnu/lib/libobject-089607133c180609.rlib" "/opt/rustwide/rustup-home/toolchains/beta-2024-12-08-x86_64-unknown-linux-gnu/lib/rustlib/x86_64-unknown-linux-gnu/lib/libmemchr-fc89f091bcd86cbb.rlib" "/opt/rustwide/rustup-home/toolchains/beta-2024-12-08-x86_64-unknown-linux-gnu/lib/rustlib/x86_64-unknown-linux-gnu/lib/libaddr2line-5a60949f01c7340c.rlib" "/opt/rustwide/rustup-home/toolchains/beta-2024-12-08-x86_64-unknown-linux-gnu/lib/rustlib/x86_64-unknown-linux-gnu/lib/libgimli-d29e6a55ca253c8c.rlib" "/opt/rustwide/rustup-home/toolchains/beta-2024-12-08-x86_64-unknown-linux-gnu/lib/rustlib/x86_64-unknown-linux-gnu/lib/librustc_demangle-273c078d5f65de7a.rlib" "/opt/rustwide/rustup-home/toolchains/beta-2024-12-08-x86_64-unknown-linux-gnu/lib/rustlib/x86_64-unknown-linux-gnu/lib/libstd_detect-413c950ffbdd4454.rlib" "/opt/rustwide/rustup-home/toolchains/beta-2024-12-08-x86_64-unknown-linux-gnu/lib/rustlib/x86_64-unknown-linux-gnu/lib/libhashbrown-1853c0976a1d88a6.rlib" "/opt/rustwide/rustup-home/toolchains/beta-2024-12-08-x86_64-unknown-linux-gnu/lib/rustlib/x86_64-unknown-linux-gnu/lib/librustc_std_workspace_alloc-ccb3384ddacb0f9e.rlib" "/opt/rustwide/rustup-home/toolchains/beta-2024-12-08-x86_64-unknown-linux-gnu/lib/rustlib/x86_64-unknown-linux-gnu/lib/libminiz_oxide-0b901dfb0ca849e0.rlib" "/opt/rustwide/rustup-home/toolchains/beta-2024-12-08-x86_64-unknown-linux-gnu/lib/rustlib/x86_64-unknown-linux-gnu/lib/libadler-eebeb8d7c64543ad.rlib" "/opt/rustwide/rustup-home/toolchains/beta-2024-12-08-x86_64-unknown-linux-gnu/lib/rustlib/x86_64-unknown-linux-gnu/lib/libunwind-4723ef81d6079867.rlib" "/opt/rustwide/rustup-home/toolchains/beta-2024-12-08-x86_64-unknown-linux-gnu/lib/rustlib/x86_64-unknown-linux-gnu/lib/libcfg_if-54442f8b422f5a54.rlib" "/opt/rustwide/rustup-home/toolchains/beta-2024-12-08-x86_64-unknown-linux-gnu/lib/rustlib/x86_64-unknown-linux-gnu/lib/liblibc-e0bbe034b5282553.rlib" "/opt/rustwide/rustup-home/toolchains/beta-2024-12-08-x86_64-unknown-linux-gnu/lib/rustlib/x86_64-unknown-linux-gnu/lib/liballoc-d0febb68c1c37b90.rlib" "/opt/rustwide/rustup-home/toolchains/beta-2024-12-08-x86_64-unknown-linux-gnu/lib/rustlib/x86_64-unknown-linux-gnu/lib/librustc_std_workspace_core-4cf833632aafa84c.rlib" "/opt/rustwide/rustup-home/toolchains/beta-2024-12-08-x86_64-unknown-linux-gnu/lib/rustlib/x86_64-unknown-linux-gnu/lib/libcore-65c2c6d2d6ae570b.rlib" "/opt/rustwide/rustup-home/toolchains/beta-2024-12-08-x86_64-unknown-linux-gnu/lib/rustlib/x86_64-unknown-linux-gnu/lib/libcompiler_builtins-97929cee0dcfe424.rlib" "-Wl,-Bdynamic" "-lgcc_s" "-lutil" "-lrt" "-lpthread" "-lm" "-ldl" "-lc" "-Wl,--eh-frame-hdr" "-Wl,-z,noexecstack" "-L" "/opt/rustwide/rustup-home/toolchains/beta-2024-12-08-x86_64-unknown-linux-gnu/lib/rustlib/x86_64-unknown-linux-gnu/lib" "-o" "/tmp/rustdoctests19zUm/rust_out" "-Wl,--gc-sections" "-pie" "-Wl,-z,relro,-z,now" "-nodefaultlibs"
[INFO] [stdout]   = note: collect2: fatal error: ld terminated with signal 9 [Killed]
[INFO] [stdout]           compilation terminated.
[INFO] [stdout]           
[INFO] [stdout] 
[INFO] [stdout] error: aborting due to 1 previous error
[INFO] [stdout] 
[INFO] [stdout] Couldn't compile the test.
[INFO] [stdout] ---- src/app.rs - app::App::try_register_required_components_with (line 967) stdout ----
[INFO] [stdout] Couldn't compile the test.
[INFO] [stdout] ---- src/app.rs - app::App::set_runner (line 184) stdout ----
[INFO] [stdout] error: linking with `cc` failed: exit status: 1
[INFO] [stdout]   |
[INFO] [stdout]   = note: LC_ALL="C" PATH="/opt/rustwide/rustup-home/toolchains/beta-2024-12-08-x86_64-unknown-linux-gnu/lib/rustlib/x86_64-unknown-linux-gnu/bin:/opt/rustwide/cargo-home/bin:/usr/local/sbin:/usr/local/bin:/usr/sbin:/usr/bin:/sbin:/bin" VSLANG="1033" "cc" "-m64" "/tmp/rustcJu5amt/symbols.o" "/tmp/rustdoctestUEouvv/rust_out.rust_out.9242fac72db2cd11-cgu.0.rcgu.o" "/tmp/rustdoctestUEouvv/rust_out.2hl2tb9xdtge7mguxzn2q1kvi.rcgu.o" "-Wl,--as-needed" "-Wl,-Bstatic" "/opt/rustwide/target/debug/deps/libbevy_app-f89482bd35cf04c2.rlib" "/opt/rustwide/target/debug/deps/libctrlc-7a80e3fce3a96897.rlib" "/opt/rustwide/target/debug/deps/libnix-7592bc9402fc856f.rlib" "/opt/rustwide/target/debug/deps/libbevy_ecs-9e288c9d549feffe.rlib" "/opt/rustwide/target/debug/deps/libbitflags-84877d9103c9f4ef.rlib" "/opt/rustwide/target/debug/deps/libnonmax-61b0d0b436ade3ce.rlib" "/opt/rustwide/target/debug/deps/libdisqualified-e453f31e1f1fa50a.rlib" "/opt/rustwide/target/debug/deps/libpetgraph-682038fa3b744258.rlib" "/opt/rustwide/target/debug/deps/libindexmap-4adac39f4066dbcd.rlib" "/opt/rustwide/target/debug/deps/libequivalent-e4dc2e1acc32de2c.rlib" "/opt/rustwide/target/debug/deps/libhashbrown-d84fbfd56281ed8b.rlib" "/opt/rustwide/target/debug/deps/libfixedbitset-1e18bec89b8fbe9c.rlib" "/opt/rustwide/target/debug/deps/libbevy_tasks-bde0ac979c6838ee.rlib" "/opt/rustwide/target/debug/deps/libasync_executor-4c26c8a99fb5adb8.rlib" "/opt/rustwide/target/debug/deps/libslab-1467acbaaf6df1c2.rlib" "/opt/rustwide/target/debug/deps/libconcurrent_queue-fcd26c0d9a3d9af5.rlib" "/opt/rustwide/target/debug/deps/libcrossbeam_utils-380d65ae4c26b2c6.rlib" "/opt/rustwide/target/debug/deps/libasync_task-31a78d450c373624.rlib" "/opt/rustwide/target/debug/deps/libfutures_lite-1a55c4680285371d.rlib" "/opt/rustwide/target/debug/deps/libfutures_io-21bfb1226bcc61eb.rlib" "/opt/rustwide/target/debug/deps/libfutures_core-fc53fa1edabb17b3.rlib" "/opt/rustwide/target/debug/deps/libparking-d55d0bf803eccf7e.rlib" "/opt/rustwide/target/debug/deps/libfastrand-97c3159d7ee7d95b.rlib" "/opt/rustwide/target/debug/deps/libfixedbitset-fb9d495ae8e42c3d.rlib" "/opt/rustwide/target/debug/deps/libbevy_reflect-d4059a28594bc490.rlib" "/opt/rustwide/target/debug/deps/liberased_serde-2020373e631fbc5c.rlib" "/opt/rustwide/target/debug/deps/libtypeid-3ac04df94cebc5d0.rlib" "/opt/rustwide/target/debug/deps/libsmallvec-274bdc6cd8953218.rlib" "/opt/rustwide/target/debug/deps/libdowncast_rs-230e47d6198bdcb6.rlib" "/opt/rustwide/target/debug/deps/libderive_more-635efc1d6e408d41.rlib" "/opt/rustwide/target/debug/deps/libbevy_ptr-55caf2813f46605b.rlib" "/opt/rustwide/target/debug/deps/libbevy_utils-648131ef40bb3725.rlib" "/opt/rustwide/target/debug/deps/libtracing-6aaf88fcadda4f96.rlib" "/opt/rustwide/target/debug/deps/libpin_project_lite-7402bb5815a515fa.rlib" "/opt/rustwide/target/debug/deps/libtracing_core-41c7dbc08d6b49f5.rlib" "/opt/rustwide/target/debug/deps/libhashbrown-00e49aa57caf0a31.rlib" "/opt/rustwide/target/debug/deps/libserde-e7d49e3d70aeb2c2.rlib" "/opt/rustwide/target/debug/deps/liballocator_api2-9346df930c30ea4a.rlib" "/opt/rustwide/target/debug/deps/libahash-f85bc10c37f61201.rlib" "/opt/rustwide/target/debug/deps/libgetrandom-a14d55aecdcb2ceb.rlib" "/opt/rustwide/target/debug/deps/liblibc-e0480a2464fed25f.rlib" "/opt/rustwide/target/debug/deps/libzerocopy-7d07cba449ed1a54.rlib" "/opt/rustwide/target/debug/deps/libthread_local-9f545f0a46f2aac3.rlib" "/opt/rustwide/target/debug/deps/libcfg_if-a3e7e701fcd1f47b.rlib" "/opt/rustwide/target/debug/deps/libonce_cell-0a05695a483fa658.rlib" "/opt/rustwide/rustup-home/toolchains/beta-2024-12-08-x86_64-unknown-linux-gnu/lib/rustlib/x86_64-unknown-linux-gnu/lib/libstd-02dc84f49135b6b8.rlib" "/opt/rustwide/rustup-home/toolchains/beta-2024-12-08-x86_64-unknown-linux-gnu/lib/rustlib/x86_64-unknown-linux-gnu/lib/libpanic_unwind-a8f45b397fae3f81.rlib" "/opt/rustwide/rustup-home/toolchains/beta-2024-12-08-x86_64-unknown-linux-gnu/lib/rustlib/x86_64-unknown-linux-gnu/lib/libobject-089607133c180609.rlib" "/opt/rustwide/rustup-home/toolchains/beta-2024-12-08-x86_64-unknown-linux-gnu/lib/rustlib/x86_64-unknown-linux-gnu/lib/libmemchr-fc89f091bcd86cbb.rlib" "/opt/rustwide/rustup-home/toolchains/beta-2024-12-08-x86_64-unknown-linux-gnu/lib/rustlib/x86_64-unknown-linux-gnu/lib/libaddr2line-5a60949f01c7340c.rlib" "/opt/rustwide/rustup-home/toolchains/beta-2024-12-08-x86_64-unknown-linux-gnu/lib/rustlib/x86_64-unknown-linux-gnu/lib/libgimli-d29e6a55ca253c8c.rlib" "/opt/rustwide/rustup-home/toolchains/beta-2024-12-08-x86_64-unknown-linux-gnu/lib/rustlib/x86_64-unknown-linux-gnu/lib/librustc_demangle-273c078d5f65de7a.rlib" "/opt/rustwide/rustup-home/toolchains/beta-2024-12-08-x86_64-unknown-linux-gnu/lib/rustlib/x86_64-unknown-linux-gnu/lib/libstd_detect-413c950ffbdd4454.rlib" "/opt/rustwide/rustup-home/toolchains/beta-2024-12-08-x86_64-unknown-linux-gnu/lib/rustlib/x86_64-unknown-linux-gnu/lib/libhashbrown-1853c0976a1d88a6.rlib" "/opt/rustwide/rustup-home/toolchains/beta-2024-12-08-x86_64-unknown-linux-gnu/lib/rustlib/x86_64-unknown-linux-gnu/lib/librustc_std_workspace_alloc-ccb3384ddacb0f9e.rlib" "/opt/rustwide/rustup-home/toolchains/beta-2024-12-08-x86_64-unknown-linux-gnu/lib/rustlib/x86_64-unknown-linux-gnu/lib/libminiz_oxide-0b901dfb0ca849e0.rlib" "/opt/rustwide/rustup-home/toolchains/beta-2024-12-08-x86_64-unknown-linux-gnu/lib/rustlib/x86_64-unknown-linux-gnu/lib/libadler-eebeb8d7c64543ad.rlib" "/opt/rustwide/rustup-home/toolchains/beta-2024-12-08-x86_64-unknown-linux-gnu/lib/rustlib/x86_64-unknown-linux-gnu/lib/libunwind-4723ef81d6079867.rlib" "/opt/rustwide/rustup-home/toolchains/beta-2024-12-08-x86_64-unknown-linux-gnu/lib/rustlib/x86_64-unknown-linux-gnu/lib/libcfg_if-54442f8b422f5a54.rlib" "/opt/rustwide/rustup-home/toolchains/beta-2024-12-08-x86_64-unknown-linux-gnu/lib/rustlib/x86_64-unknown-linux-gnu/lib/liblibc-e0bbe034b5282553.rlib" "/opt/rustwide/rustup-home/toolchains/beta-2024-12-08-x86_64-unknown-linux-gnu/lib/rustlib/x86_64-unknown-linux-gnu/lib/liballoc-d0febb68c1c37b90.rlib" "/opt/rustwide/rustup-home/toolchains/beta-2024-12-08-x86_64-unknown-linux-gnu/lib/rustlib/x86_64-unknown-linux-gnu/lib/librustc_std_workspace_core-4cf833632aafa84c.rlib" "/opt/rustwide/rustup-home/toolchains/beta-2024-12-08-x86_64-unknown-linux-gnu/lib/rustlib/x86_64-unknown-linux-gnu/lib/libcore-65c2c6d2d6ae570b.rlib" "/opt/rustwide/rustup-home/toolchains/beta-2024-12-08-x86_64-unknown-linux-gnu/lib/rustlib/x86_64-unknown-linux-gnu/lib/libcompiler_builtins-97929cee0dcfe424.rlib" "-Wl,-Bdynamic" "-lgcc_s" "-lutil" "-lrt" "-lpthread" "-lm" "-ldl" "-lc" "-Wl,--eh-frame-hdr" "-Wl,-z,noexecstack" "-L" "/opt/rustwide/rustup-home/toolchains/beta-2024-12-08-x86_64-unknown-linux-gnu/lib/rustlib/x86_64-unknown-linux-gnu/lib" "-o" "/tmp/rustdoctestUEouvv/rust_out" "-Wl,--gc-sections" "-pie" "-Wl,-z,relro,-z,now" "-nodefaultlibs"
[INFO] [stdout]   = note: collect2: fatal error: ld terminated with signal 9 [Killed]
[INFO] [stdout]           compilation terminated.
[INFO] [stdout]           
[INFO] [stdout] 
[INFO] [stdout] error: aborting due to 1 previous error
[INFO] [stdout] 
[INFO] [stdout] Couldn't compile the test.
[INFO] [stdout] ---- src/main_schedule.rs - main_schedule::RunFixedMainLoopSystem::AfterFixedMainLoop (line 456) stdout ----
[INFO] [stdout] Couldn't compile the test.
[INFO] [stdout] ---- src/main_schedule.rs - main_schedule::RunFixedMainLoopSystem::FixedMainLoop (line 427) stdout ----
[INFO] [stdout] Couldn't compile the test.
[INFO] [stdout] ---- src/app.rs - app::App::add_observer (line 1257) stdout ----
[INFO] [stdout] error: linking with `cc` failed: exit status: 1
[INFO] [stdout]   |
[INFO] [stdout]   = note: LC_ALL="C" PATH="/opt/rustwide/rustup-home/toolchains/beta-2024-12-08-x86_64-unknown-linux-gnu/lib/rustlib/x86_64-unknown-linux-gnu/bin:/opt/rustwide/cargo-home/bin:/usr/local/sbin:/usr/local/bin:/usr/sbin:/usr/bin:/sbin:/bin" VSLANG="1033" "cc" "-m64" "/tmp/rustcEYeUUF/symbols.o" "/tmp/rustdoctestQibiex/rust_out.rust_out.9242fac72db2cd11-cgu.0.rcgu.o" "/tmp/rustdoctestQibiex/rust_out.2hl2tb9xdtge7mguxzn2q1kvi.rcgu.o" "-Wl,--as-needed" "-Wl,-Bstatic" "/opt/rustwide/target/debug/deps/libbevy_app-f89482bd35cf04c2.rlib" "/opt/rustwide/target/debug/deps/libctrlc-7a80e3fce3a96897.rlib" "/opt/rustwide/target/debug/deps/libnix-7592bc9402fc856f.rlib" "/opt/rustwide/target/debug/deps/libbevy_ecs-9e288c9d549feffe.rlib" "/opt/rustwide/target/debug/deps/libbitflags-84877d9103c9f4ef.rlib" "/opt/rustwide/target/debug/deps/libnonmax-61b0d0b436ade3ce.rlib" "/opt/rustwide/target/debug/deps/libdisqualified-e453f31e1f1fa50a.rlib" "/opt/rustwide/target/debug/deps/libpetgraph-682038fa3b744258.rlib" "/opt/rustwide/target/debug/deps/libindexmap-4adac39f4066dbcd.rlib" "/opt/rustwide/target/debug/deps/libequivalent-e4dc2e1acc32de2c.rlib" "/opt/rustwide/target/debug/deps/libhashbrown-d84fbfd56281ed8b.rlib" "/opt/rustwide/target/debug/deps/libfixedbitset-1e18bec89b8fbe9c.rlib" "/opt/rustwide/target/debug/deps/libbevy_tasks-bde0ac979c6838ee.rlib" "/opt/rustwide/target/debug/deps/libasync_executor-4c26c8a99fb5adb8.rlib" "/opt/rustwide/target/debug/deps/libslab-1467acbaaf6df1c2.rlib" "/opt/rustwide/target/debug/deps/libconcurrent_queue-fcd26c0d9a3d9af5.rlib" "/opt/rustwide/target/debug/deps/libcrossbeam_utils-380d65ae4c26b2c6.rlib" "/opt/rustwide/target/debug/deps/libasync_task-31a78d450c373624.rlib" "/opt/rustwide/target/debug/deps/libfutures_lite-1a55c4680285371d.rlib" "/opt/rustwide/target/debug/deps/libfutures_io-21bfb1226bcc61eb.rlib" "/opt/rustwide/target/debug/deps/libfutures_core-fc53fa1edabb17b3.rlib" "/opt/rustwide/target/debug/deps/libparking-d55d0bf803eccf7e.rlib" "/opt/rustwide/target/debug/deps/libfastrand-97c3159d7ee7d95b.rlib" "/opt/rustwide/target/debug/deps/libfixedbitset-fb9d495ae8e42c3d.rlib" "/opt/rustwide/target/debug/deps/libbevy_reflect-d4059a28594bc490.rlib" "/opt/rustwide/target/debug/deps/liberased_serde-2020373e631fbc5c.rlib" "/opt/rustwide/target/debug/deps/libtypeid-3ac04df94cebc5d0.rlib" "/opt/rustwide/target/debug/deps/libsmallvec-274bdc6cd8953218.rlib" "/opt/rustwide/target/debug/deps/libdowncast_rs-230e47d6198bdcb6.rlib" "/opt/rustwide/target/debug/deps/libderive_more-635efc1d6e408d41.rlib" "/opt/rustwide/target/debug/deps/libbevy_ptr-55caf2813f46605b.rlib" "/opt/rustwide/target/debug/deps/libbevy_utils-648131ef40bb3725.rlib" "/opt/rustwide/target/debug/deps/libtracing-6aaf88fcadda4f96.rlib" "/opt/rustwide/target/debug/deps/libpin_project_lite-7402bb5815a515fa.rlib" "/opt/rustwide/target/debug/deps/libtracing_core-41c7dbc08d6b49f5.rlib" "/opt/rustwide/target/debug/deps/libhashbrown-00e49aa57caf0a31.rlib" "/opt/rustwide/target/debug/deps/libserde-e7d49e3d70aeb2c2.rlib" "/opt/rustwide/target/debug/deps/liballocator_api2-9346df930c30ea4a.rlib" "/opt/rustwide/target/debug/deps/libahash-f85bc10c37f61201.rlib" "/opt/rustwide/target/debug/deps/libgetrandom-a14d55aecdcb2ceb.rlib" "/opt/rustwide/target/debug/deps/liblibc-e0480a2464fed25f.rlib" "/opt/rustwide/target/debug/deps/libzerocopy-7d07cba449ed1a54.rlib" "/opt/rustwide/target/debug/deps/libthread_local-9f545f0a46f2aac3.rlib" "/opt/rustwide/target/debug/deps/libcfg_if-a3e7e701fcd1f47b.rlib" "/opt/rustwide/target/debug/deps/libonce_cell-0a05695a483fa658.rlib" "/opt/rustwide/rustup-home/toolchains/beta-2024-12-08-x86_64-unknown-linux-gnu/lib/rustlib/x86_64-unknown-linux-gnu/lib/libstd-02dc84f49135b6b8.rlib" "/opt/rustwide/rustup-home/toolchains/beta-2024-12-08-x86_64-unknown-linux-gnu/lib/rustlib/x86_64-unknown-linux-gnu/lib/libpanic_unwind-a8f45b397fae3f81.rlib" "/opt/rustwide/rustup-home/toolchains/beta-2024-12-08-x86_64-unknown-linux-gnu/lib/rustlib/x86_64-unknown-linux-gnu/lib/libobject-089607133c180609.rlib" "/opt/rustwide/rustup-home/toolchains/beta-2024-12-08-x86_64-unknown-linux-gnu/lib/rustlib/x86_64-unknown-linux-gnu/lib/libmemchr-fc89f091bcd86cbb.rlib" "/opt/rustwide/rustup-home/toolchains/beta-2024-12-08-x86_64-unknown-linux-gnu/lib/rustlib/x86_64-unknown-linux-gnu/lib/libaddr2line-5a60949f01c7340c.rlib" "/opt/rustwide/rustup-home/toolchains/beta-2024-12-08-x86_64-unknown-linux-gnu/lib/rustlib/x86_64-unknown-linux-gnu/lib/libgimli-d29e6a55ca253c8c.rlib" "/opt/rustwide/rustup-home/toolchains/beta-2024-12-08-x86_64-unknown-linux-gnu/lib/rustlib/x86_64-unknown-linux-gnu/lib/librustc_demangle-273c078d5f65de7a.rlib" "/opt/rustwide/rustup-home/toolchains/beta-2024-12-08-x86_64-unknown-linux-gnu/lib/rustlib/x86_64-unknown-linux-gnu/lib/libstd_detect-413c950ffbdd4454.rlib" "/opt/rustwide/rustup-home/toolchains/beta-2024-12-08-x86_64-unknown-linux-gnu/lib/rustlib/x86_64-unknown-linux-gnu/lib/libhashbrown-1853c0976a1d88a6.rlib" "/opt/rustwide/rustup-home/toolchains/beta-2024-12-08-x86_64-unknown-linux-gnu/lib/rustlib/x86_64-unknown-linux-gnu/lib/librustc_std_workspace_alloc-ccb3384ddacb0f9e.rlib" "/opt/rustwide/rustup-home/toolchains/beta-2024-12-08-x86_64-unknown-linux-gnu/lib/rustlib/x86_64-unknown-linux-gnu/lib/libminiz_oxide-0b901dfb0ca849e0.rlib" "/opt/rustwide/rustup-home/toolchains/beta-2024-12-08-x86_64-unknown-linux-gnu/lib/rustlib/x86_64-unknown-linux-gnu/lib/libadler-eebeb8d7c64543ad.rlib" "/opt/rustwide/rustup-home/toolchains/beta-2024-12-08-x86_64-unknown-linux-gnu/lib/rustlib/x86_64-unknown-linux-gnu/lib/libunwind-4723ef81d6079867.rlib" "/opt/rustwide/rustup-home/toolchains/beta-2024-12-08-x86_64-unknown-linux-gnu/lib/rustlib/x86_64-unknown-linux-gnu/lib/libcfg_if-54442f8b422f5a54.rlib" "/opt/rustwide/rustup-home/toolchains/beta-2024-12-08-x86_64-unknown-linux-gnu/lib/rustlib/x86_64-unknown-linux-gnu/lib/liblibc-e0bbe034b5282553.rlib" "/opt/rustwide/rustup-home/toolchains/beta-2024-12-08-x86_64-unknown-linux-gnu/lib/rustlib/x86_64-unknown-linux-gnu/lib/liballoc-d0febb68c1c37b90.rlib" "/opt/rustwide/rustup-home/toolchains/beta-2024-12-08-x86_64-unknown-linux-gnu/lib/rustlib/x86_64-unknown-linux-gnu/lib/librustc_std_workspace_core-4cf833632aafa84c.rlib" "/opt/rustwide/rustup-home/toolchains/beta-2024-12-08-x86_64-unknown-linux-gnu/lib/rustlib/x86_64-unknown-linux-gnu/lib/libcore-65c2c6d2d6ae570b.rlib" "/opt/rustwide/rustup-home/toolchains/beta-2024-12-08-x86_64-unknown-linux-gnu/lib/rustlib/x86_64-unknown-linux-gnu/lib/libcompiler_builtins-97929cee0dcfe424.rlib" "-Wl,-Bdynamic" "-lgcc_s" "-lutil" "-lrt" "-lpthread" "-lm" "-ldl" "-lc" "-Wl,--eh-frame-hdr" "-Wl,-z,noexecstack" "-L" "/opt/rustwide/rustup-home/toolchains/beta-2024-12-08-x86_64-unknown-linux-gnu/lib/rustlib/x86_64-unknown-linux-gnu/lib" "-o" "/tmp/rustdoctestQibiex/rust_out" "-Wl,--gc-sections" "-pie" "-Wl,-z,relro,-z,now" "-nodefaultlibs"
[INFO] [stdout]   = note: collect2: fatal error: ld terminated with signal 9 [Killed]
[INFO] [stdout]           compilation terminated.
[INFO] [stdout]           
[INFO] [stdout] 
[INFO] [stdout] error: aborting due to 1 previous error
[INFO] [stdout] 
[INFO] [stdout] Couldn't compile the test.
[INFO] [stdout] ---- src/app.rs - app::App::try_register_required_components (line 905) stdout ----
[INFO] [stdout] error: linking with `cc` failed: exit status: 1
[INFO] [stdout]   |
[INFO] [stdout]   = note: LC_ALL="C" PATH="/opt/rustwide/rustup-home/toolchains/beta-2024-12-08-x86_64-unknown-linux-gnu/lib/rustlib/x86_64-unknown-linux-gnu/bin:/opt/rustwide/cargo-home/bin:/usr/local/sbin:/usr/local/bin:/usr/sbin:/usr/bin:/sbin:/bin" VSLANG="1033" "cc" "-m64" "/tmp/rustc0aJZfK/symbols.o" "/tmp/rustdoctestndQP15/rust_out.rust_out.9242fac72db2cd11-cgu.0.rcgu.o" "/tmp/rustdoctestndQP15/rust_out.2hl2tb9xdtge7mguxzn2q1kvi.rcgu.o" "-Wl,--as-needed" "-Wl,-Bstatic" "/opt/rustwide/target/debug/deps/libbevy_app-f89482bd35cf04c2.rlib" "/opt/rustwide/target/debug/deps/libctrlc-7a80e3fce3a96897.rlib" "/opt/rustwide/target/debug/deps/libnix-7592bc9402fc856f.rlib" "/opt/rustwide/target/debug/deps/libbevy_ecs-9e288c9d549feffe.rlib" "/opt/rustwide/target/debug/deps/libbitflags-84877d9103c9f4ef.rlib" "/opt/rustwide/target/debug/deps/libnonmax-61b0d0b436ade3ce.rlib" "/opt/rustwide/target/debug/deps/libdisqualified-e453f31e1f1fa50a.rlib" "/opt/rustwide/target/debug/deps/libpetgraph-682038fa3b744258.rlib" "/opt/rustwide/target/debug/deps/libindexmap-4adac39f4066dbcd.rlib" "/opt/rustwide/target/debug/deps/libequivalent-e4dc2e1acc32de2c.rlib" "/opt/rustwide/target/debug/deps/libhashbrown-d84fbfd56281ed8b.rlib" "/opt/rustwide/target/debug/deps/libfixedbitset-1e18bec89b8fbe9c.rlib" "/opt/rustwide/target/debug/deps/libbevy_tasks-bde0ac979c6838ee.rlib" "/opt/rustwide/target/debug/deps/libasync_executor-4c26c8a99fb5adb8.rlib" "/opt/rustwide/target/debug/deps/libslab-1467acbaaf6df1c2.rlib" "/opt/rustwide/target/debug/deps/libconcurrent_queue-fcd26c0d9a3d9af5.rlib" "/opt/rustwide/target/debug/deps/libcrossbeam_utils-380d65ae4c26b2c6.rlib" "/opt/rustwide/target/debug/deps/libasync_task-31a78d450c373624.rlib" "/opt/rustwide/target/debug/deps/libfutures_lite-1a55c4680285371d.rlib" "/opt/rustwide/target/debug/deps/libfutures_io-21bfb1226bcc61eb.rlib" "/opt/rustwide/target/debug/deps/libfutures_core-fc53fa1edabb17b3.rlib" "/opt/rustwide/target/debug/deps/libparking-d55d0bf803eccf7e.rlib" "/opt/rustwide/target/debug/deps/libfastrand-97c3159d7ee7d95b.rlib" "/opt/rustwide/target/debug/deps/libfixedbitset-fb9d495ae8e42c3d.rlib" "/opt/rustwide/target/debug/deps/libbevy_reflect-d4059a28594bc490.rlib" "/opt/rustwide/target/debug/deps/liberased_serde-2020373e631fbc5c.rlib" "/opt/rustwide/target/debug/deps/libtypeid-3ac04df94cebc5d0.rlib" "/opt/rustwide/target/debug/deps/libsmallvec-274bdc6cd8953218.rlib" "/opt/rustwide/target/debug/deps/libdowncast_rs-230e47d6198bdcb6.rlib" "/opt/rustwide/target/debug/deps/libderive_more-635efc1d6e408d41.rlib" "/opt/rustwide/target/debug/deps/libbevy_ptr-55caf2813f46605b.rlib" "/opt/rustwide/target/debug/deps/libbevy_utils-648131ef40bb3725.rlib" "/opt/rustwide/target/debug/deps/libtracing-6aaf88fcadda4f96.rlib" "/opt/rustwide/target/debug/deps/libpin_project_lite-7402bb5815a515fa.rlib" "/opt/rustwide/target/debug/deps/libtracing_core-41c7dbc08d6b49f5.rlib" "/opt/rustwide/target/debug/deps/libhashbrown-00e49aa57caf0a31.rlib" "/opt/rustwide/target/debug/deps/libserde-e7d49e3d70aeb2c2.rlib" "/opt/rustwide/target/debug/deps/liballocator_api2-9346df930c30ea4a.rlib" "/opt/rustwide/target/debug/deps/libahash-f85bc10c37f61201.rlib" "/opt/rustwide/target/debug/deps/libgetrandom-a14d55aecdcb2ceb.rlib" "/opt/rustwide/target/debug/deps/liblibc-e0480a2464fed25f.rlib" "/opt/rustwide/target/debug/deps/libzerocopy-7d07cba449ed1a54.rlib" "/opt/rustwide/target/debug/deps/libthread_local-9f545f0a46f2aac3.rlib" "/opt/rustwide/target/debug/deps/libcfg_if-a3e7e701fcd1f47b.rlib" "/opt/rustwide/target/debug/deps/libonce_cell-0a05695a483fa658.rlib" "/opt/rustwide/rustup-home/toolchains/beta-2024-12-08-x86_64-unknown-linux-gnu/lib/rustlib/x86_64-unknown-linux-gnu/lib/libstd-02dc84f49135b6b8.rlib" "/opt/rustwide/rustup-home/toolchains/beta-2024-12-08-x86_64-unknown-linux-gnu/lib/rustlib/x86_64-unknown-linux-gnu/lib/libpanic_unwind-a8f45b397fae3f81.rlib" "/opt/rustwide/rustup-home/toolchains/beta-2024-12-08-x86_64-unknown-linux-gnu/lib/rustlib/x86_64-unknown-linux-gnu/lib/libobject-089607133c180609.rlib" "/opt/rustwide/rustup-home/toolchains/beta-2024-12-08-x86_64-unknown-linux-gnu/lib/rustlib/x86_64-unknown-linux-gnu/lib/libmemchr-fc89f091bcd86cbb.rlib" "/opt/rustwide/rustup-home/toolchains/beta-2024-12-08-x86_64-unknown-linux-gnu/lib/rustlib/x86_64-unknown-linux-gnu/lib/libaddr2line-5a60949f01c7340c.rlib" "/opt/rustwide/rustup-home/toolchains/beta-2024-12-08-x86_64-unknown-linux-gnu/lib/rustlib/x86_64-unknown-linux-gnu/lib/libgimli-d29e6a55ca253c8c.rlib" "/opt/rustwide/rustup-home/toolchains/beta-2024-12-08-x86_64-unknown-linux-gnu/lib/rustlib/x86_64-unknown-linux-gnu/lib/librustc_demangle-273c078d5f65de7a.rlib" "/opt/rustwide/rustup-home/toolchains/beta-2024-12-08-x86_64-unknown-linux-gnu/lib/rustlib/x86_64-unknown-linux-gnu/lib/libstd_detect-413c950ffbdd4454.rlib" "/opt/rustwide/rustup-home/toolchains/beta-2024-12-08-x86_64-unknown-linux-gnu/lib/rustlib/x86_64-unknown-linux-gnu/lib/libhashbrown-1853c0976a1d88a6.rlib" "/opt/rustwide/rustup-home/toolchains/beta-2024-12-08-x86_64-unknown-linux-gnu/lib/rustlib/x86_64-unknown-linux-gnu/lib/librustc_std_workspace_alloc-ccb3384ddacb0f9e.rlib" "/opt/rustwide/rustup-home/toolchains/beta-2024-12-08-x86_64-unknown-linux-gnu/lib/rustlib/x86_64-unknown-linux-gnu/lib/libminiz_oxide-0b901dfb0ca849e0.rlib" "/opt/rustwide/rustup-home/toolchains/beta-2024-12-08-x86_64-unknown-linux-gnu/lib/rustlib/x86_64-unknown-linux-gnu/lib/libadler-eebeb8d7c64543ad.rlib" "/opt/rustwide/rustup-home/toolchains/beta-2024-12-08-x86_64-unknown-linux-gnu/lib/rustlib/x86_64-unknown-linux-gnu/lib/libunwind-4723ef81d6079867.rlib" "/opt/rustwide/rustup-home/toolchains/beta-2024-12-08-x86_64-unknown-linux-gnu/lib/rustlib/x86_64-unknown-linux-gnu/lib/libcfg_if-54442f8b422f5a54.rlib" "/opt/rustwide/rustup-home/toolchains/beta-2024-12-08-x86_64-unknown-linux-gnu/lib/rustlib/x86_64-unknown-linux-gnu/lib/liblibc-e0bbe034b5282553.rlib" "/opt/rustwide/rustup-home/toolchains/beta-2024-12-08-x86_64-unknown-linux-gnu/lib/rustlib/x86_64-unknown-linux-gnu/lib/liballoc-d0febb68c1c37b90.rlib" "/opt/rustwide/rustup-home/toolchains/beta-2024-12-08-x86_64-unknown-linux-gnu/lib/rustlib/x86_64-unknown-linux-gnu/lib/librustc_std_workspace_core-4cf833632aafa84c.rlib" "/opt/rustwide/rustup-home/toolchains/beta-2024-12-08-x86_64-unknown-linux-gnu/lib/rustlib/x86_64-unknown-linux-gnu/lib/libcore-65c2c6d2d6ae570b.rlib" "/opt/rustwide/rustup-home/toolchains/beta-2024-12-08-x86_64-unknown-linux-gnu/lib/rustlib/x86_64-unknown-linux-gnu/lib/libcompiler_builtins-97929cee0dcfe424.rlib" "-Wl,-Bdynamic" "-lgcc_s" "-lutil" "-lrt" "-lpthread" "-lm" "-ldl" "-lc" "-Wl,--eh-frame-hdr" "-Wl,-z,noexecstack" "-L" "/opt/rustwide/rustup-home/toolchains/beta-2024-12-08-x86_64-unknown-linux-gnu/lib/rustlib/x86_64-unknown-linux-gnu/lib" "-o" "/tmp/rustdoctestndQP15/rust_out" "-Wl,--gc-sections" "-pie" "-Wl,-z,relro,-z,now" "-nodefaultlibs"
[INFO] [stdout]   = note: collect2: fatal error: ld terminated with signal 9 [Killed]
[INFO] [stdout]           compilation terminated.
[INFO] [stdout]           
[INFO] [stdout] 
[INFO] [stdout] error: aborting due to 1 previous error
[INFO] [stdout] 
[INFO] [stdout] Couldn't compile the test.
[INFO] [stdout] ---- src/plugin.rs - plugin::Plugin (line 29) stdout ----
[INFO] [stdout] Couldn't compile the test.
[INFO] [stdout] ---- src/app.rs - app::App::add_plugins (line 527) stdout ----
[INFO] [stdout] error: linking with `cc` failed: exit status: 1
[INFO] [stdout]   |
[INFO] [stdout]   = note: LC_ALL="C" PATH="/opt/rustwide/rustup-home/toolchains/beta-2024-12-08-x86_64-unknown-linux-gnu/lib/rustlib/x86_64-unknown-linux-gnu/bin:/opt/rustwide/cargo-home/bin:/usr/local/sbin:/usr/local/bin:/usr/sbin:/usr/bin:/sbin:/bin" VSLANG="1033" "cc" "-m64" "/tmp/rustcxXkAr6/symbols.o" "/tmp/rustdoctesthB1soi/rust_out.rust_out.9242fac72db2cd11-cgu.0.rcgu.o" "/tmp/rustdoctesthB1soi/rust_out.2hl2tb9xdtge7mguxzn2q1kvi.rcgu.o" "-Wl,--as-needed" "-Wl,-Bstatic" "/opt/rustwide/target/debug/deps/libbevy_app-f89482bd35cf04c2.rlib" "/opt/rustwide/target/debug/deps/libctrlc-7a80e3fce3a96897.rlib" "/opt/rustwide/target/debug/deps/libnix-7592bc9402fc856f.rlib" "/opt/rustwide/target/debug/deps/libbevy_ecs-9e288c9d549feffe.rlib" "/opt/rustwide/target/debug/deps/libbitflags-84877d9103c9f4ef.rlib" "/opt/rustwide/target/debug/deps/libnonmax-61b0d0b436ade3ce.rlib" "/opt/rustwide/target/debug/deps/libdisqualified-e453f31e1f1fa50a.rlib" "/opt/rustwide/target/debug/deps/libpetgraph-682038fa3b744258.rlib" "/opt/rustwide/target/debug/deps/libindexmap-4adac39f4066dbcd.rlib" "/opt/rustwide/target/debug/deps/libequivalent-e4dc2e1acc32de2c.rlib" "/opt/rustwide/target/debug/deps/libhashbrown-d84fbfd56281ed8b.rlib" "/opt/rustwide/target/debug/deps/libfixedbitset-1e18bec89b8fbe9c.rlib" "/opt/rustwide/target/debug/deps/libbevy_tasks-bde0ac979c6838ee.rlib" "/opt/rustwide/target/debug/deps/libasync_executor-4c26c8a99fb5adb8.rlib" "/opt/rustwide/target/debug/deps/libslab-1467acbaaf6df1c2.rlib" "/opt/rustwide/target/debug/deps/libconcurrent_queue-fcd26c0d9a3d9af5.rlib" "/opt/rustwide/target/debug/deps/libcrossbeam_utils-380d65ae4c26b2c6.rlib" "/opt/rustwide/target/debug/deps/libasync_task-31a78d450c373624.rlib" "/opt/rustwide/target/debug/deps/libfutures_lite-1a55c4680285371d.rlib" "/opt/rustwide/target/debug/deps/libfutures_io-21bfb1226bcc61eb.rlib" "/opt/rustwide/target/debug/deps/libfutures_core-fc53fa1edabb17b3.rlib" "/opt/rustwide/target/debug/deps/libparking-d55d0bf803eccf7e.rlib" "/opt/rustwide/target/debug/deps/libfastrand-97c3159d7ee7d95b.rlib" "/opt/rustwide/target/debug/deps/libfixedbitset-fb9d495ae8e42c3d.rlib" "/opt/rustwide/target/debug/deps/libbevy_reflect-d4059a28594bc490.rlib" "/opt/rustwide/target/debug/deps/liberased_serde-2020373e631fbc5c.rlib" "/opt/rustwide/target/debug/deps/libtypeid-3ac04df94cebc5d0.rlib" "/opt/rustwide/target/debug/deps/libsmallvec-274bdc6cd8953218.rlib" "/opt/rustwide/target/debug/deps/libdowncast_rs-230e47d6198bdcb6.rlib" "/opt/rustwide/target/debug/deps/libderive_more-635efc1d6e408d41.rlib" "/opt/rustwide/target/debug/deps/libbevy_ptr-55caf2813f46605b.rlib" "/opt/rustwide/target/debug/deps/libbevy_utils-648131ef40bb3725.rlib" "/opt/rustwide/target/debug/deps/libtracing-6aaf88fcadda4f96.rlib" "/opt/rustwide/target/debug/deps/libpin_project_lite-7402bb5815a515fa.rlib" "/opt/rustwide/target/debug/deps/libtracing_core-41c7dbc08d6b49f5.rlib" "/opt/rustwide/target/debug/deps/libhashbrown-00e49aa57caf0a31.rlib" "/opt/rustwide/target/debug/deps/libserde-e7d49e3d70aeb2c2.rlib" "/opt/rustwide/target/debug/deps/liballocator_api2-9346df930c30ea4a.rlib" "/opt/rustwide/target/debug/deps/libahash-f85bc10c37f61201.rlib" "/opt/rustwide/target/debug/deps/libgetrandom-a14d55aecdcb2ceb.rlib" "/opt/rustwide/target/debug/deps/liblibc-e0480a2464fed25f.rlib" "/opt/rustwide/target/debug/deps/libzerocopy-7d07cba449ed1a54.rlib" "/opt/rustwide/target/debug/deps/libthread_local-9f545f0a46f2aac3.rlib" "/opt/rustwide/target/debug/deps/libcfg_if-a3e7e701fcd1f47b.rlib" "/opt/rustwide/target/debug/deps/libonce_cell-0a05695a483fa658.rlib" "/opt/rustwide/rustup-home/toolchains/beta-2024-12-08-x86_64-unknown-linux-gnu/lib/rustlib/x86_64-unknown-linux-gnu/lib/libstd-02dc84f49135b6b8.rlib" "/opt/rustwide/rustup-home/toolchains/beta-2024-12-08-x86_64-unknown-linux-gnu/lib/rustlib/x86_64-unknown-linux-gnu/lib/libpanic_unwind-a8f45b397fae3f81.rlib" "/opt/rustwide/rustup-home/toolchains/beta-2024-12-08-x86_64-unknown-linux-gnu/lib/rustlib/x86_64-unknown-linux-gnu/lib/libobject-089607133c180609.rlib" "/opt/rustwide/rustup-home/toolchains/beta-2024-12-08-x86_64-unknown-linux-gnu/lib/rustlib/x86_64-unknown-linux-gnu/lib/libmemchr-fc89f091bcd86cbb.rlib" "/opt/rustwide/rustup-home/toolchains/beta-2024-12-08-x86_64-unknown-linux-gnu/lib/rustlib/x86_64-unknown-linux-gnu/lib/libaddr2line-5a60949f01c7340c.rlib" "/opt/rustwide/rustup-home/toolchains/beta-2024-12-08-x86_64-unknown-linux-gnu/lib/rustlib/x86_64-unknown-linux-gnu/lib/libgimli-d29e6a55ca253c8c.rlib" "/opt/rustwide/rustup-home/toolchains/beta-2024-12-08-x86_64-unknown-linux-gnu/lib/rustlib/x86_64-unknown-linux-gnu/lib/librustc_demangle-273c078d5f65de7a.rlib" "/opt/rustwide/rustup-home/toolchains/beta-2024-12-08-x86_64-unknown-linux-gnu/lib/rustlib/x86_64-unknown-linux-gnu/lib/libstd_detect-413c950ffbdd4454.rlib" "/opt/rustwide/rustup-home/toolchains/beta-2024-12-08-x86_64-unknown-linux-gnu/lib/rustlib/x86_64-unknown-linux-gnu/lib/libhashbrown-1853c0976a1d88a6.rlib" "/opt/rustwide/rustup-home/toolchains/beta-2024-12-08-x86_64-unknown-linux-gnu/lib/rustlib/x86_64-unknown-linux-gnu/lib/librustc_std_workspace_alloc-ccb3384ddacb0f9e.rlib" "/opt/rustwide/rustup-home/toolchains/beta-2024-12-08-x86_64-unknown-linux-gnu/lib/rustlib/x86_64-unknown-linux-gnu/lib/libminiz_oxide-0b901dfb0ca849e0.rlib" "/opt/rustwide/rustup-home/toolchains/beta-2024-12-08-x86_64-unknown-linux-gnu/lib/rustlib/x86_64-unknown-linux-gnu/lib/libadler-eebeb8d7c64543ad.rlib" "/opt/rustwide/rustup-home/toolchains/beta-2024-12-08-x86_64-unknown-linux-gnu/lib/rustlib/x86_64-unknown-linux-gnu/lib/libunwind-4723ef81d6079867.rlib" "/opt/rustwide/rustup-home/toolchains/beta-2024-12-08-x86_64-unknown-linux-gnu/lib/rustlib/x86_64-unknown-linux-gnu/lib/libcfg_if-54442f8b422f5a54.rlib" "/opt/rustwide/rustup-home/toolchains/beta-2024-12-08-x86_64-unknown-linux-gnu/lib/rustlib/x86_64-unknown-linux-gnu/lib/liblibc-e0bbe034b5282553.rlib" "/opt/rustwide/rustup-home/toolchains/beta-2024-12-08-x86_64-unknown-linux-gnu/lib/rustlib/x86_64-unknown-linux-gnu/lib/liballoc-d0febb68c1c37b90.rlib" "/opt/rustwide/rustup-home/toolchains/beta-2024-12-08-x86_64-unknown-linux-gnu/lib/rustlib/x86_64-unknown-linux-gnu/lib/librustc_std_workspace_core-4cf833632aafa84c.rlib" "/opt/rustwide/rustup-home/toolchains/beta-2024-12-08-x86_64-unknown-linux-gnu/lib/rustlib/x86_64-unknown-linux-gnu/lib/libcore-65c2c6d2d6ae570b.rlib" "/opt/rustwide/rustup-home/toolchains/beta-2024-12-08-x86_64-unknown-linux-gnu/lib/rustlib/x86_64-unknown-linux-gnu/lib/libcompiler_builtins-97929cee0dcfe424.rlib" "-Wl,-Bdynamic" "-lgcc_s" "-lutil" "-lrt" "-lpthread" "-lm" "-ldl" "-lc" "-Wl,--eh-frame-hdr" "-Wl,-z,noexecstack" "-L" "/opt/rustwide/rustup-home/toolchains/beta-2024-12-08-x86_64-unknown-linux-gnu/lib/rustlib/x86_64-unknown-linux-gnu/lib" "-o" "/tmp/rustdoctesthB1soi/rust_out" "-Wl,--gc-sections" "-pie" "-Wl,-z,relro,-z,now" "-nodefaultlibs"
[INFO] [stdout]   = note: collect2: fatal error: ld terminated with signal 9 [Killed]
[INFO] [stdout]           compilation terminated.
[INFO] [stdout]           
[INFO] [stdout] 
[INFO] [stdout] error: aborting due to 1 previous error
[INFO] [stdout] 
[INFO] [stdout] Couldn't compile the test.
[INFO] [stdout] ---- src/app.rs - app::App::add_event (line 332) stdout ----
[INFO] [stdout] error: linking with `cc` failed: exit status: 1
[INFO] [stdout]   |
[INFO] [stdout]   = note: LC_ALL="C" PATH="/opt/rustwide/rustup-home/toolchains/beta-2024-12-08-x86_64-unknown-linux-gnu/lib/rustlib/x86_64-unknown-linux-gnu/bin:/opt/rustwide/cargo-home/bin:/usr/local/sbin:/usr/local/bin:/usr/sbin:/usr/bin:/sbin:/bin" VSLANG="1033" "cc" "-m64" "/tmp/rustcPOKPMK/symbols.o" "/tmp/rustdoctestFYlyom/rust_out.rust_out.9242fac72db2cd11-cgu.0.rcgu.o" "/tmp/rustdoctestFYlyom/rust_out.2hl2tb9xdtge7mguxzn2q1kvi.rcgu.o" "-Wl,--as-needed" "-Wl,-Bstatic" "/opt/rustwide/target/debug/deps/libbevy_app-f89482bd35cf04c2.rlib" "/opt/rustwide/target/debug/deps/libctrlc-7a80e3fce3a96897.rlib" "/opt/rustwide/target/debug/deps/libnix-7592bc9402fc856f.rlib" "/opt/rustwide/target/debug/deps/libbevy_ecs-9e288c9d549feffe.rlib" "/opt/rustwide/target/debug/deps/libbitflags-84877d9103c9f4ef.rlib" "/opt/rustwide/target/debug/deps/libnonmax-61b0d0b436ade3ce.rlib" "/opt/rustwide/target/debug/deps/libdisqualified-e453f31e1f1fa50a.rlib" "/opt/rustwide/target/debug/deps/libpetgraph-682038fa3b744258.rlib" "/opt/rustwide/target/debug/deps/libindexmap-4adac39f4066dbcd.rlib" "/opt/rustwide/target/debug/deps/libequivalent-e4dc2e1acc32de2c.rlib" "/opt/rustwide/target/debug/deps/libhashbrown-d84fbfd56281ed8b.rlib" "/opt/rustwide/target/debug/deps/libfixedbitset-1e18bec89b8fbe9c.rlib" "/opt/rustwide/target/debug/deps/libbevy_tasks-bde0ac979c6838ee.rlib" "/opt/rustwide/target/debug/deps/libasync_executor-4c26c8a99fb5adb8.rlib" "/opt/rustwide/target/debug/deps/libslab-1467acbaaf6df1c2.rlib" "/opt/rustwide/target/debug/deps/libconcurrent_queue-fcd26c0d9a3d9af5.rlib" "/opt/rustwide/target/debug/deps/libcrossbeam_utils-380d65ae4c26b2c6.rlib" "/opt/rustwide/target/debug/deps/libasync_task-31a78d450c373624.rlib" "/opt/rustwide/target/debug/deps/libfutures_lite-1a55c4680285371d.rlib" "/opt/rustwide/target/debug/deps/libfutures_io-21bfb1226bcc61eb.rlib" "/opt/rustwide/target/debug/deps/libfutures_core-fc53fa1edabb17b3.rlib" "/opt/rustwide/target/debug/deps/libparking-d55d0bf803eccf7e.rlib" "/opt/rustwide/target/debug/deps/libfastrand-97c3159d7ee7d95b.rlib" "/opt/rustwide/target/debug/deps/libfixedbitset-fb9d495ae8e42c3d.rlib" "/opt/rustwide/target/debug/deps/libbevy_reflect-d4059a28594bc490.rlib" "/opt/rustwide/target/debug/deps/liberased_serde-2020373e631fbc5c.rlib" "/opt/rustwide/target/debug/deps/libtypeid-3ac04df94cebc5d0.rlib" "/opt/rustwide/target/debug/deps/libsmallvec-274bdc6cd8953218.rlib" "/opt/rustwide/target/debug/deps/libdowncast_rs-230e47d6198bdcb6.rlib" "/opt/rustwide/target/debug/deps/libderive_more-635efc1d6e408d41.rlib" "/opt/rustwide/target/debug/deps/libbevy_ptr-55caf2813f46605b.rlib" "/opt/rustwide/target/debug/deps/libbevy_utils-648131ef40bb3725.rlib" "/opt/rustwide/target/debug/deps/libtracing-6aaf88fcadda4f96.rlib" "/opt/rustwide/target/debug/deps/libpin_project_lite-7402bb5815a515fa.rlib" "/opt/rustwide/target/debug/deps/libtracing_core-41c7dbc08d6b49f5.rlib" "/opt/rustwide/target/debug/deps/libhashbrown-00e49aa57caf0a31.rlib" "/opt/rustwide/target/debug/deps/libserde-e7d49e3d70aeb2c2.rlib" "/opt/rustwide/target/debug/deps/liballocator_api2-9346df930c30ea4a.rlib" "/opt/rustwide/target/debug/deps/libahash-f85bc10c37f61201.rlib" "/opt/rustwide/target/debug/deps/libgetrandom-a14d55aecdcb2ceb.rlib" "/opt/rustwide/target/debug/deps/liblibc-e0480a2464fed25f.rlib" "/opt/rustwide/target/debug/deps/libzerocopy-7d07cba449ed1a54.rlib" "/opt/rustwide/target/debug/deps/libthread_local-9f545f0a46f2aac3.rlib" "/opt/rustwide/target/debug/deps/libcfg_if-a3e7e701fcd1f47b.rlib" "/opt/rustwide/target/debug/deps/libonce_cell-0a05695a483fa658.rlib" "/opt/rustwide/rustup-home/toolchains/beta-2024-12-08-x86_64-unknown-linux-gnu/lib/rustlib/x86_64-unknown-linux-gnu/lib/libstd-02dc84f49135b6b8.rlib" "/opt/rustwide/rustup-home/toolchains/beta-2024-12-08-x86_64-unknown-linux-gnu/lib/rustlib/x86_64-unknown-linux-gnu/lib/libpanic_unwind-a8f45b397fae3f81.rlib" "/opt/rustwide/rustup-home/toolchains/beta-2024-12-08-x86_64-unknown-linux-gnu/lib/rustlib/x86_64-unknown-linux-gnu/lib/libobject-089607133c180609.rlib" "/opt/rustwide/rustup-home/toolchains/beta-2024-12-08-x86_64-unknown-linux-gnu/lib/rustlib/x86_64-unknown-linux-gnu/lib/libmemchr-fc89f091bcd86cbb.rlib" "/opt/rustwide/rustup-home/toolchains/beta-2024-12-08-x86_64-unknown-linux-gnu/lib/rustlib/x86_64-unknown-linux-gnu/lib/libaddr2line-5a60949f01c7340c.rlib" "/opt/rustwide/rustup-home/toolchains/beta-2024-12-08-x86_64-unknown-linux-gnu/lib/rustlib/x86_64-unknown-linux-gnu/lib/libgimli-d29e6a55ca253c8c.rlib" "/opt/rustwide/rustup-home/toolchains/beta-2024-12-08-x86_64-unknown-linux-gnu/lib/rustlib/x86_64-unknown-linux-gnu/lib/librustc_demangle-273c078d5f65de7a.rlib" "/opt/rustwide/rustup-home/toolchains/beta-2024-12-08-x86_64-unknown-linux-gnu/lib/rustlib/x86_64-unknown-linux-gnu/lib/libstd_detect-413c950ffbdd4454.rlib" "/opt/rustwide/rustup-home/toolchains/beta-2024-12-08-x86_64-unknown-linux-gnu/lib/rustlib/x86_64-unknown-linux-gnu/lib/libhashbrown-1853c0976a1d88a6.rlib" "/opt/rustwide/rustup-home/toolchains/beta-2024-12-08-x86_64-unknown-linux-gnu/lib/rustlib/x86_64-unknown-linux-gnu/lib/librustc_std_workspace_alloc-ccb3384ddacb0f9e.rlib" "/opt/rustwide/rustup-home/toolchains/beta-2024-12-08-x86_64-unknown-linux-gnu/lib/rustlib/x86_64-unknown-linux-gnu/lib/libminiz_oxide-0b901dfb0ca849e0.rlib" "/opt/rustwide/rustup-home/toolchains/beta-2024-12-08-x86_64-unknown-linux-gnu/lib/rustlib/x86_64-unknown-linux-gnu/lib/libadler-eebeb8d7c64543ad.rlib" "/opt/rustwide/rustup-home/toolchains/beta-2024-12-08-x86_64-unknown-linux-gnu/lib/rustlib/x86_64-unknown-linux-gnu/lib/libunwind-4723ef81d6079867.rlib" "/opt/rustwide/rustup-home/toolchains/beta-2024-12-08-x86_64-unknown-linux-gnu/lib/rustlib/x86_64-unknown-linux-gnu/lib/libcfg_if-54442f8b422f5a54.rlib" "/opt/rustwide/rustup-home/toolchains/beta-2024-12-08-x86_64-unknown-linux-gnu/lib/rustlib/x86_64-unknown-linux-gnu/lib/liblibc-e0bbe034b5282553.rlib" "/opt/rustwide/rustup-home/toolchains/beta-2024-12-08-x86_64-unknown-linux-gnu/lib/rustlib/x86_64-unknown-linux-gnu/lib/liballoc-d0febb68c1c37b90.rlib" "/opt/rustwide/rustup-home/toolchains/beta-2024-12-08-x86_64-unknown-linux-gnu/lib/rustlib/x86_64-unknown-linux-gnu/lib/librustc_std_workspace_core-4cf833632aafa84c.rlib" "/opt/rustwide/rustup-home/toolchains/beta-2024-12-08-x86_64-unknown-linux-gnu/lib/rustlib/x86_64-unknown-linux-gnu/lib/libcore-65c2c6d2d6ae570b.rlib" "/opt/rustwide/rustup-home/toolchains/beta-2024-12-08-x86_64-unknown-linux-gnu/lib/rustlib/x86_64-unknown-linux-gnu/lib/libcompiler_builtins-97929cee0dcfe424.rlib" "-Wl,-Bdynamic" "-lgcc_s" "-lutil" "-lrt" "-lpthread" "-lm" "-ldl" "-lc" "-Wl,--eh-frame-hdr" "-Wl,-z,noexecstack" "-L" "/opt/rustwide/rustup-home/toolchains/beta-2024-12-08-x86_64-unknown-linux-gnu/lib/rustlib/x86_64-unknown-linux-gnu/lib" "-o" "/tmp/rustdoctestFYlyom/rust_out" "-Wl,--gc-sections" "-pie" "-Wl,-z,relro,-z,now" "-nodefaultlibs"
[INFO] [stdout]   = note: collect2: fatal error: ld terminated with signal 9 [Killed]
[INFO] [stdout]           compilation terminated.
[INFO] [stdout]           
[INFO] [stdout] 
[INFO] [stdout] error: aborting due to 1 previous error
[INFO] [stdout] 
[INFO] [stdout] Couldn't compile the test.
[INFO] [stdout] ---- src/app.rs - app::App::register_required_components (line 780) stdout ----
[INFO] [stdout] error: linking with `cc` failed: exit status: 1
[INFO] [stdout]   |
[INFO] [stdout]   = note: LC_ALL="C" PATH="/opt/rustwide/rustup-home/toolchains/beta-2024-12-08-x86_64-unknown-linux-gnu/lib/rustlib/x86_64-unknown-linux-gnu/bin:/opt/rustwide/cargo-home/bin:/usr/local/sbin:/usr/local/bin:/usr/sbin:/usr/bin:/sbin:/bin" VSLANG="1033" "cc" "-m64" "/tmp/rustcX1srh6/symbols.o" "/tmp/rustdoctestkE1Vrv/rust_out.rust_out.9242fac72db2cd11-cgu.0.rcgu.o" "/tmp/rustdoctestkE1Vrv/rust_out.2hl2tb9xdtge7mguxzn2q1kvi.rcgu.o" "-Wl,--as-needed" "-Wl,-Bstatic" "/opt/rustwide/target/debug/deps/libbevy_app-f89482bd35cf04c2.rlib" "/opt/rustwide/target/debug/deps/libctrlc-7a80e3fce3a96897.rlib" "/opt/rustwide/target/debug/deps/libnix-7592bc9402fc856f.rlib" "/opt/rustwide/target/debug/deps/libbevy_ecs-9e288c9d549feffe.rlib" "/opt/rustwide/target/debug/deps/libbitflags-84877d9103c9f4ef.rlib" "/opt/rustwide/target/debug/deps/libnonmax-61b0d0b436ade3ce.rlib" "/opt/rustwide/target/debug/deps/libdisqualified-e453f31e1f1fa50a.rlib" "/opt/rustwide/target/debug/deps/libpetgraph-682038fa3b744258.rlib" "/opt/rustwide/target/debug/deps/libindexmap-4adac39f4066dbcd.rlib" "/opt/rustwide/target/debug/deps/libequivalent-e4dc2e1acc32de2c.rlib" "/opt/rustwide/target/debug/deps/libhashbrown-d84fbfd56281ed8b.rlib" "/opt/rustwide/target/debug/deps/libfixedbitset-1e18bec89b8fbe9c.rlib" "/opt/rustwide/target/debug/deps/libbevy_tasks-bde0ac979c6838ee.rlib" "/opt/rustwide/target/debug/deps/libasync_executor-4c26c8a99fb5adb8.rlib" "/opt/rustwide/target/debug/deps/libslab-1467acbaaf6df1c2.rlib" "/opt/rustwide/target/debug/deps/libconcurrent_queue-fcd26c0d9a3d9af5.rlib" "/opt/rustwide/target/debug/deps/libcrossbeam_utils-380d65ae4c26b2c6.rlib" "/opt/rustwide/target/debug/deps/libasync_task-31a78d450c373624.rlib" "/opt/rustwide/target/debug/deps/libfutures_lite-1a55c4680285371d.rlib" "/opt/rustwide/target/debug/deps/libfutures_io-21bfb1226bcc61eb.rlib" "/opt/rustwide/target/debug/deps/libfutures_core-fc53fa1edabb17b3.rlib" "/opt/rustwide/target/debug/deps/libparking-d55d0bf803eccf7e.rlib" "/opt/rustwide/target/debug/deps/libfastrand-97c3159d7ee7d95b.rlib" "/opt/rustwide/target/debug/deps/libfixedbitset-fb9d495ae8e42c3d.rlib" "/opt/rustwide/target/debug/deps/libbevy_reflect-d4059a28594bc490.rlib" "/opt/rustwide/target/debug/deps/liberased_serde-2020373e631fbc5c.rlib" "/opt/rustwide/target/debug/deps/libtypeid-3ac04df94cebc5d0.rlib" "/opt/rustwide/target/debug/deps/libsmallvec-274bdc6cd8953218.rlib" "/opt/rustwide/target/debug/deps/libdowncast_rs-230e47d6198bdcb6.rlib" "/opt/rustwide/target/debug/deps/libderive_more-635efc1d6e408d41.rlib" "/opt/rustwide/target/debug/deps/libbevy_ptr-55caf2813f46605b.rlib" "/opt/rustwide/target/debug/deps/libbevy_utils-648131ef40bb3725.rlib" "/opt/rustwide/target/debug/deps/libtracing-6aaf88fcadda4f96.rlib" "/opt/rustwide/target/debug/deps/libpin_project_lite-7402bb5815a515fa.rlib" "/opt/rustwide/target/debug/deps/libtracing_core-41c7dbc08d6b49f5.rlib" "/opt/rustwide/target/debug/deps/libhashbrown-00e49aa57caf0a31.rlib" "/opt/rustwide/target/debug/deps/libserde-e7d49e3d70aeb2c2.rlib" "/opt/rustwide/target/debug/deps/liballocator_api2-9346df930c30ea4a.rlib" "/opt/rustwide/target/debug/deps/libahash-f85bc10c37f61201.rlib" "/opt/rustwide/target/debug/deps/libgetrandom-a14d55aecdcb2ceb.rlib" "/opt/rustwide/target/debug/deps/liblibc-e0480a2464fed25f.rlib" "/opt/rustwide/target/debug/deps/libzerocopy-7d07cba449ed1a54.rlib" "/opt/rustwide/target/debug/deps/libthread_local-9f545f0a46f2aac3.rlib" "/opt/rustwide/target/debug/deps/libcfg_if-a3e7e701fcd1f47b.rlib" "/opt/rustwide/target/debug/deps/libonce_cell-0a05695a483fa658.rlib" "/opt/rustwide/rustup-home/toolchains/beta-2024-12-08-x86_64-unknown-linux-gnu/lib/rustlib/x86_64-unknown-linux-gnu/lib/libstd-02dc84f49135b6b8.rlib" "/opt/rustwide/rustup-home/toolchains/beta-2024-12-08-x86_64-unknown-linux-gnu/lib/rustlib/x86_64-unknown-linux-gnu/lib/libpanic_unwind-a8f45b397fae3f81.rlib" "/opt/rustwide/rustup-home/toolchains/beta-2024-12-08-x86_64-unknown-linux-gnu/lib/rustlib/x86_64-unknown-linux-gnu/lib/libobject-089607133c180609.rlib" "/opt/rustwide/rustup-home/toolchains/beta-2024-12-08-x86_64-unknown-linux-gnu/lib/rustlib/x86_64-unknown-linux-gnu/lib/libmemchr-fc89f091bcd86cbb.rlib" "/opt/rustwide/rustup-home/toolchains/beta-2024-12-08-x86_64-unknown-linux-gnu/lib/rustlib/x86_64-unknown-linux-gnu/lib/libaddr2line-5a60949f01c7340c.rlib" "/opt/rustwide/rustup-home/toolchains/beta-2024-12-08-x86_64-unknown-linux-gnu/lib/rustlib/x86_64-unknown-linux-gnu/lib/libgimli-d29e6a55ca253c8c.rlib" "/opt/rustwide/rustup-home/toolchains/beta-2024-12-08-x86_64-unknown-linux-gnu/lib/rustlib/x86_64-unknown-linux-gnu/lib/librustc_demangle-273c078d5f65de7a.rlib" "/opt/rustwide/rustup-home/toolchains/beta-2024-12-08-x86_64-unknown-linux-gnu/lib/rustlib/x86_64-unknown-linux-gnu/lib/libstd_detect-413c950ffbdd4454.rlib" "/opt/rustwide/rustup-home/toolchains/beta-2024-12-08-x86_64-unknown-linux-gnu/lib/rustlib/x86_64-unknown-linux-gnu/lib/libhashbrown-1853c0976a1d88a6.rlib" "/opt/rustwide/rustup-home/toolchains/beta-2024-12-08-x86_64-unknown-linux-gnu/lib/rustlib/x86_64-unknown-linux-gnu/lib/librustc_std_workspace_alloc-ccb3384ddacb0f9e.rlib" "/opt/rustwide/rustup-home/toolchains/beta-2024-12-08-x86_64-unknown-linux-gnu/lib/rustlib/x86_64-unknown-linux-gnu/lib/libminiz_oxide-0b901dfb0ca849e0.rlib" "/opt/rustwide/rustup-home/toolchains/beta-2024-12-08-x86_64-unknown-linux-gnu/lib/rustlib/x86_64-unknown-linux-gnu/lib/libadler-eebeb8d7c64543ad.rlib" "/opt/rustwide/rustup-home/toolchains/beta-2024-12-08-x86_64-unknown-linux-gnu/lib/rustlib/x86_64-unknown-linux-gnu/lib/libunwind-4723ef81d6079867.rlib" "/opt/rustwide/rustup-home/toolchains/beta-2024-12-08-x86_64-unknown-linux-gnu/lib/rustlib/x86_64-unknown-linux-gnu/lib/libcfg_if-54442f8b422f5a54.rlib" "/opt/rustwide/rustup-home/toolchains/beta-2024-12-08-x86_64-unknown-linux-gnu/lib/rustlib/x86_64-unknown-linux-gnu/lib/liblibc-e0bbe034b5282553.rlib" "/opt/rustwide/rustup-home/toolchains/beta-2024-12-08-x86_64-unknown-linux-gnu/lib/rustlib/x86_64-unknown-linux-gnu/lib/liballoc-d0febb68c1c37b90.rlib" "/opt/rustwide/rustup-home/toolchains/beta-2024-12-08-x86_64-unknown-linux-gnu/lib/rustlib/x86_64-unknown-linux-gnu/lib/librustc_std_workspace_core-4cf833632aafa84c.rlib" "/opt/rustwide/rustup-home/toolchains/beta-2024-12-08-x86_64-unknown-linux-gnu/lib/rustlib/x86_64-unknown-linux-gnu/lib/libcore-65c2c6d2d6ae570b.rlib" "/opt/rustwide/rustup-home/toolchains/beta-2024-12-08-x86_64-unknown-linux-gnu/lib/rustlib/x86_64-unknown-linux-gnu/lib/libcompiler_builtins-97929cee0dcfe424.rlib" "-Wl,-Bdynamic" "-lgcc_s" "-lutil" "-lrt" "-lpthread" "-lm" "-ldl" "-lc" "-Wl,--eh-frame-hdr" "-Wl,-z,noexecstack" "-L" "/opt/rustwide/rustup-home/toolchains/beta-2024-12-08-x86_64-unknown-linux-gnu/lib/rustlib/x86_64-unknown-linux-gnu/lib" "-o" "/tmp/rustdoctestkE1Vrv/rust_out" "-Wl,--gc-sections" "-pie" "-Wl,-z,relro,-z,now" "-nodefaultlibs"
[INFO] [stdout]   = note: collect2: fatal error: ld terminated with signal 9 [Killed]
[INFO] [stdout]           compilation terminated.
[INFO] [stdout]           
[INFO] [stdout] 
[INFO] [stdout] error: aborting due to 1 previous error
[INFO] [stdout] 
[INFO] [stdout] Couldn't compile the test.
[INFO] [stdout] 
[INFO] [stdout] failures:
[INFO] [stdout]     src/app.rs - app::App::add_event (line 332)
[INFO] [stdout]     src/app.rs - app::App::add_observer (line 1257)
[INFO] [stdout]     src/app.rs - app::App::add_plugins (line 527)
[INFO] [stdout]     src/app.rs - app::App::get_added_plugins (line 489)
[INFO] [stdout]     src/app.rs - app::App::init_resource (line 383)
[INFO] [stdout]     src/app.rs - app::App::insert_non_send_resource (line 416)
[INFO] [stdout]     src/app.rs - app::App::register_required_components (line 780)
[INFO] [stdout]     src/app.rs - app::App::register_required_components_with (line 840)
[INFO] [stdout]     src/app.rs - app::App::set_runner (line 184)
[INFO] [stdout]     src/app.rs - app::App::try_register_required_components (line 905)
[INFO] [stdout]     src/app.rs - app::App::try_register_required_components_with (line 967)
[INFO] [stdout]     src/main_schedule.rs - main_schedule::RunFixedMainLoopSystem::AfterFixedMainLoop (line 456)
[INFO] [stdout]     src/main_schedule.rs - main_schedule::RunFixedMainLoopSystem::FixedMainLoop (line 427)
[INFO] [stdout]     src/plugin.rs - plugin::Plugin (line 29)
[INFO] [stdout] 
[INFO] [stdout] test result: FAILED. 15 passed; 14 failed; 1 ignored; 0 measured; 0 filtered out; finished in 12.60s
[INFO] [stdout] 
[INFO] [stderr] error: doctest failed, to rerun pass `--doc`
[INFO] running `Command { std: "docker" "inspect" "9fecd2a15dde647331ec6347218e2ef88c6b140f08a5f59d34e4e16115dc992d", kill_on_drop: false }`
[INFO] running `Command { std: "docker" "rm" "-f" "9fecd2a15dde647331ec6347218e2ef88c6b140f08a5f59d34e4e16115dc992d", kill_on_drop: false }`
[INFO] [stdout] 9fecd2a15dde647331ec6347218e2ef88c6b140f08a5f59d34e4e16115dc992d
