[INFO] fetching crate bevy_anyhow_alert 0.3.0...
[INFO] testing bevy_anyhow_alert-0.3.0 against beta-2024-12-08 for beta-1.84.0-4-retry
[INFO] extracting crate bevy_anyhow_alert 0.3.0 into /workspace/builds/worker-5-tc2/source
[INFO] validating manifest of crates.io crate bevy_anyhow_alert 0.3.0 on toolchain beta-2024-12-08
[INFO] running `Command { std: CARGO_HOME="/workspace/cargo-home" RUSTUP_HOME="/workspace/rustup-home" "/workspace/cargo-home/bin/cargo" "+beta-2024-12-08" "metadata" "--manifest-path" "Cargo.toml" "--no-deps", kill_on_drop: false }`
[INFO] started tweaking crates.io crate bevy_anyhow_alert 0.3.0
[INFO] removed 0 missing examples
[INFO] finished tweaking crates.io crate bevy_anyhow_alert 0.3.0
[INFO] tweaked toml for crates.io crate bevy_anyhow_alert 0.3.0 written to /workspace/builds/worker-5-tc2/source/Cargo.toml
[INFO] crate crates.io crate bevy_anyhow_alert 0.3.0 already has a lockfile, it will not be regenerated
[INFO] running `Command { std: CARGO_HOME="/workspace/cargo-home" RUSTUP_HOME="/workspace/rustup-home" "/workspace/cargo-home/bin/cargo" "+beta-2024-12-08" "fetch" "--manifest-path" "Cargo.toml", kill_on_drop: false }`
[INFO] running `Command { std: "docker" "create" "-v" "/var/lib/crater-agent-workspace/builds/worker-5-tc2/target:/opt/rustwide/target:rw,Z" "-v" "/var/lib/crater-agent-workspace/builds/worker-5-tc2/source:/opt/rustwide/workdir:ro,Z" "-v" "/var/lib/crater-agent-workspace/cargo-home:/opt/rustwide/cargo-home:ro,Z" "-v" "/var/lib/crater-agent-workspace/rustup-home:/opt/rustwide/rustup-home:ro,Z" "-e" "SOURCE_DIR=/opt/rustwide/workdir" "-e" "CARGO_TARGET_DIR=/opt/rustwide/target" "-e" "CARGO_HOME=/opt/rustwide/cargo-home" "-e" "RUSTUP_HOME=/opt/rustwide/rustup-home" "-w" "/opt/rustwide/workdir" "-m" "1610612736" "--user" "0:0" "--network" "none" "ghcr.io/rust-lang/crates-build-env/linux@sha256:f3a9d4ad9d972b27faf3965f35b62e55ba32bbce8f20bc8fe909558a86702fde" "/opt/rustwide/cargo-home/bin/cargo" "+beta-2024-12-08" "metadata" "--no-deps" "--format-version=1", kill_on_drop: false }`
[INFO] [stdout] ec9622a35be357f4b2823fedd5ed856cc2890849d73f735622ba33d57f62139b
[INFO] running `Command { std: "docker" "start" "-a" "ec9622a35be357f4b2823fedd5ed856cc2890849d73f735622ba33d57f62139b", kill_on_drop: false }`
[INFO] running `Command { std: "docker" "inspect" "ec9622a35be357f4b2823fedd5ed856cc2890849d73f735622ba33d57f62139b", kill_on_drop: false }`
[INFO] running `Command { std: "docker" "rm" "-f" "ec9622a35be357f4b2823fedd5ed856cc2890849d73f735622ba33d57f62139b", kill_on_drop: false }`
[INFO] [stdout] ec9622a35be357f4b2823fedd5ed856cc2890849d73f735622ba33d57f62139b
[INFO] running `Command { std: "docker" "create" "-v" "/var/lib/crater-agent-workspace/builds/worker-5-tc2/target:/opt/rustwide/target:rw,Z" "-v" "/var/lib/crater-agent-workspace/builds/worker-5-tc2/source:/opt/rustwide/workdir:ro,Z" "-v" "/var/lib/crater-agent-workspace/cargo-home:/opt/rustwide/cargo-home:ro,Z" "-v" "/var/lib/crater-agent-workspace/rustup-home:/opt/rustwide/rustup-home:ro,Z" "-e" "SOURCE_DIR=/opt/rustwide/workdir" "-e" "CARGO_TARGET_DIR=/opt/rustwide/target" "-e" "CARGO_INCREMENTAL=0" "-e" "RUST_BACKTRACE=full" "-e" "RUSTFLAGS=--cap-lints=warn" "-e" "RUSTDOCFLAGS=--cap-lints=warn" "-e" "CARGO_HOME=/opt/rustwide/cargo-home" "-e" "RUSTUP_HOME=/opt/rustwide/rustup-home" "-w" "/opt/rustwide/workdir" "-m" "1610612736" "--user" "0:0" "--network" "none" "ghcr.io/rust-lang/crates-build-env/linux@sha256:f3a9d4ad9d972b27faf3965f35b62e55ba32bbce8f20bc8fe909558a86702fde" "/opt/rustwide/cargo-home/bin/cargo" "+beta-2024-12-08" "build" "--frozen" "--message-format=json", kill_on_drop: false }`
[INFO] [stdout] b4829554ce09b3ad62c3c825a59251b108d072292157b10924109d4c79af05b4
[INFO] running `Command { std: "docker" "start" "-a" "b4829554ce09b3ad62c3c825a59251b108d072292157b10924109d4c79af05b4", kill_on_drop: false }`
[INFO] [stderr]    Compiling proc-macro2 v1.0.86
[INFO] [stderr]    Compiling unicode-ident v1.0.12
[INFO] [stderr]    Compiling cfg-if v1.0.0
[INFO] [stderr]    Compiling serde v1.0.204
[INFO] [stderr]    Compiling autocfg v1.3.0
[INFO] [stderr]    Compiling libc v0.2.155
[INFO] [stderr]    Compiling version_check v0.9.4
[INFO] [stderr]    Compiling equivalent v1.0.1
[INFO] [stderr]    Compiling once_cell v1.19.0
[INFO] [stderr]    Compiling pin-project-lite v0.2.14
[INFO] [stderr]    Compiling zerocopy v0.7.35
[INFO] [stderr]    Compiling allocator-api2 v0.2.18
[INFO] [stderr]    Compiling hashbrown v0.14.5
[INFO] [stderr]    Compiling crossbeam-utils v0.8.20
[INFO] [stderr]    Compiling winnow v0.6.13
[INFO] [stderr]    Compiling thiserror v1.0.62
[INFO] [stderr]    Compiling toml_datetime v0.6.6
[INFO] [stderr]    Compiling smallvec v1.13.2
[INFO] [stderr]    Compiling parking v2.2.0
[INFO] [stderr]    Compiling tracing-core v0.1.32
[INFO] [stderr]    Compiling rand_core v0.6.4
[INFO] [stderr]    Compiling futures-core v0.3.30
[INFO] [stderr]    Compiling futures-io v0.3.30
[INFO] [stderr]    Compiling fastrand v2.1.0
[INFO] [stderr]    Compiling ahash v0.8.11
[INFO] [stderr]    Compiling rand v0.8.5
[INFO] [stderr]    Compiling thread_local v1.1.8
[INFO] [stderr]    Compiling web-time v1.1.0
[INFO] [stderr]    Compiling typeid v1.0.0
[INFO] [stderr]    Compiling slab v0.4.9
[INFO] [stderr]    Compiling async-task v4.7.1
[INFO] [stderr]    Compiling bevy_ptr v0.14.0
[INFO] [stderr]    Compiling downcast-rs v1.2.1
[INFO] [stderr]    Compiling futures-lite v2.3.0
[INFO] [stderr]    Compiling smol_str v0.2.2
[INFO] [stderr]    Compiling num-traits v0.2.19
[INFO] [stderr]    Compiling fixedbitset v0.4.2
[INFO] [stderr]    Compiling fixedbitset v0.5.7
[INFO] [stderr]    Compiling nonmax v0.5.5
[INFO] [stderr]    Compiling cfg_aliases v0.1.1
[INFO] [stderr]    Compiling arrayvec v0.7.4
[INFO] [stderr]    Compiling log v0.4.22
[INFO] [stderr]    Compiling lock_api v0.4.12
[INFO] [stderr]    Compiling parking_lot_core v0.9.10
[INFO] [stderr]    Compiling quote v1.0.36
[INFO] [stderr]    Compiling getrandom v0.2.15
[INFO] [stderr]    Compiling indexmap v2.2.6
[INFO] [stderr]    Compiling concurrent-queue v2.5.0
[INFO] [stderr]    Compiling unicode-width v0.1.13
[INFO] [stderr]    Compiling scopeguard v1.2.0
[INFO] [stderr]    Compiling termcolor v1.4.1
[INFO] [stderr]    Compiling bit-vec v0.6.3
[INFO] [stderr]    Compiling event-listener v5.3.1
[INFO] [stderr]    Compiling syn v2.0.71
[INFO] [stderr]    Compiling unicode-xid v0.2.4
[INFO] [stderr]    Compiling regex-syntax v0.8.4
[INFO] [stderr]    Compiling ash v0.37.3+1.3.251
[INFO] [stderr]    Compiling khronos-egl v6.0.0
[INFO] [stderr]    Compiling rustc-hash v1.1.0
[INFO] [stderr]    Compiling event-listener-strategy v0.5.2
[INFO] [stderr]    Compiling bit-set v0.5.3
[INFO] [stderr]    Compiling hexf-parse v0.2.1
[INFO] [stderr]    Compiling codespan-reporting v0.11.1
[INFO] [stderr]    Compiling parking_lot v0.12.3
[INFO] [stderr]    Compiling wgpu-hal v0.21.1
[INFO] [stderr]    Compiling libloading v0.7.4
[INFO] [stderr]    Compiling libloading v0.8.4
[INFO] [stderr]    Compiling cc v1.1.5
[INFO] [stderr]    Compiling raw-window-handle v0.6.2
[INFO] [stderr]    Compiling atomic-waker v1.1.2
[INFO] [stderr]    Compiling uuid v1.10.0
[INFO] [stderr]    Compiling async-executor v1.12.0
[INFO] [stderr]    Compiling piper v0.2.3
[INFO] [stderr]    Compiling async-channel v2.3.1
[INFO] [stderr]    Compiling crossbeam-channel v0.5.13
[INFO] [stderr]    Compiling wgpu-core v0.21.1
[INFO] [stderr]    Compiling bevy_tasks v0.14.0
[INFO] [stderr]    Compiling renderdoc-sys v1.1.0
[INFO] [stderr]    Compiling glow v0.13.1
[INFO] [stderr]    Compiling litrs v0.4.1
[INFO] [stderr]    Compiling profiling v1.0.15
[INFO] [stderr]    Compiling blocking v1.6.1
[INFO] [stderr]    Compiling async-lock v3.4.0
[INFO] [stderr]    Compiling wgpu v0.20.1
[INFO] [stderr]    Compiling base64 v0.21.7
[INFO] [stderr]    Compiling accesskit v0.14.0
[INFO] [stderr]    Compiling const_panic v0.2.8
[INFO] [stderr]    Compiling arrayref v0.3.7
[INFO] [stderr]    Compiling event-listener v2.5.3
[INFO] [stderr]    Compiling const_soft_float v0.1.4
[INFO] [stderr]    Compiling constant_time_eq v0.3.0
[INFO] [stderr]    Compiling async-broadcast v0.5.1
[INFO] [stderr]    Compiling const-fnv1a-hash v1.1.0
[INFO] [stderr]    Compiling static_assertions v1.1.0
[INFO] [stderr]    Compiling byteorder v1.5.0
[INFO] [stderr]    Compiling data-encoding v2.6.0
[INFO] [stderr]    Compiling constgebra v0.1.4
[INFO] [stderr]    Compiling ttf-parser v0.24.0
[INFO] [stderr]    Compiling euclid v0.22.10
[INFO] [stderr]    Compiling slotmap v1.0.7
[INFO] [stderr]    Compiling async-fs v2.1.2
[INFO] [stderr]    Compiling regex-syntax v0.6.29
[INFO] [stderr]    Compiling document-features v0.2.10
[INFO] [stderr]    Compiling svg_fmt v0.4.3
[INFO] [stderr]    Compiling toml_edit v0.22.15
[INFO] [stderr]    Compiling radsort v0.1.0
[INFO] [stderr]    Compiling ab_glyph_rasterizer v0.1.8
[INFO] [stderr]    Compiling approx v0.5.1
[INFO] [stderr]    Compiling xi-unicode v0.3.0
[INFO] [stderr]    Compiling rectangle-pack v0.4.2
[INFO] [stderr]    Compiling overload v0.1.1
[INFO] [stderr]    Compiling nu-ansi-term v0.46.0
[INFO] [stderr]    Compiling sharded-slab v0.1.7
[INFO] [stderr]    Compiling guillotiere v0.6.2
[INFO] [stderr]    Compiling regex-automata v0.4.7
[INFO] [stderr]    Compiling blake3 v1.5.3
[INFO] [stderr]    Compiling tracing-log v0.2.0
[INFO] [stderr]    Compiling grid v0.14.0
[INFO] [stderr]    Compiling anyhow v1.0.86
[INFO] [stderr]    Compiling taffy v0.5.2
[INFO] [stderr]    Compiling regex-automata v0.1.10
[INFO] [stderr]    Compiling matchers v0.1.0
[INFO] [stderr]    Compiling owned_ttf_parser v0.24.0
[INFO] [stderr]    Compiling ab_glyph v0.2.28
[INFO] [stderr]    Compiling glyph_brush_layout v0.2.4
[INFO] [stderr]    Compiling bevy_macro_utils v0.14.0
[INFO] [stderr]    Compiling encase_derive_impl v0.8.0
[INFO] [stderr]    Compiling serde_derive v1.0.204
[INFO] [stderr]    Compiling thiserror-impl v1.0.62
[INFO] [stderr]    Compiling bytemuck_derive v1.7.0
[INFO] [stderr]    Compiling tracing-attributes v0.1.27
[INFO] [stderr]    Compiling bevy_utils_proc_macros v0.14.0
[INFO] [stderr]    Compiling bevy_reflect_derive v0.14.0
[INFO] [stderr]    Compiling bevy_ecs_macros v0.14.0
[INFO] [stderr]    Compiling bevy_derive v0.14.0
[INFO] [stderr]    Compiling encase_derive v0.8.0
[INFO] [stderr]    Compiling bevy_asset_macros v0.14.0
[INFO] [stderr]    Compiling bevy_render_macros v0.14.0
[INFO] [stderr]    Compiling bevy_encase_derive v0.14.0
[INFO] [stderr]    Compiling regex v1.10.5
[INFO] [stderr]    Compiling bytemuck v1.16.1
[INFO] [stderr]    Compiling image v0.25.1
[INFO] [stderr]    Compiling tracing v0.1.40
[INFO] [stderr]    Compiling tracing-subscriber v0.3.18
[INFO] [stderr]    Compiling bitflags v2.6.0
[INFO] [stderr]    Compiling glam v0.27.0
[INFO] [stderr]    Compiling erased-serde v0.4.5
[INFO] [stderr]    Compiling spirv v0.3.0+sdk-1.3.268.0
[INFO] [stderr]    Compiling gpu-descriptor-types v0.2.0
[INFO] [stderr]    Compiling gpu-alloc-types v0.3.0
[INFO] [stderr]    Compiling wgpu-types v0.20.0
[INFO] [stderr]    Compiling ron v0.8.1
[INFO] [stderr]    Compiling gpu-alloc v0.6.0
[INFO] [stderr]    Compiling bevy_utils v0.14.0
[INFO] [stderr]    Compiling gpu-descriptor v0.3.0
[INFO] [stderr]    Compiling petgraph v0.6.5
[INFO] [stderr]    Compiling naga v0.20.0
[INFO] [stderr]    Compiling bevy_reflect v0.14.0
[INFO] [stderr]    Compiling encase v0.8.0
[INFO] [stderr]    Compiling bevy_mikktspace v0.14.0
[INFO] [stderr]    Compiling hexasphere v12.0.0
[INFO] [stderr]    Compiling bevy_ecs v0.14.0
[INFO] [stderr]    Compiling bevy_math v0.14.0
[INFO] [stderr]    Compiling naga_oil v0.14.0
[INFO] [stderr]    Compiling bevy_color v0.14.1
[INFO] [stderr]    Compiling bevy_app v0.14.0
[INFO] [stderr]    Compiling bevy_core v0.14.0
[INFO] [stderr]    Compiling bevy_a11y v0.14.0
[INFO] [stderr]    Compiling bevy_time v0.14.0
[INFO] [stderr]    Compiling bevy_asset v0.14.0
[INFO] [stderr]    Compiling bevy_input v0.14.0
[INFO] [stderr]    Compiling bevy_log v0.14.0
[INFO] [stderr]    Compiling bevy_window v0.14.0
[INFO] [stderr]    Compiling bevy_hierarchy v0.14.0
[INFO] [stderr]    Compiling bevy_diagnostic v0.14.0
[INFO] [stderr]    Compiling bevy_transform v0.14.0
[INFO] [stderr]    Compiling bevy_render v0.14.0
[INFO] [stderr]    Compiling bevy_core_pipeline v0.14.0
[INFO] [stderr]    Compiling bevy_sprite v0.14.0
[INFO] [stderr]    Compiling bevy_text v0.14.0
[INFO] [stderr]    Compiling bevy_ui v0.14.0
[INFO] [stderr]    Compiling bevy_internal v0.14.0
[INFO] [stderr]    Compiling bevy v0.14.0
[INFO] [stderr]    Compiling bevy_ui_mod_alerts v0.2.0
[INFO] [stderr]    Compiling bevy_anyhow_alert v0.3.0 (/opt/rustwide/workdir)
[INFO] [stderr]     Finished `dev` profile [unoptimized + debuginfo] target(s) in 2m 15s
[INFO] running `Command { std: "docker" "inspect" "b4829554ce09b3ad62c3c825a59251b108d072292157b10924109d4c79af05b4", kill_on_drop: false }`
[INFO] running `Command { std: "docker" "rm" "-f" "b4829554ce09b3ad62c3c825a59251b108d072292157b10924109d4c79af05b4", kill_on_drop: false }`
[INFO] [stdout] b4829554ce09b3ad62c3c825a59251b108d072292157b10924109d4c79af05b4
[INFO] running `Command { std: "docker" "create" "-v" "/var/lib/crater-agent-workspace/builds/worker-5-tc2/target:/opt/rustwide/target:rw,Z" "-v" "/var/lib/crater-agent-workspace/builds/worker-5-tc2/source:/opt/rustwide/workdir:ro,Z" "-v" "/var/lib/crater-agent-workspace/cargo-home:/opt/rustwide/cargo-home:ro,Z" "-v" "/var/lib/crater-agent-workspace/rustup-home:/opt/rustwide/rustup-home:ro,Z" "-e" "SOURCE_DIR=/opt/rustwide/workdir" "-e" "CARGO_TARGET_DIR=/opt/rustwide/target" "-e" "CARGO_INCREMENTAL=0" "-e" "RUST_BACKTRACE=full" "-e" "RUSTFLAGS=--cap-lints=warn" "-e" "RUSTDOCFLAGS=--cap-lints=warn" "-e" "CARGO_HOME=/opt/rustwide/cargo-home" "-e" "RUSTUP_HOME=/opt/rustwide/rustup-home" "-w" "/opt/rustwide/workdir" "-m" "1610612736" "--user" "0:0" "--network" "none" "ghcr.io/rust-lang/crates-build-env/linux@sha256:f3a9d4ad9d972b27faf3965f35b62e55ba32bbce8f20bc8fe909558a86702fde" "/opt/rustwide/cargo-home/bin/cargo" "+beta-2024-12-08" "test" "--frozen" "--no-run" "--message-format=json", kill_on_drop: false }`
[INFO] [stdout] 43d9d65700d9ce4e20f30e584d27352fa474ff0b89c0d2d486b672728e6bb474
[INFO] running `Command { std: "docker" "start" "-a" "43d9d65700d9ce4e20f30e584d27352fa474ff0b89c0d2d486b672728e6bb474", kill_on_drop: false }`
[INFO] [stderr]    Compiling bevy_anyhow_alert v0.3.0 (/opt/rustwide/workdir)
[INFO] [stderr]     Finished `test` profile [unoptimized + debuginfo] target(s) in 24.70s
[INFO] running `Command { std: "docker" "inspect" "43d9d65700d9ce4e20f30e584d27352fa474ff0b89c0d2d486b672728e6bb474", kill_on_drop: false }`
[INFO] running `Command { std: "docker" "rm" "-f" "43d9d65700d9ce4e20f30e584d27352fa474ff0b89c0d2d486b672728e6bb474", kill_on_drop: false }`
[INFO] [stdout] 43d9d65700d9ce4e20f30e584d27352fa474ff0b89c0d2d486b672728e6bb474
[INFO] running `Command { std: "docker" "create" "-v" "/var/lib/crater-agent-workspace/builds/worker-5-tc2/target:/opt/rustwide/target:rw,Z" "-v" "/var/lib/crater-agent-workspace/builds/worker-5-tc2/source:/opt/rustwide/workdir:ro,Z" "-v" "/var/lib/crater-agent-workspace/cargo-home:/opt/rustwide/cargo-home:ro,Z" "-v" "/var/lib/crater-agent-workspace/rustup-home:/opt/rustwide/rustup-home:ro,Z" "-e" "SOURCE_DIR=/opt/rustwide/workdir" "-e" "CARGO_TARGET_DIR=/opt/rustwide/target" "-e" "CARGO_INCREMENTAL=0" "-e" "RUST_BACKTRACE=full" "-e" "RUSTFLAGS=--cap-lints=warn" "-e" "RUSTDOCFLAGS=--cap-lints=warn" "-e" "CARGO_HOME=/opt/rustwide/cargo-home" "-e" "RUSTUP_HOME=/opt/rustwide/rustup-home" "-w" "/opt/rustwide/workdir" "-m" "1610612736" "--user" "0:0" "--network" "none" "ghcr.io/rust-lang/crates-build-env/linux@sha256:f3a9d4ad9d972b27faf3965f35b62e55ba32bbce8f20bc8fe909558a86702fde" "/opt/rustwide/cargo-home/bin/cargo" "+beta-2024-12-08" "test" "--frozen", kill_on_drop: false }`
[INFO] [stdout] 36186ddded94ea5c3493e5eb9aa13c870e6b108b554b956adfde7128fe505ab5
[INFO] running `Command { std: "docker" "start" "-a" "36186ddded94ea5c3493e5eb9aa13c870e6b108b554b956adfde7128fe505ab5", kill_on_drop: false }`
[INFO] [stderr]     Finished `test` profile [unoptimized + debuginfo] target(s) in 0.46s
[INFO] [stderr]      Running unittests src/lib.rs (/opt/rustwide/target/debug/deps/bevy_anyhow_alert-13762d635bb7178c)
[INFO] [stdout] 
[INFO] [stdout] running 2 tests
[INFO] [stdout] test tests::test_error_collecting_system ... ok
[INFO] [stdout] test tests::test_one_error_system ... ok
[INFO] [stdout] 
[INFO] [stdout] test result: ok. 2 passed; 0 failed; 0 ignored; 0 measured; 0 filtered out; finished in 0.02s
[INFO] [stdout] 
[INFO] [stderr]    Doc-tests bevy_anyhow_alert
[INFO] [stdout] 
[INFO] [stdout] running 4 tests
[INFO] [stdout] test src/lib.rs - anyhow_alert_system (line 111) ... FAILED
[INFO] [stdout] test src/lib.rs - (line 44) ... ok
[INFO] [stdout] test src/lib.rs - anyhow_alerts_system (line 154) ... ok
[INFO] [stdout] test src/lib.rs - (line 13) ... ok
[INFO] [stdout] 
[INFO] [stdout] failures:
[INFO] [stdout] 
[INFO] [stdout] ---- src/lib.rs - anyhow_alert_system (line 111) stdout ----
[INFO] [stdout] error: linking with `cc` failed: exit status: 1
[INFO] [stdout]   |
[INFO] [stdout]   = note: LC_ALL="C" PATH="/opt/rustwide/rustup-home/toolchains/beta-2024-12-08-x86_64-unknown-linux-gnu/lib/rustlib/x86_64-unknown-linux-gnu/bin:/opt/rustwide/cargo-home/bin:/usr/local/sbin:/usr/local/bin:/usr/sbin:/usr/bin:/sbin:/bin" VSLANG="1033" "cc" "-m64" "/tmp/rustcnnmylZ/symbols.o" "/tmp/rustdoctestWwxNXb/rust_out.rust_out.9242fac72db2cd11-cgu.0.rcgu.o" "/tmp/rustdoctestWwxNXb/rust_out.2hl2tb9xdtge7mguxzn2q1kvi.rcgu.o" "-Wl,--as-needed" "-Wl,-Bstatic" "/opt/rustwide/target/debug/deps/libbevy_anyhow_alert-3a3b05ff2509604f.rlib" "/opt/rustwide/target/debug/deps/libbevy_ui_mod_alerts-a66a587f679b7da5.rlib" "/opt/rustwide/target/debug/deps/libbevy-9bf5ec4ada7a81a5.rlib" "/opt/rustwide/target/debug/deps/libbevy_internal-3ff14fb1e7574055.rlib" "/opt/rustwide/target/debug/deps/libbevy_ui-14d1223b685d2c72.rlib" "/opt/rustwide/target/debug/deps/libtaffy-7bf729d301917647.rlib" "/opt/rustwide/target/debug/deps/libslotmap-a992ed6b0f94d434.rlib" "/opt/rustwide/target/debug/deps/libgrid-a97f75876e98d658.rlib" "/opt/rustwide/target/debug/deps/libbevy_text-c3938562cc77e63e.rlib" "/opt/rustwide/target/debug/deps/libglyph_brush_layout-69857d9daa4c976f.rlib" "/opt/rustwide/target/debug/deps/libxi_unicode-f639012217d5a261.rlib" "/opt/rustwide/target/debug/deps/libapprox-d1f3004e39b3d3b0.rlib" "/opt/rustwide/target/debug/deps/libab_glyph-30a71dca567a1fb4.rlib" "/opt/rustwide/target/debug/deps/libowned_ttf_parser-a1215cb9c22948db.rlib" "/opt/rustwide/target/debug/deps/libttf_parser-f6dfec89d6c11f98.rlib" "/opt/rustwide/target/debug/deps/libab_glyph_rasterizer-a14d57c95a676215.rlib" "/opt/rustwide/target/debug/deps/libbevy_sprite-92237625fa9a4766.rlib" "/opt/rustwide/target/debug/deps/librectangle_pack-960dad71dd48b1a8.rlib" "/opt/rustwide/target/debug/deps/libguillotiere-eddda3693e728fb1.rlib" "/opt/rustwide/target/debug/deps/libsvg_fmt-e1a79fe115fac163.rlib" "/opt/rustwide/target/debug/deps/libeuclid-9e4230f0007581b0.rlib" "/opt/rustwide/target/debug/deps/libbevy_log-a17a7e25ba5f47a9.rlib" "/opt/rustwide/target/debug/deps/libtracing_subscriber-27267365d1b1bf12.rlib" "/opt/rustwide/target/debug/deps/libnu_ansi_term-fd6be72aff03781b.rlib" "/opt/rustwide/target/debug/deps/liboverload-983ca80356c666b7.rlib" "/opt/rustwide/target/debug/deps/libsharded_slab-680c4c40c3a9749d.rlib" "/opt/rustwide/target/debug/deps/liblazy_static-34736fcc74b41a53.rlib" "/opt/rustwide/target/debug/deps/libmatchers-f3994c82d9bee3fc.rlib" "/opt/rustwide/target/debug/deps/libregex_automata-b9e0dbc04b6d3902.rlib" "/opt/rustwide/target/debug/deps/libregex_syntax-0ebc1de550429e3a.rlib" "/opt/rustwide/target/debug/deps/libtracing_log-8f460f35dadceb20.rlib" "/opt/rustwide/target/debug/deps/libbevy_input-fc276a0089b12ab2.rlib" "/opt/rustwide/target/debug/deps/libbevy_core_pipeline-480b2c00b3c92fd3.rlib" "/opt/rustwide/target/debug/deps/libradsort-716f4f8ab5c4bc37.rlib" "/opt/rustwide/target/debug/deps/libbevy_render-cc4bd72dab20fe80.rlib" "/opt/rustwide/target/debug/deps/libnaga_oil-db173927fdb776fb.rlib" "/opt/rustwide/target/debug/deps/libdata_encoding-a95258d30ff1420a.rlib" "/opt/rustwide/target/debug/deps/libunicode_ident-406afb740d3b5f4d.rlib" "/opt/rustwide/target/debug/deps/libregex-432c1bf66382c3b8.rlib" "/opt/rustwide/target/debug/deps/libregex_automata-61dd60b724832874.rlib" "/opt/rustwide/target/debug/deps/libaho_corasick-5a18c24d288bad01.rlib" "/opt/rustwide/target/debug/deps/libmemchr-d6cb21f6c03ed32f.rlib" "/opt/rustwide/target/debug/deps/libregex_syntax-5d76419fd7f8486a.rlib" "/opt/rustwide/target/debug/deps/libbevy_mikktspace-bec146659ca4e7aa.rlib" "/opt/rustwide/target/debug/deps/libimage-ce1322a66cd63bf4.rlib" "/opt/rustwide/target/debug/deps/libnum_traits-f19c4b30a6d64365.rlib" "/opt/rustwide/target/debug/deps/libhexasphere-bb74e73be02c4b88.rlib" "/opt/rustwide/target/debug/deps/libconstgebra-fa5910ed5d853ec4.rlib" "/opt/rustwide/target/debug/deps/libconst_soft_float-c54ef7dcb28535f5.rlib" "/opt/rustwide/target/debug/deps/libbevy_diagnostic-516384b25d3facfd.rlib" "/opt/rustwide/target/debug/deps/libbevy_time-52e4ad7b700d3131.rlib" "/opt/rustwide/target/debug/deps/libconst_fnv1a_hash-d5ae8d809a7e70f8.rlib" "/opt/rustwide/target/debug/deps/libbevy_window-659c053a8023f514.rlib" "/opt/rustwide/target/debug/deps/libbevy_transform-d25953c53ea152fd.rlib" "/opt/rustwide/target/debug/deps/libbevy_hierarchy-eb89bfda7216ebc5.rlib" "/opt/rustwide/target/debug/deps/libwgpu-590e0a41a1d48450.rlib" "/opt/rustwide/target/debug/deps/libstatic_assertions-0ef270c4de502b0e.rlib" "/opt/rustwide/target/debug/deps/libwgpu_core-c8dd41afb736e984.rlib" "/opt/rustwide/target/debug/deps/libwgpu_hal-568d47788cae2251.rlib" "/opt/rustwide/target/debug/deps/librenderdoc_sys-ea6e5a3de7dd58bc.rlib" "/opt/rustwide/target/debug/deps/libgpu_descriptor-b6dcd0d68f2672a5.rlib" "/opt/rustwide/target/debug/deps/libgpu_descriptor_types-6d5d31e0533d7e47.rlib" "/opt/rustwide/target/debug/deps/libkhronos_egl-5e3f927b7925375e.rlib" "/opt/rustwide/target/debug/deps/liblibloading-f50d2047007a2f38.rlib" "/opt/rustwide/target/debug/deps/libprofiling-e32d060cef9d3c10.rlib" "/opt/rustwide/target/debug/deps/libgpu_alloc-68cf18eb186c4a16.rlib" "/opt/rustwide/target/debug/deps/libgpu_alloc_types-db9e4e47786a06f1.rlib" "/opt/rustwide/target/debug/deps/libash-9f04091199587d98.rlib" "/opt/rustwide/target/debug/deps/liblibloading-8238d6ced64818c4.rlib" "/opt/rustwide/target/debug/deps/libnaga-50444086937dccae.rlib" "/opt/rustwide/target/debug/deps/librustc_hash-c6f5474e70a2e7fd.rlib" "/opt/rustwide/target/debug/deps/libhexf_parse-3937ee295bc4c1fc.rlib" "/opt/rustwide/target/debug/deps/libunicode_xid-1760ac2ebc2037f9.rlib" "/opt/rustwide/target/debug/deps/liblog-e73d77c4679bb236.rlib" "/opt/rustwide/target/debug/deps/libcodespan_reporting-0544c5b334090f89.rlib" "/opt/rustwide/target/debug/deps/libunicode_width-2ded2d1a4887f4a8.rlib" "/opt/rustwide/target/debug/deps/libtermcolor-bad02665732a4344.rlib" "/opt/rustwide/target/debug/deps/libspirv-4ae684ab8b3fc53c.rlib" "/opt/rustwide/target/debug/deps/libbit_set-10b8f770f2441fa4.rlib" "/opt/rustwide/target/debug/deps/libbit_vec-a0398f191924b60c.rlib" "/opt/rustwide/target/debug/deps/libraw_window_handle-9a1630fd7b8bbeb7.rlib" "/opt/rustwide/target/debug/deps/libglow-9b29ecc45d0901f1.rlib" "/opt/rustwide/target/debug/deps/libbevy_core-5aef8e5132516754.rlib" "/opt/rustwide/target/debug/deps/libbevy_color-197f007b160aab71.rlib" "/opt/rustwide/target/debug/deps/libencase-36910a7a19bbd76a.rlib" "/opt/rustwide/target/debug/deps/libconst_panic-330ec81814015bdc.rlib" "/opt/rustwide/target/debug/deps/libwgpu_types-b46cac5c329cb41a.rlib" "/opt/rustwide/target/debug/deps/libbevy_math-1d898795fa1c8124.rlib" "/opt/rustwide/target/debug/deps/libbevy_asset-47135f2826c1e99c.rlib" "/opt/rustwide/target/debug/deps/libblake3-b1123c4396a74811.rlib" "/opt/rustwide/target/debug/deps/libconstant_time_eq-becb795b878038de.rlib" "/opt/rustwide/target/debug/deps/libarrayvec-a0a94cc2ec578d49.rlib" "/opt/rustwide/target/debug/deps/libarrayref-8957ff1d73700ff2.rlib" "/opt/rustwide/target/debug/deps/libasync_broadcast-00d7cbc98d23dd6e.rlib" "/opt/rustwide/target/debug/deps/libevent_listener-76e2a18e8ad83b9d.rlib" "/opt/rustwide/target/debug/deps/libasync_fs-85598007705a28bc.rlib" "/opt/rustwide/target/debug/deps/libblocking-1ff197cd283b214c.rlib" "/opt/rustwide/target/debug/deps/libpiper-3031abfb61eef3ea.rlib" "/opt/rustwide/target/debug/deps/libatomic_waker-6cd29d6269b9677d.rlib" "/opt/rustwide/target/debug/deps/libasync_channel-51237e996b46a03a.rlib" "/opt/rustwide/target/debug/deps/libron-9a6833a352d85833.rlib" "/opt/rustwide/target/debug/deps/libbase64-83d75e850891a998.rlib" "/opt/rustwide/target/debug/deps/libasync_lock-44fe21d9117fbaec.rlib" "/opt/rustwide/target/debug/deps/libevent_listener_strategy-291d82f96b0ea668.rlib" "/opt/rustwide/target/debug/deps/libevent_listener-1f2f11f45359cd89.rlib" "/opt/rustwide/target/debug/deps/libparking_lot-b0d6fc370a69e018.rlib" "/opt/rustwide/target/debug/deps/libparking_lot_core-d522774dcc5ab4cb.rlib" "/opt/rustwide/target/debug/deps/liblock_api-d5f6d4f095ad0e32.rlib" "/opt/rustwide/target/debug/deps/libscopeguard-f937485db0060aca.rlib" "/opt/rustwide/target/debug/deps/libcrossbeam_channel-15bcda920dd2a2b8.rlib" "/opt/rustwide/target/debug/deps/libbevy_a11y-08c11ba89d2e9698.rlib" "/opt/rustwide/target/debug/deps/libaccesskit-7f15c861fa453124.rlib" "/opt/rustwide/target/debug/deps/libbevy_app-89c84e3425ac8525.rlib" "/opt/rustwide/target/debug/deps/libanyhow-64aa4a1529b21937.rlib" "/opt/rustwide/target/debug/deps/libbevy_ecs-84010d38743e9508.rlib" "/opt/rustwide/target/debug/deps/libbitflags-cc8520e70b321c78.rlib" "/opt/rustwide/target/debug/deps/libnonmax-61b0d0b436ade3ce.rlib" "/opt/rustwide/target/debug/deps/libpetgraph-656135efc173ed01.rlib" "/opt/rustwide/target/debug/deps/libindexmap-d5ead794bad292d8.rlib" "/opt/rustwide/target/debug/deps/libequivalent-e4dc2e1acc32de2c.rlib" "/opt/rustwide/target/debug/deps/libfixedbitset-1e18bec89b8fbe9c.rlib" "/opt/rustwide/target/debug/deps/libbevy_tasks-0d207de4c8aa1813.rlib" "/opt/rustwide/target/debug/deps/libasync_executor-307f1749c5707a28.rlib" "/opt/rustwide/target/debug/deps/libslab-854636f389d4caa9.rlib" "/opt/rustwide/target/debug/deps/libconcurrent_queue-fbbe5c4c09585478.rlib" "/opt/rustwide/target/debug/deps/libcrossbeam_utils-922404919385f485.rlib" "/opt/rustwide/target/debug/deps/libasync_task-31a78d450c373624.rlib" "/opt/rustwide/target/debug/deps/libfutures_lite-4dfabcc1688c0ce8.rlib" "/opt/rustwide/target/debug/deps/libfutures_io-ed62944ee914013e.rlib" "/opt/rustwide/target/debug/deps/libfutures_core-b7e48a954509deff.rlib" "/opt/rustwide/target/debug/deps/libparking-c0eec4b85623c35c.rlib" "/opt/rustwide/target/debug/deps/libfastrand-c16874cc3f7115f4.rlib" "/opt/rustwide/target/debug/deps/libfixedbitset-fb9d495ae8e42c3d.rlib" "/opt/rustwide/target/debug/deps/libbevy_reflect-391c7e9f4962bdbf.rlib" "/opt/rustwide/target/debug/deps/libuuid-ce681634a4408bfe.rlib" "/opt/rustwide/target/debug/deps/libsmol_str-b65fb1d2a8cbb2e8.rlib" "/opt/rustwide/target/debug/deps/liberased_serde-9ea9003fa63247d2.rlib" "/opt/rustwide/target/debug/deps/libtypeid-e7930b2796283a6a.rlib" "/opt/rustwide/target/debug/deps/libsmallvec-abd5924605c88fcf.rlib" "/opt/rustwide/target/debug/deps/libglam-253d39fc6da9d7a5.rlib" "/opt/rustwide/target/debug/deps/librand-d6d4354e086f2793.rlib" "/opt/rustwide/target/debug/deps/librand_core-7952d89d77541c7a.rlib" "/opt/rustwide/target/debug/deps/libbytemuck-e5da7c6e07088da3.rlib" "/opt/rustwide/target/debug/deps/libdowncast_rs-230e47d6198bdcb6.rlib" "/opt/rustwide/target/debug/deps/libthiserror-3aec0e7378e412bd.rlib" "/opt/rustwide/target/debug/deps/libbevy_utils-713ba8803cdb64f5.rlib" "/opt/rustwide/target/debug/deps/libweb_time-d6a65faa04267320.rlib" "/opt/rustwide/target/debug/deps/libtracing-fe6599f3b3109482.rlib" "/opt/rustwide/target/debug/deps/libpin_project_lite-92287217d9698c36.rlib" "/opt/rustwide/target/debug/deps/libtracing_core-e6106d3770db5d35.rlib" "/opt/rustwide/target/debug/deps/libhashbrown-b693779b6e33a3a4.rlib" "/opt/rustwide/target/debug/deps/libserde-3580abb6a021c505.rlib" "/opt/rustwide/target/debug/deps/liballocator_api2-a8da521af1b95b07.rlib" "/opt/rustwide/target/debug/deps/libahash-dc73e5aaae7348ce.rlib" "/opt/rustwide/target/debug/deps/libgetrandom-2d46e77542a7f0a0.rlib" "/opt/rustwide/target/debug/deps/liblibc-5c79e692c1a21191.rlib" "/opt/rustwide/target/debug/deps/libzerocopy-7d07cba449ed1a54.rlib" "/opt/rustwide/target/debug/deps/libthread_local-0cde026e6d0a10c4.rlib" "/opt/rustwide/target/debug/deps/libcfg_if-a3e7e701fcd1f47b.rlib" "/opt/rustwide/target/debug/deps/libonce_cell-334d739f4e3a4961.rlib" "/opt/rustwide/target/debug/deps/libbevy_ptr-eb1a82a4932ba5ce.rlib" "/opt/rustwide/rustup-home/toolchains/beta-2024-12-08-x86_64-unknown-linux-gnu/lib/rustlib/x86_64-unknown-linux-gnu/lib/libstd-02dc84f49135b6b8.rlib" "/opt/rustwide/rustup-home/toolchains/beta-2024-12-08-x86_64-unknown-linux-gnu/lib/rustlib/x86_64-unknown-linux-gnu/lib/libpanic_unwind-a8f45b397fae3f81.rlib" "/opt/rustwide/rustup-home/toolchains/beta-2024-12-08-x86_64-unknown-linux-gnu/lib/rustlib/x86_64-unknown-linux-gnu/lib/libobject-089607133c180609.rlib" "/opt/rustwide/rustup-home/toolchains/beta-2024-12-08-x86_64-unknown-linux-gnu/lib/rustlib/x86_64-unknown-linux-gnu/lib/libmemchr-fc89f091bcd86cbb.rlib" "/opt/rustwide/rustup-home/toolchains/beta-2024-12-08-x86_64-unknown-linux-gnu/lib/rustlib/x86_64-unknown-linux-gnu/lib/libaddr2line-5a60949f01c7340c.rlib" "/opt/rustwide/rustup-home/toolchains/beta-2024-12-08-x86_64-unknown-linux-gnu/lib/rustlib/x86_64-unknown-linux-gnu/lib/libgimli-d29e6a55ca253c8c.rlib" "/opt/rustwide/rustup-home/toolchains/beta-2024-12-08-x86_64-unknown-linux-gnu/lib/rustlib/x86_64-unknown-linux-gnu/lib/librustc_demangle-273c078d5f65de7a.rlib" "/opt/rustwide/rustup-home/toolchains/beta-2024-12-08-x86_64-unknown-linux-gnu/lib/rustlib/x86_64-unknown-linux-gnu/lib/libstd_detect-413c950ffbdd4454.rlib" "/opt/rustwide/rustup-home/toolchains/beta-2024-12-08-x86_64-unknown-linux-gnu/lib/rustlib/x86_64-unknown-linux-gnu/lib/libhashbrown-1853c0976a1d88a6.rlib" "/opt/rustwide/rustup-home/toolchains/beta-2024-12-08-x86_64-unknown-linux-gnu/lib/rustlib/x86_64-unknown-linux-gnu/lib/librustc_std_workspace_alloc-ccb3384ddacb0f9e.rlib" "/opt/rustwide/rustup-home/toolchains/beta-2024-12-08-x86_64-unknown-linux-gnu/lib/rustlib/x86_64-unknown-linux-gnu/lib/libminiz_oxide-0b901dfb0ca849e0.rlib" "/opt/rustwide/rustup-home/toolchains/beta-2024-12-08-x86_64-unknown-linux-gnu/lib/rustlib/x86_64-unknown-linux-gnu/lib/libadler-eebeb8d7c64543ad.rlib" "/opt/rustwide/rustup-home/toolchains/beta-2024-12-08-x86_64-unknown-linux-gnu/lib/rustlib/x86_64-unknown-linux-gnu/lib/libunwind-4723ef81d6079867.rlib" "/opt/rustwide/rustup-home/toolchains/beta-2024-12-08-x86_64-unknown-linux-gnu/lib/rustlib/x86_64-unknown-linux-gnu/lib/libcfg_if-54442f8b422f5a54.rlib" "/opt/rustwide/rustup-home/toolchains/beta-2024-12-08-x86_64-unknown-linux-gnu/lib/rustlib/x86_64-unknown-linux-gnu/lib/liblibc-e0bbe034b5282553.rlib" "/opt/rustwide/rustup-home/toolchains/beta-2024-12-08-x86_64-unknown-linux-gnu/lib/rustlib/x86_64-unknown-linux-gnu/lib/liballoc-d0febb68c1c37b90.rlib" "/opt/rustwide/rustup-home/toolchains/beta-2024-12-08-x86_64-unknown-linux-gnu/lib/rustlib/x86_64-unknown-linux-gnu/lib/librustc_std_workspace_core-4cf833632aafa84c.rlib" "/opt/rustwide/rustup-home/toolchains/beta-2024-12-08-x86_64-unknown-linux-gnu/lib/rustlib/x86_64-unknown-linux-gnu/lib/libcore-65c2c6d2d6ae570b.rlib" "/opt/rustwide/rustup-home/toolchains/beta-2024-12-08-x86_64-unknown-linux-gnu/lib/rustlib/x86_64-unknown-linux-gnu/lib/libcompiler_builtins-97929cee0dcfe424.rlib" "-Wl,-Bdynamic" "-ldl" "-ldl" "-lgcc_s" "-lutil" "-lrt" "-lpthread" "-lm" "-ldl" "-lc" "-Wl,--eh-frame-hdr" "-Wl,-z,noexecstack" "-L" "/opt/rustwide/target/debug/build/blake3-64de9baecf380ae0/out" "-L" "/opt/rustwide/rustup-home/toolchains/beta-2024-12-08-x86_64-unknown-linux-gnu/lib/rustlib/x86_64-unknown-linux-gnu/lib" "-o" "/tmp/rustdoctestWwxNXb/rust_out" "-Wl,--gc-sections" "-pie" "-Wl,-z,relro,-z,now" "-nodefaultlibs"
[INFO] [stdout]   = note: collect2: fatal error: ld terminated with signal 9 [Killed]
[INFO] [stdout]           compilation terminated.
[INFO] [stdout]           
[INFO] [stdout] 
[INFO] [stdout] error: aborting due to 1 previous error
[INFO] [stdout] 
[INFO] [stdout] Couldn't compile the test.
[INFO] [stdout] 
[INFO] [stdout] failures:
[INFO] [stdout]     src/lib.rs - anyhow_alert_system (line 111)
[INFO] [stdout] 
[INFO] [stdout] test result: FAILED. 3 passed; 1 failed; 0 ignored; 0 measured; 0 filtered out; finished in 30.22s
[INFO] [stdout] 
[INFO] [stderr] error: doctest failed, to rerun pass `--doc`
[INFO] running `Command { std: "docker" "inspect" "36186ddded94ea5c3493e5eb9aa13c870e6b108b554b956adfde7128fe505ab5", kill_on_drop: false }`
[INFO] running `Command { std: "docker" "rm" "-f" "36186ddded94ea5c3493e5eb9aa13c870e6b108b554b956adfde7128fe505ab5", kill_on_drop: false }`
[INFO] [stdout] 36186ddded94ea5c3493e5eb9aa13c870e6b108b554b956adfde7128fe505ab5
