[INFO] fetching crate better_progress 0.1.0...
[INFO] testing better_progress-0.1.0 against beta-2024-12-08 for beta-1.84.0-4-retry
[INFO] extracting crate better_progress 0.1.0 into /workspace/builds/worker-1-tc2/source
[INFO] validating manifest of crates.io crate better_progress 0.1.0 on toolchain beta-2024-12-08
[INFO] running `Command { std: CARGO_HOME="/workspace/cargo-home" RUSTUP_HOME="/workspace/rustup-home" "/workspace/cargo-home/bin/cargo" "+beta-2024-12-08" "metadata" "--manifest-path" "Cargo.toml" "--no-deps", kill_on_drop: false }`
[INFO] started tweaking crates.io crate better_progress 0.1.0
[INFO] finished tweaking crates.io crate better_progress 0.1.0
[INFO] tweaked toml for crates.io crate better_progress 0.1.0 written to /workspace/builds/worker-1-tc2/source/Cargo.toml
[INFO] crate crates.io crate better_progress 0.1.0 already has a lockfile, it will not be regenerated
[INFO] running `Command { std: CARGO_HOME="/workspace/cargo-home" RUSTUP_HOME="/workspace/rustup-home" "/workspace/cargo-home/bin/cargo" "+beta-2024-12-08" "fetch" "--manifest-path" "Cargo.toml", kill_on_drop: false }`
[INFO] [stderr] warning: no edition set: defaulting to the 2015 edition while the latest is 2021
[INFO] running `Command { std: "docker" "create" "-v" "/var/lib/crater-agent-workspace/builds/worker-1-tc2/target:/opt/rustwide/target:rw,Z" "-v" "/var/lib/crater-agent-workspace/builds/worker-1-tc2/source:/opt/rustwide/workdir:ro,Z" "-v" "/var/lib/crater-agent-workspace/cargo-home:/opt/rustwide/cargo-home:ro,Z" "-v" "/var/lib/crater-agent-workspace/rustup-home:/opt/rustwide/rustup-home:ro,Z" "-e" "SOURCE_DIR=/opt/rustwide/workdir" "-e" "CARGO_TARGET_DIR=/opt/rustwide/target" "-e" "CARGO_HOME=/opt/rustwide/cargo-home" "-e" "RUSTUP_HOME=/opt/rustwide/rustup-home" "-w" "/opt/rustwide/workdir" "-m" "1610612736" "--user" "0:0" "--network" "none" "ghcr.io/rust-lang/crates-build-env/linux@sha256:f3a9d4ad9d972b27faf3965f35b62e55ba32bbce8f20bc8fe909558a86702fde" "/opt/rustwide/cargo-home/bin/cargo" "+beta-2024-12-08" "metadata" "--no-deps" "--format-version=1", kill_on_drop: false }`
[INFO] [stdout] 22eca8a8a8bb0b1e2bf533c1fadfec172c1adbee1b81e3c2eb5f7057b86ed5b8
[INFO] running `Command { std: "docker" "start" "-a" "22eca8a8a8bb0b1e2bf533c1fadfec172c1adbee1b81e3c2eb5f7057b86ed5b8", kill_on_drop: false }`
[INFO] running `Command { std: "docker" "inspect" "22eca8a8a8bb0b1e2bf533c1fadfec172c1adbee1b81e3c2eb5f7057b86ed5b8", kill_on_drop: false }`
[INFO] running `Command { std: "docker" "rm" "-f" "22eca8a8a8bb0b1e2bf533c1fadfec172c1adbee1b81e3c2eb5f7057b86ed5b8", kill_on_drop: false }`
[INFO] [stdout] 22eca8a8a8bb0b1e2bf533c1fadfec172c1adbee1b81e3c2eb5f7057b86ed5b8
[INFO] running `Command { std: "docker" "create" "-v" "/var/lib/crater-agent-workspace/builds/worker-1-tc2/target:/opt/rustwide/target:rw,Z" "-v" "/var/lib/crater-agent-workspace/builds/worker-1-tc2/source:/opt/rustwide/workdir:ro,Z" "-v" "/var/lib/crater-agent-workspace/cargo-home:/opt/rustwide/cargo-home:ro,Z" "-v" "/var/lib/crater-agent-workspace/rustup-home:/opt/rustwide/rustup-home:ro,Z" "-e" "SOURCE_DIR=/opt/rustwide/workdir" "-e" "CARGO_TARGET_DIR=/opt/rustwide/target" "-e" "CARGO_INCREMENTAL=0" "-e" "RUST_BACKTRACE=full" "-e" "RUSTFLAGS=--cap-lints=warn" "-e" "RUSTDOCFLAGS=--cap-lints=warn" "-e" "CARGO_HOME=/opt/rustwide/cargo-home" "-e" "RUSTUP_HOME=/opt/rustwide/rustup-home" "-w" "/opt/rustwide/workdir" "-m" "1610612736" "--user" "0:0" "--network" "none" "ghcr.io/rust-lang/crates-build-env/linux@sha256:f3a9d4ad9d972b27faf3965f35b62e55ba32bbce8f20bc8fe909558a86702fde" "/opt/rustwide/cargo-home/bin/cargo" "+beta-2024-12-08" "build" "--frozen" "--message-format=json", kill_on_drop: false }`
[INFO] [stdout] 5a42978962a98e4a2b38e4e559c764c18a11441e88f4e58b1ddcbf4f869d85c4
[INFO] running `Command { std: "docker" "start" "-a" "5a42978962a98e4a2b38e4e559c764c18a11441e88f4e58b1ddcbf4f869d85c4", kill_on_drop: false }`
[INFO] [stderr] warning: no edition set: defaulting to the 2015 edition while the latest is 2021
[INFO] [stderr]    Compiling libc v0.2.150
[INFO] [stderr]    Compiling terminal_size v0.1.17
[INFO] [stderr]    Compiling better_progress v0.1.0 (/opt/rustwide/workdir)
[INFO] [stderr]     Finished `dev` profile [unoptimized + debuginfo] target(s) in 1.12s
[INFO] running `Command { std: "docker" "inspect" "5a42978962a98e4a2b38e4e559c764c18a11441e88f4e58b1ddcbf4f869d85c4", kill_on_drop: false }`
[INFO] running `Command { std: "docker" "rm" "-f" "5a42978962a98e4a2b38e4e559c764c18a11441e88f4e58b1ddcbf4f869d85c4", kill_on_drop: false }`
[INFO] [stdout] 5a42978962a98e4a2b38e4e559c764c18a11441e88f4e58b1ddcbf4f869d85c4
[INFO] running `Command { std: "docker" "create" "-v" "/var/lib/crater-agent-workspace/builds/worker-1-tc2/target:/opt/rustwide/target:rw,Z" "-v" "/var/lib/crater-agent-workspace/builds/worker-1-tc2/source:/opt/rustwide/workdir:ro,Z" "-v" "/var/lib/crater-agent-workspace/cargo-home:/opt/rustwide/cargo-home:ro,Z" "-v" "/var/lib/crater-agent-workspace/rustup-home:/opt/rustwide/rustup-home:ro,Z" "-e" "SOURCE_DIR=/opt/rustwide/workdir" "-e" "CARGO_TARGET_DIR=/opt/rustwide/target" "-e" "CARGO_INCREMENTAL=0" "-e" "RUST_BACKTRACE=full" "-e" "RUSTFLAGS=--cap-lints=warn" "-e" "RUSTDOCFLAGS=--cap-lints=warn" "-e" "CARGO_HOME=/opt/rustwide/cargo-home" "-e" "RUSTUP_HOME=/opt/rustwide/rustup-home" "-w" "/opt/rustwide/workdir" "-m" "1610612736" "--user" "0:0" "--network" "none" "ghcr.io/rust-lang/crates-build-env/linux@sha256:f3a9d4ad9d972b27faf3965f35b62e55ba32bbce8f20bc8fe909558a86702fde" "/opt/rustwide/cargo-home/bin/cargo" "+beta-2024-12-08" "test" "--frozen" "--no-run" "--message-format=json", kill_on_drop: false }`
[INFO] [stdout] b3109f7377ef45e1c139f732dd3eb901a5b7051bd10f2bd5c684a431f0dbbd96
[INFO] running `Command { std: "docker" "start" "-a" "b3109f7377ef45e1c139f732dd3eb901a5b7051bd10f2bd5c684a431f0dbbd96", kill_on_drop: false }`
[INFO] [stderr] warning: no edition set: defaulting to the 2015 edition while the latest is 2021
[INFO] [stderr]    Compiling better_progress v0.1.0 (/opt/rustwide/workdir)
[INFO] [stdout] warning: use of deprecated function `std::thread::sleep_ms`: replaced by `std::thread::sleep`
[INFO] [stdout]   --> examples/simple_examples.rs:12:17
[INFO] [stdout]    |
[INFO] [stdout] 12 |         thread::sleep_ms(1000);
[INFO] [stdout]    |                 ^^^^^^^^
[INFO] [stdout]    |
[INFO] [stdout]    = note: `#[warn(deprecated)]` on by default
[INFO] [stdout] 
[INFO] [stdout] 
[INFO] [stdout] warning: use of deprecated function `std::thread::sleep_ms`: replaced by `std::thread::sleep`
[INFO] [stdout]   --> examples/simple_examples.rs:16:17
[INFO] [stdout]    |
[INFO] [stdout] 16 |         thread::sleep_ms(1000);
[INFO] [stdout]    |                 ^^^^^^^^
[INFO] [stdout] 
[INFO] [stdout] 
[INFO] [stdout] warning: use of deprecated function `std::thread::sleep_ms`: replaced by `std::thread::sleep`
[INFO] [stdout]   --> examples/simple_examples.rs:20:17
[INFO] [stdout]    |
[INFO] [stdout] 20 |         thread::sleep_ms(1000);
[INFO] [stdout]    |                 ^^^^^^^^
[INFO] [stdout] 
[INFO] [stdout] 
[INFO] [stdout] warning: use of deprecated function `std::thread::sleep_ms`: replaced by `std::thread::sleep`
[INFO] [stdout]   --> examples/simple_examples.rs:24:17
[INFO] [stdout]    |
[INFO] [stdout] 24 |         thread::sleep_ms(1000);
[INFO] [stdout]    |                 ^^^^^^^^
[INFO] [stdout] 
[INFO] [stdout] 
[INFO] [stdout] warning: use of deprecated function `std::thread::sleep_ms`: replaced by `std::thread::sleep`
[INFO] [stdout]   --> examples/simple_examples.rs:28:17
[INFO] [stdout]    |
[INFO] [stdout] 28 |         thread::sleep_ms(1000);
[INFO] [stdout]    |                 ^^^^^^^^
[INFO] [stdout] 
[INFO] [stdout] 
[INFO] [stdout] warning: use of deprecated function `std::thread::sleep_ms`: replaced by `std::thread::sleep`
[INFO] [stdout]   --> examples/simple_examples.rs:35:17
[INFO] [stdout]    |
[INFO] [stdout] 35 |         thread::sleep_ms(30);
[INFO] [stdout]    |                 ^^^^^^^^
[INFO] [stdout] 
[INFO] [stdout] 
[INFO] [stdout] warning: use of deprecated function `std::thread::sleep_ms`: replaced by `std::thread::sleep`
[INFO] [stdout]   --> examples/simple_examples.rs:43:17
[INFO] [stdout]    |
[INFO] [stdout] 43 |         thread::sleep_ms(5);
[INFO] [stdout]    |                 ^^^^^^^^
[INFO] [stdout] 
[INFO] [stdout] 
[INFO] [stderr]     Finished `test` profile [unoptimized + debuginfo] target(s) in 0.36s
[INFO] running `Command { std: "docker" "inspect" "b3109f7377ef45e1c139f732dd3eb901a5b7051bd10f2bd5c684a431f0dbbd96", kill_on_drop: false }`
[INFO] running `Command { std: "docker" "rm" "-f" "b3109f7377ef45e1c139f732dd3eb901a5b7051bd10f2bd5c684a431f0dbbd96", kill_on_drop: false }`
[INFO] [stdout] b3109f7377ef45e1c139f732dd3eb901a5b7051bd10f2bd5c684a431f0dbbd96
[INFO] running `Command { std: "docker" "create" "-v" "/var/lib/crater-agent-workspace/builds/worker-1-tc2/target:/opt/rustwide/target:rw,Z" "-v" "/var/lib/crater-agent-workspace/builds/worker-1-tc2/source:/opt/rustwide/workdir:ro,Z" "-v" "/var/lib/crater-agent-workspace/cargo-home:/opt/rustwide/cargo-home:ro,Z" "-v" "/var/lib/crater-agent-workspace/rustup-home:/opt/rustwide/rustup-home:ro,Z" "-e" "SOURCE_DIR=/opt/rustwide/workdir" "-e" "CARGO_TARGET_DIR=/opt/rustwide/target" "-e" "CARGO_INCREMENTAL=0" "-e" "RUST_BACKTRACE=full" "-e" "RUSTFLAGS=--cap-lints=warn" "-e" "RUSTDOCFLAGS=--cap-lints=warn" "-e" "CARGO_HOME=/opt/rustwide/cargo-home" "-e" "RUSTUP_HOME=/opt/rustwide/rustup-home" "-w" "/opt/rustwide/workdir" "-m" "1610612736" "--user" "0:0" "--network" "none" "ghcr.io/rust-lang/crates-build-env/linux@sha256:f3a9d4ad9d972b27faf3965f35b62e55ba32bbce8f20bc8fe909558a86702fde" "/opt/rustwide/cargo-home/bin/cargo" "+beta-2024-12-08" "test" "--frozen", kill_on_drop: false }`
[INFO] [stdout] 276420b6f3312c22d18c1d527345d0878413cdc1aaf17486e9c0ce4f744a7935
[INFO] running `Command { std: "docker" "start" "-a" "276420b6f3312c22d18c1d527345d0878413cdc1aaf17486e9c0ce4f744a7935", kill_on_drop: false }`
[INFO] [stderr] warning: no edition set: defaulting to the 2015 edition while the latest is 2021
[INFO] [stderr] warning: use of deprecated function `std::thread::sleep_ms`: replaced by `std::thread::sleep`
[INFO] [stderr]   --> examples/simple_examples.rs:12:17
[INFO] [stderr]    |
[INFO] [stderr] 12 |         thread::sleep_ms(1000);
[INFO] [stderr]    |                 ^^^^^^^^
[INFO] [stderr]    |
[INFO] [stderr]    = note: `#[warn(deprecated)]` on by default
[INFO] [stderr] 
[INFO] [stderr] warning: use of deprecated function `std::thread::sleep_ms`: replaced by `std::thread::sleep`
[INFO] [stderr]   --> examples/simple_examples.rs:16:17
[INFO] [stderr]    |
[INFO] [stderr] 16 |         thread::sleep_ms(1000);
[INFO] [stderr]    |                 ^^^^^^^^
[INFO] [stderr] 
[INFO] [stderr] warning: use of deprecated function `std::thread::sleep_ms`: replaced by `std::thread::sleep`
[INFO] [stderr]   --> examples/simple_examples.rs:20:17
[INFO] [stderr]    |
[INFO] [stderr] 20 |         thread::sleep_ms(1000);
[INFO] [stderr]    |                 ^^^^^^^^
[INFO] [stderr] 
[INFO] [stderr] warning: use of deprecated function `std::thread::sleep_ms`: replaced by `std::thread::sleep`
[INFO] [stderr]   --> examples/simple_examples.rs:24:17
[INFO] [stderr]    |
[INFO] [stderr] 24 |         thread::sleep_ms(1000);
[INFO] [stderr]    |                 ^^^^^^^^
[INFO] [stderr] 
[INFO] [stderr] warning: use of deprecated function `std::thread::sleep_ms`: replaced by `std::thread::sleep`
[INFO] [stderr]   --> examples/simple_examples.rs:28:17
[INFO] [stderr]    |
[INFO] [stderr] 28 |         thread::sleep_ms(1000);
[INFO] [stderr]    |                 ^^^^^^^^
[INFO] [stderr] 
[INFO] [stderr] warning: use of deprecated function `std::thread::sleep_ms`: replaced by `std::thread::sleep`
[INFO] [stderr]   --> examples/simple_examples.rs:35:17
[INFO] [stderr]    |
[INFO] [stderr] 35 |         thread::sleep_ms(30);
[INFO] [stderr]    |                 ^^^^^^^^
[INFO] [stderr] 
[INFO] [stderr] warning: use of deprecated function `std::thread::sleep_ms`: replaced by `std::thread::sleep`
[INFO] [stderr]   --> examples/simple_examples.rs:43:17
[INFO] [stderr]    |
[INFO] [stderr] 43 |         thread::sleep_ms(5);
[INFO] [stderr]    |                 ^^^^^^^^
[INFO] [stderr] 
[INFO] [stderr] warning: `better_progress` (example "simple_examples") generated 7 warnings
[INFO] [stderr]     Finished `test` profile [unoptimized + debuginfo] target(s) in 0.02s
[INFO] [stdout] 
[INFO] [stderr]      Running unittests src/lib.rs (/opt/rustwide/target/debug/deps/better_progress-5ffae8c218bdb69f)
[INFO] [stdout] running 0 tests
[INFO] [stderr]    Doc-tests better_progress
[INFO] [stdout] 
[INFO] [stdout] test result: ok. 0 passed; 0 failed; 0 ignored; 0 measured; 0 filtered out; finished in 0.00s
[INFO] [stdout] 
[INFO] [stdout] 
[INFO] [stdout] running 5 tests
[INFO] [stdout] test src/lib.rs - Text (line 281) ... FAILED
[INFO] [stdout] test src/lib.rs - SpinningCircle (line 351) ... FAILED
[INFO] [stdout] test src/lib.rs - Bar (line 167) ... FAILED
[INFO] [stdout] test src/lib.rs - (line 14) ... FAILED
[INFO] [stdout] test src/lib.rs - BarBuilder (line 60) ... FAILED
[INFO] [stdout] 
[INFO] [stdout] failures:
[INFO] [stdout] 
[INFO] [stdout] ---- src/lib.rs - Text (line 281) stdout ----
[INFO] [stdout] error[E0463]: can't find crate for `progress`
[INFO] [stdout]  --> src/lib.rs:284:1
[INFO] [stdout]   |
[INFO] [stdout] 4 | extern crate progress;
[INFO] [stdout]   | ^^^^^^^^^^^^^^^^^^^^^^ can't find crate
[INFO] [stdout] 
[INFO] [stdout] warning: use of deprecated function `std::thread::sleep_ms`: replaced by `std::thread::sleep`
[INFO] [stdout]   --> src/lib.rs:290:13
[INFO] [stdout]    |
[INFO] [stdout] 10 |     thread::sleep_ms(1000);
[INFO] [stdout]    |             ^^^^^^^^
[INFO] [stdout]    |
[INFO] [stdout]    = note: `#[warn(deprecated)]` on by default
[INFO] [stdout] 
[INFO] [stdout] warning: use of deprecated function `std::thread::sleep_ms`: replaced by `std::thread::sleep`
[INFO] [stdout]   --> src/lib.rs:293:13
[INFO] [stdout]    |
[INFO] [stdout] 13 |     thread::sleep_ms(1000);
[INFO] [stdout]    |             ^^^^^^^^
[INFO] [stdout] 
[INFO] [stdout] warning: use of deprecated function `std::thread::sleep_ms`: replaced by `std::thread::sleep`
[INFO] [stdout]   --> src/lib.rs:296:13
[INFO] [stdout]    |
[INFO] [stdout] 16 |     thread::sleep_ms(1000);
[INFO] [stdout]    |             ^^^^^^^^
[INFO] [stdout] 
[INFO] [stdout] warning: use of deprecated function `std::thread::sleep_ms`: replaced by `std::thread::sleep`
[INFO] [stdout]   --> src/lib.rs:299:13
[INFO] [stdout]    |
[INFO] [stdout] 19 |     thread::sleep_ms(1000);
[INFO] [stdout]    |             ^^^^^^^^
[INFO] [stdout] 
[INFO] [stdout] warning: use of deprecated function `std::thread::sleep_ms`: replaced by `std::thread::sleep`
[INFO] [stdout]   --> src/lib.rs:302:13
[INFO] [stdout]    |
[INFO] [stdout] 22 |     thread::sleep_ms(1000);
[INFO] [stdout]    |             ^^^^^^^^
[INFO] [stdout] 
[INFO] [stdout] error: aborting due to 1 previous error; 5 warnings emitted
[INFO] [stdout] 
[INFO] [stdout] For more information about this error, try `rustc --explain E0463`.
[INFO] [stdout] Couldn't compile the test.
[INFO] [stdout] ---- src/lib.rs - SpinningCircle (line 351) stdout ----
[INFO] [stdout] error[E0463]: can't find crate for `progress`
[INFO] [stdout]  --> src/lib.rs:354:1
[INFO] [stdout]   |
[INFO] [stdout] 4 | extern crate progress;
[INFO] [stdout]   | ^^^^^^^^^^^^^^^^^^^^^^ can't find crate
[INFO] [stdout] 
[INFO] [stdout] warning: use of deprecated function `std::thread::sleep_ms`: replaced by `std::thread::sleep`
[INFO] [stdout]   --> src/lib.rs:361:17
[INFO] [stdout]    |
[INFO] [stdout] 11 |         thread::sleep_ms(50);
[INFO] [stdout]    |                 ^^^^^^^^
[INFO] [stdout]    |
[INFO] [stdout]    = note: `#[warn(deprecated)]` on by default
[INFO] [stdout] 
[INFO] [stdout] warning: use of deprecated function `std::thread::sleep_ms`: replaced by `std::thread::sleep`
[INFO] [stdout]   --> src/lib.rs:368:17
[INFO] [stdout]    |
[INFO] [stdout] 18 |         thread::sleep_ms(50);
[INFO] [stdout]    |                 ^^^^^^^^
[INFO] [stdout] 
[INFO] [stdout] warning: use of deprecated function `std::thread::sleep_ms`: replaced by `std::thread::sleep`
[INFO] [stdout]   --> src/lib.rs:375:17
[INFO] [stdout]    |
[INFO] [stdout] 25 |         thread::sleep_ms(50);
[INFO] [stdout]    |                 ^^^^^^^^
[INFO] [stdout] 
[INFO] [stdout] error: aborting due to 1 previous error; 3 warnings emitted
[INFO] [stdout] 
[INFO] [stdout] For more information about this error, try `rustc --explain E0463`.
[INFO] [stdout] Couldn't compile the test.
[INFO] [stdout] ---- src/lib.rs - Bar (line 167) stdout ----
[INFO] [stdout] error[E0463]: can't find crate for `progress`
[INFO] [stdout]  --> src/lib.rs:170:1
[INFO] [stdout]   |
[INFO] [stdout] 4 | extern crate progress;
[INFO] [stdout]   | ^^^^^^^^^^^^^^^^^^^^^^ can't find crate
[INFO] [stdout] 
[INFO] [stdout] warning: use of deprecated function `std::thread::sleep_ms`: replaced by `std::thread::sleep`
[INFO] [stdout]   --> src/lib.rs:178:17
[INFO] [stdout]    |
[INFO] [stdout] 12 |         thread::sleep_ms(100);
[INFO] [stdout]    |                 ^^^^^^^^
[INFO] [stdout]    |
[INFO] [stdout]    = note: `#[warn(deprecated)]` on by default
[INFO] [stdout] 
[INFO] [stdout] error: aborting due to 1 previous error; 1 warning emitted
[INFO] [stdout] 
[INFO] [stdout] For more information about this error, try `rustc --explain E0463`.
[INFO] [stdout] Couldn't compile the test.
[INFO] [stdout] ---- src/lib.rs - (line 14) stdout ----
[INFO] [stdout] error: expected `;`, found `better_progress`
[INFO] [stdout]  --> src/lib.rs:16:15
[INFO] [stdout]   |
[INFO] [stdout] 5 | [dependencies]
[INFO] [stdout]   |               ^ help: add `;` here
[INFO] [stdout] 6 | better_progress = "0.1.0"
[INFO] [stdout]   | --------------- unexpected token
[INFO] [stdout] 
[INFO] [stdout] error[E0423]: expected value, found crate `better_progress`
[INFO] [stdout]  --> src/lib.rs:17:1
[INFO] [stdout]   |
[INFO] [stdout] 6 | better_progress = "0.1.0"
[INFO] [stdout]   | ^^^^^^^^^^^^^^^
[INFO] [stdout]   |
[INFO] [stdout] help: you might have meant to introduce a new binding
[INFO] [stdout]   |
[INFO] [stdout] 6 | let better_progress = "0.1.0"
[INFO] [stdout]   | +++
[INFO] [stdout] 
[INFO] [stdout] error: aborting due to 2 previous errors
[INFO] [stdout] 
[INFO] [stdout] For more information about this error, try `rustc --explain E0423`.
[INFO] [stdout] Couldn't compile the test.
[INFO] [stdout] ---- src/lib.rs - BarBuilder (line 60) stdout ----
[INFO] [stdout] error[E0463]: can't find crate for `progress`
[INFO] [stdout]  --> src/lib.rs:63:1
[INFO] [stdout]   |
[INFO] [stdout] 4 | extern crate progress;
[INFO] [stdout]   | ^^^^^^^^^^^^^^^^^^^^^^ can't find crate
[INFO] [stdout] 
[INFO] [stdout] warning: use of deprecated function `std::thread::sleep_ms`: replaced by `std::thread::sleep`
[INFO] [stdout]   --> src/lib.rs:76:17
[INFO] [stdout]    |
[INFO] [stdout] 17 |         thread::sleep_ms(500);
[INFO] [stdout]    |                 ^^^^^^^^
[INFO] [stdout]    |
[INFO] [stdout]    = note: `#[warn(deprecated)]` on by default
[INFO] [stdout] 
[INFO] [stdout] error: aborting due to 1 previous error; 1 warning emitted
[INFO] [stdout] 
[INFO] [stdout] For more information about this error, try `rustc --explain E0463`.
[INFO] [stdout] Couldn't compile the test.
[INFO] [stdout] 
[INFO] [stdout] failures:
[INFO] [stdout]     src/lib.rs - (line 14)
[INFO] [stdout]     src/lib.rs - Bar (line 167)
[INFO] [stdout]     src/lib.rs - BarBuilder (line 60)
[INFO] [stdout]     src/lib.rs - SpinningCircle (line 351)
[INFO] [stdout]     src/lib.rs - Text (line 281)
[INFO] [stdout] 
[INFO] [stdout] test result: FAILED. 0 passed; 5 failed; 0 ignored; 0 measured; 0 filtered out; finished in 0.10s
[INFO] [stdout] 
[INFO] [stderr] error: doctest failed, to rerun pass `--doc`
[INFO] running `Command { std: "docker" "inspect" "276420b6f3312c22d18c1d527345d0878413cdc1aaf17486e9c0ce4f744a7935", kill_on_drop: false }`
[INFO] running `Command { std: "docker" "rm" "-f" "276420b6f3312c22d18c1d527345d0878413cdc1aaf17486e9c0ce4f744a7935", kill_on_drop: false }`
[INFO] [stdout] 276420b6f3312c22d18c1d527345d0878413cdc1aaf17486e9c0ce4f744a7935
