[INFO] fetching crate better-routes 0.3.4...
[INFO] testing better-routes-0.3.4 against 1.83.0 for beta-1.84.0-4-retry
[INFO] extracting crate better-routes 0.3.4 into /workspace/builds/worker-4-tc1/source
[INFO] validating manifest of crates.io crate better-routes 0.3.4 on toolchain 1.83.0
[INFO] running `Command { std: CARGO_HOME="/workspace/cargo-home" RUSTUP_HOME="/workspace/rustup-home" "/workspace/cargo-home/bin/cargo" "+1.83.0" "metadata" "--manifest-path" "Cargo.toml" "--no-deps", kill_on_drop: false }`
[INFO] started tweaking crates.io crate better-routes 0.3.4
[INFO] removed 0 missing tests
[INFO] finished tweaking crates.io crate better-routes 0.3.4
[INFO] tweaked toml for crates.io crate better-routes 0.3.4 written to /workspace/builds/worker-4-tc1/source/Cargo.toml
[INFO] running `Command { std: CARGO_HOME="/workspace/cargo-home" RUSTUP_HOME="/workspace/rustup-home" "/workspace/cargo-home/bin/cargo" "+1.83.0" "generate-lockfile" "--manifest-path" "Cargo.toml", kill_on_drop: false }`
[INFO] [stderr]     Updating crates.io index
[INFO] [stderr]      Locking 91 packages to latest compatible versions
[INFO] running `Command { std: CARGO_HOME="/workspace/cargo-home" RUSTUP_HOME="/workspace/rustup-home" "/workspace/cargo-home/bin/cargo" "+1.83.0" "fetch" "--manifest-path" "Cargo.toml", kill_on_drop: false }`
[INFO] [stderr]  Downloading crates ...
[INFO] [stderr]   Downloaded better-routes-macros v0.3.1
[INFO] [stderr]   Downloaded axum-extra v0.9.6
[INFO] running `Command { std: "docker" "create" "-v" "/var/lib/crater-agent-workspace/builds/worker-4-tc1/target:/opt/rustwide/target:rw,Z" "-v" "/var/lib/crater-agent-workspace/builds/worker-4-tc1/source:/opt/rustwide/workdir:ro,Z" "-v" "/var/lib/crater-agent-workspace/cargo-home:/opt/rustwide/cargo-home:ro,Z" "-v" "/var/lib/crater-agent-workspace/rustup-home:/opt/rustwide/rustup-home:ro,Z" "-e" "SOURCE_DIR=/opt/rustwide/workdir" "-e" "CARGO_TARGET_DIR=/opt/rustwide/target" "-e" "CARGO_HOME=/opt/rustwide/cargo-home" "-e" "RUSTUP_HOME=/opt/rustwide/rustup-home" "-w" "/opt/rustwide/workdir" "-m" "1610612736" "--user" "0:0" "--network" "none" "ghcr.io/rust-lang/crates-build-env/linux@sha256:f3a9d4ad9d972b27faf3965f35b62e55ba32bbce8f20bc8fe909558a86702fde" "/opt/rustwide/cargo-home/bin/cargo" "+1.83.0" "metadata" "--no-deps" "--format-version=1", kill_on_drop: false }`
[INFO] [stdout] c1f45778f89d96a64d5579547cf4691cfe814d161adb5c1d2e75098f34c33cdb
[INFO] running `Command { std: "docker" "start" "-a" "c1f45778f89d96a64d5579547cf4691cfe814d161adb5c1d2e75098f34c33cdb", kill_on_drop: false }`
[INFO] running `Command { std: "docker" "inspect" "c1f45778f89d96a64d5579547cf4691cfe814d161adb5c1d2e75098f34c33cdb", kill_on_drop: false }`
[INFO] running `Command { std: "docker" "rm" "-f" "c1f45778f89d96a64d5579547cf4691cfe814d161adb5c1d2e75098f34c33cdb", kill_on_drop: false }`
[INFO] [stdout] c1f45778f89d96a64d5579547cf4691cfe814d161adb5c1d2e75098f34c33cdb
[INFO] running `Command { std: "docker" "create" "-v" "/var/lib/crater-agent-workspace/builds/worker-4-tc1/target:/opt/rustwide/target:rw,Z" "-v" "/var/lib/crater-agent-workspace/builds/worker-4-tc1/source:/opt/rustwide/workdir:ro,Z" "-v" "/var/lib/crater-agent-workspace/cargo-home:/opt/rustwide/cargo-home:ro,Z" "-v" "/var/lib/crater-agent-workspace/rustup-home:/opt/rustwide/rustup-home:ro,Z" "-e" "SOURCE_DIR=/opt/rustwide/workdir" "-e" "CARGO_TARGET_DIR=/opt/rustwide/target" "-e" "CARGO_INCREMENTAL=0" "-e" "RUST_BACKTRACE=full" "-e" "RUSTFLAGS=--cap-lints=warn" "-e" "RUSTDOCFLAGS=--cap-lints=warn" "-e" "CARGO_HOME=/opt/rustwide/cargo-home" "-e" "RUSTUP_HOME=/opt/rustwide/rustup-home" "-w" "/opt/rustwide/workdir" "-m" "1610612736" "--user" "0:0" "--network" "none" "ghcr.io/rust-lang/crates-build-env/linux@sha256:f3a9d4ad9d972b27faf3965f35b62e55ba32bbce8f20bc8fe909558a86702fde" "/opt/rustwide/cargo-home/bin/cargo" "+1.83.0" "build" "--frozen" "--message-format=json", kill_on_drop: false }`
[INFO] [stdout] 498f6acfd990c110b32427ee77845e97e097e4576d98f349be0e512699566d04
[INFO] running `Command { std: "docker" "start" "-a" "498f6acfd990c110b32427ee77845e97e097e4576d98f349be0e512699566d04", kill_on_drop: false }`
[INFO] [stderr]    Compiling syn v2.0.90
[INFO] [stderr]    Compiling better-routes-macros v0.3.1
[INFO] [stderr]    Compiling better-routes v0.3.4 (/opt/rustwide/workdir)
[INFO] [stderr]     Finished `dev` profile [unoptimized + debuginfo] target(s) in 5.78s
[INFO] running `Command { std: "docker" "inspect" "498f6acfd990c110b32427ee77845e97e097e4576d98f349be0e512699566d04", kill_on_drop: false }`
[INFO] running `Command { std: "docker" "rm" "-f" "498f6acfd990c110b32427ee77845e97e097e4576d98f349be0e512699566d04", kill_on_drop: false }`
[INFO] [stdout] 498f6acfd990c110b32427ee77845e97e097e4576d98f349be0e512699566d04
[INFO] running `Command { std: "docker" "create" "-v" "/var/lib/crater-agent-workspace/builds/worker-4-tc1/target:/opt/rustwide/target:rw,Z" "-v" "/var/lib/crater-agent-workspace/builds/worker-4-tc1/source:/opt/rustwide/workdir:ro,Z" "-v" "/var/lib/crater-agent-workspace/cargo-home:/opt/rustwide/cargo-home:ro,Z" "-v" "/var/lib/crater-agent-workspace/rustup-home:/opt/rustwide/rustup-home:ro,Z" "-e" "SOURCE_DIR=/opt/rustwide/workdir" "-e" "CARGO_TARGET_DIR=/opt/rustwide/target" "-e" "CARGO_INCREMENTAL=0" "-e" "RUST_BACKTRACE=full" "-e" "RUSTFLAGS=--cap-lints=warn" "-e" "RUSTDOCFLAGS=--cap-lints=warn" "-e" "CARGO_HOME=/opt/rustwide/cargo-home" "-e" "RUSTUP_HOME=/opt/rustwide/rustup-home" "-w" "/opt/rustwide/workdir" "-m" "1610612736" "--user" "0:0" "--network" "none" "ghcr.io/rust-lang/crates-build-env/linux@sha256:f3a9d4ad9d972b27faf3965f35b62e55ba32bbce8f20bc8fe909558a86702fde" "/opt/rustwide/cargo-home/bin/cargo" "+1.83.0" "test" "--frozen" "--no-run" "--message-format=json", kill_on_drop: false }`
[INFO] [stdout] 75062e97c62a8d693f188d0ecdcaa5cb8a72f86a8ed80dc60329396a08e88835
[INFO] running `Command { std: "docker" "start" "-a" "75062e97c62a8d693f188d0ecdcaa5cb8a72f86a8ed80dc60329396a08e88835", kill_on_drop: false }`
[INFO] [stderr]    Compiling syn v2.0.90
[INFO] [stderr]    Compiling itoa v1.0.14
[INFO] [stderr]    Compiling serde v1.0.216
[INFO] [stderr]    Compiling fnv v1.0.7
[INFO] [stderr]    Compiling bytes v1.9.0
[INFO] [stderr]    Compiling futures-task v0.3.31
[INFO] [stderr]    Compiling httparse v1.9.5
[INFO] [stderr]    Compiling ryu v1.0.18
[INFO] [stderr]    Compiling hashbrown v0.15.2
[INFO] [stderr]    Compiling equivalent v1.0.1
[INFO] [stderr]    Compiling log v0.4.22
[INFO] [stderr]    Compiling tracing-core v0.1.33
[INFO] [stderr]    Compiling serde_json v1.0.133
[INFO] [stderr]    Compiling tower-service v0.3.3
[INFO] [stderr]    Compiling rustversion v1.0.18
[INFO] [stderr]    Compiling socket2 v0.5.8
[INFO] [stderr]    Compiling mio v1.0.3
[INFO] [stderr]    Compiling percent-encoding v2.3.1
[INFO] [stderr]    Compiling futures-channel v0.3.31
[INFO] [stderr]    Compiling smallvec v1.13.2
[INFO] [stderr]    Compiling futures-util v0.3.31
[INFO] [stderr]    Compiling form_urlencoded v1.2.1
[INFO] [stderr]    Compiling tower-layer v0.3.3
[INFO] [stderr]    Compiling mime v0.3.17
[INFO] [stderr]    Compiling sync_wrapper v1.0.2
[INFO] [stderr]    Compiling version_check v0.9.5
[INFO] [stderr]    Compiling httpdate v1.0.3
[INFO] [stderr]    Compiling winnow v0.6.20
[INFO] [stderr]    Compiling target-triple v0.1.3
[INFO] [stderr]    Compiling encoding_rs v0.8.35
[INFO] [stderr]    Compiling spin v0.9.8
[INFO] [stderr]    Compiling matchit v0.7.3
[INFO] [stderr]    Compiling tracing v0.1.41
[INFO] [stderr]    Compiling glob v0.3.1
[INFO] [stderr]    Compiling http v1.2.0
[INFO] [stderr]    Compiling multer v3.1.0
[INFO] [stderr]    Compiling termcolor v1.4.1
[INFO] [stderr]    Compiling indexmap v2.7.0
[INFO] [stderr]    Compiling http-body v1.0.1
[INFO] [stderr]    Compiling http-body-util v0.1.2
[INFO] [stderr]    Compiling serde_derive v1.0.216
[INFO] [stderr]    Compiling tokio-macros v2.4.0
[INFO] [stderr]    Compiling async-trait v0.1.83
[INFO] [stderr]    Compiling axum-macros v0.4.2
[INFO] [stderr]    Compiling better-routes-macros v0.3.1
[INFO] [stderr]    Compiling better-routes v0.3.4 (/opt/rustwide/workdir)
[INFO] [stderr]    Compiling tokio v1.42.0
[INFO] [stderr]    Compiling axum-core v0.4.5
[INFO] [stderr]    Compiling hyper v1.5.1
[INFO] [stderr]    Compiling tower v0.5.2
[INFO] [stderr]    Compiling hyper-util v0.1.10
[INFO] [stderr]    Compiling toml_datetime v0.6.8
[INFO] [stderr]    Compiling serde_spanned v0.6.8
[INFO] [stderr]    Compiling serde_urlencoded v0.7.1
[INFO] [stderr]    Compiling serde_path_to_error v0.1.16
[INFO] [stderr]    Compiling serde_html_form v0.2.6
[INFO] [stderr]    Compiling toml_edit v0.22.22
[INFO] [stderr]    Compiling axum v0.7.9
[INFO] [stderr]    Compiling toml v0.8.19
[INFO] [stderr]    Compiling trybuild v1.0.101
[INFO] [stderr]    Compiling axum-extra v0.9.6
[INFO] [stderr]     Finished `test` profile [unoptimized + debuginfo] target(s) in 38.67s
[INFO] running `Command { std: "docker" "inspect" "75062e97c62a8d693f188d0ecdcaa5cb8a72f86a8ed80dc60329396a08e88835", kill_on_drop: false }`
[INFO] running `Command { std: "docker" "rm" "-f" "75062e97c62a8d693f188d0ecdcaa5cb8a72f86a8ed80dc60329396a08e88835", kill_on_drop: false }`
[INFO] [stdout] 75062e97c62a8d693f188d0ecdcaa5cb8a72f86a8ed80dc60329396a08e88835
[INFO] running `Command { std: "docker" "create" "-v" "/var/lib/crater-agent-workspace/builds/worker-4-tc1/target:/opt/rustwide/target:rw,Z" "-v" "/var/lib/crater-agent-workspace/builds/worker-4-tc1/source:/opt/rustwide/workdir:ro,Z" "-v" "/var/lib/crater-agent-workspace/cargo-home:/opt/rustwide/cargo-home:ro,Z" "-v" "/var/lib/crater-agent-workspace/rustup-home:/opt/rustwide/rustup-home:ro,Z" "-e" "SOURCE_DIR=/opt/rustwide/workdir" "-e" "CARGO_TARGET_DIR=/opt/rustwide/target" "-e" "CARGO_INCREMENTAL=0" "-e" "RUST_BACKTRACE=full" "-e" "RUSTFLAGS=--cap-lints=warn" "-e" "RUSTDOCFLAGS=--cap-lints=warn" "-e" "CARGO_HOME=/opt/rustwide/cargo-home" "-e" "RUSTUP_HOME=/opt/rustwide/rustup-home" "-w" "/opt/rustwide/workdir" "-m" "1610612736" "--user" "0:0" "--network" "none" "ghcr.io/rust-lang/crates-build-env/linux@sha256:f3a9d4ad9d972b27faf3965f35b62e55ba32bbce8f20bc8fe909558a86702fde" "/opt/rustwide/cargo-home/bin/cargo" "+1.83.0" "test" "--frozen", kill_on_drop: false }`
[INFO] [stdout] a25703c89910519baf8a6f4e6edece5e306cd9f702768ea889df4b7b22a8551e
[INFO] running `Command { std: "docker" "start" "-a" "a25703c89910519baf8a6f4e6edece5e306cd9f702768ea889df4b7b22a8551e", kill_on_drop: false }`
[INFO] [stderr]     Finished `test` profile [unoptimized + debuginfo] target(s) in 0.11s
[INFO] [stderr]      Running unittests src/lib.rs (/opt/rustwide/target/debug/deps/better_routes-587a9c0c2e030a55)
[INFO] [stdout] 
[INFO] [stdout] running 0 tests
[INFO] [stdout] 
[INFO] [stdout] test result: ok. 0 passed; 0 failed; 0 ignored; 0 measured; 0 filtered out; finished in 0.00s
[INFO] [stdout] 
[INFO] [stderr]      Running tests/all.rs (/opt/rustwide/target/debug/deps/all-c66712d4afec98c2)
[INFO] [stdout] 
[INFO] [stdout] running 9 tests
[INFO] [stdout] test should_capture_wildcard ... ok
[INFO] [stdout] test should_only_allow_del_request ... ok
[INFO] [stdout] test should_only_allow_post_request ... ok
[INFO] [stdout] test should_only_allow_get_request ... ok
[INFO] [stdout] test should_only_allow_patch_request ... ok
[INFO] [stdout] test should_only_allow_put_request ... ok
[INFO] [stdout] test should_reject_with_global_rejection ... ok
[INFO] [stdout] test should_reject_with_route_specific_rejection ... ok
[INFO] [stderr]    Compiling proc-macro2 v1.0.92
[INFO] [stderr]    Compiling unicode-ident v1.0.14
[INFO] [stderr]     Checking itoa v1.0.14
[INFO] [stderr]     Checking pin-project-lite v0.2.15
[INFO] [stderr]     Checking futures-core v0.3.31
[INFO] [stderr]    Compiling libc v0.2.168
[INFO] [stderr]     Checking futures-task v0.3.31
[INFO] [stderr]     Checking bytes v1.9.0
[INFO] [stderr]     Checking fnv v1.0.7
[INFO] [stderr]     Checking pin-utils v0.1.0
[INFO] [stderr]    Compiling serde v1.0.216
[INFO] [stderr]    Compiling httparse v1.9.5
[INFO] [stderr]     Checking once_cell v1.20.2
[INFO] [stderr]     Checking tower-service v0.3.3
[INFO] [stderr]     Checking percent-encoding v2.3.1
[INFO] [stderr]    Compiling rustversion v1.0.18
[INFO] [stderr]     Checking ryu v1.0.18
[INFO] [stderr]     Checking log v0.4.22
[INFO] [stderr]     Checking futures-channel v0.3.31
[INFO] [stderr]     Checking tower-layer v0.3.3
[INFO] [stderr]     Checking memchr v2.7.4
[INFO] [stderr]     Checking httpdate v1.0.3
[INFO] [stderr]     Checking form_urlencoded v1.2.1
[INFO] [stderr]     Checking futures-util v0.3.31
[INFO] [stderr]     Checking mime v0.3.17
[INFO] [stderr]     Checking tracing-core v0.1.33
[INFO] [stderr]     Checking sync_wrapper v1.0.2
[INFO] [stderr]    Compiling serde_json v1.0.133
[INFO] [stderr]    Compiling version_check v0.9.5
[INFO] [stderr]     Checking smallvec v1.13.2
[INFO] [stderr]     Checking equivalent v1.0.1
[INFO] [stderr]     Checking cfg-if v1.0.0
[INFO] [stderr]     Checking hashbrown v0.15.2
[INFO] [stderr]     Checking spin v0.9.8
[INFO] [stderr]     Checking encoding_rs v0.8.35
[INFO] [stderr]     Checking matchit v0.7.3
[INFO] [stderr]     Checking fastrand v2.3.0
[INFO] [stderr]     Checking indexmap v2.7.0
[INFO] [stderr]     Checking tracing v0.1.41
[INFO] [stderr]    Compiling multer v3.1.0
[INFO] [stderr]     Checking http v1.2.0
[INFO] [stderr]    Compiling quote v1.0.37
[INFO] [stderr]     Checking http-body v1.0.1
[INFO] [stderr]    Compiling syn v2.0.90
[INFO] [stderr]     Checking mio v1.0.3
[INFO] [stderr]     Checking socket2 v0.5.8
[INFO] [stderr]     Checking http-body-util v0.1.2
[INFO] [stderr]    Compiling serde_derive v1.0.216
[INFO] [stderr]    Compiling tokio-macros v2.4.0
[INFO] [stderr]    Compiling async-trait v0.1.83
[INFO] [stderr]    Compiling better-routes-macros v0.3.1
[INFO] [stderr]    Compiling axum-macros v0.4.2
[INFO] [stderr]     Checking tokio v1.42.0
[INFO] [stderr]     Checking better-routes v0.3.4 (/opt/rustwide/workdir)
[INFO] [stderr]     Checking axum-core v0.4.5
[INFO] [stderr]     Checking hyper v1.5.1
[INFO] [stderr]     Checking tower v0.5.2
[INFO] [stderr]     Checking hyper-util v0.1.10
[INFO] [stderr]     Checking serde_urlencoded v0.7.1
[INFO] [stderr]     Checking serde_path_to_error v0.1.16
[INFO] [stderr]     Checking serde_html_form v0.2.6
[INFO] [stderr]     Checking axum v0.7.9
[INFO] [stderr]     Checking axum-extra v0.9.6
[INFO] [stderr]     Checking better-routes-tests v0.0.0 (/opt/rustwide/target/tests/trybuild/better-routes)
[INFO] [stderr]     Finished `dev` profile [unoptimized + debuginfo] target(s) in 32.39s
[INFO] [stderr] 
[INFO] [stderr] 
[INFO] [stderr] test tests/trybuild/fail/should-fail-invalid-capture.rs ... ok
[INFO] [stderr] test tests/trybuild/fail/should-fail-invalid-path.rs ... mismatch
[INFO] [stderr] 
[INFO] [stderr] EXPECTED:
[INFO] [stderr] ┈┈┈┈┈┈┈┈┈┈┈┈┈┈┈┈┈┈┈┈┈┈┈┈┈┈┈┈┈┈┈┈┈┈┈┈┈┈┈┈┈┈┈┈┈┈┈┈┈┈┈┈┈┈┈┈┈┈┈┈
[INFO] [stderr] error[E0277]: the trait bound `(axum_core::extract::private::ViaParts, About): SecondElementIs<Home>` is not satisfied
[INFO] [stderr]   --> tests/trybuild/fail/should-fail-invalid-path.rs:12:16
[INFO] [stderr]    |
[INFO] [stderr] 12 |         get => about,
[INFO] [stderr]    |                ^^^^^ the trait `SecondElementIs<Home>` is not implemented for `(axum_core::extract::private::ViaParts, About)`
[INFO] [stderr]    |
[INFO] [stderr]    = help: the following other types implement trait `SecondElementIs<P>`:
[INFO] [stderr]              (M, P)
[INFO] [stderr]              (M, P, T1)
[INFO] [stderr]              (M, P, T1, T2)
[INFO] [stderr]              (M, P, T1, T2, T3)
[INFO] [stderr]              (M, P, T1, T2, T3, T4)
[INFO] [stderr]              (M, P, T1, T2, T3, T4, T5)
[INFO] [stderr]              (M, P, T1, T2, T3, T4, T5, T6)
[INFO] [stderr]              (M, P, T1, T2, T3, T4, T5, T6, T7)
[INFO] [stderr]            and $N others
[INFO] [stderr] note: required by a bound in `typed_get`
[INFO] [stderr]   --> $CARGO/axum-extra-0.9.4/src/routing/mod.rs
[INFO] [stderr]    |
[INFO] [stderr]    |     fn typed_get<H, T, P>(self, handler: H) -> Self
[INFO] [stderr]    |        --------- required by a bound in this associated function
[INFO] [stderr] ...
[INFO] [stderr]    |         T: SecondElementIs<P> + 'static,
[INFO] [stderr]    |            ^^^^^^^^^^^^^^^^^^ required by this bound in `RouterExt::typed_get`
[INFO] [stderr] ┈┈┈┈┈┈┈┈┈┈┈┈┈┈┈┈┈┈┈┈┈┈┈┈┈┈┈┈┈┈┈┈┈┈┈┈┈┈┈┈┈┈┈┈┈┈┈┈┈┈┈┈┈┈┈┈┈┈┈┈
[INFO] [stderr] 
[INFO] [stderr] ACTUAL OUTPUT:
[INFO] [stderr] ┈┈┈┈┈┈┈┈┈┈┈┈┈┈┈┈┈┈┈┈┈┈┈┈┈┈┈┈┈┈┈┈┈┈┈┈┈┈┈┈┈┈┈┈┈┈┈┈┈┈┈┈┈┈┈┈┈┈┈┈
[INFO] [stderr] error[E0277]: the trait bound `(axum_core::extract::private::ViaParts, About): SecondElementIs<Home>` is not satisfied
[INFO] [stderr]   --> tests/trybuild/fail/should-fail-invalid-path.rs:12:16
[INFO] [stderr]    |
[INFO] [stderr] 12 |         get => about,
[INFO] [stderr]    |                ^^^^^ the trait `SecondElementIs<Home>` is not implemented for `(axum_core::extract::private::ViaParts, About)`
[INFO] [stderr]    |
[INFO] [stderr]    = help: the following other types implement trait `SecondElementIs<P>`:
[INFO] [stderr]              (M, P)
[INFO] [stderr]              (M, P, T1)
[INFO] [stderr]              (M, P, T1, T2)
[INFO] [stderr]              (M, P, T1, T2, T3)
[INFO] [stderr]              (M, P, T1, T2, T3, T4)
[INFO] [stderr]              (M, P, T1, T2, T3, T4, T5)
[INFO] [stderr]              (M, P, T1, T2, T3, T4, T5, T6)
[INFO] [stderr]              (M, P, T1, T2, T3, T4, T5, T6, T7)
[INFO] [stderr]            and $N others
[INFO] [stderr] note: required by a bound in `typed_get`
[INFO] [stderr]   --> $CARGO/axum-extra-0.9.6/src/routing/mod.rs
[INFO] [stderr]    |
[INFO] [stderr]    |     fn typed_get<H, T, P>(self, handler: H) -> Self
[INFO] [stderr]    |        --------- required by a bound in this associated function
[INFO] [stderr] ...
[INFO] [stderr]    |         T: SecondElementIs<P> + 'static,
[INFO] [stderr]    |            ^^^^^^^^^^^^^^^^^^ required by this bound in `RouterExt::typed_get`
[INFO] [stderr] ┈┈┈┈┈┈┈┈┈┈┈┈┈┈┈┈┈┈┈┈┈┈┈┈┈┈┈┈┈┈┈┈┈┈┈┈┈┈┈┈┈┈┈┈┈┈┈┈┈┈┈┈┈┈┈┈┈┈┈┈
[INFO] [stderr] note: If the actual output is the correct output you can bless it by rerunning
[INFO] [stderr]       your test with the environment variable TRYBUILD=overwrite
[INFO] [stderr] 
[INFO] [stderr] test tests/trybuild/fail/should-fail-with-invalid-state-2.rs ... ok
[INFO] [stderr] test tests/trybuild/fail/should-fail-with-invalid-state.rs ... ok
[INFO] [stderr] 
[INFO] [stderr] 
[INFO] [stdout] test test_all ... FAILED
[INFO] [stdout] 
[INFO] [stdout] failures:
[INFO] [stdout] 
[INFO] [stdout] ---- test_all stdout ----
[INFO] [stdout] thread 'test_all' panicked at /opt/rustwide/cargo-home/registry/src/index.crates.io-6f17d22bba15001f/trybuild-1.0.101/src/run.rs:101:13:
[INFO] [stdout] 1 of 4 tests failed
[INFO] [stdout] stack backtrace:
[INFO] [stdout]    0:     0x62e53917c0aa - std::backtrace_rs::backtrace::libunwind::trace::h5a5b8284f2d0c266
[INFO] [stdout]                                at /rustc/90b35a6239c3d8bdabc530a6a0816f7ff89a0aaf/library/std/src/../../backtrace/src/backtrace/libunwind.rs:116:5
[INFO] [stdout]    1:     0x62e53917c0aa - std::backtrace_rs::backtrace::trace_unsynchronized::h76d4f1c9b0b875e3
[INFO] [stdout]                                at /rustc/90b35a6239c3d8bdabc530a6a0816f7ff89a0aaf/library/std/src/../../backtrace/src/backtrace/mod.rs:66:5
[INFO] [stdout]    2:     0x62e53917c0aa - std::sys::backtrace::_print_fmt::hc4546b8364a537c6
[INFO] [stdout]                                at /rustc/90b35a6239c3d8bdabc530a6a0816f7ff89a0aaf/library/std/src/sys/backtrace.rs:66:9
[INFO] [stdout]    3:     0x62e53917c0aa - <std::sys::backtrace::BacktraceLock::print::DisplayBacktrace as core::fmt::Display>::fmt::h5b6bd5631a6d1f6b
[INFO] [stdout]                                at /rustc/90b35a6239c3d8bdabc530a6a0816f7ff89a0aaf/library/std/src/sys/backtrace.rs:39:26
[INFO] [stdout]    4:     0x62e5391a54e3 - core::fmt::rt::Argument::fmt::h270f6602a2b96f62
[INFO] [stdout]                                at /rustc/90b35a6239c3d8bdabc530a6a0816f7ff89a0aaf/library/core/src/fmt/rt.rs:177:76
[INFO] [stdout]    5:     0x62e5391a54e3 - core::fmt::write::h7550c97b06c86515
[INFO] [stdout]                                at /rustc/90b35a6239c3d8bdabc530a6a0816f7ff89a0aaf/library/core/src/fmt/mod.rs:1186:21
[INFO] [stdout]    6:     0x62e539178673 - std::io::Write::write_fmt::h509ff860e5956e5e
[INFO] [stdout]                                at /rustc/90b35a6239c3d8bdabc530a6a0816f7ff89a0aaf/library/std/src/io/mod.rs:1839:15
[INFO] [stdout]    7:     0x62e53917bef2 - std::sys::backtrace::BacktraceLock::print::h2395ccd2c84ba3aa
[INFO] [stdout]                                at /rustc/90b35a6239c3d8bdabc530a6a0816f7ff89a0aaf/library/std/src/sys/backtrace.rs:42:9
[INFO] [stdout]    8:     0x62e53917db0a - std::panicking::default_hook::{{closure}}::he19d4c7230e07961
[INFO] [stdout]                                at /rustc/90b35a6239c3d8bdabc530a6a0816f7ff89a0aaf/library/std/src/panicking.rs:268:22
[INFO] [stdout]    9:     0x62e53917d914 - std::panicking::default_hook::hf614597d3c67bbdb
[INFO] [stdout]                                at /rustc/90b35a6239c3d8bdabc530a6a0816f7ff89a0aaf/library/std/src/panicking.rs:292:9
[INFO] [stdout]   10:     0x62e539042359 - <alloc::boxed::Box<F,A> as core::ops::function::Fn<Args>>::call::h39b51ce4599c23d1
[INFO] [stdout]                                at /rustc/90b35a6239c3d8bdabc530a6a0816f7ff89a0aaf/library/alloc/src/boxed.rs:2468:9
[INFO] [stdout]   11:     0x62e539042359 - test::test_main::{{closure}}::he977ae839a582784
[INFO] [stdout]                                at /rustc/90b35a6239c3d8bdabc530a6a0816f7ff89a0aaf/library/test/src/lib.rs:133:21
[INFO] [stdout]   12:     0x62e53917e1a8 - <alloc::boxed::Box<F,A> as core::ops::function::Fn<Args>>::call::h9455091b6b06f9fb
[INFO] [stdout]                                at /rustc/90b35a6239c3d8bdabc530a6a0816f7ff89a0aaf/library/alloc/src/boxed.rs:2468:9
[INFO] [stdout]   13:     0x62e53917e1a8 - std::panicking::rust_panic_with_hook::h8942133a8b252070
[INFO] [stdout]                                at /rustc/90b35a6239c3d8bdabc530a6a0816f7ff89a0aaf/library/std/src/panicking.rs:809:13
[INFO] [stdout]   14:     0x62e53917df6a - std::panicking::begin_panic_handler::{{closure}}::hb5f5963570096b29
[INFO] [stdout]                                at /rustc/90b35a6239c3d8bdabc530a6a0816f7ff89a0aaf/library/std/src/panicking.rs:674:13
[INFO] [stdout]   15:     0x62e53917c589 - std::sys::backtrace::__rust_end_short_backtrace::h6208cedc1922feda
[INFO] [stdout]                                at /rustc/90b35a6239c3d8bdabc530a6a0816f7ff89a0aaf/library/std/src/sys/backtrace.rs:170:18
[INFO] [stdout]   16:     0x62e53917dbfc - rust_begin_unwind
[INFO] [stdout]                                at /rustc/90b35a6239c3d8bdabc530a6a0816f7ff89a0aaf/library/std/src/panicking.rs:665:5
[INFO] [stdout]   17:     0x62e538d372d0 - core::panicking::panic_fmt::h0c3082644d1bf418
[INFO] [stdout]                                at /rustc/90b35a6239c3d8bdabc530a6a0816f7ff89a0aaf/library/core/src/panicking.rs:74:14
[INFO] [stdout]   18:     0x62e538dd4caf - trybuild::run::<impl trybuild::Runner>::run::hbd6af711c3f756f8
[INFO] [stdout]                                at /opt/rustwide/cargo-home/registry/src/index.crates.io-6f17d22bba15001f/trybuild-1.0.101/src/run.rs:101:13
[INFO] [stdout]   19:     0x62e538dda4d8 - <trybuild::TestCases as core::ops::drop::Drop>::drop::hf4b87b5945ea6403
[INFO] [stdout]                                at /opt/rustwide/cargo-home/registry/src/index.crates.io-6f17d22bba15001f/trybuild-1.0.101/src/lib.rs:340:13
[INFO] [stdout]   20:     0x62e538d623f7 - core::ptr::drop_in_place<trybuild::TestCases>::h01d215e5fae2a1f8
[INFO] [stdout]                                at /rustc/90b35a6239c3d8bdabc530a6a0816f7ff89a0aaf/library/core/src/ptr/mod.rs:574:1
[INFO] [stdout]   21:     0x62e538d49dfb - all::test_all::h9ca8585705ab5cec
[INFO] [stdout]                                at /opt/rustwide/workdir/tests/all.rs:17:1
[INFO] [stdout]   22:     0x62e538d49d77 - all::test_all::{{closure}}::h69bcc8d961641917
[INFO] [stdout]                                at /opt/rustwide/workdir/tests/all.rs:13:14
[INFO] [stdout]   23:     0x62e538d5ef76 - core::ops::function::FnOnce::call_once::h7a44584374f68d8d
[INFO] [stdout]                                at /rustc/90b35a6239c3d8bdabc530a6a0816f7ff89a0aaf/library/core/src/ops/function.rs:250:5
[INFO] [stdout]   24:     0x62e539046d1b - core::ops::function::FnOnce::call_once::h109cf8051a59b34e
[INFO] [stdout]                                at /rustc/90b35a6239c3d8bdabc530a6a0816f7ff89a0aaf/library/core/src/ops/function.rs:250:5
[INFO] [stdout]   25:     0x62e539046d1b - test::__rust_begin_short_backtrace::hf4fff89d377446ba
[INFO] [stdout]                                at /rustc/90b35a6239c3d8bdabc530a6a0816f7ff89a0aaf/library/test/src/lib.rs:621:18
[INFO] [stdout]   26:     0x62e539046557 - test::run_test_in_process::{{closure}}::h0e39181dd7ee5a43
[INFO] [stdout]                                at /rustc/90b35a6239c3d8bdabc530a6a0816f7ff89a0aaf/library/test/src/lib.rs:644:60
[INFO] [stdout]   27:     0x62e539046557 - <core::panic::unwind_safe::AssertUnwindSafe<F> as core::ops::function::FnOnce<()>>::call_once::hc5a66a30f0bdfd1f
[INFO] [stdout]                                at /rustc/90b35a6239c3d8bdabc530a6a0816f7ff89a0aaf/library/core/src/panic/unwind_safe.rs:272:9
[INFO] [stdout]   28:     0x62e539046557 - std::panicking::try::do_call::h873b7cf639554a5e
[INFO] [stdout]                                at /rustc/90b35a6239c3d8bdabc530a6a0816f7ff89a0aaf/library/std/src/panicking.rs:557:40
[INFO] [stdout]   29:     0x62e539046557 - std::panicking::try::hdb19862fad9c8bd1
[INFO] [stdout]                                at /rustc/90b35a6239c3d8bdabc530a6a0816f7ff89a0aaf/library/std/src/panicking.rs:520:19
[INFO] [stdout]   30:     0x62e539046557 - std::panic::catch_unwind::h281fe732d236d260
[INFO] [stdout]                                at /rustc/90b35a6239c3d8bdabc530a6a0816f7ff89a0aaf/library/std/src/panic.rs:358:14
[INFO] [stdout]   31:     0x62e539046557 - test::run_test_in_process::h949b6df8457ed338
[INFO] [stdout]                                at /rustc/90b35a6239c3d8bdabc530a6a0816f7ff89a0aaf/library/test/src/lib.rs:644:27
[INFO] [stdout]   32:     0x62e539046557 - test::run_test::{{closure}}::h52c556a6d4740e10
[INFO] [stdout]                                at /rustc/90b35a6239c3d8bdabc530a6a0816f7ff89a0aaf/library/test/src/lib.rs:565:43
[INFO] [stdout]   33:     0x62e53900b834 - test::run_test::{{closure}}::h4237f6381c45ccb9
[INFO] [stdout]                                at /rustc/90b35a6239c3d8bdabc530a6a0816f7ff89a0aaf/library/test/src/lib.rs:595:41
[INFO] [stdout]   34:     0x62e53900b834 - std::sys::backtrace::__rust_begin_short_backtrace::h505c97a579eca628
[INFO] [stdout]                                at /rustc/90b35a6239c3d8bdabc530a6a0816f7ff89a0aaf/library/std/src/sys/backtrace.rs:154:18
[INFO] [stdout]   35:     0x62e53900eefe - std::thread::Builder::spawn_unchecked_::{{closure}}::{{closure}}::h9e86b2e2bc107ea3
[INFO] [stdout]                                at /rustc/90b35a6239c3d8bdabc530a6a0816f7ff89a0aaf/library/std/src/thread/mod.rs:538:17
[INFO] [stdout]   36:     0x62e53900eefe - <core::panic::unwind_safe::AssertUnwindSafe<F> as core::ops::function::FnOnce<()>>::call_once::h8b06ddb275ff4a25
[INFO] [stdout]                                at /rustc/90b35a6239c3d8bdabc530a6a0816f7ff89a0aaf/library/core/src/panic/unwind_safe.rs:272:9
[INFO] [stdout]   37:     0x62e53900eefe - std::panicking::try::do_call::hb26ecd7cd9a9355d
[INFO] [stdout]                                at /rustc/90b35a6239c3d8bdabc530a6a0816f7ff89a0aaf/library/std/src/panicking.rs:557:40
[INFO] [stdout]   38:     0x62e53900eefe - std::panicking::try::h8ddeca9d705f9069
[INFO] [stdout]                                at /rustc/90b35a6239c3d8bdabc530a6a0816f7ff89a0aaf/library/std/src/panicking.rs:520:19
[INFO] [stdout]   39:     0x62e53900eefe - std::panic::catch_unwind::h49e1c33078844c46
[INFO] [stdout]                                at /rustc/90b35a6239c3d8bdabc530a6a0816f7ff89a0aaf/library/std/src/panic.rs:358:14
[INFO] [stdout]   40:     0x62e53900eefe - std::thread::Builder::spawn_unchecked_::{{closure}}::h6073db6ff56ad35d
[INFO] [stdout]                                at /rustc/90b35a6239c3d8bdabc530a6a0816f7ff89a0aaf/library/std/src/thread/mod.rs:537:30
[INFO] [stdout]   41:     0x62e53900eefe - core::ops::function::FnOnce::call_once{{vtable.shim}}::h2c5a5f3779c774f1
[INFO] [stdout]                                at /rustc/90b35a6239c3d8bdabc530a6a0816f7ff89a0aaf/library/core/src/ops/function.rs:250:5
[INFO] [stdout]   42:     0x62e539182eeb - <alloc::boxed::Box<F,A> as core::ops::function::FnOnce<Args>>::call_once::hf75717d9f28faebf
[INFO] [stdout]                                at /rustc/90b35a6239c3d8bdabc530a6a0816f7ff89a0aaf/library/alloc/src/boxed.rs:2454:9
[INFO] [stdout]   43:     0x62e539182eeb - <alloc::boxed::Box<F,A> as core::ops::function::FnOnce<Args>>::call_once::h7bd883a5f3c5f3c1
[INFO] [stdout]                                at /rustc/90b35a6239c3d8bdabc530a6a0816f7ff89a0aaf/library/alloc/src/boxed.rs:2454:9
[INFO] [stdout]   44:     0x62e539182eeb - std::sys::pal::unix::thread::Thread::new::thread_start::hcc78f3943333fa94
[INFO] [stdout]                                at /rustc/90b35a6239c3d8bdabc530a6a0816f7ff89a0aaf/library/std/src/sys/pal/unix/thread.rs:105:17
[INFO] [stdout]   45:     0x760777297ac3 - <unknown>
[INFO] [stdout]   46:     0x760777328a04 - clone
[INFO] [stdout]   47:                0x0 - <unknown>
[INFO] [stdout] 
[INFO] [stdout] 
[INFO] [stdout] failures:
[INFO] [stdout]     test_all
[INFO] [stdout] 
[INFO] [stdout] test result: FAILED. 8 passed; 1 failed; 0 ignored; 0 measured; 0 filtered out; finished in 33.12s
[INFO] [stdout] 
[INFO] [stderr] error: test failed, to rerun pass `--test all`
[INFO] running `Command { std: "docker" "inspect" "a25703c89910519baf8a6f4e6edece5e306cd9f702768ea889df4b7b22a8551e", kill_on_drop: false }`
[INFO] running `Command { std: "docker" "rm" "-f" "a25703c89910519baf8a6f4e6edece5e306cd9f702768ea889df4b7b22a8551e", kill_on_drop: false }`
[INFO] [stdout] a25703c89910519baf8a6f4e6edece5e306cd9f702768ea889df4b7b22a8551e
