[INFO] fetching crate bern-test-macros 0.1.0...
[INFO] testing bern-test-macros-0.1.0 against 1.83.0 for beta-1.84.0-4-retry
[INFO] extracting crate bern-test-macros 0.1.0 into /workspace/builds/worker-4-tc1/source
[INFO] validating manifest of crates.io crate bern-test-macros 0.1.0 on toolchain 1.83.0
[INFO] running `Command { std: CARGO_HOME="/workspace/cargo-home" RUSTUP_HOME="/workspace/rustup-home" "/workspace/cargo-home/bin/cargo" "+1.83.0" "metadata" "--manifest-path" "Cargo.toml" "--no-deps", kill_on_drop: false }`
[INFO] started tweaking crates.io crate bern-test-macros 0.1.0
[INFO] finished tweaking crates.io crate bern-test-macros 0.1.0
[INFO] tweaked toml for crates.io crate bern-test-macros 0.1.0 written to /workspace/builds/worker-4-tc1/source/Cargo.toml
[INFO] running `Command { std: CARGO_HOME="/workspace/cargo-home" RUSTUP_HOME="/workspace/rustup-home" "/workspace/cargo-home/bin/cargo" "+1.83.0" "generate-lockfile" "--manifest-path" "Cargo.toml", kill_on_drop: false }`
[INFO] [stderr]     Updating crates.io index
[INFO] [stderr]      Locking 4 packages to latest compatible versions
[INFO] [stderr]       Adding syn v1.0.109 (available: v2.0.90)
[INFO] running `Command { std: CARGO_HOME="/workspace/cargo-home" RUSTUP_HOME="/workspace/rustup-home" "/workspace/cargo-home/bin/cargo" "+1.83.0" "fetch" "--manifest-path" "Cargo.toml", kill_on_drop: false }`
[INFO] running `Command { std: "docker" "create" "-v" "/var/lib/crater-agent-workspace/builds/worker-4-tc1/target:/opt/rustwide/target:rw,Z" "-v" "/var/lib/crater-agent-workspace/builds/worker-4-tc1/source:/opt/rustwide/workdir:ro,Z" "-v" "/var/lib/crater-agent-workspace/cargo-home:/opt/rustwide/cargo-home:ro,Z" "-v" "/var/lib/crater-agent-workspace/rustup-home:/opt/rustwide/rustup-home:ro,Z" "-e" "SOURCE_DIR=/opt/rustwide/workdir" "-e" "CARGO_TARGET_DIR=/opt/rustwide/target" "-e" "CARGO_HOME=/opt/rustwide/cargo-home" "-e" "RUSTUP_HOME=/opt/rustwide/rustup-home" "-w" "/opt/rustwide/workdir" "-m" "1610612736" "--user" "0:0" "--network" "none" "ghcr.io/rust-lang/crates-build-env/linux@sha256:f3a9d4ad9d972b27faf3965f35b62e55ba32bbce8f20bc8fe909558a86702fde" "/opt/rustwide/cargo-home/bin/cargo" "+1.83.0" "metadata" "--no-deps" "--format-version=1", kill_on_drop: false }`
[INFO] [stdout] 6a9f2e7a79d6be8d65e0bcbb7025c9f2e78a12f270886fc1fbb1bf2e4a068767
[INFO] running `Command { std: "docker" "start" "-a" "6a9f2e7a79d6be8d65e0bcbb7025c9f2e78a12f270886fc1fbb1bf2e4a068767", kill_on_drop: false }`
[INFO] running `Command { std: "docker" "inspect" "6a9f2e7a79d6be8d65e0bcbb7025c9f2e78a12f270886fc1fbb1bf2e4a068767", kill_on_drop: false }`
[INFO] running `Command { std: "docker" "rm" "-f" "6a9f2e7a79d6be8d65e0bcbb7025c9f2e78a12f270886fc1fbb1bf2e4a068767", kill_on_drop: false }`
[INFO] [stdout] 6a9f2e7a79d6be8d65e0bcbb7025c9f2e78a12f270886fc1fbb1bf2e4a068767
[INFO] running `Command { std: "docker" "create" "-v" "/var/lib/crater-agent-workspace/builds/worker-4-tc1/target:/opt/rustwide/target:rw,Z" "-v" "/var/lib/crater-agent-workspace/builds/worker-4-tc1/source:/opt/rustwide/workdir:ro,Z" "-v" "/var/lib/crater-agent-workspace/cargo-home:/opt/rustwide/cargo-home:ro,Z" "-v" "/var/lib/crater-agent-workspace/rustup-home:/opt/rustwide/rustup-home:ro,Z" "-e" "SOURCE_DIR=/opt/rustwide/workdir" "-e" "CARGO_TARGET_DIR=/opt/rustwide/target" "-e" "CARGO_INCREMENTAL=0" "-e" "RUST_BACKTRACE=full" "-e" "RUSTFLAGS=--cap-lints=warn" "-e" "RUSTDOCFLAGS=--cap-lints=warn" "-e" "CARGO_HOME=/opt/rustwide/cargo-home" "-e" "RUSTUP_HOME=/opt/rustwide/rustup-home" "-w" "/opt/rustwide/workdir" "-m" "1610612736" "--user" "0:0" "--network" "none" "ghcr.io/rust-lang/crates-build-env/linux@sha256:f3a9d4ad9d972b27faf3965f35b62e55ba32bbce8f20bc8fe909558a86702fde" "/opt/rustwide/cargo-home/bin/cargo" "+1.83.0" "build" "--frozen" "--message-format=json", kill_on_drop: false }`
[INFO] [stdout] b694d50bcb1f7c85ec9f75fbe38f0eb2de71d1db5d549b6f231a06909e408edf
[INFO] running `Command { std: "docker" "start" "-a" "b694d50bcb1f7c85ec9f75fbe38f0eb2de71d1db5d549b6f231a06909e408edf", kill_on_drop: false }`
[INFO] [stderr]    Compiling proc-macro2 v1.0.92
[INFO] [stderr]    Compiling unicode-ident v1.0.14
[INFO] [stderr]    Compiling syn v1.0.109
[INFO] [stderr]    Compiling quote v1.0.37
[INFO] [stderr]    Compiling bern-test-macros v0.1.0 (/opt/rustwide/workdir)
[INFO] [stderr]     Finished `dev` profile [unoptimized + debuginfo] target(s) in 7.97s
[INFO] running `Command { std: "docker" "inspect" "b694d50bcb1f7c85ec9f75fbe38f0eb2de71d1db5d549b6f231a06909e408edf", kill_on_drop: false }`
[INFO] running `Command { std: "docker" "rm" "-f" "b694d50bcb1f7c85ec9f75fbe38f0eb2de71d1db5d549b6f231a06909e408edf", kill_on_drop: false }`
[INFO] [stdout] b694d50bcb1f7c85ec9f75fbe38f0eb2de71d1db5d549b6f231a06909e408edf
[INFO] running `Command { std: "docker" "create" "-v" "/var/lib/crater-agent-workspace/builds/worker-4-tc1/target:/opt/rustwide/target:rw,Z" "-v" "/var/lib/crater-agent-workspace/builds/worker-4-tc1/source:/opt/rustwide/workdir:ro,Z" "-v" "/var/lib/crater-agent-workspace/cargo-home:/opt/rustwide/cargo-home:ro,Z" "-v" "/var/lib/crater-agent-workspace/rustup-home:/opt/rustwide/rustup-home:ro,Z" "-e" "SOURCE_DIR=/opt/rustwide/workdir" "-e" "CARGO_TARGET_DIR=/opt/rustwide/target" "-e" "CARGO_INCREMENTAL=0" "-e" "RUST_BACKTRACE=full" "-e" "RUSTFLAGS=--cap-lints=warn" "-e" "RUSTDOCFLAGS=--cap-lints=warn" "-e" "CARGO_HOME=/opt/rustwide/cargo-home" "-e" "RUSTUP_HOME=/opt/rustwide/rustup-home" "-w" "/opt/rustwide/workdir" "-m" "1610612736" "--user" "0:0" "--network" "none" "ghcr.io/rust-lang/crates-build-env/linux@sha256:f3a9d4ad9d972b27faf3965f35b62e55ba32bbce8f20bc8fe909558a86702fde" "/opt/rustwide/cargo-home/bin/cargo" "+1.83.0" "test" "--frozen" "--no-run" "--message-format=json", kill_on_drop: false }`
[INFO] [stdout] 2055a1fcaa0122d76d21e3330a93deda17abe19af8af0693e221db14e6b74031
[INFO] running `Command { std: "docker" "start" "-a" "2055a1fcaa0122d76d21e3330a93deda17abe19af8af0693e221db14e6b74031", kill_on_drop: false }`
[INFO] [stderr]    Compiling bern-test-macros v0.1.0 (/opt/rustwide/workdir)
[INFO] [stderr]     Finished `test` profile [unoptimized + debuginfo] target(s) in 1.25s
[INFO] running `Command { std: "docker" "inspect" "2055a1fcaa0122d76d21e3330a93deda17abe19af8af0693e221db14e6b74031", kill_on_drop: false }`
[INFO] running `Command { std: "docker" "rm" "-f" "2055a1fcaa0122d76d21e3330a93deda17abe19af8af0693e221db14e6b74031", kill_on_drop: false }`
[INFO] [stdout] 2055a1fcaa0122d76d21e3330a93deda17abe19af8af0693e221db14e6b74031
[INFO] running `Command { std: "docker" "create" "-v" "/var/lib/crater-agent-workspace/builds/worker-4-tc1/target:/opt/rustwide/target:rw,Z" "-v" "/var/lib/crater-agent-workspace/builds/worker-4-tc1/source:/opt/rustwide/workdir:ro,Z" "-v" "/var/lib/crater-agent-workspace/cargo-home:/opt/rustwide/cargo-home:ro,Z" "-v" "/var/lib/crater-agent-workspace/rustup-home:/opt/rustwide/rustup-home:ro,Z" "-e" "SOURCE_DIR=/opt/rustwide/workdir" "-e" "CARGO_TARGET_DIR=/opt/rustwide/target" "-e" "CARGO_INCREMENTAL=0" "-e" "RUST_BACKTRACE=full" "-e" "RUSTFLAGS=--cap-lints=warn" "-e" "RUSTDOCFLAGS=--cap-lints=warn" "-e" "CARGO_HOME=/opt/rustwide/cargo-home" "-e" "RUSTUP_HOME=/opt/rustwide/rustup-home" "-w" "/opt/rustwide/workdir" "-m" "1610612736" "--user" "0:0" "--network" "none" "ghcr.io/rust-lang/crates-build-env/linux@sha256:f3a9d4ad9d972b27faf3965f35b62e55ba32bbce8f20bc8fe909558a86702fde" "/opt/rustwide/cargo-home/bin/cargo" "+1.83.0" "test" "--frozen", kill_on_drop: false }`
[INFO] [stdout] d4a6efa0e53082ac8c2f491f013891764a9d3297a1216ae24cbf4101569da622
[INFO] running `Command { std: "docker" "start" "-a" "d4a6efa0e53082ac8c2f491f013891764a9d3297a1216ae24cbf4101569da622", kill_on_drop: false }`
[INFO] [stderr]     Finished `test` profile [unoptimized + debuginfo] target(s) in 0.02s
[INFO] [stdout] 
[INFO] [stderr]      Running unittests src/lib.rs (/opt/rustwide/target/debug/deps/bern_test_macros-6acf351e23d081da)
[INFO] [stdout] running 0 tests
[INFO] [stdout] 
[INFO] [stdout] test result: ok. 0 passed; 0 failed; 0 ignored; 0 measured; 0 filtered out; finished in 0.00s
[INFO] [stdout] 
[INFO] [stderr]    Doc-tests bern_test_macros
[INFO] [stdout] 
[INFO] [stdout] running 1 test
[INFO] [stdout] test src/lib.rs - (line 9) - compile ... FAILED
[INFO] [stdout] 
[INFO] [stdout] failures:
[INFO] [stdout] 
[INFO] [stdout] ---- src/lib.rs - (line 9) stdout ----
[INFO] [stdout] error[E0433]: failed to resolve: use of undeclared crate or module `bern_test`
[INFO] [stdout]  --> src/lib.rs:11:3
[INFO] [stdout]   |
[INFO] [stdout] 4 | #[bern_test::tests]
[INFO] [stdout]   |   ^^^^^^^^^ use of undeclared crate or module `bern_test`
[INFO] [stdout] 
[INFO] [stdout] error: cannot find attribute `test_set_up` in this scope
[INFO] [stdout]  --> src/lib.rs:13:7
[INFO] [stdout]   |
[INFO] [stdout] 6 |     #[test_set_up]
[INFO] [stdout]   |       ^^^^^^^^^^^
[INFO] [stdout] 
[INFO] [stdout] error: cannot find attribute `test_tear_down` in this scope
[INFO] [stdout]   --> src/lib.rs:18:7
[INFO] [stdout]    |
[INFO] [stdout] 11 |     #[test_tear_down]
[INFO] [stdout]    |       ^^^^^^^^^^^^^^
[INFO] [stdout] 
[INFO] [stdout] error: cannot find attribute `tear_down` in this scope
[INFO] [stdout]   --> src/lib.rs:25:7
[INFO] [stdout]    |
[INFO] [stdout] 18 |     #[tear_down]
[INFO] [stdout]    |       ^^^^^^^^^
[INFO] [stdout] 
[INFO] [stdout] error[E0433]: failed to resolve: use of undeclared crate or module `cortex_m`
[INFO] [stdout]   --> src/lib.rs:22:9
[INFO] [stdout]    |
[INFO] [stdout] 15 |         cortex_m::peripheral::SCB::sys_reset();
[INFO] [stdout]    |         ^^^^^^^^ use of undeclared crate or module `cortex_m`
[INFO] [stdout] 
[INFO] [stdout] error[E0433]: failed to resolve: use of undeclared crate or module `cortex_m`
[INFO] [stdout]   --> src/lib.rs:28:9
[INFO] [stdout]    |
[INFO] [stdout] 21 |         cortex_m::asm::bkpt();
[INFO] [stdout]    |         ^^^^^^^^ use of undeclared crate or module `cortex_m`
[INFO] [stdout] 
[INFO] [stdout] error: aborting due to 6 previous errors
[INFO] [stdout] 
[INFO] [stdout] For more information about this error, try `rustc --explain E0433`.
[INFO] [stdout] Couldn't compile the test.
[INFO] [stdout] 
[INFO] [stdout] failures:
[INFO] [stdout]     src/lib.rs - (line 9)
[INFO] [stdout] 
[INFO] [stdout] test result: FAILED. 0 passed; 1 failed; 0 ignored; 0 measured; 0 filtered out; finished in 0.11s
[INFO] [stdout] 
[INFO] [stderr] error: doctest failed, to rerun pass `--doc`
[INFO] running `Command { std: "docker" "inspect" "d4a6efa0e53082ac8c2f491f013891764a9d3297a1216ae24cbf4101569da622", kill_on_drop: false }`
[INFO] running `Command { std: "docker" "rm" "-f" "d4a6efa0e53082ac8c2f491f013891764a9d3297a1216ae24cbf4101569da622", kill_on_drop: false }`
[INFO] [stdout] d4a6efa0e53082ac8c2f491f013891764a9d3297a1216ae24cbf4101569da622
