[INFO] fetching crate bene 0.1.1...
[INFO] testing bene-0.1.1 against 1.83.0 for beta-1.84.0-4-retry
[INFO] extracting crate bene 0.1.1 into /workspace/builds/worker-2-tc1/source
[INFO] validating manifest of crates.io crate bene 0.1.1 on toolchain 1.83.0
[INFO] running `Command { std: CARGO_HOME="/workspace/cargo-home" RUSTUP_HOME="/workspace/rustup-home" "/workspace/cargo-home/bin/cargo" "+1.83.0" "metadata" "--manifest-path" "Cargo.toml" "--no-deps", kill_on_drop: false }`
[INFO] started tweaking crates.io crate bene 0.1.1
[INFO] finished tweaking crates.io crate bene 0.1.1
[INFO] tweaked toml for crates.io crate bene 0.1.1 written to /workspace/builds/worker-2-tc1/source/Cargo.toml
[INFO] running `Command { std: CARGO_HOME="/workspace/cargo-home" RUSTUP_HOME="/workspace/rustup-home" "/workspace/cargo-home/bin/cargo" "+1.83.0" "generate-lockfile" "--manifest-path" "Cargo.toml", kill_on_drop: false }`
[INFO] [stderr]     Updating crates.io index
[INFO] [stderr]      Locking 5 packages to latest compatible versions
[INFO] running `Command { std: CARGO_HOME="/workspace/cargo-home" RUSTUP_HOME="/workspace/rustup-home" "/workspace/cargo-home/bin/cargo" "+1.83.0" "fetch" "--manifest-path" "Cargo.toml", kill_on_drop: false }`
[INFO] running `Command { std: "docker" "create" "-v" "/var/lib/crater-agent-workspace/builds/worker-2-tc1/target:/opt/rustwide/target:rw,Z" "-v" "/var/lib/crater-agent-workspace/builds/worker-2-tc1/source:/opt/rustwide/workdir:ro,Z" "-v" "/var/lib/crater-agent-workspace/cargo-home:/opt/rustwide/cargo-home:ro,Z" "-v" "/var/lib/crater-agent-workspace/rustup-home:/opt/rustwide/rustup-home:ro,Z" "-e" "SOURCE_DIR=/opt/rustwide/workdir" "-e" "CARGO_TARGET_DIR=/opt/rustwide/target" "-e" "CARGO_HOME=/opt/rustwide/cargo-home" "-e" "RUSTUP_HOME=/opt/rustwide/rustup-home" "-w" "/opt/rustwide/workdir" "-m" "1610612736" "--user" "0:0" "--network" "none" "ghcr.io/rust-lang/crates-build-env/linux@sha256:f3a9d4ad9d972b27faf3965f35b62e55ba32bbce8f20bc8fe909558a86702fde" "/opt/rustwide/cargo-home/bin/cargo" "+1.83.0" "metadata" "--no-deps" "--format-version=1", kill_on_drop: false }`
[INFO] [stdout] 4b4991f3d1b482fd3b36994960d07e62bd23cc2d321be543a53a0c89f85dc270
[INFO] running `Command { std: "docker" "start" "-a" "4b4991f3d1b482fd3b36994960d07e62bd23cc2d321be543a53a0c89f85dc270", kill_on_drop: false }`
[INFO] running `Command { std: "docker" "inspect" "4b4991f3d1b482fd3b36994960d07e62bd23cc2d321be543a53a0c89f85dc270", kill_on_drop: false }`
[INFO] running `Command { std: "docker" "rm" "-f" "4b4991f3d1b482fd3b36994960d07e62bd23cc2d321be543a53a0c89f85dc270", kill_on_drop: false }`
[INFO] [stdout] 4b4991f3d1b482fd3b36994960d07e62bd23cc2d321be543a53a0c89f85dc270
[INFO] running `Command { std: "docker" "create" "-v" "/var/lib/crater-agent-workspace/builds/worker-2-tc1/target:/opt/rustwide/target:rw,Z" "-v" "/var/lib/crater-agent-workspace/builds/worker-2-tc1/source:/opt/rustwide/workdir:ro,Z" "-v" "/var/lib/crater-agent-workspace/cargo-home:/opt/rustwide/cargo-home:ro,Z" "-v" "/var/lib/crater-agent-workspace/rustup-home:/opt/rustwide/rustup-home:ro,Z" "-e" "SOURCE_DIR=/opt/rustwide/workdir" "-e" "CARGO_TARGET_DIR=/opt/rustwide/target" "-e" "CARGO_INCREMENTAL=0" "-e" "RUST_BACKTRACE=full" "-e" "RUSTFLAGS=--cap-lints=warn" "-e" "RUSTDOCFLAGS=--cap-lints=warn" "-e" "CARGO_HOME=/opt/rustwide/cargo-home" "-e" "RUSTUP_HOME=/opt/rustwide/rustup-home" "-w" "/opt/rustwide/workdir" "-m" "1610612736" "--user" "0:0" "--network" "none" "ghcr.io/rust-lang/crates-build-env/linux@sha256:f3a9d4ad9d972b27faf3965f35b62e55ba32bbce8f20bc8fe909558a86702fde" "/opt/rustwide/cargo-home/bin/cargo" "+1.83.0" "build" "--frozen" "--message-format=json", kill_on_drop: false }`
[INFO] [stdout] 82802900775b8ea0f3e9ac77cb294b9f75d42f49fb0a469fcd588005bc37b9ce
[INFO] running `Command { std: "docker" "start" "-a" "82802900775b8ea0f3e9ac77cb294b9f75d42f49fb0a469fcd588005bc37b9ce", kill_on_drop: false }`
[INFO] [stderr]    Compiling memchr v2.7.4
[INFO] [stderr]    Compiling regex-syntax v0.8.5
[INFO] [stderr]    Compiling aho-corasick v1.1.3
[INFO] [stderr]    Compiling regex-automata v0.4.9
[INFO] [stderr]    Compiling regex v1.11.1
[INFO] [stderr]    Compiling bene v0.1.1 (/opt/rustwide/workdir)
[INFO] [stderr]     Finished `dev` profile [unoptimized + debuginfo] target(s) in 7.65s
[INFO] running `Command { std: "docker" "inspect" "82802900775b8ea0f3e9ac77cb294b9f75d42f49fb0a469fcd588005bc37b9ce", kill_on_drop: false }`
[INFO] running `Command { std: "docker" "rm" "-f" "82802900775b8ea0f3e9ac77cb294b9f75d42f49fb0a469fcd588005bc37b9ce", kill_on_drop: false }`
[INFO] [stdout] 82802900775b8ea0f3e9ac77cb294b9f75d42f49fb0a469fcd588005bc37b9ce
[INFO] running `Command { std: "docker" "create" "-v" "/var/lib/crater-agent-workspace/builds/worker-2-tc1/target:/opt/rustwide/target:rw,Z" "-v" "/var/lib/crater-agent-workspace/builds/worker-2-tc1/source:/opt/rustwide/workdir:ro,Z" "-v" "/var/lib/crater-agent-workspace/cargo-home:/opt/rustwide/cargo-home:ro,Z" "-v" "/var/lib/crater-agent-workspace/rustup-home:/opt/rustwide/rustup-home:ro,Z" "-e" "SOURCE_DIR=/opt/rustwide/workdir" "-e" "CARGO_TARGET_DIR=/opt/rustwide/target" "-e" "CARGO_INCREMENTAL=0" "-e" "RUST_BACKTRACE=full" "-e" "RUSTFLAGS=--cap-lints=warn" "-e" "RUSTDOCFLAGS=--cap-lints=warn" "-e" "CARGO_HOME=/opt/rustwide/cargo-home" "-e" "RUSTUP_HOME=/opt/rustwide/rustup-home" "-w" "/opt/rustwide/workdir" "-m" "1610612736" "--user" "0:0" "--network" "none" "ghcr.io/rust-lang/crates-build-env/linux@sha256:f3a9d4ad9d972b27faf3965f35b62e55ba32bbce8f20bc8fe909558a86702fde" "/opt/rustwide/cargo-home/bin/cargo" "+1.83.0" "test" "--frozen" "--no-run" "--message-format=json", kill_on_drop: false }`
[INFO] [stdout] ee7daf329bd54ff33e4100d159da859c5eed0fd2d45c60a7fa863e3be58a38b4
[INFO] running `Command { std: "docker" "start" "-a" "ee7daf329bd54ff33e4100d159da859c5eed0fd2d45c60a7fa863e3be58a38b4", kill_on_drop: false }`
[INFO] [stderr]    Compiling bene v0.1.1 (/opt/rustwide/workdir)
[INFO] [stderr]     Finished `test` profile [unoptimized + debuginfo] target(s) in 1.15s
[INFO] running `Command { std: "docker" "inspect" "ee7daf329bd54ff33e4100d159da859c5eed0fd2d45c60a7fa863e3be58a38b4", kill_on_drop: false }`
[INFO] running `Command { std: "docker" "rm" "-f" "ee7daf329bd54ff33e4100d159da859c5eed0fd2d45c60a7fa863e3be58a38b4", kill_on_drop: false }`
[INFO] [stdout] ee7daf329bd54ff33e4100d159da859c5eed0fd2d45c60a7fa863e3be58a38b4
[INFO] running `Command { std: "docker" "create" "-v" "/var/lib/crater-agent-workspace/builds/worker-2-tc1/target:/opt/rustwide/target:rw,Z" "-v" "/var/lib/crater-agent-workspace/builds/worker-2-tc1/source:/opt/rustwide/workdir:ro,Z" "-v" "/var/lib/crater-agent-workspace/cargo-home:/opt/rustwide/cargo-home:ro,Z" "-v" "/var/lib/crater-agent-workspace/rustup-home:/opt/rustwide/rustup-home:ro,Z" "-e" "SOURCE_DIR=/opt/rustwide/workdir" "-e" "CARGO_TARGET_DIR=/opt/rustwide/target" "-e" "CARGO_INCREMENTAL=0" "-e" "RUST_BACKTRACE=full" "-e" "RUSTFLAGS=--cap-lints=warn" "-e" "RUSTDOCFLAGS=--cap-lints=warn" "-e" "CARGO_HOME=/opt/rustwide/cargo-home" "-e" "RUSTUP_HOME=/opt/rustwide/rustup-home" "-w" "/opt/rustwide/workdir" "-m" "1610612736" "--user" "0:0" "--network" "none" "ghcr.io/rust-lang/crates-build-env/linux@sha256:f3a9d4ad9d972b27faf3965f35b62e55ba32bbce8f20bc8fe909558a86702fde" "/opt/rustwide/cargo-home/bin/cargo" "+1.83.0" "test" "--frozen", kill_on_drop: false }`
[INFO] [stdout] 2a6aa9ae39f5031d6ca7864c78c25420d390f14ce5cc3c240d2bf2dd01aafec2
[INFO] running `Command { std: "docker" "start" "-a" "2a6aa9ae39f5031d6ca7864c78c25420d390f14ce5cc3c240d2bf2dd01aafec2", kill_on_drop: false }`
[INFO] [stderr]     Finished `test` profile [unoptimized + debuginfo] target(s) in 0.02s
[INFO] [stderr]      Running unittests src/lib.rs (/opt/rustwide/target/debug/deps/bene-b0cc67f954044451)
[INFO] [stdout] 
[INFO] [stdout] running 1 test
[INFO] [stdout] test tests::print_test ... ok
[INFO] [stderr]    Doc-tests bene
[INFO] [stdout] 
[INFO] [stdout] test result: ok. 1 passed; 0 failed; 0 ignored; 0 measured; 0 filtered out; finished in 0.11s
[INFO] [stdout] 
[INFO] [stdout] 
[INFO] [stdout] running 1 test
[INFO] [stdout] test src/lib.rs - Intake<'a>::arg (line 21) ... FAILED
[INFO] [stdout] 
[INFO] [stdout] failures:
[INFO] [stdout] 
[INFO] [stdout] ---- src/lib.rs - Intake<'a>::arg (line 21) stdout ----
[INFO] [stdout] error[E0425]: cannot find value `frames` in this scope
[INFO] [stdout]  --> src/lib.rs:24:30
[INFO] [stdout]   |
[INFO] [stdout] 6 |     .arg('f', "frames", &mut frames)
[INFO] [stdout]   |                              ^^^^^^ not found in this scope
[INFO] [stdout] 
[INFO] [stdout] error[E0425]: cannot find value `lib` in this scope
[INFO] [stdout]  --> src/lib.rs:25:27
[INFO] [stdout]   |
[INFO] [stdout] 7 |     .arg('L', "lib", &mut lib);
[INFO] [stdout]   |                           ^^^ not found in this scope
[INFO] [stdout] 
[INFO] [stdout] error: aborting due to 2 previous errors
[INFO] [stdout] 
[INFO] [stdout] For more information about this error, try `rustc --explain E0425`.
[INFO] [stdout] Couldn't compile the test.
[INFO] [stdout] 
[INFO] [stdout] failures:
[INFO] [stdout]     src/lib.rs - Intake<'a>::arg (line 21)
[INFO] [stdout] 
[INFO] [stdout] test result: FAILED. 0 passed; 1 failed; 0 ignored; 0 measured; 0 filtered out; finished in 0.08s
[INFO] [stdout] 
[INFO] [stderr] error: doctest failed, to rerun pass `--doc`
[INFO] running `Command { std: "docker" "inspect" "2a6aa9ae39f5031d6ca7864c78c25420d390f14ce5cc3c240d2bf2dd01aafec2", kill_on_drop: false }`
[INFO] running `Command { std: "docker" "rm" "-f" "2a6aa9ae39f5031d6ca7864c78c25420d390f14ce5cc3c240d2bf2dd01aafec2", kill_on_drop: false }`
[INFO] [stdout] 2a6aa9ae39f5031d6ca7864c78c25420d390f14ce5cc3c240d2bf2dd01aafec2
