[INFO] fetching crate benchplot 0.1.1...
[INFO] testing benchplot-0.1.1 against 1.83.0 for beta-1.84.0-4-retry
[INFO] extracting crate benchplot 0.1.1 into /workspace/builds/worker-7-tc1/source
[INFO] validating manifest of crates.io crate benchplot 0.1.1 on toolchain 1.83.0
[INFO] running `Command { std: CARGO_HOME="/workspace/cargo-home" RUSTUP_HOME="/workspace/rustup-home" "/workspace/cargo-home/bin/cargo" "+1.83.0" "metadata" "--manifest-path" "Cargo.toml" "--no-deps", kill_on_drop: false }`
[INFO] started tweaking crates.io crate benchplot 0.1.1
[INFO] finished tweaking crates.io crate benchplot 0.1.1
[INFO] tweaked toml for crates.io crate benchplot 0.1.1 written to /workspace/builds/worker-7-tc1/source/Cargo.toml
[INFO] running `Command { std: CARGO_HOME="/workspace/cargo-home" RUSTUP_HOME="/workspace/rustup-home" "/workspace/cargo-home/bin/cargo" "+1.83.0" "generate-lockfile" "--manifest-path" "Cargo.toml", kill_on_drop: false }`
[INFO] [stderr]     Updating crates.io index
[INFO] [stderr]      Locking 127 packages to latest compatible versions
[INFO] running `Command { std: CARGO_HOME="/workspace/cargo-home" RUSTUP_HOME="/workspace/rustup-home" "/workspace/cargo-home/bin/cargo" "+1.83.0" "fetch" "--manifest-path" "Cargo.toml", kill_on_drop: false }`
[INFO] running `Command { std: "docker" "create" "-v" "/var/lib/crater-agent-workspace/builds/worker-7-tc1/target:/opt/rustwide/target:rw,Z" "-v" "/var/lib/crater-agent-workspace/builds/worker-7-tc1/source:/opt/rustwide/workdir:ro,Z" "-v" "/var/lib/crater-agent-workspace/cargo-home:/opt/rustwide/cargo-home:ro,Z" "-v" "/var/lib/crater-agent-workspace/rustup-home:/opt/rustwide/rustup-home:ro,Z" "-e" "SOURCE_DIR=/opt/rustwide/workdir" "-e" "CARGO_TARGET_DIR=/opt/rustwide/target" "-e" "CARGO_HOME=/opt/rustwide/cargo-home" "-e" "RUSTUP_HOME=/opt/rustwide/rustup-home" "-w" "/opt/rustwide/workdir" "-m" "1610612736" "--user" "0:0" "--network" "none" "ghcr.io/rust-lang/crates-build-env/linux@sha256:f3a9d4ad9d972b27faf3965f35b62e55ba32bbce8f20bc8fe909558a86702fde" "/opt/rustwide/cargo-home/bin/cargo" "+1.83.0" "metadata" "--no-deps" "--format-version=1", kill_on_drop: false }`
[INFO] [stdout] e3a6059b7d73d242b5676c8b9e8e7c0ad6112e0b025bb0464be2b006fa504a45
[INFO] running `Command { std: "docker" "start" "-a" "e3a6059b7d73d242b5676c8b9e8e7c0ad6112e0b025bb0464be2b006fa504a45", kill_on_drop: false }`
[INFO] running `Command { std: "docker" "inspect" "e3a6059b7d73d242b5676c8b9e8e7c0ad6112e0b025bb0464be2b006fa504a45", kill_on_drop: false }`
[INFO] running `Command { std: "docker" "rm" "-f" "e3a6059b7d73d242b5676c8b9e8e7c0ad6112e0b025bb0464be2b006fa504a45", kill_on_drop: false }`
[INFO] [stdout] e3a6059b7d73d242b5676c8b9e8e7c0ad6112e0b025bb0464be2b006fa504a45
[INFO] running `Command { std: "docker" "create" "-v" "/var/lib/crater-agent-workspace/builds/worker-7-tc1/target:/opt/rustwide/target:rw,Z" "-v" "/var/lib/crater-agent-workspace/builds/worker-7-tc1/source:/opt/rustwide/workdir:ro,Z" "-v" "/var/lib/crater-agent-workspace/cargo-home:/opt/rustwide/cargo-home:ro,Z" "-v" "/var/lib/crater-agent-workspace/rustup-home:/opt/rustwide/rustup-home:ro,Z" "-e" "SOURCE_DIR=/opt/rustwide/workdir" "-e" "CARGO_TARGET_DIR=/opt/rustwide/target" "-e" "CARGO_INCREMENTAL=0" "-e" "RUST_BACKTRACE=full" "-e" "RUSTFLAGS=--cap-lints=warn" "-e" "RUSTDOCFLAGS=--cap-lints=warn" "-e" "CARGO_HOME=/opt/rustwide/cargo-home" "-e" "RUSTUP_HOME=/opt/rustwide/rustup-home" "-w" "/opt/rustwide/workdir" "-m" "1610612736" "--user" "0:0" "--network" "none" "ghcr.io/rust-lang/crates-build-env/linux@sha256:f3a9d4ad9d972b27faf3965f35b62e55ba32bbce8f20bc8fe909558a86702fde" "/opt/rustwide/cargo-home/bin/cargo" "+1.83.0" "build" "--frozen" "--message-format=json", kill_on_drop: false }`
[INFO] [stdout] 2641249f08e6b914b3be92162a1e252ee512de08b66a2318aa363832ce7a25a8
[INFO] running `Command { std: "docker" "start" "-a" "2641249f08e6b914b3be92162a1e252ee512de08b66a2318aa363832ce7a25a8", kill_on_drop: false }`
[INFO] [stderr]    Compiling semver v1.0.24
[INFO] [stderr]    Compiling pkg-config v0.3.31
[INFO] [stderr]    Compiling autocfg v1.4.0
[INFO] [stderr]    Compiling libc v0.2.168
[INFO] [stderr]    Compiling shlex v1.3.0
[INFO] [stderr]    Compiling simd-adler32 v0.3.7
[INFO] [stderr]    Compiling crossbeam-utils v0.8.20
[INFO] [stderr]    Compiling adler2 v2.0.0
[INFO] [stderr]    Compiling crc32fast v1.4.2
[INFO] [stderr]    Compiling libloading v0.8.6
[INFO] [stderr]    Compiling bitflags v1.3.2
[INFO] [stderr]    Compiling byteorder v1.5.0
[INFO] [stderr]    Compiling option-ext v0.2.0
[INFO] [stderr]    Compiling color_quant v1.1.0
[INFO] [stderr]    Compiling font-kit v0.14.2
[INFO] [stderr]    Compiling same-file v1.0.6
[INFO] [stderr]    Compiling fdeflate v0.3.7
[INFO] [stderr]    Compiling jpeg-decoder v0.3.1
[INFO] [stderr]    Compiling cc v1.2.4
[INFO] [stderr]    Compiling miniz_oxide v0.8.0
[INFO] [stderr]    Compiling dlib v0.5.2
[INFO] [stderr]    Compiling rayon-core v1.12.1
[INFO] [stderr]    Compiling log v0.4.22
[INFO] [stderr]    Compiling weezl v0.1.8
[INFO] [stderr]    Compiling bytemuck v1.20.0
[INFO] [stderr]    Compiling once_cell v1.20.2
[INFO] [stderr]    Compiling plotters-backend v0.3.7
[INFO] [stderr]    Compiling walkdir v2.5.0
[INFO] [stderr]    Compiling syn v2.0.90
[INFO] [stderr]    Compiling iana-time-zone v0.1.61
[INFO] [stderr]    Compiling num-traits v0.2.19
[INFO] [stderr]    Compiling gif v0.12.0
[INFO] [stderr]    Compiling float-ord v0.3.2
[INFO] [stderr]    Compiling flate2 v1.0.35
[INFO] [stderr]    Compiling rustc_version v0.4.1
[INFO] [stderr]    Compiling yeslogic-fontconfig-sys v6.0.0
[INFO] [stderr]    Compiling bitflags v2.6.0
[INFO] [stderr]    Compiling lazy_static v1.5.0
[INFO] [stderr]    Compiling thiserror v2.0.7
[INFO] [stderr]    Compiling plotters-svg v0.3.7
[INFO] [stderr]    Compiling ttf-parser v0.20.0
[INFO] [stderr]    Compiling unicode-linebreak v0.1.5
[INFO] [stderr]    Compiling crossbeam-epoch v0.9.18
[INFO] [stderr]    Compiling pathfinder_simd v0.5.4
[INFO] [stderr]    Compiling png v0.17.15
[INFO] [stderr]    Compiling unicode-width v0.1.14
[INFO] [stderr]    Compiling either v1.13.0
[INFO] [stderr]    Compiling smawk v0.3.2
[INFO] [stderr]    Compiling text_io v0.1.12
[INFO] [stderr]    Compiling crossbeam-deque v0.8.5
[INFO] [stderr]    Compiling textwrap v0.16.1
[INFO] [stderr]    Compiling dirs-sys v0.4.1
[INFO] [stderr]    Compiling freetype-sys v0.20.1
[INFO] [stderr]    Compiling chrono v0.4.39
[INFO] [stderr]    Compiling dirs v5.0.1
[INFO] [stderr]    Compiling rayon v1.10.0
[INFO] [stderr]    Compiling pathfinder_geometry v0.5.1
[INFO] [stderr]    Compiling image v0.24.9
[INFO] [stderr]    Compiling thiserror-impl v2.0.7
[INFO] [stderr]    Compiling plotters-bitmap v0.3.7
[INFO] [stderr]    Compiling plotters v0.3.7
[INFO] [stderr]    Compiling benchplot v0.1.1 (/opt/rustwide/workdir)
[INFO] [stderr]     Finished `dev` profile [unoptimized + debuginfo] target(s) in 18.91s
[INFO] running `Command { std: "docker" "inspect" "2641249f08e6b914b3be92162a1e252ee512de08b66a2318aa363832ce7a25a8", kill_on_drop: false }`
[INFO] running `Command { std: "docker" "rm" "-f" "2641249f08e6b914b3be92162a1e252ee512de08b66a2318aa363832ce7a25a8", kill_on_drop: false }`
[INFO] [stdout] 2641249f08e6b914b3be92162a1e252ee512de08b66a2318aa363832ce7a25a8
[INFO] running `Command { std: "docker" "create" "-v" "/var/lib/crater-agent-workspace/builds/worker-7-tc1/target:/opt/rustwide/target:rw,Z" "-v" "/var/lib/crater-agent-workspace/builds/worker-7-tc1/source:/opt/rustwide/workdir:ro,Z" "-v" "/var/lib/crater-agent-workspace/cargo-home:/opt/rustwide/cargo-home:ro,Z" "-v" "/var/lib/crater-agent-workspace/rustup-home:/opt/rustwide/rustup-home:ro,Z" "-e" "SOURCE_DIR=/opt/rustwide/workdir" "-e" "CARGO_TARGET_DIR=/opt/rustwide/target" "-e" "CARGO_INCREMENTAL=0" "-e" "RUST_BACKTRACE=full" "-e" "RUSTFLAGS=--cap-lints=warn" "-e" "RUSTDOCFLAGS=--cap-lints=warn" "-e" "CARGO_HOME=/opt/rustwide/cargo-home" "-e" "RUSTUP_HOME=/opt/rustwide/rustup-home" "-w" "/opt/rustwide/workdir" "-m" "1610612736" "--user" "0:0" "--network" "none" "ghcr.io/rust-lang/crates-build-env/linux@sha256:f3a9d4ad9d972b27faf3965f35b62e55ba32bbce8f20bc8fe909558a86702fde" "/opt/rustwide/cargo-home/bin/cargo" "+1.83.0" "test" "--frozen" "--no-run" "--message-format=json", kill_on_drop: false }`
[INFO] [stdout] fd038e95e8d459b0b312eff1df26759e9ccaa0d8846dad74e5ee4aa3d6a91b0f
[INFO] running `Command { std: "docker" "start" "-a" "fd038e95e8d459b0b312eff1df26759e9ccaa0d8846dad74e5ee4aa3d6a91b0f", kill_on_drop: false }`
[INFO] [stderr]    Compiling getrandom v0.2.15
[INFO] [stderr]    Compiling zerocopy-derive v0.7.35
[INFO] [stderr]    Compiling tempfile v3.14.0
[INFO] [stderr]    Compiling font-kit v0.14.2
[INFO] [stderr]    Compiling rand_core v0.6.4
[INFO] [stderr]    Compiling plotters v0.3.7
[INFO] [stderr]    Compiling zerocopy v0.7.35
[INFO] [stderr]    Compiling ppv-lite86 v0.2.20
[INFO] [stderr]    Compiling rand_chacha v0.3.1
[INFO] [stderr]    Compiling benchplot v0.1.1 (/opt/rustwide/workdir)
[INFO] [stderr]    Compiling rand v0.8.5
[INFO] [stderr]     Finished `test` profile [unoptimized + debuginfo] target(s) in 6.31s
[INFO] running `Command { std: "docker" "inspect" "fd038e95e8d459b0b312eff1df26759e9ccaa0d8846dad74e5ee4aa3d6a91b0f", kill_on_drop: false }`
[INFO] running `Command { std: "docker" "rm" "-f" "fd038e95e8d459b0b312eff1df26759e9ccaa0d8846dad74e5ee4aa3d6a91b0f", kill_on_drop: false }`
[INFO] [stdout] fd038e95e8d459b0b312eff1df26759e9ccaa0d8846dad74e5ee4aa3d6a91b0f
[INFO] running `Command { std: "docker" "create" "-v" "/var/lib/crater-agent-workspace/builds/worker-7-tc1/target:/opt/rustwide/target:rw,Z" "-v" "/var/lib/crater-agent-workspace/builds/worker-7-tc1/source:/opt/rustwide/workdir:ro,Z" "-v" "/var/lib/crater-agent-workspace/cargo-home:/opt/rustwide/cargo-home:ro,Z" "-v" "/var/lib/crater-agent-workspace/rustup-home:/opt/rustwide/rustup-home:ro,Z" "-e" "SOURCE_DIR=/opt/rustwide/workdir" "-e" "CARGO_TARGET_DIR=/opt/rustwide/target" "-e" "CARGO_INCREMENTAL=0" "-e" "RUST_BACKTRACE=full" "-e" "RUSTFLAGS=--cap-lints=warn" "-e" "RUSTDOCFLAGS=--cap-lints=warn" "-e" "CARGO_HOME=/opt/rustwide/cargo-home" "-e" "RUSTUP_HOME=/opt/rustwide/rustup-home" "-w" "/opt/rustwide/workdir" "-m" "1610612736" "--user" "0:0" "--network" "none" "ghcr.io/rust-lang/crates-build-env/linux@sha256:f3a9d4ad9d972b27faf3965f35b62e55ba32bbce8f20bc8fe909558a86702fde" "/opt/rustwide/cargo-home/bin/cargo" "+1.83.0" "test" "--frozen", kill_on_drop: false }`
[INFO] [stdout] f33521649e6748801aeae6075c96628bfb8c3fe084a774ddfd61b22ef4929b9d
[INFO] running `Command { std: "docker" "start" "-a" "f33521649e6748801aeae6075c96628bfb8c3fe084a774ddfd61b22ef4929b9d", kill_on_drop: false }`
[INFO] [stderr]     Finished `test` profile [unoptimized + debuginfo] target(s) in 0.10s
[INFO] [stderr]      Running unittests src/lib.rs (/opt/rustwide/target/debug/deps/benchplot-b9e161b91f119d42)
[INFO] [stdout] 
[INFO] [stdout] running 15 tests
[INFO] [stdout] test bench::builder::tests::test_no_functions ... ok
[INFO] [stdout] test bench::builder::tests::test_setting_parallel ... ok
[INFO] [stdout] test bench::builder::tests::test_no_sizes ... ok
[INFO] [stdout] test bench::builder::tests::test_bench_builder_only_mandatory_args ... ok
[INFO] [stdout] test bench::builder::tests::test_zero_repetitions ... ok
[INFO] [stdout] test bench::plot::superscript_tests::test_superscript_single_digit ... ok
[INFO] [stdout] test bench::builder::tests::test_assert_equal ... ok
[INFO] [stdout] test bench::plot::superscript_tests::test_superscript_multi_digit ... ok
[INFO] [stdout] test util::tests::test_all_elements_equal ... ok
[INFO] [stdout] test bench::builder::tests::test_setting_repetitions ... ok
[INFO] [stdout] test util::tests::test_empty_iterator ... ok
[INFO] [stdout] test util::tests::test_single_element ... ok
[INFO] [stdout] test util::tests::test_different_elements ... ok
[INFO] [stdout] test bench::plot::plot_tests::test_plot_with_title ... ok
[INFO] [stdout] test bench::plot::plot_tests::test_plot_file_creation ... ok
[INFO] [stdout] 
[INFO] [stdout] test result: ok. 15 passed; 0 failed; 0 ignored; 0 measured; 0 filtered out; finished in 0.17s
[INFO] [stdout] 
[INFO] [stderr]    Doc-tests benchplot
[INFO] [stdout] 
[INFO] [stdout] running 1 test
[INFO] [stdout] test src/../README.md - (line 16) ... FAILED
[INFO] [stdout] 
[INFO] [stdout] failures:
[INFO] [stdout] 
[INFO] [stdout] ---- src/../README.md - (line 16) stdout ----
[INFO] [stdout] Test executable failed (exit status: 101).
[INFO] [stdout] 
[INFO] [stdout] stdout:
[INFO] [stdout] size index: 0, function index: 0
[INFO] [stdout] size index: 0, function index: 1
[INFO] [stdout] size index: 0, function index: 2
[INFO] [stdout] size index: 1, function index: 0
[INFO] [stdout] size index: 1, function index: 1
[INFO] [stdout] size index: 1, function index: 2
[INFO] [stdout] size index: 2, function index: 0
[INFO] [stdout] size index: 2, function index: 1
[INFO] [stdout] size index: 2, function index: 2
[INFO] [stdout] size index: 3, function index: 0
[INFO] [stdout] size index: 3, function index: 1
[INFO] [stdout] size index: 3, function index: 2
[INFO] [stdout] size index: 4, function index: 0
[INFO] [stdout] size index: 4, function index: 1
[INFO] [stdout] size index: 4, function index: 2
[INFO] [stdout] size index: 5, function index: 0
[INFO] [stdout] size index: 5, function index: 1
[INFO] [stdout] size index: 5, function index: 2
[INFO] [stdout] size index: 6, function index: 0
[INFO] [stdout] size index: 6, function index: 1
[INFO] [stdout] size index: 6, function index: 2
[INFO] [stdout] size index: 7, function index: 0
[INFO] [stdout] size index: 7, function index: 1
[INFO] [stdout] size index: 7, function index: 2
[INFO] [stdout] size index: 8, function index: 0
[INFO] [stdout] size index: 8, function index: 1
[INFO] [stdout] size index: 8, function index: 2
[INFO] [stdout] size index: 9, function index: 0
[INFO] [stdout] size index: 9, function index: 1
[INFO] [stdout] size index: 9, function index: 2
[INFO] [stdout] size index: 10, function index: 0
[INFO] [stdout] size index: 10, function index: 1
[INFO] [stdout] size index: 10, function index: 2
[INFO] [stdout] size index: 11, function index: 0
[INFO] [stdout] size index: 11, function index: 1
[INFO] [stdout] size index: 11, function index: 2
[INFO] [stdout] size index: 12, function index: 0
[INFO] [stdout] size index: 12, function index: 1
[INFO] [stdout] size index: 12, function index: 2
[INFO] [stdout] size index: 13, function index: 0
[INFO] [stdout] size index: 13, function index: 1
[INFO] [stdout] size index: 13, function index: 2
[INFO] [stdout] size index: 14, function index: 0
[INFO] [stdout] size index: 14, function index: 1
[INFO] [stdout] size index: 14, function index: 2
[INFO] [stdout] 
[INFO] [stdout] stderr:
[INFO] [stdout] thread 'main' panicked at src/../README.md:38:10:
[INFO] [stdout] Plotting failed: DrawingError(BackendError(DrawingError(Os { code: 30, kind: ReadOnlyFilesystem, message: "Read-only file system" })))
[INFO] [stdout] stack backtrace:
[INFO] [stdout]    0:     0x60c6eda3a32a - std::backtrace_rs::backtrace::libunwind::trace::h5a5b8284f2d0c266
[INFO] [stdout]                                at /rustc/90b35a6239c3d8bdabc530a6a0816f7ff89a0aaf/library/std/src/../../backtrace/src/backtrace/libunwind.rs:116:5
[INFO] [stdout]    1:     0x60c6eda3a32a - std::backtrace_rs::backtrace::trace_unsynchronized::h76d4f1c9b0b875e3
[INFO] [stdout]                                at /rustc/90b35a6239c3d8bdabc530a6a0816f7ff89a0aaf/library/std/src/../../backtrace/src/backtrace/mod.rs:66:5
[INFO] [stdout]    2:     0x60c6eda3a32a - std::sys::backtrace::_print_fmt::hc4546b8364a537c6
[INFO] [stdout]                                at /rustc/90b35a6239c3d8bdabc530a6a0816f7ff89a0aaf/library/std/src/sys/backtrace.rs:66:9
[INFO] [stdout]    3:     0x60c6eda3a32a - <std::sys::backtrace::BacktraceLock::print::DisplayBacktrace as core::fmt::Display>::fmt::h5b6bd5631a6d1f6b
[INFO] [stdout]                                at /rustc/90b35a6239c3d8bdabc530a6a0816f7ff89a0aaf/library/std/src/sys/backtrace.rs:39:26
[INFO] [stdout]    4:     0x60c6eda5d943 - core::fmt::rt::Argument::fmt::h270f6602a2b96f62
[INFO] [stdout]                                at /rustc/90b35a6239c3d8bdabc530a6a0816f7ff89a0aaf/library/core/src/fmt/rt.rs:177:76
[INFO] [stdout]    5:     0x60c6eda5d943 - core::fmt::write::h7550c97b06c86515
[INFO] [stdout]                                at /rustc/90b35a6239c3d8bdabc530a6a0816f7ff89a0aaf/library/core/src/fmt/mod.rs:1186:21
[INFO] [stdout]    6:     0x60c6eda37c23 - std::io::Write::write_fmt::h7b09c64fe0be9c84
[INFO] [stdout]                                at /rustc/90b35a6239c3d8bdabc530a6a0816f7ff89a0aaf/library/std/src/io/mod.rs:1839:15
[INFO] [stdout]    7:     0x60c6eda3a172 - std::sys::backtrace::BacktraceLock::print::h2395ccd2c84ba3aa
[INFO] [stdout]                                at /rustc/90b35a6239c3d8bdabc530a6a0816f7ff89a0aaf/library/std/src/sys/backtrace.rs:42:9
[INFO] [stdout]    8:     0x60c6eda3b25c - std::panicking::default_hook::{{closure}}::he19d4c7230e07961
[INFO] [stdout]                                at /rustc/90b35a6239c3d8bdabc530a6a0816f7ff89a0aaf/library/std/src/panicking.rs:268:22
[INFO] [stdout]    9:     0x60c6eda3b0a2 - std::panicking::default_hook::hf614597d3c67bbdb
[INFO] [stdout]                                at /rustc/90b35a6239c3d8bdabc530a6a0816f7ff89a0aaf/library/std/src/panicking.rs:295:9
[INFO] [stdout]   10:     0x60c6eda3b837 - std::panicking::rust_panic_with_hook::h8942133a8b252070
[INFO] [stdout]                                at /rustc/90b35a6239c3d8bdabc530a6a0816f7ff89a0aaf/library/std/src/panicking.rs:801:13
[INFO] [stdout]   11:     0x60c6eda3b6ca - std::panicking::begin_panic_handler::{{closure}}::hb5f5963570096b29
[INFO] [stdout]                                at /rustc/90b35a6239c3d8bdabc530a6a0816f7ff89a0aaf/library/std/src/panicking.rs:674:13
[INFO] [stdout]   12:     0x60c6eda3a809 - std::sys::backtrace::__rust_end_short_backtrace::h6208cedc1922feda
[INFO] [stdout]                                at /rustc/90b35a6239c3d8bdabc530a6a0816f7ff89a0aaf/library/std/src/sys/backtrace.rs:170:18
[INFO] [stdout]   13:     0x60c6eda3b35c - rust_begin_unwind
[INFO] [stdout]                                at /rustc/90b35a6239c3d8bdabc530a6a0816f7ff89a0aaf/library/std/src/panicking.rs:665:5
[INFO] [stdout]   14:     0x60c6ed826d10 - core::panicking::panic_fmt::h0c3082644d1bf418
[INFO] [stdout]                                at /rustc/90b35a6239c3d8bdabc530a6a0816f7ff89a0aaf/library/core/src/panicking.rs:74:14
[INFO] [stdout]   15:     0x60c6ed827156 - core::result::unwrap_failed::hd20b4aa073bda1e2
[INFO] [stdout]                                at /rustc/90b35a6239c3d8bdabc530a6a0816f7ff89a0aaf/library/core/src/result.rs:1700:5
[INFO] [stdout]   16:     0x60c6ed84d39a - core::result::Result<T,E>::expect::he5db8cf7e2e97e0b
[INFO] [stdout]   17:     0x60c6ed87d2c5 - rust_out::main::h86d391cc11b8a827
[INFO] [stdout]   18:     0x60c6ed83ead3 - core::ops::function::FnOnce::call_once::hd1e0b33d350e8c2e
[INFO] [stdout]   19:     0x60c6ed83b0b6 - std::sys::backtrace::__rust_begin_short_backtrace::hb7c4fd168269da08
[INFO] [stdout]   20:     0x60c6ed83afb9 - std::rt::lang_start::{{closure}}::h7630186e3858a44d
[INFO] [stdout]   21:     0x60c6eda32f9e - core::ops::function::impls::<impl core::ops::function::FnOnce<A> for &F>::call_once::hfdb85f4ee94732d3
[INFO] [stdout]                                at /rustc/90b35a6239c3d8bdabc530a6a0816f7ff89a0aaf/library/core/src/ops/function.rs:284:13
[INFO] [stdout]   22:     0x60c6eda32f9e - std::panicking::try::do_call::h6e577310f330cbef
[INFO] [stdout]                                at /rustc/90b35a6239c3d8bdabc530a6a0816f7ff89a0aaf/library/std/src/panicking.rs:557:40
[INFO] [stdout]   23:     0x60c6eda32f9e - std::panicking::try::ha588d438267d2645
[INFO] [stdout]                                at /rustc/90b35a6239c3d8bdabc530a6a0816f7ff89a0aaf/library/std/src/panicking.rs:520:19
[INFO] [stdout]   24:     0x60c6eda32f9e - std::panic::catch_unwind::h429fda1e025f26d9
[INFO] [stdout]                                at /rustc/90b35a6239c3d8bdabc530a6a0816f7ff89a0aaf/library/std/src/panic.rs:358:14
[INFO] [stdout]   25:     0x60c6eda32f9e - std::rt::lang_start_internal::{{closure}}::h7b731265e841c4bf
[INFO] [stdout]                                at /rustc/90b35a6239c3d8bdabc530a6a0816f7ff89a0aaf/library/std/src/rt.rs:174:48
[INFO] [stdout]   26:     0x60c6eda32f9e - std::panicking::try::do_call::hc0f6a675b7ae5a36
[INFO] [stdout]                                at /rustc/90b35a6239c3d8bdabc530a6a0816f7ff89a0aaf/library/std/src/panicking.rs:557:40
[INFO] [stdout]   27:     0x60c6eda32f9e - std::panicking::try::h4c93b7ff0671f1ff
[INFO] [stdout]                                at /rustc/90b35a6239c3d8bdabc530a6a0816f7ff89a0aaf/library/std/src/panicking.rs:520:19
[INFO] [stdout]   28:     0x60c6eda32f9e - std::panic::catch_unwind::hcc1e154961d16ce6
[INFO] [stdout]                                at /rustc/90b35a6239c3d8bdabc530a6a0816f7ff89a0aaf/library/std/src/panic.rs:358:14
[INFO] [stdout]   29:     0x60c6eda32f9e - std::rt::lang_start_internal::h1c66660c99c8424c
[INFO] [stdout]                                at /rustc/90b35a6239c3d8bdabc530a6a0816f7ff89a0aaf/library/std/src/rt.rs:174:20
[INFO] [stdout]   30:     0x60c6ed83af97 - std::rt::lang_start::hcdb31f4834f76b8c
[INFO] [stdout]   31:     0x60c6ed87deb5 - main
[INFO] [stdout]   32:     0x763a7a541d90 - <unknown>
[INFO] [stdout]   33:     0x763a7a541e40 - __libc_start_main
[INFO] [stdout]   34:     0x60c6ed827655 - _start
[INFO] [stdout]   35:                0x0 - <unknown>
[INFO] [stdout] 
[INFO] [stdout] 
[INFO] [stdout] 
[INFO] [stdout] failures:
[INFO] [stdout]     src/../README.md - (line 16)
[INFO] [stdout] 
[INFO] [stdout] test result: FAILED. 0 passed; 1 failed; 0 ignored; 0 measured; 0 filtered out; finished in 15.73s
[INFO] [stdout] 
[INFO] [stderr] error: doctest failed, to rerun pass `--doc`
[INFO] running `Command { std: "docker" "inspect" "f33521649e6748801aeae6075c96628bfb8c3fe084a774ddfd61b22ef4929b9d", kill_on_drop: false }`
[INFO] running `Command { std: "docker" "rm" "-f" "f33521649e6748801aeae6075c96628bfb8c3fe084a774ddfd61b22ef4929b9d", kill_on_drop: false }`
[INFO] [stdout] f33521649e6748801aeae6075c96628bfb8c3fe084a774ddfd61b22ef4929b9d
