[INFO] fetching crate behaviortree-rs-derive 0.2.5-alpha3...
[INFO] testing behaviortree-rs-derive-0.2.5-alpha3 against 1.83.0 for beta-1.84.0-4-retry
[INFO] extracting crate behaviortree-rs-derive 0.2.5-alpha3 into /workspace/builds/worker-1-tc1/source
[INFO] validating manifest of crates.io crate behaviortree-rs-derive 0.2.5-alpha3 on toolchain 1.83.0
[INFO] running `Command { std: CARGO_HOME="/workspace/cargo-home" RUSTUP_HOME="/workspace/rustup-home" "/workspace/cargo-home/bin/cargo" "+1.83.0" "metadata" "--manifest-path" "Cargo.toml" "--no-deps", kill_on_drop: false }`
[INFO] started tweaking crates.io crate behaviortree-rs-derive 0.2.5-alpha3
[INFO] finished tweaking crates.io crate behaviortree-rs-derive 0.2.5-alpha3
[INFO] tweaked toml for crates.io crate behaviortree-rs-derive 0.2.5-alpha3 written to /workspace/builds/worker-1-tc1/source/Cargo.toml
[INFO] running `Command { std: CARGO_HOME="/workspace/cargo-home" RUSTUP_HOME="/workspace/rustup-home" "/workspace/cargo-home/bin/cargo" "+1.83.0" "generate-lockfile" "--manifest-path" "Cargo.toml", kill_on_drop: false }`
[INFO] [stderr]     Updating crates.io index
[INFO] [stderr]      Locking 5 packages to latest compatible versions
[INFO] running `Command { std: CARGO_HOME="/workspace/cargo-home" RUSTUP_HOME="/workspace/rustup-home" "/workspace/cargo-home/bin/cargo" "+1.83.0" "fetch" "--manifest-path" "Cargo.toml", kill_on_drop: false }`
[INFO] running `Command { std: "docker" "create" "-v" "/var/lib/crater-agent-workspace/builds/worker-1-tc1/target:/opt/rustwide/target:rw,Z" "-v" "/var/lib/crater-agent-workspace/builds/worker-1-tc1/source:/opt/rustwide/workdir:ro,Z" "-v" "/var/lib/crater-agent-workspace/cargo-home:/opt/rustwide/cargo-home:ro,Z" "-v" "/var/lib/crater-agent-workspace/rustup-home:/opt/rustwide/rustup-home:ro,Z" "-e" "SOURCE_DIR=/opt/rustwide/workdir" "-e" "CARGO_TARGET_DIR=/opt/rustwide/target" "-e" "CARGO_HOME=/opt/rustwide/cargo-home" "-e" "RUSTUP_HOME=/opt/rustwide/rustup-home" "-w" "/opt/rustwide/workdir" "-m" "1610612736" "--user" "0:0" "--network" "none" "ghcr.io/rust-lang/crates-build-env/linux@sha256:f3a9d4ad9d972b27faf3965f35b62e55ba32bbce8f20bc8fe909558a86702fde" "/opt/rustwide/cargo-home/bin/cargo" "+1.83.0" "metadata" "--no-deps" "--format-version=1", kill_on_drop: false }`
[INFO] [stdout] 22c1ca4e59a1145368275ec7be087fca73d376023a5017c690034904f4f008f2
[INFO] running `Command { std: "docker" "start" "-a" "22c1ca4e59a1145368275ec7be087fca73d376023a5017c690034904f4f008f2", kill_on_drop: false }`
[INFO] running `Command { std: "docker" "inspect" "22c1ca4e59a1145368275ec7be087fca73d376023a5017c690034904f4f008f2", kill_on_drop: false }`
[INFO] running `Command { std: "docker" "rm" "-f" "22c1ca4e59a1145368275ec7be087fca73d376023a5017c690034904f4f008f2", kill_on_drop: false }`
[INFO] [stdout] 22c1ca4e59a1145368275ec7be087fca73d376023a5017c690034904f4f008f2
[INFO] running `Command { std: "docker" "create" "-v" "/var/lib/crater-agent-workspace/builds/worker-1-tc1/target:/opt/rustwide/target:rw,Z" "-v" "/var/lib/crater-agent-workspace/builds/worker-1-tc1/source:/opt/rustwide/workdir:ro,Z" "-v" "/var/lib/crater-agent-workspace/cargo-home:/opt/rustwide/cargo-home:ro,Z" "-v" "/var/lib/crater-agent-workspace/rustup-home:/opt/rustwide/rustup-home:ro,Z" "-e" "SOURCE_DIR=/opt/rustwide/workdir" "-e" "CARGO_TARGET_DIR=/opt/rustwide/target" "-e" "CARGO_INCREMENTAL=0" "-e" "RUST_BACKTRACE=full" "-e" "RUSTFLAGS=--cap-lints=warn" "-e" "RUSTDOCFLAGS=--cap-lints=warn" "-e" "CARGO_HOME=/opt/rustwide/cargo-home" "-e" "RUSTUP_HOME=/opt/rustwide/rustup-home" "-w" "/opt/rustwide/workdir" "-m" "1610612736" "--user" "0:0" "--network" "none" "ghcr.io/rust-lang/crates-build-env/linux@sha256:f3a9d4ad9d972b27faf3965f35b62e55ba32bbce8f20bc8fe909558a86702fde" "/opt/rustwide/cargo-home/bin/cargo" "+1.83.0" "build" "--frozen" "--message-format=json", kill_on_drop: false }`
[INFO] [stdout] 3639f3f9fbdfe2337427ed7ca55bf44320acb432dc7bea3128b20a16baf3635c
[INFO] running `Command { std: "docker" "start" "-a" "3639f3f9fbdfe2337427ed7ca55bf44320acb432dc7bea3128b20a16baf3635c", kill_on_drop: false }`
[INFO] [stderr]    Compiling proc-macro2 v1.0.92
[INFO] [stderr]    Compiling unicode-ident v1.0.14
[INFO] [stderr]    Compiling log v0.4.22
[INFO] [stderr]    Compiling quote v1.0.37
[INFO] [stderr]    Compiling syn v2.0.90
[INFO] [stderr]    Compiling behaviortree-rs-derive v0.2.5-alpha3 (/opt/rustwide/workdir)
[INFO] [stdout] warning: variable does not need to be mutable
[INFO] [stdout]    --> src/lib.rs:399:9
[INFO] [stdout]     |
[INFO] [stdout] 399 |     let mut extra_impls = proc_macro2::TokenStream::new();
[INFO] [stdout]     |         ----^^^^^^^^^^^
[INFO] [stdout]     |         |
[INFO] [stdout]     |         help: remove this `mut`
[INFO] [stdout]     |
[INFO] [stdout]     = note: `#[warn(unused_mut)]` on by default
[INFO] [stdout] 
[INFO] [stdout] 
[INFO] [stdout] warning: method `concat_blocks` is never used
[INFO] [stdout]   --> src/lib.rs:81:8
[INFO] [stdout]    |
[INFO] [stdout] 79 | trait ConcatTokenStream {
[INFO] [stdout]    |       ----------------- method in this trait
[INFO] [stdout] 80 |     fn concat_list(&self, value: proc_macro2::TokenStream) -> proc_macro2::TokenStream;
[INFO] [stdout] 81 |     fn concat_blocks(&self, value: proc_macro2::TokenStream) -> proc_macro2::TokenStream;
[INFO] [stdout]    |        ^^^^^^^^^^^^^
[INFO] [stdout]    |
[INFO] [stdout]    = note: `#[warn(dead_code)]` on by default
[INFO] [stdout] 
[INFO] [stdout] 
[INFO] [stderr]     Finished `dev` profile [unoptimized + debuginfo] target(s) in 10.41s
[INFO] running `Command { std: "docker" "inspect" "3639f3f9fbdfe2337427ed7ca55bf44320acb432dc7bea3128b20a16baf3635c", kill_on_drop: false }`
[INFO] running `Command { std: "docker" "rm" "-f" "3639f3f9fbdfe2337427ed7ca55bf44320acb432dc7bea3128b20a16baf3635c", kill_on_drop: false }`
[INFO] [stdout] 3639f3f9fbdfe2337427ed7ca55bf44320acb432dc7bea3128b20a16baf3635c
[INFO] running `Command { std: "docker" "create" "-v" "/var/lib/crater-agent-workspace/builds/worker-1-tc1/target:/opt/rustwide/target:rw,Z" "-v" "/var/lib/crater-agent-workspace/builds/worker-1-tc1/source:/opt/rustwide/workdir:ro,Z" "-v" "/var/lib/crater-agent-workspace/cargo-home:/opt/rustwide/cargo-home:ro,Z" "-v" "/var/lib/crater-agent-workspace/rustup-home:/opt/rustwide/rustup-home:ro,Z" "-e" "SOURCE_DIR=/opt/rustwide/workdir" "-e" "CARGO_TARGET_DIR=/opt/rustwide/target" "-e" "CARGO_INCREMENTAL=0" "-e" "RUST_BACKTRACE=full" "-e" "RUSTFLAGS=--cap-lints=warn" "-e" "RUSTDOCFLAGS=--cap-lints=warn" "-e" "CARGO_HOME=/opt/rustwide/cargo-home" "-e" "RUSTUP_HOME=/opt/rustwide/rustup-home" "-w" "/opt/rustwide/workdir" "-m" "1610612736" "--user" "0:0" "--network" "none" "ghcr.io/rust-lang/crates-build-env/linux@sha256:f3a9d4ad9d972b27faf3965f35b62e55ba32bbce8f20bc8fe909558a86702fde" "/opt/rustwide/cargo-home/bin/cargo" "+1.83.0" "test" "--frozen" "--no-run" "--message-format=json", kill_on_drop: false }`
[INFO] [stdout] 749bbea57116dded60e3276e010a1bb6ab7a16b493368e5d2a18698001c58903
[INFO] running `Command { std: "docker" "start" "-a" "749bbea57116dded60e3276e010a1bb6ab7a16b493368e5d2a18698001c58903", kill_on_drop: false }`
[INFO] [stderr]    Compiling behaviortree-rs-derive v0.2.5-alpha3 (/opt/rustwide/workdir)
[INFO] [stdout] warning: variable does not need to be mutable
[INFO] [stdout]    --> src/lib.rs:399:9
[INFO] [stdout]     |
[INFO] [stdout] 399 |     let mut extra_impls = proc_macro2::TokenStream::new();
[INFO] [stdout]     |         ----^^^^^^^^^^^
[INFO] [stdout]     |         |
[INFO] [stdout]     |         help: remove this `mut`
[INFO] [stdout]     |
[INFO] [stdout]     = note: `#[warn(unused_mut)]` on by default
[INFO] [stdout] 
[INFO] [stdout] 
[INFO] [stdout] warning: variable does not need to be mutable
[INFO] [stdout]    --> src/lib.rs:399:9
[INFO] [stdout]     |
[INFO] [stdout] 399 |     let mut extra_impls = proc_macro2::TokenStream::new();
[INFO] [stdout]     |         ----^^^^^^^^^^^
[INFO] [stdout]     |         |
[INFO] [stdout]     |         help: remove this `mut`
[INFO] [stdout]     |
[INFO] [stdout]     = note: `#[warn(unused_mut)]` on by default
[INFO] [stdout] 
[INFO] [stdout] 
[INFO] [stdout] warning: method `concat_blocks` is never used
[INFO] [stdout]   --> src/lib.rs:81:8
[INFO] [stdout]    |
[INFO] [stdout] 79 | trait ConcatTokenStream {
[INFO] [stdout]    |       ----------------- method in this trait
[INFO] [stdout] 80 |     fn concat_list(&self, value: proc_macro2::TokenStream) -> proc_macro2::TokenStream;
[INFO] [stdout] 81 |     fn concat_blocks(&self, value: proc_macro2::TokenStream) -> proc_macro2::TokenStream;
[INFO] [stdout]    |        ^^^^^^^^^^^^^
[INFO] [stdout]    |
[INFO] [stdout]    = note: `#[warn(dead_code)]` on by default
[INFO] [stdout] 
[INFO] [stdout] 
[INFO] [stdout] warning: method `concat_blocks` is never used
[INFO] [stdout]   --> src/lib.rs:81:8
[INFO] [stdout]    |
[INFO] [stdout] 79 | trait ConcatTokenStream {
[INFO] [stdout]    |       ----------------- method in this trait
[INFO] [stdout] 80 |     fn concat_list(&self, value: proc_macro2::TokenStream) -> proc_macro2::TokenStream;
[INFO] [stdout] 81 |     fn concat_blocks(&self, value: proc_macro2::TokenStream) -> proc_macro2::TokenStream;
[INFO] [stdout]    |        ^^^^^^^^^^^^^
[INFO] [stdout]    |
[INFO] [stdout]    = note: `#[warn(dead_code)]` on by default
[INFO] [stdout] 
[INFO] [stdout] 
[INFO] [stderr]     Finished `test` profile [unoptimized + debuginfo] target(s) in 1.84s
[INFO] running `Command { std: "docker" "inspect" "749bbea57116dded60e3276e010a1bb6ab7a16b493368e5d2a18698001c58903", kill_on_drop: false }`
[INFO] running `Command { std: "docker" "rm" "-f" "749bbea57116dded60e3276e010a1bb6ab7a16b493368e5d2a18698001c58903", kill_on_drop: false }`
[INFO] [stdout] 749bbea57116dded60e3276e010a1bb6ab7a16b493368e5d2a18698001c58903
[INFO] running `Command { std: "docker" "create" "-v" "/var/lib/crater-agent-workspace/builds/worker-1-tc1/target:/opt/rustwide/target:rw,Z" "-v" "/var/lib/crater-agent-workspace/builds/worker-1-tc1/source:/opt/rustwide/workdir:ro,Z" "-v" "/var/lib/crater-agent-workspace/cargo-home:/opt/rustwide/cargo-home:ro,Z" "-v" "/var/lib/crater-agent-workspace/rustup-home:/opt/rustwide/rustup-home:ro,Z" "-e" "SOURCE_DIR=/opt/rustwide/workdir" "-e" "CARGO_TARGET_DIR=/opt/rustwide/target" "-e" "CARGO_INCREMENTAL=0" "-e" "RUST_BACKTRACE=full" "-e" "RUSTFLAGS=--cap-lints=warn" "-e" "RUSTDOCFLAGS=--cap-lints=warn" "-e" "CARGO_HOME=/opt/rustwide/cargo-home" "-e" "RUSTUP_HOME=/opt/rustwide/rustup-home" "-w" "/opt/rustwide/workdir" "-m" "1610612736" "--user" "0:0" "--network" "none" "ghcr.io/rust-lang/crates-build-env/linux@sha256:f3a9d4ad9d972b27faf3965f35b62e55ba32bbce8f20bc8fe909558a86702fde" "/opt/rustwide/cargo-home/bin/cargo" "+1.83.0" "test" "--frozen", kill_on_drop: false }`
[INFO] [stdout] 2f74641caa29ec6e8ebd5507564df4bb56057c3b8aa24416f136aba5ca614cf1
[INFO] running `Command { std: "docker" "start" "-a" "2f74641caa29ec6e8ebd5507564df4bb56057c3b8aa24416f136aba5ca614cf1", kill_on_drop: false }`
[INFO] [stderr] warning: variable does not need to be mutable
[INFO] [stderr]    --> src/lib.rs:399:9
[INFO] [stderr]     |
[INFO] [stderr] 399 |     let mut extra_impls = proc_macro2::TokenStream::new();
[INFO] [stderr]     |         ----^^^^^^^^^^^
[INFO] [stderr]     |         |
[INFO] [stderr]     |         help: remove this `mut`
[INFO] [stderr]     |
[INFO] [stderr]     = note: `#[warn(unused_mut)]` on by default
[INFO] [stderr] 
[INFO] [stderr] warning: method `concat_blocks` is never used
[INFO] [stderr]   --> src/lib.rs:81:8
[INFO] [stderr]    |
[INFO] [stderr] 79 | trait ConcatTokenStream {
[INFO] [stderr]    |       ----------------- method in this trait
[INFO] [stderr] 80 |     fn concat_list(&self, value: proc_macro2::TokenStream) -> proc_macro2::TokenStream;
[INFO] [stderr] 81 |     fn concat_blocks(&self, value: proc_macro2::TokenStream) -> proc_macro2::TokenStream;
[INFO] [stderr]    |        ^^^^^^^^^^^^^
[INFO] [stderr]    |
[INFO] [stderr]    = note: `#[warn(dead_code)]` on by default
[INFO] [stderr] 
[INFO] [stderr] warning: `behaviortree-rs-derive` (lib) generated 2 warnings (run `cargo fix --lib -p behaviortree-rs-derive` to apply 1 suggestion)
[INFO] [stderr] warning: `behaviortree-rs-derive` (lib test) generated 2 warnings (2 duplicates)
[INFO] [stderr]     Finished `test` profile [unoptimized + debuginfo] target(s) in 0.03s
[INFO] [stderr]      Running unittests src/lib.rs (/opt/rustwide/target/debug/deps/behaviortree_rs_derive-0a6ce74557db08a5)
[INFO] [stdout] 
[INFO] [stdout] running 0 tests
[INFO] [stdout] 
[INFO] [stdout] test result: ok. 0 passed; 0 failed; 0 ignored; 0 measured; 0 filtered out; finished in 0.00s
[INFO] [stdout] 
[INFO] [stderr]    Doc-tests behaviortree_rs_derive
[INFO] [stdout] 
[INFO] [stdout] running 7 tests
[INFO] [stdout] test src/lib.rs - bt_node (line 641) ... ignored
[INFO] [stdout] test src/lib.rs - bt_node (line 665) ... ignored
[INFO] [stdout] test src/lib.rs - register_action_node (line 903) ... ignored
[INFO] [stdout] test src/lib.rs - register_control_node (line 928) ... ignored
[INFO] [stdout] test src/lib.rs - register_decorator_node (line 953) ... ignored
[INFO] [stdout] test src/lib.rs - bt_node (line 610) ... FAILED
[INFO] [stdout] test src/lib.rs - bt_node (line 681) ... FAILED
[INFO] [stdout] 
[INFO] [stdout] failures:
[INFO] [stdout] 
[INFO] [stdout] ---- src/lib.rs - bt_node (line 610) stdout ----
[INFO] [stdout] error[E0433]: failed to resolve: use of undeclared crate or module `behaviortree_rs`
[INFO] [stdout]  --> src/lib.rs:611:5
[INFO] [stdout]   |
[INFO] [stdout] 3 | use behaviortree_rs::{bt_node, basic_types::NodeStatus, nodes::{AsyncTick, NodeResult, AsyncHalt, NodePorts}, sync::BoxFuture};
[INFO] [stdout]   |     ^^^^^^^^^^^^^^^ use of undeclared crate or module `behaviortree_rs`
[INFO] [stdout] 
[INFO] [stdout] error[E0432]: unresolved import `behaviortree_rs`
[INFO] [stdout]  --> src/lib.rs:611:5
[INFO] [stdout]   |
[INFO] [stdout] 3 | use behaviortree_rs::{bt_node, basic_types::NodeStatus, nodes::{AsyncTick, NodeResult, AsyncHalt, NodePorts}, sync::BoxFuture};
[INFO] [stdout]   |     ^^^^^^^^^^^^^^^ use of undeclared crate or module `behaviortree_rs`
[INFO] [stdout] 
[INFO] [stdout] error: aborting due to 2 previous errors
[INFO] [stdout] 
[INFO] [stdout] Some errors have detailed explanations: E0432, E0433.
[INFO] [stdout] For more information about an error, try `rustc --explain E0432`.
[INFO] [stdout] Couldn't compile the test.
[INFO] [stdout] ---- src/lib.rs - bt_node (line 681) stdout ----
[INFO] [stdout] error[E0433]: failed to resolve: use of undeclared crate or module `behaviortree_rs`
[INFO] [stdout]  --> src/lib.rs:682:5
[INFO] [stdout]   |
[INFO] [stdout] 3 | use behaviortree_rs::{bt_node, basic_types::NodeStatus, nodes::{AsyncTick, NodePorts, NodeResult, AsyncHalt}, sync::BoxFuture};
[INFO] [stdout]   |     ^^^^^^^^^^^^^^^ use of undeclared crate or module `behaviortree_rs`
[INFO] [stdout] 
[INFO] [stdout] error[E0432]: unresolved import `behaviortree_rs`
[INFO] [stdout]  --> src/lib.rs:682:5
[INFO] [stdout]   |
[INFO] [stdout] 3 | use behaviortree_rs::{bt_node, basic_types::NodeStatus, nodes::{AsyncTick, NodePorts, NodeResult, AsyncHalt}, sync::BoxFuture};
[INFO] [stdout]   |     ^^^^^^^^^^^^^^^ use of undeclared crate or module `behaviortree_rs`
[INFO] [stdout] 
[INFO] [stdout] error: cannot find attribute `bt` in this scope
[INFO] [stdout]  --> src/lib.rs:686:7
[INFO] [stdout]   |
[INFO] [stdout] 7 |     #[bt(default = "NodeStatus::Success")]
[INFO] [stdout]   |       ^^
[INFO] [stdout] 
[INFO] [stdout] error: cannot find attribute `bt` in this scope
[INFO] [stdout]  --> src/lib.rs:688:7
[INFO] [stdout]   |
[INFO] [stdout] 9 |     #[bt(default)] // defaults to empty String
[INFO] [stdout]   |       ^^
[INFO] [stdout] 
[INFO] [stdout] error: aborting due to 4 previous errors
[INFO] [stdout] 
[INFO] [stdout] Some errors have detailed explanations: E0432, E0433.
[INFO] [stdout] For more information about an error, try `rustc --explain E0432`.
[INFO] [stdout] Couldn't compile the test.
[INFO] [stdout] 
[INFO] [stdout] failures:
[INFO] [stdout]     src/lib.rs - bt_node (line 610)
[INFO] [stdout]     src/lib.rs - bt_node (line 681)
[INFO] [stdout] 
[INFO] [stdout] test result: FAILED. 0 passed; 2 failed; 5 ignored; 0 measured; 0 filtered out; finished in 0.17s
[INFO] [stdout] 
[INFO] [stderr] error: doctest failed, to rerun pass `--doc`
[INFO] running `Command { std: "docker" "inspect" "2f74641caa29ec6e8ebd5507564df4bb56057c3b8aa24416f136aba5ca614cf1", kill_on_drop: false }`
[INFO] running `Command { std: "docker" "rm" "-f" "2f74641caa29ec6e8ebd5507564df4bb56057c3b8aa24416f136aba5ca614cf1", kill_on_drop: false }`
[INFO] [stdout] 2f74641caa29ec6e8ebd5507564df4bb56057c3b8aa24416f136aba5ca614cf1
