[INFO] fetching crate beet_ecs_macros 0.0.3...
[INFO] testing beet_ecs_macros-0.0.3 against beta-2024-12-08 for beta-1.84.0-4-retry
[INFO] extracting crate beet_ecs_macros 0.0.3 into /workspace/builds/worker-6-tc2/source
[INFO] validating manifest of crates.io crate beet_ecs_macros 0.0.3 on toolchain beta-2024-12-08
[INFO] running `Command { std: CARGO_HOME="/workspace/cargo-home" RUSTUP_HOME="/workspace/rustup-home" "/workspace/cargo-home/bin/cargo" "+beta-2024-12-08" "metadata" "--manifest-path" "Cargo.toml" "--no-deps", kill_on_drop: false }`
[INFO] started tweaking crates.io crate beet_ecs_macros 0.0.3
[INFO] finished tweaking crates.io crate beet_ecs_macros 0.0.3
[INFO] tweaked toml for crates.io crate beet_ecs_macros 0.0.3 written to /workspace/builds/worker-6-tc2/source/Cargo.toml
[INFO] running `Command { std: CARGO_HOME="/workspace/cargo-home" RUSTUP_HOME="/workspace/rustup-home" "/workspace/cargo-home/bin/cargo" "+beta-2024-12-08" "generate-lockfile" "--manifest-path" "Cargo.toml", kill_on_drop: false }`
[INFO] [stderr]     Updating crates.io index
[INFO] [stderr]      Locking 14 packages to latest compatible versions
[INFO] [stderr]       Adding heck v0.4.1 (available: v0.5.0)
[INFO] running `Command { std: CARGO_HOME="/workspace/cargo-home" RUSTUP_HOME="/workspace/rustup-home" "/workspace/cargo-home/bin/cargo" "+beta-2024-12-08" "fetch" "--manifest-path" "Cargo.toml", kill_on_drop: false }`
[INFO] running `Command { std: "docker" "create" "-v" "/var/lib/crater-agent-workspace/builds/worker-6-tc2/target:/opt/rustwide/target:rw,Z" "-v" "/var/lib/crater-agent-workspace/builds/worker-6-tc2/source:/opt/rustwide/workdir:ro,Z" "-v" "/var/lib/crater-agent-workspace/cargo-home:/opt/rustwide/cargo-home:ro,Z" "-v" "/var/lib/crater-agent-workspace/rustup-home:/opt/rustwide/rustup-home:ro,Z" "-e" "SOURCE_DIR=/opt/rustwide/workdir" "-e" "CARGO_TARGET_DIR=/opt/rustwide/target" "-e" "CARGO_HOME=/opt/rustwide/cargo-home" "-e" "RUSTUP_HOME=/opt/rustwide/rustup-home" "-w" "/opt/rustwide/workdir" "-m" "1610612736" "--user" "0:0" "--network" "none" "ghcr.io/rust-lang/crates-build-env/linux@sha256:f3a9d4ad9d972b27faf3965f35b62e55ba32bbce8f20bc8fe909558a86702fde" "/opt/rustwide/cargo-home/bin/cargo" "+beta-2024-12-08" "metadata" "--no-deps" "--format-version=1", kill_on_drop: false }`
[INFO] [stdout] fe6464620bf05202570bd6d85fb8124ad19bcdd62109226fd59afdae1e670642
[INFO] running `Command { std: "docker" "start" "-a" "fe6464620bf05202570bd6d85fb8124ad19bcdd62109226fd59afdae1e670642", kill_on_drop: false }`
[INFO] running `Command { std: "docker" "inspect" "fe6464620bf05202570bd6d85fb8124ad19bcdd62109226fd59afdae1e670642", kill_on_drop: false }`
[INFO] running `Command { std: "docker" "rm" "-f" "fe6464620bf05202570bd6d85fb8124ad19bcdd62109226fd59afdae1e670642", kill_on_drop: false }`
[INFO] [stdout] fe6464620bf05202570bd6d85fb8124ad19bcdd62109226fd59afdae1e670642
[INFO] running `Command { std: "docker" "create" "-v" "/var/lib/crater-agent-workspace/builds/worker-6-tc2/target:/opt/rustwide/target:rw,Z" "-v" "/var/lib/crater-agent-workspace/builds/worker-6-tc2/source:/opt/rustwide/workdir:ro,Z" "-v" "/var/lib/crater-agent-workspace/cargo-home:/opt/rustwide/cargo-home:ro,Z" "-v" "/var/lib/crater-agent-workspace/rustup-home:/opt/rustwide/rustup-home:ro,Z" "-e" "SOURCE_DIR=/opt/rustwide/workdir" "-e" "CARGO_TARGET_DIR=/opt/rustwide/target" "-e" "CARGO_INCREMENTAL=0" "-e" "RUST_BACKTRACE=full" "-e" "RUSTFLAGS=--cap-lints=warn" "-e" "RUSTDOCFLAGS=--cap-lints=warn" "-e" "CARGO_HOME=/opt/rustwide/cargo-home" "-e" "RUSTUP_HOME=/opt/rustwide/rustup-home" "-w" "/opt/rustwide/workdir" "-m" "1610612736" "--user" "0:0" "--network" "none" "ghcr.io/rust-lang/crates-build-env/linux@sha256:f3a9d4ad9d972b27faf3965f35b62e55ba32bbce8f20bc8fe909558a86702fde" "/opt/rustwide/cargo-home/bin/cargo" "+beta-2024-12-08" "build" "--frozen" "--message-format=json", kill_on_drop: false }`
[INFO] [stdout] d2951583c84886499710f90f990ac9642fb43c5f4ef54d61a0123d114bd91724
[INFO] running `Command { std: "docker" "start" "-a" "d2951583c84886499710f90f990ac9642fb43c5f4ef54d61a0123d114bd91724", kill_on_drop: false }`
[INFO] [stderr]    Compiling proc-macro2 v1.0.92
[INFO] [stderr]    Compiling unicode-ident v1.0.14
[INFO] [stderr]    Compiling anyhow v1.0.94
[INFO] [stderr]    Compiling equivalent v1.0.1
[INFO] [stderr]    Compiling hashbrown v0.15.2
[INFO] [stderr]    Compiling toml_datetime v0.6.8
[INFO] [stderr]    Compiling winnow v0.6.20
[INFO] [stderr]    Compiling heck v0.4.1
[INFO] [stderr]    Compiling indexmap v2.7.0
[INFO] [stderr]    Compiling quote v1.0.37
[INFO] [stderr]    Compiling syn v2.0.90
[INFO] [stderr]    Compiling toml_edit v0.22.22
[INFO] [stderr]    Compiling extend v1.2.0
[INFO] [stderr]    Compiling beet_ecs_macros v0.0.3 (/opt/rustwide/workdir)
[INFO] [stderr]     Finished `dev` profile [unoptimized + debuginfo] target(s) in 13.10s
[INFO] running `Command { std: "docker" "inspect" "d2951583c84886499710f90f990ac9642fb43c5f4ef54d61a0123d114bd91724", kill_on_drop: false }`
[INFO] running `Command { std: "docker" "rm" "-f" "d2951583c84886499710f90f990ac9642fb43c5f4ef54d61a0123d114bd91724", kill_on_drop: false }`
[INFO] [stdout] d2951583c84886499710f90f990ac9642fb43c5f4ef54d61a0123d114bd91724
[INFO] running `Command { std: "docker" "create" "-v" "/var/lib/crater-agent-workspace/builds/worker-6-tc2/target:/opt/rustwide/target:rw,Z" "-v" "/var/lib/crater-agent-workspace/builds/worker-6-tc2/source:/opt/rustwide/workdir:ro,Z" "-v" "/var/lib/crater-agent-workspace/cargo-home:/opt/rustwide/cargo-home:ro,Z" "-v" "/var/lib/crater-agent-workspace/rustup-home:/opt/rustwide/rustup-home:ro,Z" "-e" "SOURCE_DIR=/opt/rustwide/workdir" "-e" "CARGO_TARGET_DIR=/opt/rustwide/target" "-e" "CARGO_INCREMENTAL=0" "-e" "RUST_BACKTRACE=full" "-e" "RUSTFLAGS=--cap-lints=warn" "-e" "RUSTDOCFLAGS=--cap-lints=warn" "-e" "CARGO_HOME=/opt/rustwide/cargo-home" "-e" "RUSTUP_HOME=/opt/rustwide/rustup-home" "-w" "/opt/rustwide/workdir" "-m" "1610612736" "--user" "0:0" "--network" "none" "ghcr.io/rust-lang/crates-build-env/linux@sha256:f3a9d4ad9d972b27faf3965f35b62e55ba32bbce8f20bc8fe909558a86702fde" "/opt/rustwide/cargo-home/bin/cargo" "+beta-2024-12-08" "test" "--frozen" "--no-run" "--message-format=json", kill_on_drop: false }`
[INFO] [stdout] 2f4dbd2e6efcfcbfa1caa6656d7dfbcc9fc07abd9369b8a4bc98393ee8ffeb8b
[INFO] running `Command { std: "docker" "start" "-a" "2f4dbd2e6efcfcbfa1caa6656d7dfbcc9fc07abd9369b8a4bc98393ee8ffeb8b", kill_on_drop: false }`
[INFO] [stderr]    Compiling beet_ecs_macros v0.0.3 (/opt/rustwide/workdir)
[INFO] [stderr]     Finished `test` profile [unoptimized + debuginfo] target(s) in 1.21s
[INFO] running `Command { std: "docker" "inspect" "2f4dbd2e6efcfcbfa1caa6656d7dfbcc9fc07abd9369b8a4bc98393ee8ffeb8b", kill_on_drop: false }`
[INFO] running `Command { std: "docker" "rm" "-f" "2f4dbd2e6efcfcbfa1caa6656d7dfbcc9fc07abd9369b8a4bc98393ee8ffeb8b", kill_on_drop: false }`
[INFO] [stdout] 2f4dbd2e6efcfcbfa1caa6656d7dfbcc9fc07abd9369b8a4bc98393ee8ffeb8b
[INFO] running `Command { std: "docker" "create" "-v" "/var/lib/crater-agent-workspace/builds/worker-6-tc2/target:/opt/rustwide/target:rw,Z" "-v" "/var/lib/crater-agent-workspace/builds/worker-6-tc2/source:/opt/rustwide/workdir:ro,Z" "-v" "/var/lib/crater-agent-workspace/cargo-home:/opt/rustwide/cargo-home:ro,Z" "-v" "/var/lib/crater-agent-workspace/rustup-home:/opt/rustwide/rustup-home:ro,Z" "-e" "SOURCE_DIR=/opt/rustwide/workdir" "-e" "CARGO_TARGET_DIR=/opt/rustwide/target" "-e" "CARGO_INCREMENTAL=0" "-e" "RUST_BACKTRACE=full" "-e" "RUSTFLAGS=--cap-lints=warn" "-e" "RUSTDOCFLAGS=--cap-lints=warn" "-e" "CARGO_HOME=/opt/rustwide/cargo-home" "-e" "RUSTUP_HOME=/opt/rustwide/rustup-home" "-w" "/opt/rustwide/workdir" "-m" "1610612736" "--user" "0:0" "--network" "none" "ghcr.io/rust-lang/crates-build-env/linux@sha256:f3a9d4ad9d972b27faf3965f35b62e55ba32bbce8f20bc8fe909558a86702fde" "/opt/rustwide/cargo-home/bin/cargo" "+beta-2024-12-08" "test" "--frozen", kill_on_drop: false }`
[INFO] [stdout] b2aa5340059666d848cdaada430af222f0618eb1b9bba328f9213d3dd33e910f
[INFO] running `Command { std: "docker" "start" "-a" "b2aa5340059666d848cdaada430af222f0618eb1b9bba328f9213d3dd33e910f", kill_on_drop: false }`
[INFO] [stderr]     Finished `test` profile [unoptimized + debuginfo] target(s) in 0.03s
[INFO] [stderr]      Running unittests src/lib.rs (/opt/rustwide/target/debug/deps/beet_ecs_macros-8b795669d5db5140)
[INFO] [stdout] 
[INFO] [stdout] running 0 tests
[INFO] [stdout] 
[INFO] [stdout] test result: ok. 0 passed; 0 failed; 0 ignored; 0 measured; 0 filtered out; finished in 0.00s
[INFO] [stdout] 
[INFO] [stderr]    Doc-tests beet_ecs_macros
[INFO] [stdout] 
[INFO] [stdout] running 1 test
[INFO] [stdout] test src/lib.rs - action (line 11) ... FAILED
[INFO] [stdout] 
[INFO] [stdout] failures:
[INFO] [stdout] 
[INFO] [stderr] error: doctest failed, to rerun pass `--doc`
[INFO] [stdout] ---- src/lib.rs - action (line 11) stdout ----
[INFO] [stdout] error: cannot find derive macro `Component` in this scope
[INFO] [stdout]  --> src/lib.rs:12:10
[INFO] [stdout]   |
[INFO] [stdout] 3 | #[derive(Component, Action)]
[INFO] [stdout]   |          ^^^^^^^^^
[INFO] [stdout] 
[INFO] [stdout] error: cannot find derive macro `Action` in this scope
[INFO] [stdout]  --> src/lib.rs:12:21
[INFO] [stdout]   |
[INFO] [stdout] 3 | #[derive(Component, Action)]
[INFO] [stdout]   |                     ^^^^^^
[INFO] [stdout]   |
[INFO] [stdout] help: consider importing this derive macro
[INFO] [stdout]   |
[INFO] [stdout] 2 + use beet_ecs_macros::Action;
[INFO] [stdout]   |
[INFO] [stdout] 
[INFO] [stdout] error: cannot find attribute `observers` in this scope
[INFO] [stdout]  --> src/lib.rs:13:3
[INFO] [stdout]   |
[INFO] [stdout] 4 | #[observers(log_name_on_run,log_name_on_run)]
[INFO] [stdout]   |   ^^^^^^^^^
[INFO] [stdout] 
[INFO] [stdout] error[E0412]: cannot find type `Trigger` in this scope
[INFO] [stdout]  --> src/lib.rs:16:29
[INFO] [stdout]   |
[INFO] [stdout] 7 | fn log_name_on_run(trigger: Trigger<OnRun>, query: Query<&LogOnRun>) {
[INFO] [stdout]   |                             ^^^^^^^ not found in this scope
[INFO] [stdout] 
[INFO] [stdout] error[E0412]: cannot find type `OnRun` in this scope
[INFO] [stdout]  --> src/lib.rs:16:37
[INFO] [stdout]   |
[INFO] [stdout] 7 | fn log_name_on_run(trigger: Trigger<OnRun>, query: Query<&LogOnRun>) {
[INFO] [stdout]   |                                     ^^^^^ not found in this scope
[INFO] [stdout]   |
[INFO] [stdout] help: you might be missing a type parameter
[INFO] [stdout]   |
[INFO] [stdout] 7 | fn log_name_on_run<OnRun>(trigger: Trigger<OnRun>, query: Query<&LogOnRun>) {
[INFO] [stdout]   |                   +++++++
[INFO] [stdout] 
[INFO] [stdout] error[E0412]: cannot find type `Query` in this scope
[INFO] [stdout]  --> src/lib.rs:16:52
[INFO] [stdout]   |
[INFO] [stdout] 7 | fn log_name_on_run(trigger: Trigger<OnRun>, query: Query<&LogOnRun>) {
[INFO] [stdout]   |                                                    ^^^^^ not found in this scope
[INFO] [stdout] 
[INFO] [stdout] error: aborting due to 6 previous errors
[INFO] [stdout] 
[INFO] [stdout] For more information about this error, try `rustc --explain E0412`.
[INFO] [stdout] Couldn't compile the test.
[INFO] [stdout] 
[INFO] [stdout] failures:
[INFO] [stdout]     src/lib.rs - action (line 11)
[INFO] [stdout] 
[INFO] [stdout] test result: FAILED. 0 passed; 1 failed; 0 ignored; 0 measured; 0 filtered out; finished in 0.10s
[INFO] [stdout] 
[INFO] running `Command { std: "docker" "inspect" "b2aa5340059666d848cdaada430af222f0618eb1b9bba328f9213d3dd33e910f", kill_on_drop: false }`
[INFO] running `Command { std: "docker" "rm" "-f" "b2aa5340059666d848cdaada430af222f0618eb1b9bba328f9213d3dd33e910f", kill_on_drop: false }`
[INFO] [stdout] b2aa5340059666d848cdaada430af222f0618eb1b9bba328f9213d3dd33e910f
