[INFO] fetching crate beef 0.5.2...
[INFO] testing beef-0.5.2 against 1.83.0 for beta-1.84.0-4-retry
[INFO] extracting crate beef 0.5.2 into /workspace/builds/worker-0-tc1/source
[INFO] validating manifest of crates.io crate beef 0.5.2 on toolchain 1.83.0
[INFO] running `Command { std: CARGO_HOME="/workspace/cargo-home" RUSTUP_HOME="/workspace/rustup-home" "/workspace/cargo-home/bin/cargo" "+1.83.0" "metadata" "--manifest-path" "Cargo.toml" "--no-deps", kill_on_drop: false }`
[INFO] started tweaking crates.io crate beef 0.5.2
[INFO] finished tweaking crates.io crate beef 0.5.2
[INFO] tweaked toml for crates.io crate beef 0.5.2 written to /workspace/builds/worker-0-tc1/source/Cargo.toml
[INFO] running `Command { std: CARGO_HOME="/workspace/cargo-home" RUSTUP_HOME="/workspace/rustup-home" "/workspace/cargo-home/bin/cargo" "+1.83.0" "generate-lockfile" "--manifest-path" "Cargo.toml", kill_on_drop: false }`
[INFO] [stderr]     Updating crates.io index
[INFO] [stderr]      Locking 10 packages to latest compatible versions
[INFO] running `Command { std: CARGO_HOME="/workspace/cargo-home" RUSTUP_HOME="/workspace/rustup-home" "/workspace/cargo-home/bin/cargo" "+1.83.0" "fetch" "--manifest-path" "Cargo.toml", kill_on_drop: false }`
[INFO] running `Command { std: "docker" "create" "-v" "/var/lib/crater-agent-workspace/builds/worker-0-tc1/target:/opt/rustwide/target:rw,Z" "-v" "/var/lib/crater-agent-workspace/builds/worker-0-tc1/source:/opt/rustwide/workdir:ro,Z" "-v" "/var/lib/crater-agent-workspace/cargo-home:/opt/rustwide/cargo-home:ro,Z" "-v" "/var/lib/crater-agent-workspace/rustup-home:/opt/rustwide/rustup-home:ro,Z" "-e" "SOURCE_DIR=/opt/rustwide/workdir" "-e" "CARGO_TARGET_DIR=/opt/rustwide/target" "-e" "CARGO_HOME=/opt/rustwide/cargo-home" "-e" "RUSTUP_HOME=/opt/rustwide/rustup-home" "-w" "/opt/rustwide/workdir" "-m" "1610612736" "--user" "0:0" "--network" "none" "ghcr.io/rust-lang/crates-build-env/linux@sha256:f3a9d4ad9d972b27faf3965f35b62e55ba32bbce8f20bc8fe909558a86702fde" "/opt/rustwide/cargo-home/bin/cargo" "+1.83.0" "metadata" "--no-deps" "--format-version=1", kill_on_drop: false }`
[INFO] [stdout] c4906090f5026fefb5a77243f1d80d2fff0961a6dc30472fae0210c3ab7078fa
[INFO] running `Command { std: "docker" "start" "-a" "c4906090f5026fefb5a77243f1d80d2fff0961a6dc30472fae0210c3ab7078fa", kill_on_drop: false }`
[INFO] running `Command { std: "docker" "inspect" "c4906090f5026fefb5a77243f1d80d2fff0961a6dc30472fae0210c3ab7078fa", kill_on_drop: false }`
[INFO] running `Command { std: "docker" "rm" "-f" "c4906090f5026fefb5a77243f1d80d2fff0961a6dc30472fae0210c3ab7078fa", kill_on_drop: false }`
[INFO] [stdout] c4906090f5026fefb5a77243f1d80d2fff0961a6dc30472fae0210c3ab7078fa
[INFO] running `Command { std: "docker" "create" "-v" "/var/lib/crater-agent-workspace/builds/worker-0-tc1/target:/opt/rustwide/target:rw,Z" "-v" "/var/lib/crater-agent-workspace/builds/worker-0-tc1/source:/opt/rustwide/workdir:ro,Z" "-v" "/var/lib/crater-agent-workspace/cargo-home:/opt/rustwide/cargo-home:ro,Z" "-v" "/var/lib/crater-agent-workspace/rustup-home:/opt/rustwide/rustup-home:ro,Z" "-e" "SOURCE_DIR=/opt/rustwide/workdir" "-e" "CARGO_TARGET_DIR=/opt/rustwide/target" "-e" "CARGO_INCREMENTAL=0" "-e" "RUST_BACKTRACE=full" "-e" "RUSTFLAGS=--cap-lints=warn" "-e" "RUSTDOCFLAGS=--cap-lints=warn" "-e" "CARGO_HOME=/opt/rustwide/cargo-home" "-e" "RUSTUP_HOME=/opt/rustwide/rustup-home" "-w" "/opt/rustwide/workdir" "-m" "1610612736" "--user" "0:0" "--network" "none" "ghcr.io/rust-lang/crates-build-env/linux@sha256:f3a9d4ad9d972b27faf3965f35b62e55ba32bbce8f20bc8fe909558a86702fde" "/opt/rustwide/cargo-home/bin/cargo" "+1.83.0" "build" "--frozen" "--message-format=json", kill_on_drop: false }`
[INFO] [stdout] ca38c21e4ff217832e2877e878da3da1921c7f2e760f3fcb57c255a7397d03c3
[INFO] running `Command { std: "docker" "start" "-a" "ca38c21e4ff217832e2877e878da3da1921c7f2e760f3fcb57c255a7397d03c3", kill_on_drop: false }`
[INFO] [stderr]    Compiling beef v0.5.2 (/opt/rustwide/workdir)
[INFO] [stderr]     Finished `dev` profile [unoptimized + debuginfo] target(s) in 0.20s
[INFO] running `Command { std: "docker" "inspect" "ca38c21e4ff217832e2877e878da3da1921c7f2e760f3fcb57c255a7397d03c3", kill_on_drop: false }`
[INFO] running `Command { std: "docker" "rm" "-f" "ca38c21e4ff217832e2877e878da3da1921c7f2e760f3fcb57c255a7397d03c3", kill_on_drop: false }`
[INFO] [stdout] ca38c21e4ff217832e2877e878da3da1921c7f2e760f3fcb57c255a7397d03c3
[INFO] running `Command { std: "docker" "create" "-v" "/var/lib/crater-agent-workspace/builds/worker-0-tc1/target:/opt/rustwide/target:rw,Z" "-v" "/var/lib/crater-agent-workspace/builds/worker-0-tc1/source:/opt/rustwide/workdir:ro,Z" "-v" "/var/lib/crater-agent-workspace/cargo-home:/opt/rustwide/cargo-home:ro,Z" "-v" "/var/lib/crater-agent-workspace/rustup-home:/opt/rustwide/rustup-home:ro,Z" "-e" "SOURCE_DIR=/opt/rustwide/workdir" "-e" "CARGO_TARGET_DIR=/opt/rustwide/target" "-e" "CARGO_INCREMENTAL=0" "-e" "RUST_BACKTRACE=full" "-e" "RUSTFLAGS=--cap-lints=warn" "-e" "RUSTDOCFLAGS=--cap-lints=warn" "-e" "CARGO_HOME=/opt/rustwide/cargo-home" "-e" "RUSTUP_HOME=/opt/rustwide/rustup-home" "-w" "/opt/rustwide/workdir" "-m" "1610612736" "--user" "0:0" "--network" "none" "ghcr.io/rust-lang/crates-build-env/linux@sha256:f3a9d4ad9d972b27faf3965f35b62e55ba32bbce8f20bc8fe909558a86702fde" "/opt/rustwide/cargo-home/bin/cargo" "+1.83.0" "test" "--frozen" "--no-run" "--message-format=json", kill_on_drop: false }`
[INFO] [stdout] 606d75ce2dead8719382bc4baf9f5896cdae32a5b9a6a3f33cef521a1b7f0a86
[INFO] running `Command { std: "docker" "start" "-a" "606d75ce2dead8719382bc4baf9f5896cdae32a5b9a6a3f33cef521a1b7f0a86", kill_on_drop: false }`
[INFO] [stderr]    Compiling proc-macro2 v1.0.92
[INFO] [stderr]    Compiling serde v1.0.216
[INFO] [stderr]    Compiling memchr v2.7.4
[INFO] [stderr]    Compiling quote v1.0.37
[INFO] [stderr]    Compiling syn v2.0.90
[INFO] [stderr]    Compiling serde_derive v1.0.216
[INFO] [stderr]    Compiling serde_json v1.0.133
[INFO] [stderr]    Compiling beef v0.5.2 (/opt/rustwide/workdir)
[INFO] [stderr]     Finished `test` profile [unoptimized + debuginfo] target(s) in 9.12s
[INFO] running `Command { std: "docker" "inspect" "606d75ce2dead8719382bc4baf9f5896cdae32a5b9a6a3f33cef521a1b7f0a86", kill_on_drop: false }`
[INFO] running `Command { std: "docker" "rm" "-f" "606d75ce2dead8719382bc4baf9f5896cdae32a5b9a6a3f33cef521a1b7f0a86", kill_on_drop: false }`
[INFO] [stdout] 606d75ce2dead8719382bc4baf9f5896cdae32a5b9a6a3f33cef521a1b7f0a86
[INFO] running `Command { std: "docker" "create" "-v" "/var/lib/crater-agent-workspace/builds/worker-0-tc1/target:/opt/rustwide/target:rw,Z" "-v" "/var/lib/crater-agent-workspace/builds/worker-0-tc1/source:/opt/rustwide/workdir:ro,Z" "-v" "/var/lib/crater-agent-workspace/cargo-home:/opt/rustwide/cargo-home:ro,Z" "-v" "/var/lib/crater-agent-workspace/rustup-home:/opt/rustwide/rustup-home:ro,Z" "-e" "SOURCE_DIR=/opt/rustwide/workdir" "-e" "CARGO_TARGET_DIR=/opt/rustwide/target" "-e" "CARGO_INCREMENTAL=0" "-e" "RUST_BACKTRACE=full" "-e" "RUSTFLAGS=--cap-lints=warn" "-e" "RUSTDOCFLAGS=--cap-lints=warn" "-e" "CARGO_HOME=/opt/rustwide/cargo-home" "-e" "RUSTUP_HOME=/opt/rustwide/rustup-home" "-w" "/opt/rustwide/workdir" "-m" "1610612736" "--user" "0:0" "--network" "none" "ghcr.io/rust-lang/crates-build-env/linux@sha256:f3a9d4ad9d972b27faf3965f35b62e55ba32bbce8f20bc8fe909558a86702fde" "/opt/rustwide/cargo-home/bin/cargo" "+1.83.0" "test" "--frozen", kill_on_drop: false }`
[INFO] [stdout] 692cf5e8b494f2ee77f1403b1cd132b26323a33c81ca2f6d87cfcedb499ad1ec
[INFO] running `Command { std: "docker" "start" "-a" "692cf5e8b494f2ee77f1403b1cd132b26323a33c81ca2f6d87cfcedb499ad1ec", kill_on_drop: false }`
[INFO] [stderr]     Finished `test` profile [unoptimized + debuginfo] target(s) in 0.03s
[INFO] [stderr]      Running unittests src/lib.rs (/opt/rustwide/target/debug/deps/beef-782ab64d3864d141)
[INFO] [stdout] 
[INFO] [stdout] running 30 tests
[INFO] [stdout] test test_lean::default_slice ... ok
[INFO] [stdout] test test_lean::from_std_cow ... ok
[INFO] [stdout] test test_lean::hash ... ok
[INFO] [stdout] test test_lean::borrowed_slice ... ok
[INFO] [stdout] test test_lean::default_str ... ok
[INFO] [stdout] test test_lean::into_owned ... ok
[INFO] [stdout] test test_lean::const_fn_str ... ok
[INFO] [stdout] test test_lean::into_owned_vec ... ok
[INFO] [stdout] test test_lean::owned_slice ... ok
[INFO] [stdout] test test_lean::owned_string ... ok
[INFO] [stdout] test test_lean::unwrap_borrowed ... ok
[INFO] [stdout] test test_lean::stress_test_owned ... ok
[INFO] [stdout] test test_wide::borrowed_slice ... ok
[INFO] [stdout] test test_wide::borrowed_str ... ok
[INFO] [stdout] test test_wide::const_fn_str ... ok
[INFO] [stdout] test test_wide::default_slice ... ok
[INFO] [stdout] test test_wide::default_str ... ok
[INFO] [stdout] test test_wide::from_std_cow ... ok
[INFO] [stdout] test test_wide::hash ... ok
[INFO] [stdout] test test_wide::into_owned_vec ... ok
[INFO] [stdout] test test_lean::borrowed_str ... ok
[INFO] [stdout] test test_wide::ord_and_partial_ord ... ok
[INFO] [stdout] test test_wide::owned_slice ... ok
[INFO] [stdout] test test_wide::unwrap_borrowed ... ok
[INFO] [stdout] test test_wide::stress_test_owned ... ok
[INFO] [stdout] test test_wide::into_owned ... ok
[INFO] [stdout] test test_wide::owned_string ... ok
[INFO] [stdout] test test_lean::ord_and_partial_ord ... ok
[INFO] [stderr]    Doc-tests beef
[INFO] [stdout] test test_lean::unwrap_owned - should panic ... ok
[INFO] [stdout] test test_wide::unwrap_owned - should panic ... ok
[INFO] [stdout] 
[INFO] [stdout] test result: ok. 30 passed; 0 failed; 0 ignored; 0 measured; 0 filtered out; finished in 0.05s
[INFO] [stdout] 
[INFO] [stdout] 
[INFO] [stdout] running 8 tests
[INFO] [stdout] test src/lib.rs - (line 7) ... ok
[INFO] [stdout] test src/generic.rs - generic::Cow<'a,str,Wide>::const_str (line 175) ... ok
[INFO] [stdout] test src/generic.rs - generic::Cow<'a,str,Lean>::const_str (line 201) ... ok
[INFO] [stdout] test src/lib.rs - (line 26) ... FAILED
[INFO] [stdout] test src/generic.rs - generic::Cow<'a,T,U>::is_borrowed (line 119) ... ok
[INFO] [stdout] test src/generic.rs - generic::Cow<'a,T,U>::borrowed (line 74) ... ok
[INFO] [stdout] test src/generic.rs - generic::Cow<'_,T,U>::owned (line 47) ... ok
[INFO] [stdout] test src/generic.rs - generic::Cow<'a,T,U>::is_owned (line 139) ... ok
[INFO] [stdout] 
[INFO] [stdout] failures:
[INFO] [stdout] 
[INFO] [stdout] ---- src/lib.rs - (line 26) stdout ----
[INFO] [stdout] Test executable failed (exit status: 101).
[INFO] [stdout] 
[INFO] [stdout] stderr:
[INFO] [stdout] thread 'main' panicked at src/lib.rs:9:1:
[INFO] [stdout] assertion `left == right` failed
[INFO] [stdout]   left: 24
[INFO] [stdout]  right: 32
[INFO] [stdout] stack backtrace:
[INFO] [stdout]    0:     0x578d5b68fafa - std::backtrace_rs::backtrace::libunwind::trace::h5a5b8284f2d0c266
[INFO] [stdout]                                at /rustc/90b35a6239c3d8bdabc530a6a0816f7ff89a0aaf/library/std/src/../../backtrace/src/backtrace/libunwind.rs:116:5
[INFO] [stdout]    1:     0x578d5b68fafa - std::backtrace_rs::backtrace::trace_unsynchronized::h76d4f1c9b0b875e3
[INFO] [stdout]                                at /rustc/90b35a6239c3d8bdabc530a6a0816f7ff89a0aaf/library/std/src/../../backtrace/src/backtrace/mod.rs:66:5
[INFO] [stdout]    2:     0x578d5b68fafa - std::sys::backtrace::_print_fmt::hc4546b8364a537c6
[INFO] [stdout]                                at /rustc/90b35a6239c3d8bdabc530a6a0816f7ff89a0aaf/library/std/src/sys/backtrace.rs:66:9
[INFO] [stdout]    3:     0x578d5b68fafa - <std::sys::backtrace::BacktraceLock::print::DisplayBacktrace as core::fmt::Display>::fmt::h5b6bd5631a6d1f6b
[INFO] [stdout]                                at /rustc/90b35a6239c3d8bdabc530a6a0816f7ff89a0aaf/library/std/src/sys/backtrace.rs:39:26
[INFO] [stdout]    4:     0x578d5b6aacf3 - core::fmt::rt::Argument::fmt::h270f6602a2b96f62
[INFO] [stdout]                                at /rustc/90b35a6239c3d8bdabc530a6a0816f7ff89a0aaf/library/core/src/fmt/rt.rs:177:76
[INFO] [stdout]    5:     0x578d5b6aacf3 - core::fmt::write::h7550c97b06c86515
[INFO] [stdout]                                at /rustc/90b35a6239c3d8bdabc530a6a0816f7ff89a0aaf/library/core/src/fmt/mod.rs:1186:21
[INFO] [stdout]    6:     0x578d5b68d8a3 - std::io::Write::write_fmt::h7b09c64fe0be9c84
[INFO] [stdout]                                at /rustc/90b35a6239c3d8bdabc530a6a0816f7ff89a0aaf/library/std/src/io/mod.rs:1839:15
[INFO] [stdout]    7:     0x578d5b68f942 - std::sys::backtrace::BacktraceLock::print::h2395ccd2c84ba3aa
[INFO] [stdout]                                at /rustc/90b35a6239c3d8bdabc530a6a0816f7ff89a0aaf/library/std/src/sys/backtrace.rs:42:9
[INFO] [stdout]    8:     0x578d5b6908ec - std::panicking::default_hook::{{closure}}::he19d4c7230e07961
[INFO] [stdout]                                at /rustc/90b35a6239c3d8bdabc530a6a0816f7ff89a0aaf/library/std/src/panicking.rs:268:22
[INFO] [stdout]    9:     0x578d5b690732 - std::panicking::default_hook::hf614597d3c67bbdb
[INFO] [stdout]                                at /rustc/90b35a6239c3d8bdabc530a6a0816f7ff89a0aaf/library/std/src/panicking.rs:295:9
[INFO] [stdout]   10:     0x578d5b690ec7 - std::panicking::rust_panic_with_hook::h8942133a8b252070
[INFO] [stdout]                                at /rustc/90b35a6239c3d8bdabc530a6a0816f7ff89a0aaf/library/std/src/panicking.rs:801:13
[INFO] [stdout]   11:     0x578d5b690d5a - std::panicking::begin_panic_handler::{{closure}}::hb5f5963570096b29
[INFO] [stdout]                                at /rustc/90b35a6239c3d8bdabc530a6a0816f7ff89a0aaf/library/std/src/panicking.rs:674:13
[INFO] [stdout]   12:     0x578d5b68ffd9 - std::sys::backtrace::__rust_end_short_backtrace::h6208cedc1922feda
[INFO] [stdout]                                at /rustc/90b35a6239c3d8bdabc530a6a0816f7ff89a0aaf/library/std/src/sys/backtrace.rs:170:18
[INFO] [stdout]   13:     0x578d5b6909ec - rust_begin_unwind
[INFO] [stdout]                                at /rustc/90b35a6239c3d8bdabc530a6a0816f7ff89a0aaf/library/std/src/panicking.rs:665:5
[INFO] [stdout]   14:     0x578d5b671030 - core::panicking::panic_fmt::h0c3082644d1bf418
[INFO] [stdout]                                at /rustc/90b35a6239c3d8bdabc530a6a0816f7ff89a0aaf/library/core/src/panicking.rs:74:14
[INFO] [stdout]   15:     0x578d5b671322 - core::panicking::assert_failed_inner::h2ddf1fcc067fa858
[INFO] [stdout]   16:     0x578d5b671986 - core::panicking::assert_failed::h1f5482ca3c9331a0
[INFO] [stdout]   17:     0x578d5b671a1d - rust_out::main::_doctest_main_src_lib_rs_26_0::h89b5f9ade7bfd628
[INFO] [stdout]   18:     0x578d5b6719a6 - rust_out::main::h86d391cc11b8a827
[INFO] [stdout]   19:     0x578d5b671903 - core::ops::function::FnOnce::call_once::hd1e0b33d350e8c2e
[INFO] [stdout]   20:     0x578d5b671856 - std::sys::backtrace::__rust_begin_short_backtrace::hb7c4fd168269da08
[INFO] [stdout]   21:     0x578d5b671839 - std::rt::lang_start::{{closure}}::h7630186e3858a44d
[INFO] [stdout]   22:     0x578d5b68c01e - core::ops::function::impls::<impl core::ops::function::FnOnce<A> for &F>::call_once::hfdb85f4ee94732d3
[INFO] [stdout]                                at /rustc/90b35a6239c3d8bdabc530a6a0816f7ff89a0aaf/library/core/src/ops/function.rs:284:13
[INFO] [stdout]   23:     0x578d5b68c01e - std::panicking::try::do_call::h6e577310f330cbef
[INFO] [stdout]                                at /rustc/90b35a6239c3d8bdabc530a6a0816f7ff89a0aaf/library/std/src/panicking.rs:557:40
[INFO] [stdout]   24:     0x578d5b68c01e - std::panicking::try::ha588d438267d2645
[INFO] [stdout]                                at /rustc/90b35a6239c3d8bdabc530a6a0816f7ff89a0aaf/library/std/src/panicking.rs:520:19
[INFO] [stdout]   25:     0x578d5b68c01e - std::panic::catch_unwind::h429fda1e025f26d9
[INFO] [stdout]                                at /rustc/90b35a6239c3d8bdabc530a6a0816f7ff89a0aaf/library/std/src/panic.rs:358:14
[INFO] [stdout]   26:     0x578d5b68c01e - std::rt::lang_start_internal::{{closure}}::h7b731265e841c4bf
[INFO] [stdout]                                at /rustc/90b35a6239c3d8bdabc530a6a0816f7ff89a0aaf/library/std/src/rt.rs:174:48
[INFO] [stdout]   27:     0x578d5b68c01e - std::panicking::try::do_call::hc0f6a675b7ae5a36
[INFO] [stdout]                                at /rustc/90b35a6239c3d8bdabc530a6a0816f7ff89a0aaf/library/std/src/panicking.rs:557:40
[INFO] [stdout]   28:     0x578d5b68c01e - std::panicking::try::h4c93b7ff0671f1ff
[INFO] [stdout]                                at /rustc/90b35a6239c3d8bdabc530a6a0816f7ff89a0aaf/library/std/src/panicking.rs:520:19
[INFO] [stdout]   29:     0x578d5b68c01e - std::panic::catch_unwind::hcc1e154961d16ce6
[INFO] [stdout]                                at /rustc/90b35a6239c3d8bdabc530a6a0816f7ff89a0aaf/library/std/src/panic.rs:358:14
[INFO] [stdout]   30:     0x578d5b68c01e - std::rt::lang_start_internal::h1c66660c99c8424c
[INFO] [stdout]                                at /rustc/90b35a6239c3d8bdabc530a6a0816f7ff89a0aaf/library/std/src/rt.rs:174:20
[INFO] [stdout]   31:     0x578d5b671817 - std::rt::lang_start::hcdb31f4834f76b8c
[INFO] [stdout]   32:     0x578d5b671b05 - main
[INFO] [stdout]   33:     0x7c147677ad90 - <unknown>
[INFO] [stdout]   34:     0x7c147677ae40 - __libc_start_main
[INFO] [stdout]   35:     0x578d5b671725 - _start
[INFO] [stdout]   36:                0x0 - <unknown>
[INFO] [stdout] 
[INFO] [stdout] 
[INFO] [stdout] 
[INFO] [stdout] failures:
[INFO] [stdout]     src/lib.rs - (line 26)
[INFO] [stdout] 
[INFO] [stdout] test result: FAILED. 7 passed; 1 failed; 0 ignored; 0 measured; 0 filtered out; finished in 0.71s
[INFO] [stdout] 
[INFO] [stderr] error: doctest failed, to rerun pass `--doc`
[INFO] running `Command { std: "docker" "inspect" "692cf5e8b494f2ee77f1403b1cd132b26323a33c81ca2f6d87cfcedb499ad1ec", kill_on_drop: false }`
[INFO] running `Command { std: "docker" "rm" "-f" "692cf5e8b494f2ee77f1403b1cd132b26323a33c81ca2f6d87cfcedb499ad1ec", kill_on_drop: false }`
[INFO] [stdout] 692cf5e8b494f2ee77f1403b1cd132b26323a33c81ca2f6d87cfcedb499ad1ec
